000
CXUS53 KARX 011619
CLSLSE

CLIMATE REPORT
NATIONAL WEATHER SERVICE LA CROSSE WI
1018 AM CST SAT MAR 1 2014

...................................

...THE LA CROSSE WI CLIMATE SUMMARY FOR THE SEASON, FROM
12/1/2013 TO 2/28/2014...

CLIMATE NORMAL PERIOD 1981 TO 2010
CLIMATE RECORD PERIOD 1873 TO 2014

WEATHER         OBSERVED          NORMAL  DEPART
                 VALUE   DATE(S)  VALUE   FROM
                                          NORMAL
................................................
TEMPERATURE (F)
RECORD
 HIGH              67   12/05/1998
 LOW              -43   01/18/1873
HIGHEST            43   01/12        MM      MM
LOWEST            -20   01/06        MM      MM
AVG. MAXIMUM     21.3              28.7    -7.4
AVG. MINIMUM      1.9              12.2   -10.3
MEAN             11.6              20.5    -8.9
DAYS MAX >= 90      0               0.0     0.0
DAYS MAX <= 32     69              51.8    17.2
DAYS MIN <= 32     89              85.4     3.6
DAYS MIN <= 0      46              19.4    26.6

PRECIPITATION (INCHES)
RECORD
 MAXIMUM           MM   MM
 MINIMUM           MM   MM
TOTALS           3.88              3.53    0.35
DAILY AVG.       0.04              0.04    0.00
DAYS >= .01        38              26.3    11.7
DAYS >= .10        16              10.4     5.6
DAYS >= .50         1               1.4    -0.4
DAYS >= 1.00        0               0.2    -0.2
GREATEST
 24 HR. TOTAL    0.73   MM
 STORM TOTAL       MM
 (MM/DD(HH))            MM

SNOWFALL (INCHES)
RECORDS
 TOTAL             MM   5
 24 HR TOTAL       MM
TOTALS           39.9              30.2     9.7
 LIQUID EQUIV    3.99              3.00    0.99
SINCE 7/1        40.9              34.5     6.4
 LIQUID 7/1      4.09
DAYS >= TRACE      54              21.2    32.8
DAYS >= 1.0        12               9.6     2.4
GREATEST
 SNOW DEPTH        17   02/18
 24 HR TOTAL      6.5   MM
 STORM TOTAL       MM
 (MM/DD(HH))            MM

DEGREE_DAYS
HEATING TOTAL    4786              4009     777
 SINCE 7/1         MM              5509      MM
COOLING TOTAL       0                 0       0
 SINCE 1/1          0                 0       0

FREEZE DATES
RECORD
 EARLIEST     MM
 LATEST       MM
EARLIEST                        MM
LATEST                          MM
.................................................

WIND (MPH)
AVERAGE WIND SPEED              8.7
HIGHEST WIND SPEED/DIRECTION    37/320    DATE  02/26
HIGHEST GUST SPEED/DIRECTION    45/320    DATE  02/26

SKY COVER
POSSIBLE SUNSHINE (PERCENT)   MM
AVERAGE SKY COVER           0.50
NUMBER OF DAYS FAIR           35
NUMBER OF DAYS PC             30
NUMBER OF DAYS CLOUDY         25

AVERAGE RH (PERCENT)     71

WEATHER CONDITIONS. NUMBER OF DAYS WITH
THUNDERSTORM              0     MIXED PRECIP               0
HEAVY RAIN                3     RAIN                       4
LIGHT RAIN                5     FREEZING RAIN              0
LT FREEZING RAIN          4     HAIL                       0
HEAVY SNOW                2     SNOW                       8
LIGHT SNOW               54     SLEET                      2
FOG                      43     FOG W/VIS <= 1/4 MILE      6
HAZE                     46

-  INDICATES NEGATIVE NUMBERS.
R  INDICATES RECORD WAS SET OR TIED.
MM INDICATES DATA IS MISSING.
T  INDICATES TRACE AMOUNT.

$$

BOYNE
