000
CXUS51 KRNK 011022
CLSLYH


CLIMATE REPORT
NATIONAL WEATHER SERVICE BLACKSBURG VA
618 AM EDT THU JUN 1 2017

...................................

...THE LYNCHBURG VA CLIMATE SUMMARY FOR THE SEASON, FROM
3/1/2017 TO 5/31/2017...

CLIMATE NORMAL PERIOD 1981 TO 2010
CLIMATE RECORD PERIOD 1893 TO 2017

WEATHER         OBSERVED          NORMAL  DEPART  LAST YEAR`S
                 VALUE   DATE(S)  VALUE   FROM    VALUE
                                          NORMAL
.............................................................
TEMPERATURE (F)
RECORD
 HIGH             100   05/22/1941
 LOW                5   03/03/2009
HIGHEST            89   05/17                         86
LOWEST             18   03/15                         21
AVG. MAXIMUM     68.9              67.1     1.8     68.3
AVG. MINIMUM     46.3              42.4     3.9     45.3
MEAN             57.6              54.8     2.8     56.8
DAYS MAX >= 90      0               0.6    -0.6        0
DAYS MAX <= 32      0               0.2    -0.2        0
DAYS MIN <= 32     16              17.3    -1.3       13
DAYS MIN <= 0       0               0.0     0.0        0

PRECIPITATION (INCHES)
RECORD
 MAXIMUM        18.09   1975
 MINIMUM         3.94   1915
TOTALS          14.72             10.62    4.10    12.37
DAILY AVG.       0.16              0.12    0.04     0.13
DAYS >= .01        36              32.9     3.1       36
DAYS >= .10        27              20.9     6.1       23
DAYS >= .50        12               7.3     4.7        9
DAYS >= 1.00        4               2.4     1.6        3
GREATEST
 24 HR. TOTAL    1.39                               1.84

SNOWFALL (INCHES)
TOTALS              T                                  T
DAYS >= TRACE       2                                  2
DAYS >= 1.0         0                                  0
GREATEST
 24 HR TOTAL      0.0                                0.0

DEGREE_DAYS
HEATING TOTAL     793              1021    -228      799
COOLING TOTAL     135                82      53       71
..............................................................

WIND (MPH)
AVERAGE WIND SPEED              6.5
HIGHEST WIND SPEED/DIRECTION    29/040    DATE  04/24
HIGHEST GUST SPEED/DIRECTION    42/240    DATE  03/01

SKY COVER
AVERAGE SKY COVER           0.40

AVERAGE RH (PERCENT)     64

WEATHER CONDITIONS. NUMBER OF DAYS WITH
THUNDERSTORM             12     MIXED PRECIP               0
HEAVY RAIN               14     RAIN                      22
LIGHT RAIN               51     FREEZING RAIN              0
LT FREEZING RAIN          2     HAIL                       0
HEAVY SNOW                0     SNOW                       0
LIGHT SNOW                2     SLEET                      0
FOG                      39     FOG W/VIS <= 1/4 MILE      4
HAZE                      0

-  INDICATES NEGATIVE NUMBERS.
R  INDICATES RECORD WAS SET OR TIED.
MM INDICATES DATA IS MISSING.
T  INDICATES TRACE AMOUNT.

$$
