000
CXUS53 KDVN 011620
CLSMLI


CLIMATE REPORT
NATIONAL WEATHER SERVICE QUAD CITIES IA IL
1016 AM CST TUE MAR 1 2016

...................................

...THE MOLINE CLIMATE SUMMARY FOR THE SEASON, FROM
12/1/2015 TO 2/29/2016...

CLIMATE NORMAL PERIOD 1981 TO 2010
CLIMATE RECORD PERIOD 1872 TO 2016

WEATHER         OBSERVED          NORMAL  DEPART
                 VALUE   DATE(S)  VALUE   FROM
                                          NORMAL
................................................
TEMPERATURE (F)
RECORD
 HIGH              73   02/15/1921
 LOW              -28   02/03/1996
HIGHEST            66   02/28        41      25
LOWEST             -4   01/18        14     -18
AVG. MAXIMUM     39.1              33.7     5.4
AVG. MINIMUM     23.9              17.0     6.9
MEAN             31.5              25.4     6.1
DAYS MAX >= 90      0               0.0     0.0
DAYS MAX <= 32     24              37.8   -13.8
DAYS MIN <= 32     70              80.8   -10.8
DAYS MIN <= 0       2              10.2    -8.2

PRECIPITATION (INCHES)
RECORD
 MAXIMUM         8.07   2013
 MINIMUM         3.65   2015
TOTALS           5.53              5.27    0.26
DAILY AVG.       0.06              0.06    0.00
DAYS >= .01        23              27.1    -4.1
DAYS >= .10        10
DAYS >= .50         5
DAYS >= 1.00        2               0.8     1.2
GREATEST
 24 HR. TOTAL    1.36   12/13 TO 12/14

SNOWFALL (INCHES)
RECORDS
 TOTAL           53.8   2014
TOTALS           11.3              25.5   -14.2
SINCE 7/1        21.2              26.7    -5.5
SNOWDEPTH AVG.      0
DAYS >= TRACE      23              19.5     3.5
DAYS >= 1.0         2               7.7    -5.7
GREATEST
 SNOW DEPTH         4   02/16
                        02/15
 24 HR TOTAL      4.6   02/14 TO 02/14

DEGREE_DAYS
HEATING TOTAL    3026              3567    -541
 SINCE 7/1         MM              4831      MM
COOLING TOTAL       0                 0       0
 SINCE 1/1          0                 0       0
.................................................

WIND (MPH)
AVERAGE WIND SPEED              10.0
HIGHEST WIND SPEED/DIRECTION    49/270    DATE  02/19
HIGHEST GUST SPEED/DIRECTION    62/280    DATE  02/19

SKY COVER
POSSIBLE SUNSHINE (PERCENT)   MM
AVERAGE SKY COVER           0.50
NUMBER OF DAYS FAIR           33
NUMBER OF DAYS PC             32
NUMBER OF DAYS CLOUDY         26

AVERAGE RH (PERCENT)     72

WEATHER CONDITIONS. NUMBER OF DAYS WITH
THUNDERSTORM              2     HAIL                       0
SLEET                     2     FOG                       42
FOG W/VIS <= 1/4 MILE     7     HAZE                      36

-  INDICATES NEGATIVE NUMBERS.
R  INDICATES RECORD WAS SET OR TIED.
MM INDICATES DATA IS MISSING.
T  INDICATES TRACE AMOUNT.

$$
