000
CXUS53 KLOT 011527
CLSRFD

CLIMATE REPORT
NATIONAL WEATHER SERVICE CHICAGO IL
835 AM CST TUE MAR 1 2016

...................................

...THE ROCKFORD IL CLIMATE SUMMARY FOR THE SEASON, FROM
12/1/2015 TO 2/29/2016...

CLIMATE NORMAL PERIOD 1981 TO 2010
CLIMATE RECORD PERIOD 1905 TO 2016

WEATHER         OBSERVED          NORMAL  DEPART  LAST YEAR`S
                 VALUE   DATE(S)  VALUE   FROM    VALUE
                                          NORMAL
.............................................................
TEMPERATURE (F)
RECORD
 HIGH              70   02/25/2000
 LOW              -27   01/10/1982
HIGHEST            62   02/28        MM      MM       51
                        12/13
LOWEST             -5   01/18        MM      MM      -16
AVG. MAXIMUM     36.5              32.2     4.3     28.9
AVG. MINIMUM     23.7              16.3     7.4     13.4
MEAN             30.1              24.2     5.9     21.1
DAYS MAX >= 90      0
DAYS MAX <= 32     31
DAYS MIN <= 32     70
DAYS MIN <= 0       6

PRECIPITATION (INCHES)
RECORD
 MAXIMUM        10.38   1946
 MINIMUM         1.28   2003
TOTALS           6.18              4.76    1.42     2.85
DAYS >= .01        26
DAYS >= .10        12
DAYS >= .50         4
DAYS >= 1.00        2

SNOWFALL (INCHES)
TOTALS           12.4              29.2   -16.8
SINCE 7/1        21.2              31.0    -9.8

DEGREE_DAYS
HEATING TOTAL    3155              3668    -513
 SINCE 7/1         MM              5036      MM
COOLING TOTAL       0                 0       0
 SINCE 1/1          0                 0       0
..............................................................

WIND (MPH)
AVERAGE WIND SPEED              9.9
HIGHEST WIND SPEED/DIRECTION    41/260    DATE  02/19
HIGHEST GUST SPEED/DIRECTION    61/270    DATE  02/19


WEATHER CONDITIONS. NUMBER OF DAYS WITH
THUNDERSTORM              0     MIXED PRECIP               0
HEAVY RAIN                4     RAIN                       8
LIGHT RAIN               28     FREEZING RAIN              0
LT FREEZING RAIN          5     HAIL                       0
HEAVY SNOW                0     SNOW                       8
LIGHT SNOW               37     SLEET                      4
FOG                      46     FOG W/VIS <= 1/4 MILE      6
HAZE                     14

-  INDICATES NEGATIVE NUMBERS.
R  INDICATES RECORD WAS SET OR TIED.
MM INDICATES DATA IS MISSING.
T  INDICATES TRACE AMOUNT.

$$
