000
CDUS43 KILX 112246
CLILWV


CLIMATE REPORT
NATIONAL WEATHER SERVICE LINCOLN IL
445 PM CST MON DEC 11 2017


...................................

...THE LAWRENCEVILLE IL AIRPORT CLIMATE SUMMARY FOR DECEMBER 11 2017...
VALID TODAY AS OF 0400 PM LOCAL TIME.

CLIMATE NORMAL PERIOD 1981 TO 2010
CLIMATE RECORD PERIOD 9999 TO 9999


WEATHER ITEM   OBSERVED TIME   RECORD YEAR NORMAL DEPARTURE LAST
                VALUE   (LST)  VALUE       VALUE  FROM      YEAR
                                                  NORMAL
..................................................................
TEMPERATURE (F)
 TODAY
  MAXIMUM         55    158 PM  MM      MM  43     12       41
  MINIMUM         24    446 AM  MM      MM  28     -4       31
  AVERAGE         40                        36      4       36

PRECIPITATION (IN)
  TODAY            0.00         MM      MM   0.10  -0.10     0.34
  MONTH TO DATE    0.26                      1.29  -1.03     0.76
  SINCE DEC 1      0.26                      1.29  -1.03     0.76
  SINCE JAN 1     32.95                     41.78  -8.83    41.12

DEGREE DAYS
 HEATING
  TODAY           25                        29     -4       29
  MONTH TO DATE  284                       301    -17      339
  SINCE DEC 1    284                       301    -17      339
  SINCE JUL 1   1053                      1159   -106      961

 COOLING
  TODAY            0                         0      0        0
  MONTH TO DATE    0                         0      0        0
  SINCE DEC 1      0                         0      0        0
  SINCE JAN 1   1432                      1387     45     1615
..................................................................


WIND (MPH)
  HIGHEST WIND SPEED    24   HIGHEST WIND DIRECTION     S (190)
  HIGHEST GUST SPEED    32   HIGHEST GUST DIRECTION     S (200)
  AVERAGE WIND SPEED     9.3


SKY COVER
  POSSIBLE SUNSHINE  MM
  AVERAGE SKY COVER 0.0


WEATHER CONDITIONS
 THE FOLLOWING WEATHER WAS RECORDED TODAY.
  NO SIGNIFICANT WEATHER WAS OBSERVED.


RELATIVE HUMIDITY (PERCENT)
 HIGHEST    88           300 AM
 LOWEST     43           200 PM
 AVERAGE    66

..........................................................


THE LAWRENCEVILLE IL AIRPORT CLIMATE NORMALS FOR TOMORROW
                         NORMAL    RECORD    YEAR
 MAXIMUM TEMPERATURE (F)   43        MM        MM
 MINIMUM TEMPERATURE (F)   28        MM        MM


SUNRISE AND SUNSET
DECEMBER 11 2017......SUNRISE   659 AM CST   SUNSET   429 PM CST
DECEMBER 12 2017......SUNRISE   659 AM CST   SUNSET   429 PM CST


-  INDICATES NEGATIVE NUMBERS.
R  INDICATES RECORD WAS SET OR TIED.
MM INDICATES DATA IS MISSING.
T  INDICATES TRACE AMOUNT.




$$
