000
CDUS43 KILX 290645
CLILWV


CLIMATE REPORT
NATIONAL WEATHER SERVICE LINCOLN IL
145 AM CDT WED JUN 29 2016


...................................

...THE LAWRENCEVILLE IL AIRPORT CLIMATE SUMMARY FOR JUNE 28 2016...

CLIMATE NORMAL PERIOD 1981 TO 2010
CLIMATE RECORD PERIOD 9999 TO 9999


WEATHER ITEM   OBSERVED TIME   RECORD YEAR NORMAL DEPARTURE LAST
                VALUE   (LST)  VALUE       VALUE  FROM      YEAR
                                                  NORMAL
..................................................................
TEMPERATURE (F)
 YESTERDAY
  MAXIMUM         87    110 PM  MM      MM  88     -1       80
  MINIMUM         64   1159 PM  MM      MM  67     -3       55
  AVERAGE         76                        77     -1       68

PRECIPITATION (IN)
  YESTERDAY        0.00         MM      MM   0.13  -0.13     0.18
  MONTH TO DATE    1.78                      3.69  -1.91     8.93
  SINCE JUN 1      1.78                      3.69  -1.91     8.93
  SINCE JAN 1     19.45                     21.25  -1.80    25.89

DEGREE DAYS
 HEATING
  YESTERDAY        0                         0      0        0
  MONTH TO DATE    0                         6     -6        8
  SINCE JUN 1      0                         6     -6        8
  SINCE JUL 1   4069                      4679   -610     5330

 COOLING
  YESTERDAY       11                        12     -1        3
  MONTH TO DATE  356                       267     89      285
  SINCE JUN 1    356                       267     89      285
  SINCE JAN 1    476                       406     70      440
..................................................................


WIND (MPH)
  HIGHEST WIND SPEED    16   HIGHEST WIND DIRECTION    NE (30)
  HIGHEST GUST SPEED    21   HIGHEST GUST DIRECTION    NW (330)
  AVERAGE WIND SPEED     7.5


SKY COVER
  POSSIBLE SUNSHINE  MM
  AVERAGE SKY COVER 0.1


WEATHER CONDITIONS
 THE FOLLOWING WEATHER WAS RECORDED YESTERDAY.
  NO SIGNIFICANT WEATHER WAS OBSERVED.


RELATIVE HUMIDITY (PERCENT)
 HIGHEST    93          1200 AM
 LOWEST     45          1200 PM
 AVERAGE    69

..........................................................


THE LAWRENCEVILLE IL AIRPORT CLIMATE NORMALS FOR TODAY
                         NORMAL    RECORD    YEAR
 MAXIMUM TEMPERATURE (F)   88        MM        MM
 MINIMUM TEMPERATURE (F)   67        MM        MM


SUNRISE AND SUNSET
JUNE 29 2016..........SUNRISE   529 AM CDT   SUNSET   819 PM CDT
JUNE 30 2016..........SUNRISE   529 AM CDT   SUNSET   819 PM CDT


-  INDICATES NEGATIVE NUMBERS.
R  INDICATES RECORD WAS SET OR TIED.
MM INDICATES DATA IS MISSING.
T  INDICATES TRACE AMOUNT.




$$
