000
CDUS43 KILX 171245
CLILWV


CLIMATE REPORT
NATIONAL WEATHER SERVICE LINCOLN IL
745 AM CDT FRI APR 17 2015


...................................

...THE LAWRENCEVILLE IL AIRPORT CLIMATE SUMMARY FOR APRIL 16 2015...

CLIMATE NORMAL PERIOD 1981 TO 2010
CLIMATE RECORD PERIOD 9999 TO 9999


WEATHER ITEM   OBSERVED TIME   RECORD YEAR NORMAL DEPARTURE LAST
                VALUE   (LST)  VALUE       VALUE  FROM      YEAR
                                                  NORMAL
..................................................................
TEMPERATURE (F)
 YESTERDAY
  MAXIMUM         70    513 PM  MM      MM  67      3       55
  MINIMUM         54   1148 PM  MM      MM  46      8       32
  AVERAGE         62                        56      6       44

PRECIPITATION (IN)
  YESTERDAY        0.00         MM      MM   0.13  -0.13     0.00
  MONTH TO DATE    4.38                      1.82   2.56     5.83
  SINCE MAR 1      9.25                      5.25   4.00     6.87
  SINCE JAN 1     11.75                      9.64   2.11     9.63

DEGREE DAYS
 HEATING
  YESTERDAY        3                        10     -7       21
  MONTH TO DATE  112                       195    -83      190
  SINCE MAR 1    837                       817     20      973
  SINCE JUL 1   5111                      4492    619     5375

 COOLING
  YESTERDAY        0                         1     -1        0
  MONTH TO DATE    7                        10     -3        4
  SINCE MAR 1      7                        12     -5        4
  SINCE JAN 1      7                        12     -5        4
..................................................................


WIND (MPH)
  HIGHEST WIND SPEED     8   HIGHEST WIND DIRECTION     E (80)
  HIGHEST GUST SPEED    13   HIGHEST GUST DIRECTION     E (90)
  AVERAGE WIND SPEED     3.4


SKY COVER
  POSSIBLE SUNSHINE  MM
  AVERAGE SKY COVER 0.7


WEATHER CONDITIONS
 THE FOLLOWING WEATHER WAS RECORDED YESTERDAY.
  FOG
  FOG W/VISIBILITY <= 1/4 MILE


RELATIVE HUMIDITY (PERCENT)
 HIGHEST   100           400 AM
 LOWEST     73           300 PM
 AVERAGE    87

..........................................................


THE LAWRENCEVILLE IL AIRPORT CLIMATE NORMALS FOR TODAY
                         NORMAL    RECORD    YEAR
 MAXIMUM TEMPERATURE (F)   67        MM        MM
 MINIMUM TEMPERATURE (F)   46        MM        MM


SUNRISE AND SUNSET
APRIL 17 2015.........SUNRISE   612 AM CDT   SUNSET   729 PM CDT
APRIL 18 2015.........SUNRISE   610 AM CDT   SUNSET   730 PM CDT


-  INDICATES NEGATIVE NUMBERS.
R  INDICATES RECORD WAS SET OR TIED.
MM INDICATES DATA IS MISSING.
T  INDICATES TRACE AMOUNT.




$$
