000
CDUS43 KILX 162231
CLILWV


CLIMATE REPORT
NATIONAL WEATHER SERVICE LINCOLN IL
430 PM CST FRI FEB 16 2018


...................................

...THE LAWRENCEVILLE IL AIRPORT CLIMATE SUMMARY FOR FEBRUARY 16 2018...
VALID TODAY AS OF 0400 PM LOCAL TIME.

CLIMATE NORMAL PERIOD 1981 TO 2010
CLIMATE RECORD PERIOD 9999 TO 9999


WEATHER ITEM   OBSERVED TIME   RECORD YEAR NORMAL DEPARTURE LAST
                VALUE   (LST)  VALUE       VALUE  FROM      YEAR
                                                  NORMAL
..................................................................
TEMPERATURE (F)
 TODAY
  MAXIMUM         60   1232 AM  MM      MM  44     16       56
  MINIMUM         39    247 PM  MM      MM  27     12       27
  AVERAGE         50                        36     14       42

PRECIPITATION (IN)
  TODAY            0.12         MM      MM   0.07   0.05     0.00
  MONTH TO DATE    1.47                      1.23   0.24     0.16
  SINCE DEC 1      4.86                      7.00  -2.14     5.27
  SINCE JAN 1      3.82                      3.61   0.21     3.60

DEGREE DAYS
 HEATING
  TODAY           15                        29    -14       23
  MONTH TO DATE  503                       499      4      413
  SINCE DEC 1   2648                      2492    156     2278
  SINCE JUL 1   3417                      3350     67     2900

 COOLING
  TODAY            0                         0      0        0
  MONTH TO DATE    0                         0      0        0
  SINCE DEC 1      0                         0      0        0
  SINCE JAN 1      0                         0      0        0
..................................................................


WIND (MPH)
  HIGHEST WIND SPEED    25   HIGHEST WIND DIRECTION     N (340)
  HIGHEST GUST SPEED    30   HIGHEST GUST DIRECTION     N (340)
  AVERAGE WIND SPEED    15.0


SKY COVER
  POSSIBLE SUNSHINE  MM
  AVERAGE SKY COVER 1.0


WEATHER CONDITIONS
 THE FOLLOWING WEATHER WAS RECORDED TODAY.
  LIGHT RAIN
  FOG
  HAZE


RELATIVE HUMIDITY (PERCENT)
 HIGHEST   100           200 AM
 LOWEST     70          1200 PM
 AVERAGE    85

..........................................................


THE LAWRENCEVILLE IL AIRPORT CLIMATE NORMALS FOR TOMORROW
                         NORMAL    RECORD    YEAR
 MAXIMUM TEMPERATURE (F)   45        MM        MM
 MINIMUM TEMPERATURE (F)   27        MM        MM


SUNRISE AND SUNSET
FEBRUARY 16 2018......SUNRISE   640 AM CST   SUNSET   529 PM CST
FEBRUARY 17 2018......SUNRISE   639 AM CST   SUNSET   530 PM CST


-  INDICATES NEGATIVE NUMBERS.
R  INDICATES RECORD WAS SET OR TIED.
MM INDICATES DATA IS MISSING.
T  INDICATES TRACE AMOUNT.




$$
