000
CDUS43 KILX 230709
CLILWV


CLIMATE REPORT
NATIONAL WEATHER SERVICE LINCOLN IL
109 AM CST SUN NOV 23 2014


...................................

...THE LAWRENCEVILLE IL AIRPORT CLIMATE SUMMARY FOR NOVEMBER 22 2014...

CLIMATE NORMAL PERIOD 1981 TO 2010
CLIMATE RECORD PERIOD 9999 TO 9999


WEATHER ITEM   OBSERVED TIME   RECORD YEAR NORMAL DEPARTURE LAST
                VALUE   (LST)  VALUE       VALUE  FROM      YEAR
                                                  NORMAL
..................................................................
TEMPERATURE (F)
 YESTERDAY
  MAXIMUM         63    251 PM  MM      MM  52     11       53
  MINIMUM         36    133 AM  MM      MM  35      1       35
  AVERAGE         50                        44      6       44

PRECIPITATION (IN)
  YESTERDAY        0.01         MM      MM   0.14  -0.13     0.06
  MONTH TO DATE    0.57                      2.84  -2.27     1.52
  SINCE SEP 1      8.06                     10.01  -1.95     8.94
  SINCE JAN 1     36.86                     39.36  -2.50    50.58

DEGREE DAYS
 HEATING
  YESTERDAY       15                        21     -6       21
  MONTH TO DATE  606                       373    233      428
  SINCE SEP 1    932                       669    263      734
  SINCE JUL 1    932                       670    262      739

 COOLING
  YESTERDAY        0                         0      0        0
  MONTH TO DATE    0                         0      0        0
  SINCE SEP 1    145                       203    -58      232
  SINCE JAN 1   1218                      1386   -168     1287
..................................................................


WIND (MPH)
  HIGHEST WIND SPEED    28   HIGHEST WIND DIRECTION     S (200)
  HIGHEST GUST SPEED    36   HIGHEST GUST DIRECTION     S (200)
  AVERAGE WIND SPEED    12.4


SKY COVER
  POSSIBLE SUNSHINE  MM
  AVERAGE SKY COVER 0.9


WEATHER CONDITIONS
 THE FOLLOWING WEATHER WAS RECORDED YESTERDAY.
  LIGHT RAIN


RELATIVE HUMIDITY (PERCENT)
 HIGHEST    82           200 AM
 LOWEST     48           300 PM
 AVERAGE    65

..........................................................


THE LAWRENCEVILLE IL AIRPORT CLIMATE NORMALS FOR TODAY
                         NORMAL    RECORD    YEAR
 MAXIMUM TEMPERATURE (F)   52        MM        MM
 MINIMUM TEMPERATURE (F)   34        MM        MM


SUNRISE AND SUNSET
NOVEMBER 23 2014......SUNRISE   641 AM CST   SUNSET   432 PM CST
NOVEMBER 24 2014......SUNRISE   642 AM CST   SUNSET   431 PM CST


-  INDICATES NEGATIVE NUMBERS.
R  INDICATES RECORD WAS SET OR TIED.
MM INDICATES DATA IS MISSING.
T  INDICATES TRACE AMOUNT.




$$
