871
CDUS43 KILX 242147
CLILWV


CLIMATE REPORT
NATIONAL WEATHER SERVICE LINCOLN IL
436 PM CDT SUN SEP 24 2017


...................................

...THE LAWRENCEVILLE IL AIRPORT CLIMATE SUMMARY FOR SEPTEMBER 24 2017...
VALID TODAY AS OF 0400 PM LOCAL TIME.

CLIMATE NORMAL PERIOD 1981 TO 2010
CLIMATE RECORD PERIOD 9999 TO 9999


WEATHER ITEM   OBSERVED TIME   RECORD YEAR NORMAL DEPARTURE LAST
                VALUE   (LST)  VALUE       VALUE  FROM      YEAR
                                                  NORMAL
..................................................................
TEMPERATURE (F)
 TODAY
  MAXIMUM         94    119 PM  MM      MM  79     15       91
  MINIMUM         65    612 AM  MM      MM  54     11       64
  AVERAGE         80                        66     14       78

PRECIPITATION (IN)
  TODAY            0.00         MM      MM   0.10  -0.10     0.00
  MONTH TO DATE    0.75                      2.48  -1.73     2.22
  SINCE SEP 1      0.75                      2.48  -1.73     2.22
  SINCE JAN 1     25.11                     31.83  -6.72    34.48

DEGREE DAYS
 HEATING
  TODAY            0                         2     -2        0
  MONTH TO DATE   10                        16     -6        0
  SINCE SEP 1     10                        16     -6        0
  SINCE JUL 1     10                        17     -7        0

 COOLING
  TODAY           15                         4     11       13
  MONTH TO DATE  169                       153     16      228
  SINCE SEP 1    169                       153     16      228
  SINCE JAN 1   1312                      1336    -24     1519
..................................................................


WIND (MPH)
  HIGHEST WIND SPEED    12   HIGHEST WIND DIRECTION    SE (150)
  HIGHEST GUST SPEED    15   HIGHEST GUST DIRECTION     E (90)
  AVERAGE WIND SPEED     4.7


SKY COVER
  POSSIBLE SUNSHINE  MM
  AVERAGE SKY COVER 0.1


WEATHER CONDITIONS
 THE FOLLOWING WEATHER WAS RECORDED TODAY.
  FOG
  HAZE


RELATIVE HUMIDITY (PERCENT)
 HIGHEST   100           100 AM
 LOWEST     33           200 PM
 AVERAGE    67

..........................................................


THE LAWRENCEVILLE IL AIRPORT CLIMATE NORMALS FOR TOMORROW
                         NORMAL    RECORD    YEAR
 MAXIMUM TEMPERATURE (F)   78        MM        MM
 MINIMUM TEMPERATURE (F)   53        MM        MM


SUNRISE AND SUNSET
SEPTEMBER 24 2017.....SUNRISE   640 AM CDT   SUNSET   644 PM CDT
SEPTEMBER 25 2017.....SUNRISE   641 AM CDT   SUNSET   642 PM CDT


-  INDICATES NEGATIVE NUMBERS.
R  INDICATES RECORD WAS SET OR TIED.
MM INDICATES DATA IS MISSING.
T  INDICATES TRACE AMOUNT.




$$
