000
CDUS43 KILX 010643
CLILWV


CLIMATE REPORT
NATIONAL WEATHER SERVICE LINCOLN IL
143 AM CDT TUE SEP 1 2015


...................................

...THE LAWRENCEVILLE IL AIRPORT CLIMATE SUMMARY FOR AUGUST 31 2015...

CLIMATE NORMAL PERIOD 1981 TO 2010
CLIMATE RECORD PERIOD 9999 TO 9999


WEATHER ITEM   OBSERVED TIME   RECORD YEAR NORMAL DEPARTURE LAST
                VALUE   (LST)  VALUE       VALUE  FROM      YEAR
                                                  NORMAL
..................................................................
TEMPERATURE (F)
 YESTERDAY
  MAXIMUM         88    326 PM  MM      MM  87      1       85
  MINIMUM         65    436 AM  MM      MM  63      2       71
  AVERAGE         77                        75      2       78

PRECIPITATION (IN)
  YESTERDAY        0.00         MM      MM   0.10  -0.10     0.00
  MONTH TO DATE    2.20                      3.39  -1.19     4.76
  SINCE JUN 1     14.98                     11.79   3.19    13.19
  SINCE JAN 1     31.94                     29.35   2.59    28.80

DEGREE DAYS
 HEATING
  YESTERDAY        0                         0      0        0
  MONTH TO DATE    0                         0      0        0
  SINCE JUN 1      8                         8      0        0
  SINCE JUL 1      0                         1     -1        0

 COOLING
  YESTERDAY       12                        10      2       13
  MONTH TO DATE  280                       356    -76      335
  SINCE JUN 1    948                      1044    -96      882
  SINCE JAN 1   1103                      1183    -80     1073
..................................................................


WIND (MPH)
  HIGHEST WIND SPEED    12   HIGHEST WIND DIRECTION    SW (210)
  HIGHEST GUST SPEED    16   HIGHEST GUST DIRECTION    SW (220)
  AVERAGE WIND SPEED     5.7


SKY COVER
  POSSIBLE SUNSHINE  MM
  AVERAGE SKY COVER 0.3


WEATHER CONDITIONS
 THE FOLLOWING WEATHER WAS RECORDED YESTERDAY.
  FOG


RELATIVE HUMIDITY (PERCENT)
 HIGHEST   100           200 AM
 LOWEST     50           200 PM
 AVERAGE    75

..........................................................


THE LAWRENCEVILLE IL AIRPORT CLIMATE NORMALS FOR TODAY
                         NORMAL    RECORD    YEAR
 MAXIMUM TEMPERATURE (F)   86        MM        MM
 MINIMUM TEMPERATURE (F)   63        MM        MM


SUNRISE AND SUNSET
SEPTEMBER  1 2015.....SUNRISE   619 AM CDT   SUNSET   721 PM CDT
SEPTEMBER  2 2015.....SUNRISE   620 AM CDT   SUNSET   719 PM CDT


-  INDICATES NEGATIVE NUMBERS.
R  INDICATES RECORD WAS SET OR TIED.
MM INDICATES DATA IS MISSING.
T  INDICATES TRACE AMOUNT.




$$
