000
CDUS43 KILX 262136
CLILWV


CLIMATE REPORT
NATIONAL WEATHER SERVICE LINCOLN IL
435 PM CDT WED MAR 26 2014


...................................

...THE LAWRENCEVILLE IL AIRPORT CLIMATE SUMMARY FOR MARCH 26 2014...
VALID TODAY AS OF 0400 PM LOCAL TIME.

CLIMATE NORMAL PERIOD 1981 TO 2010
CLIMATE RECORD PERIOD 9999 TO 9999


WEATHER ITEM   OBSERVED TIME   RECORD YEAR NORMAL DEPARTURE LAST
                VALUE   (LST)  VALUE       VALUE  FROM      YEAR
                                                  NORMAL
..................................................................
TEMPERATURE (F)
 TODAY
  MAXIMUM         44    259 PM  MM      MM  59    -15       43
  MINIMUM         17    526 AM  MM      MM  38    -21       32
  AVERAGE         31                        48    -17       38

PRECIPITATION (IN)
  TODAY            0.00         MM      MM   0.14  -0.14      T
  MONTH TO DATE    0.16                      2.68  -2.52     3.17
  SINCE MAR 1      0.16                      2.68  -2.52     3.17
  SINCE JAN 1      2.92                      7.07  -4.15    11.73

DEGREE DAYS
 HEATING
  TODAY           34                        17     17       27
  MONTH TO DATE  693                       542    151      716
  SINCE MAR 1    693                       542    151      716
  SINCE JUL 1   5095                      4217    878     4412

 COOLING
  TODAY            0                         0      0        0
  MONTH TO DATE    0                         0      0        0
  SINCE MAR 1      0                         0      0        0
  SINCE JAN 1      0                         0      0        0
..................................................................


WIND (MPH)
  HIGHEST WIND SPEED    15   HIGHEST WIND DIRECTION     S (160)
  HIGHEST GUST SPEED    20   HIGHEST GUST DIRECTION     S (180)
  AVERAGE WIND SPEED     5.1


SKY COVER
  POSSIBLE SUNSHINE  MM
  AVERAGE SKY COVER 0.0


WEATHER CONDITIONS
 THE FOLLOWING WEATHER WAS RECORDED TODAY.
  NO SIGNIFICANT WEATHER WAS OBSERVED.


RELATIVE HUMIDITY (PERCENT)
 HIGHEST    81           700 AM
 LOWEST     29           200 PM
 AVERAGE    55

..........................................................


THE LAWRENCEVILLE IL AIRPORT CLIMATE NORMALS FOR TOMORROW
                         NORMAL    RECORD    YEAR
 MAXIMUM TEMPERATURE (F)   60        MM        MM
 MINIMUM TEMPERATURE (F)   38        MM        MM


SUNRISE AND SUNSET
MARCH 26 2014.........SUNRISE   645 AM CDT   SUNSET   708 PM CDT
MARCH 27 2014.........SUNRISE   643 AM CDT   SUNSET   709 PM CDT


-  INDICATES NEGATIVE NUMBERS.
R  INDICATES RECORD WAS SET OR TIED.
MM INDICATES DATA IS MISSING.
T  INDICATES TRACE AMOUNT.




$$
