000
CDUS43 KILX 062133
CLILWV


CLIMATE REPORT
NATIONAL WEATHER SERVICE LINCOLN IL
432 PM CDT THU APR 6 2017


...................................

...THE LAWRENCEVILLE IL AIRPORT CLIMATE SUMMARY FOR APRIL 6 2017...
VALID TODAY AS OF 0400 PM LOCAL TIME.

CLIMATE NORMAL PERIOD 1981 TO 2010
CLIMATE RECORD PERIOD 9999 TO 9999


WEATHER ITEM   OBSERVED TIME   RECORD YEAR NORMAL DEPARTURE LAST
                VALUE   (LST)  VALUE       VALUE  FROM      YEAR
                                                  NORMAL
..................................................................
TEMPERATURE (F)
 TODAY
  MAXIMUM         57    259 PM  MM      MM  63     -6       65
  MINIMUM         41    502 AM  MM      MM  42     -1       44
  AVERAGE         49                        52     -3       55

PRECIPITATION (IN)
  TODAY            0.02         MM      MM   0.11  -0.09     0.21
  MONTH TO DATE    1.10                      0.66   0.44     0.21
  SINCE MAR 1      3.93                      4.09  -0.16     4.37
  SINCE JAN 1      8.08                      8.48  -0.40     8.61

DEGREE DAYS
 HEATING
  TODAY           16                        13      3       10
  MONTH TO DATE   61                        83    -22      102
  SINCE MAR 1    626                       705    -79      545
  SINCE JUL 1   3681                      4380   -699     3772

 COOLING
  TODAY            0                         0      0        0
  MONTH TO DATE    0                         0      0        0
  SINCE MAR 1      2                         2      0        0
  SINCE JAN 1      2                         2      0        0
..................................................................


WIND (MPH)
  HIGHEST WIND SPEED    36   HIGHEST WIND DIRECTION    NW (320)
  HIGHEST GUST SPEED    43   HIGHEST GUST DIRECTION    NW (320)
  AVERAGE WIND SPEED    23.4


SKY COVER
  POSSIBLE SUNSHINE  MM
  AVERAGE SKY COVER 0.9


WEATHER CONDITIONS
 THE FOLLOWING WEATHER WAS RECORDED TODAY.
  LIGHT RAIN
  FOG


RELATIVE HUMIDITY (PERCENT)
 HIGHEST   100          1200 AM
 LOWEST     43           200 PM
 AVERAGE    72

..........................................................


THE LAWRENCEVILLE IL AIRPORT CLIMATE NORMALS FOR TOMORROW
                         NORMAL    RECORD    YEAR
 MAXIMUM TEMPERATURE (F)   64        MM        MM
 MINIMUM TEMPERATURE (F)   42        MM        MM


SUNRISE AND SUNSET
APRIL  6 2017.........SUNRISE   627 AM CDT   SUNSET   719 PM CDT
APRIL  7 2017.........SUNRISE   626 AM CDT   SUNSET   720 PM CDT


-  INDICATES NEGATIVE NUMBERS.
R  INDICATES RECORD WAS SET OR TIED.
MM INDICATES DATA IS MISSING.
T  INDICATES TRACE AMOUNT.




$$
