152
CDUS43 KILX 270643
CLILWV


CLIMATE REPORT
NATIONAL WEATHER SERVICE LINCOLN IL
1243 AM CST SUN NOV 27 2016


...................................

...THE LAWRENCEVILLE IL AIRPORT CLIMATE SUMMARY FOR NOVEMBER 26 2016...

CLIMATE NORMAL PERIOD 1981 TO 2010
CLIMATE RECORD PERIOD 9999 TO 9999


WEATHER ITEM   OBSERVED TIME   RECORD YEAR NORMAL DEPARTURE LAST
                VALUE   (LST)  VALUE       VALUE  FROM      YEAR
                                                  NORMAL
..................................................................
TEMPERATURE (F)
 YESTERDAY
  MAXIMUM         49    207 PM  MM      MM  50     -1       63
  MINIMUM         32   1159 PM  MM      MM  33     -1       51
  AVERAGE         41                        42     -1       57

PRECIPITATION (IN)
  YESTERDAY        0.00         MM      MM   0.14  -0.14     0.00
  MONTH TO DATE    1.98                      3.40  -1.42     3.63
  SINCE SEP 1      6.84                     10.57  -3.73     7.87
  SINCE JAN 1     39.10                     39.92  -0.82    39.81

DEGREE DAYS
 HEATING
  YESTERDAY       24                        23      1        8
  MONTH TO DATE  407                       463    -56      401
  SINCE SEP 1    549                       759   -210      624
  SINCE JUL 1    549                       760   -211      624

 COOLING
  YESTERDAY        0                         0      0        0
  MONTH TO DATE   10                         0     10        1
  SINCE SEP 1    324                       203    121      228
  SINCE JAN 1   1615                      1386    229     1331
..................................................................


WIND (MPH)
  HIGHEST WIND SPEED    12   HIGHEST WIND DIRECTION     S (190)
  HIGHEST GUST SPEED    15   HIGHEST GUST DIRECTION    SW (210)
  AVERAGE WIND SPEED     5.4


SKY COVER
  POSSIBLE SUNSHINE  MM
  AVERAGE SKY COVER 0.5


WEATHER CONDITIONS
 THE FOLLOWING WEATHER WAS RECORDED YESTERDAY.
  FOG


RELATIVE HUMIDITY (PERCENT)
 HIGHEST    89           800 PM
 LOWEST     61           100 PM
 AVERAGE    75

..........................................................


THE LAWRENCEVILLE IL AIRPORT CLIMATE NORMALS FOR TODAY
                         NORMAL    RECORD    YEAR
 MAXIMUM TEMPERATURE (F)   50        MM        MM
 MINIMUM TEMPERATURE (F)   33        MM        MM


SUNRISE AND SUNSET
NOVEMBER 27 2016......SUNRISE   646 AM CST   SUNSET   430 PM CST
NOVEMBER 28 2016......SUNRISE   647 AM CST   SUNSET   430 PM CST


-  INDICATES NEGATIVE NUMBERS.
R  INDICATES RECORD WAS SET OR TIED.
MM INDICATES DATA IS MISSING.
T  INDICATES TRACE AMOUNT.




$$
