000
CDUS43 KILX 030649
CLILWV


CLIMATE REPORT
NATIONAL WEATHER SERVICE LINCOLN IL
148 AM CDT WED SEP 3 2014


...................................

...THE LAWRENCEVILLE IL AIRPORT CLIMATE SUMMARY FOR SEPTEMBER 2 2014...

CLIMATE NORMAL PERIOD 1981 TO 2010
CLIMATE RECORD PERIOD 9999 TO 9999


WEATHER ITEM   OBSERVED TIME   RECORD YEAR NORMAL DEPARTURE LAST
                VALUE   (LST)  VALUE       VALUE  FROM      YEAR
                                                  NORMAL
..................................................................
TEMPERATURE (F)
 YESTERDAY
  MAXIMUM         81    322 PM  MM      MM  86     -5       87
  MINIMUM         64   1159 PM  MM      MM  62      2       67
  AVERAGE         73                        74     -1       77

PRECIPITATION (IN)
  YESTERDAY        1.99         MM      MM   0.10   1.89     0.00
  MONTH TO DATE    1.99                      0.20   1.79     0.02
  SINCE SEP 1      1.99                      0.20   1.79     0.02
  SINCE JAN 1     30.79                     29.55   1.24    41.66

DEGREE DAYS
 HEATING
  YESTERDAY        0                         0      0        0
  MONTH TO DATE    0                         0      0        0
  SINCE SEP 1      0                         0      0        0
  SINCE JUL 1      0                         1     -1        5

 COOLING
  YESTERDAY        8                         9     -1       12
  MONTH TO DATE   22                        18      4       26
  SINCE SEP 1     22                        18      4       26
  SINCE JAN 1   1095                      1201   -106     1081
..................................................................


WIND (MPH)
  HIGHEST WIND SPEED    23   HIGHEST WIND DIRECTION    NW (330)
  HIGHEST GUST SPEED    28   HIGHEST GUST DIRECTION    NW (330)
  AVERAGE WIND SPEED     6.1


SKY COVER
  POSSIBLE SUNSHINE  MM
  AVERAGE SKY COVER 0.7


WEATHER CONDITIONS
 THE FOLLOWING WEATHER WAS RECORDED YESTERDAY.
  THUNDERSTORM
  HEAVY RAIN
  RAIN
  LIGHT RAIN
  FOG
  FOG W/VISIBILITY <= 1/4 MILE


RELATIVE HUMIDITY (PERCENT)
 HIGHEST   100           800 AM
 LOWEST     69           400 PM
 AVERAGE    85

..........................................................


THE LAWRENCEVILLE IL AIRPORT CLIMATE NORMALS FOR TODAY
                         NORMAL    RECORD    YEAR
 MAXIMUM TEMPERATURE (F)   86        MM        MM
 MINIMUM TEMPERATURE (F)   62        MM        MM


SUNRISE AND SUNSET
SEPTEMBER  3 2014.....SUNRISE   621 AM CDT   SUNSET   718 PM CDT
SEPTEMBER  4 2014.....SUNRISE   622 AM CDT   SUNSET   716 PM CDT


-  INDICATES NEGATIVE NUMBERS.
R  INDICATES RECORD WAS SET OR TIED.
MM INDICATES DATA IS MISSING.
T  INDICATES TRACE AMOUNT.




$$
