971
CDUS43 KILX 260638
CLILWV


CLIMATE REPORT
NATIONAL WEATHER SERVICE LINCOLN IL
1238 AM CST TUE JAN 26 2016


...................................

...THE LAWRENCEVILLE IL AIRPORT CLIMATE SUMMARY FOR JANUARY 25 2016...

CLIMATE NORMAL PERIOD 1981 TO 2010
CLIMATE RECORD PERIOD 9999 TO 9999


WEATHER ITEM   OBSERVED TIME   RECORD YEAR NORMAL DEPARTURE LAST
                VALUE   (LST)  VALUE       VALUE  FROM      YEAR
                                                  NORMAL
..................................................................
TEMPERATURE (F)
 YESTERDAY
  MAXIMUM         49   1112 PM  MM      MM  40      9       41
  MINIMUM         27    337 AM  MM      MM  23      4       29
  AVERAGE         38                        31      7       35

PRECIPITATION (IN)
  YESTERDAY        T            MM      MM   0.06  -0.06     0.17
  MONTH TO DATE    1.03                      2.00  -0.97     1.93
  SINCE DEC 1      5.97                      5.39   0.58     5.17
  SINCE JAN 1      1.03                      2.00  -0.97     1.93

DEGREE DAYS
 HEATING
  YESTERDAY       27                        34     -7       30
  MONTH TO DATE  934                       850     84      880
  SINCE DEC 1   1565                      1791   -226     1758
  SINCE JUL 1   2262                      2649   -387     2893

 COOLING
  YESTERDAY        0                         0      0        0
  MONTH TO DATE    0                         0      0        0
  SINCE DEC 1      0                         0      0        0
  SINCE JAN 1      0                         0      0        0
..................................................................


WIND (MPH)
  HIGHEST WIND SPEED    26   HIGHEST WIND DIRECTION     W (270)
  HIGHEST GUST SPEED    33   HIGHEST GUST DIRECTION     W (280)
  AVERAGE WIND SPEED    13.5


SKY COVER
  POSSIBLE SUNSHINE  MM
  AVERAGE SKY COVER 0.7


WEATHER CONDITIONS
 THE FOLLOWING WEATHER WAS RECORDED YESTERDAY.
  LIGHT RAIN


RELATIVE HUMIDITY (PERCENT)
 HIGHEST    93          1000 PM
 LOWEST     69           800 AM
 AVERAGE    81

..........................................................


THE LAWRENCEVILLE IL AIRPORT CLIMATE NORMALS FOR TODAY
                         NORMAL    RECORD    YEAR
 MAXIMUM TEMPERATURE (F)   40        MM        MM
 MINIMUM TEMPERATURE (F)   23        MM        MM


SUNRISE AND SUNSET
JANUARY 26 2016.......SUNRISE   701 AM CST   SUNSET   505 PM CST
JANUARY 27 2016.......SUNRISE   701 AM CST   SUNSET   506 PM CST


-  INDICATES NEGATIVE NUMBERS.
R  INDICATES RECORD WAS SET OR TIED.
MM INDICATES DATA IS MISSING.
T  INDICATES TRACE AMOUNT.




$$
