000
CDUS43 KILX 202147
CLILWV


CLIMATE REPORT
NATIONAL WEATHER SERVICE LINCOLN IL
437 PM CDT SUN JUL 20 2014


...................................

...THE LAWRENCEVILLE IL AIRPORT CLIMATE SUMMARY FOR JULY 20 2014...
VALID TODAY AS OF 0400 PM LOCAL TIME.

CLIMATE NORMAL PERIOD 1981 TO 2010
CLIMATE RECORD PERIOD 9999 TO 9999


WEATHER ITEM   OBSERVED TIME   RECORD YEAR NORMAL DEPARTURE LAST
                VALUE   (LST)  VALUE       VALUE  FROM      YEAR
                                                  NORMAL
..................................................................
TEMPERATURE (F)
 TODAY
  MAXIMUM         83    115 PM  MM      MM  88     -5       93
  MINIMUM         57    353 AM  MM      MM  68    -11       69
  AVERAGE         70                        78     -8       81

PRECIPITATION (IN)
  TODAY            0.00         MM      MM   0.16  -0.16     1.41
  MONTH TO DATE    2.93                      2.97  -0.04     3.61
  SINCE JUN 1      6.87                      6.95  -0.08    14.04
  SINCE JAN 1     22.48                     24.51  -2.03    39.07

DEGREE DAYS
 HEATING
  TODAY            0                         0      0        0
  MONTH TO DATE    0                         0      0        0
  SINCE JUN 1      0                         7     -7        3
  SINCE JUL 1      0                         0      0        0

 COOLING
  TODAY            5                        13     -8       16
  MONTH TO DATE  157                       260   -103      234
  SINCE JUN 1    480                       550    -70      490
  SINCE JAN 1    671                       689    -18      658
..................................................................


WIND (MPH)
  HIGHEST WIND SPEED     8   HIGHEST WIND DIRECTION     N (20)
  HIGHEST GUST SPEED    12   HIGHEST GUST DIRECTION     N (340)
  AVERAGE WIND SPEED     2.5


SKY COVER
  POSSIBLE SUNSHINE  MM
  AVERAGE SKY COVER 0.2


WEATHER CONDITIONS
 THE FOLLOWING WEATHER WAS RECORDED TODAY.
  FOG
  HAZE


RELATIVE HUMIDITY (PERCENT)
 HIGHEST   100           500 AM
 LOWEST     51           100 PM
 AVERAGE    76

..........................................................


THE LAWRENCEVILLE IL AIRPORT CLIMATE NORMALS FOR TOMORROW
                         NORMAL    RECORD    YEAR
 MAXIMUM TEMPERATURE (F)   88        MM        MM
 MINIMUM TEMPERATURE (F)   68        MM        MM


SUNRISE AND SUNSET
JULY 20 2014..........SUNRISE   542 AM CDT   SUNSET   812 PM CDT
JULY 21 2014..........SUNRISE   542 AM CDT   SUNSET   811 PM CDT


-  INDICATES NEGATIVE NUMBERS.
R  INDICATES RECORD WAS SET OR TIED.
MM INDICATES DATA IS MISSING.
T  INDICATES TRACE AMOUNT.




$$
