000
CDUS43 KILX 090646
CLILWV


CLIMATE REPORT
NATIONAL WEATHER SERVICE LINCOLN IL
139 AM CDT THU APR 9 2015


...................................

...THE LAWRENCEVILLE IL AIRPORT CLIMATE SUMMARY FOR APRIL 8 2015...

CLIMATE NORMAL PERIOD 1981 TO 2010
CLIMATE RECORD PERIOD 9999 TO 9999


WEATHER ITEM   OBSERVED TIME   RECORD YEAR NORMAL DEPARTURE LAST
                VALUE   (LST)  VALUE       VALUE  FROM      YEAR
                                                  NORMAL
..................................................................
TEMPERATURE (F)
 YESTERDAY
  MAXIMUM         76   1240 PM  MM      MM  64     12       62
  MINIMUM         60    216 AM  MM      MM  42     18       42
  AVERAGE         68                        53     15       52

PRECIPITATION (IN)
  YESTERDAY        0.34         MM      MM   0.12   0.22     0.08
  MONTH TO DATE    4.03                      0.90   3.13     5.25
  SINCE MAR 1      8.90                      4.33   4.57     6.29
  SINCE JAN 1     11.40                      8.72   2.68     9.05

DEGREE DAYS
 HEATING
  YESTERDAY        0                        12    -12       13
  MONTH TO DATE   69                       108    -39      106
  SINCE MAR 1    794                       730     64      889
  SINCE JUL 1   5068                      4405    663     5291

 COOLING
  YESTERDAY        3                         1      2        0
  MONTH TO DATE    3                         2      1        0
  SINCE MAR 1      3                         4     -1        0
  SINCE JAN 1      3                         4     -1        0
..................................................................


WIND (MPH)
  HIGHEST WIND SPEED    25   HIGHEST WIND DIRECTION    SE (150)
  HIGHEST GUST SPEED    30   HIGHEST GUST DIRECTION    SE (150)
  AVERAGE WIND SPEED     8.5


SKY COVER
  POSSIBLE SUNSHINE  MM
  AVERAGE SKY COVER 0.4


WEATHER CONDITIONS
 THE FOLLOWING WEATHER WAS RECORDED YESTERDAY.
  THUNDERSTORM
  HEAVY RAIN
  RAIN
  LIGHT RAIN
  FOG


RELATIVE HUMIDITY (PERCENT)
 HIGHEST    93           700 AM
 LOWEST     74          1100 AM
 AVERAGE    84

..........................................................


THE LAWRENCEVILLE IL AIRPORT CLIMATE NORMALS FOR TODAY
                         NORMAL    RECORD    YEAR
 MAXIMUM TEMPERATURE (F)   64        MM        MM
 MINIMUM TEMPERATURE (F)   43        MM        MM


SUNRISE AND SUNSET
APRIL  9 2015.........SUNRISE   623 AM CDT   SUNSET   721 PM CDT
APRIL 10 2015.........SUNRISE   622 AM CDT   SUNSET   722 PM CDT


-  INDICATES NEGATIVE NUMBERS.
R  INDICATES RECORD WAS SET OR TIED.
MM INDICATES DATA IS MISSING.
T  INDICATES TRACE AMOUNT.




$$
