186
CDUS43 KILX 090627
CLILWV


CLIMATE REPORT
NATIONAL WEATHER SERVICE LINCOLN IL
127 AM CDT SAT SEP 9 2017


...................................

...THE LAWRENCEVILLE IL AIRPORT CLIMATE SUMMARY FOR SEPTEMBER 8 2017...

CLIMATE NORMAL PERIOD 1981 TO 2010
CLIMATE RECORD PERIOD 9999 TO 9999


WEATHER ITEM   OBSERVED TIME   RECORD YEAR NORMAL DEPARTURE LAST
                VALUE   (LST)  VALUE       VALUE  FROM      YEAR
                                                  NORMAL
..................................................................
TEMPERATURE (F)
 YESTERDAY
  MAXIMUM         83    259 PM  MM      MM  85     -2       91
  MINIMUM         49    556 AM  MM      MM  60    -11       73
  AVERAGE         66                        72     -6       82

PRECIPITATION (IN)
  YESTERDAY        0.00         MM      MM   0.11  -0.11     0.40
  MONTH TO DATE    T                         0.81  -0.81     0.40
  SINCE SEP 1      T                         0.81  -0.81     0.40
  SINCE JAN 1     24.36                     30.16  -5.80    32.66

DEGREE DAYS
 HEATING
  YESTERDAY        0                         0      0        0
  MONTH TO DATE    9                         0      9        0
  SINCE SEP 1      9                         0      9        0
  SINCE JUL 1      9                         1      8        0

 COOLING
  YESTERDAY        1                         8     -7       17
  MONTH TO DATE   24                        68    -44       91
  SINCE SEP 1     24                        68    -44       91
  SINCE JAN 1   1167                      1251    -84     1382
..................................................................


WIND (MPH)
  HIGHEST WIND SPEED    12   HIGHEST WIND DIRECTION    SE (120)
  HIGHEST GUST SPEED    12   HIGHEST GUST DIRECTION     W (290)
  AVERAGE WIND SPEED     2.4


SKY COVER
  POSSIBLE SUNSHINE  MM
  AVERAGE SKY COVER 0.0


WEATHER CONDITIONS
 THE FOLLOWING WEATHER WAS RECORDED YESTERDAY.
  NO SIGNIFICANT WEATHER WAS OBSERVED.


RELATIVE HUMIDITY (PERCENT)
 HIGHEST   100           600 AM
 LOWEST     31           300 PM
 AVERAGE    66

..........................................................


THE LAWRENCEVILLE IL AIRPORT CLIMATE NORMALS FOR TODAY
                         NORMAL    RECORD    YEAR
 MAXIMUM TEMPERATURE (F)   85        MM        MM
 MINIMUM TEMPERATURE (F)   60        MM        MM


SUNRISE AND SUNSET
SEPTEMBER  9 2017.....SUNRISE   627 AM CDT   SUNSET   708 PM CDT
SEPTEMBER 10 2017.....SUNRISE   628 AM CDT   SUNSET   706 PM CDT


-  INDICATES NEGATIVE NUMBERS.
R  INDICATES RECORD WAS SET OR TIED.
MM INDICATES DATA IS MISSING.
T  INDICATES TRACE AMOUNT.




$$
