351
CDUS43 KILX 142149
CLILWV


CLIMATE REPORT
NATIONAL WEATHER SERVICE LINCOLN IL
449 PM CDT WED SEP 14 2016


...................................

...THE LAWRENCEVILLE IL AIRPORT CLIMATE SUMMARY FOR SEPTEMBER 14 2016...
VALID TODAY AS OF 0400 PM LOCAL TIME.

CLIMATE NORMAL PERIOD 1981 TO 2010
CLIMATE RECORD PERIOD 9999 TO 9999


WEATHER ITEM   OBSERVED TIME   RECORD YEAR NORMAL DEPARTURE LAST
                VALUE   (LST)  VALUE       VALUE  FROM      YEAR
                                                  NORMAL
..................................................................
TEMPERATURE (F)
 TODAY
  MAXIMUM         86   1248 PM  MM      MM  83      3       81
  MINIMUM         63    551 AM  MM      MM  58      5       48
  AVERAGE         75                        70      5       65

PRECIPITATION (IN)
  TODAY            0.00         MM      MM   0.11  -0.11     0.00
  MONTH TO DATE    0.13                      1.54  -1.41     1.81
  SINCE SEP 1      0.13                      1.54  -1.41     1.81
  SINCE JAN 1     32.39                     30.89   1.50    33.75

DEGREE DAYS
 HEATING
  TODAY            0                         1     -1        0
  MONTH TO DATE    0                         1     -1       10
  SINCE SEP 1      0                         1     -1       10
  SINCE JUL 1      0                         2     -2       10

 COOLING
  TODAY           10                         6      4        0
  MONTH TO DATE  136                       107     29      143
  SINCE SEP 1    136                       107     29      143
  SINCE JAN 1   1427                      1290    137     1246
..................................................................


WIND (MPH)
  HIGHEST WIND SPEED    13   HIGHEST WIND DIRECTION    SW (240)
  HIGHEST GUST SPEED    18   HIGHEST GUST DIRECTION    SW (240)
  AVERAGE WIND SPEED     3.0


SKY COVER
  POSSIBLE SUNSHINE  MM
  AVERAGE SKY COVER 0.2


WEATHER CONDITIONS
 THE FOLLOWING WEATHER WAS RECORDED TODAY.
  FOG


RELATIVE HUMIDITY (PERCENT)
 HIGHEST   100          1200 AM
 LOWEST     61           100 PM
 AVERAGE    81

..........................................................


THE LAWRENCEVILLE IL AIRPORT CLIMATE NORMALS FOR TOMORROW
                         NORMAL    RECORD    YEAR
 MAXIMUM TEMPERATURE (F)   83        MM        MM
 MINIMUM TEMPERATURE (F)   57        MM        MM


SUNRISE AND SUNSET
SEPTEMBER 14 2016.....SUNRISE   631 AM CDT   SUNSET   659 PM CDT
SEPTEMBER 15 2016.....SUNRISE   632 AM CDT   SUNSET   658 PM CDT


-  INDICATES NEGATIVE NUMBERS.
R  INDICATES RECORD WAS SET OR TIED.
MM INDICATES DATA IS MISSING.
T  INDICATES TRACE AMOUNT.




$$
