000
CDUS43 KILX 110711
CLILWV


CLIMATE REPORT
NATIONAL WEATHER SERVICE LINCOLN IL
207 AM CDT SAT OCT 11 2014


...................................

...THE LAWRENCEVILLE IL AIRPORT CLIMATE SUMMARY FOR OCTOBER 10 2014...

CLIMATE NORMAL PERIOD 1981 TO 2010
CLIMATE RECORD PERIOD 9999 TO 9999


WEATHER ITEM   OBSERVED TIME   RECORD YEAR NORMAL DEPARTURE LAST
                VALUE   (LST)  VALUE       VALUE  FROM      YEAR
                                                  NORMAL
..................................................................
TEMPERATURE (F)
 YESTERDAY
  MAXIMUM         57    853 AM  MM      MM  72    -15       78
  MINIMUM         50   1159 PM  MM      MM  48      2       51
  AVERAGE         54                        60     -6       65

PRECIPITATION (IN)
  YESTERDAY        0.45         MM      MM   0.13   0.32     0.00
  MONTH TO DATE    2.27                      1.44   0.83     3.07
  SINCE SEP 1      5.20                      4.63   0.57     4.03
  SINCE JAN 1     34.00                     33.98   0.02    45.67

DEGREE DAYS
 HEATING
  YESTERDAY       11                         7      4        0
  MONTH TO DATE   70                        56     14       28
  SINCE SEP 1    130                        94     36       39
  SINCE JUL 1    130                        95     35       44

 COOLING
  YESTERDAY        0                         1     -1        0
  MONTH TO DATE   17                        20     -3       43
  SINCE SEP 1    135                       191    -56      230
  SINCE JAN 1   1208                      1374   -166     1285
..................................................................


WIND (MPH)
  HIGHEST WIND SPEED    21   HIGHEST WIND DIRECTION     N (20)
  HIGHEST GUST SPEED    26   HIGHEST GUST DIRECTION     N (20)
  AVERAGE WIND SPEED    10.9


SKY COVER
  POSSIBLE SUNSHINE  MM
  AVERAGE SKY COVER 1.0


WEATHER CONDITIONS
 THE FOLLOWING WEATHER WAS RECORDED YESTERDAY.
  RAIN
  LIGHT RAIN
  FOG


RELATIVE HUMIDITY (PERCENT)
 HIGHEST   100          1100 AM
 LOWEST     77           400 AM
 AVERAGE    89

..........................................................


THE LAWRENCEVILLE IL AIRPORT CLIMATE NORMALS FOR TODAY
                         NORMAL    RECORD    YEAR
 MAXIMUM TEMPERATURE (F)   71        MM        MM
 MINIMUM TEMPERATURE (F)   47        MM        MM


SUNRISE AND SUNSET
OCTOBER 11 2014.......SUNRISE   656 AM CDT   SUNSET   618 PM CDT
OCTOBER 12 2014.......SUNRISE   657 AM CDT   SUNSET   616 PM CDT


-  INDICATES NEGATIVE NUMBERS.
R  INDICATES RECORD WAS SET OR TIED.
MM INDICATES DATA IS MISSING.
T  INDICATES TRACE AMOUNT.




$$
