000
CDUS43 KILX 112156
CLILWV


CLIMATE REPORT
NATIONAL WEATHER SERVICE LINCOLN IL
453 PM CDT MON MAY 11 2015


...................................

...THE LAWRENCEVILLE IL AIRPORT CLIMATE SUMMARY FOR MAY 11 2015...
VALID TODAY AS OF 0400 PM LOCAL TIME.

CLIMATE NORMAL PERIOD 1981 TO 2010
CLIMATE RECORD PERIOD 9999 TO 9999


WEATHER ITEM   OBSERVED TIME   RECORD YEAR NORMAL DEPARTURE LAST
                VALUE   (LST)  VALUE       VALUE  FROM      YEAR
                                                  NORMAL
..................................................................
TEMPERATURE (F)
 TODAY
  MAXIMUM         72    259 PM  MM      MM  75     -3       86
  MINIMUM         64    600 AM  MM      MM  54     10       62
  AVERAGE         68                        65      3       74

PRECIPITATION (IN)
  TODAY            0.37         MM      MM   0.20   0.17     0.28
  MONTH TO DATE    1.33                      2.23  -0.90     0.43
  SINCE MAR 1     12.40                      9.82   2.58     9.60
  SINCE JAN 1     14.90                     14.21   0.69    12.36

DEGREE DAYS
 HEATING
  TODAY            0                         3     -3        0
  MONTH TO DATE   13                        43    -30       39
  SINCE MAR 1    993                       959     34     1079
  SINCE JUL 1   5267                      4634    633     5481

 COOLING
  TODAY            3                         3      0        9
  MONTH TO DATE   57                        22     35       53
  SINCE MAR 1     64                        48     16       63
  SINCE JAN 1     64                        48     16       63
..................................................................


WIND (MPH)
  HIGHEST WIND SPEED    21   HIGHEST WIND DIRECTION    SW (220)
  HIGHEST GUST SPEED    27   HIGHEST GUST DIRECTION    SW (230)
  AVERAGE WIND SPEED     7.7


SKY COVER
  POSSIBLE SUNSHINE  MM
  AVERAGE SKY COVER 0.5


WEATHER CONDITIONS
 THE FOLLOWING WEATHER WAS RECORDED TODAY.
  THUNDERSTORM
  HEAVY RAIN
  LIGHT RAIN
  FOG


RELATIVE HUMIDITY (PERCENT)
 HIGHEST   100          1200 AM
 LOWEST     93           400 AM
 AVERAGE    97

..........................................................


THE LAWRENCEVILLE IL AIRPORT CLIMATE NORMALS FOR TOMORROW
                         NORMAL    RECORD    YEAR
 MAXIMUM TEMPERATURE (F)   75        MM        MM
 MINIMUM TEMPERATURE (F)   54        MM        MM


SUNRISE AND SUNSET
MAY 11 2015...........SUNRISE   542 AM CDT   SUNSET   752 PM CDT
MAY 12 2015...........SUNRISE   541 AM CDT   SUNSET   753 PM CDT


-  INDICATES NEGATIVE NUMBERS.
R  INDICATES RECORD WAS SET OR TIED.
MM INDICATES DATA IS MISSING.
T  INDICATES TRACE AMOUNT.




$$
