000
CDUS43 KILX 202154
CLILWV


CLIMATE REPORT
NATIONAL WEATHER SERVICE LINCOLN IL
452 PM CDT FRI MAR 20 2015


...................................

...THE LAWRENCEVILLE IL AIRPORT CLIMATE SUMMARY FOR MARCH 20 2015...
VALID TODAY AS OF 0400 PM LOCAL TIME.

CLIMATE NORMAL PERIOD 1981 TO 2010
CLIMATE RECORD PERIOD 9999 TO 9999


WEATHER ITEM   OBSERVED TIME   RECORD YEAR NORMAL DEPARTURE LAST
                VALUE   (LST)  VALUE       VALUE  FROM      YEAR
                                                  NORMAL
..................................................................
TEMPERATURE (F)
 TODAY
  MAXIMUM         53    215 PM  MM      MM  57     -4       63
  MINIMUM         42    746 AM  MM      MM  36      6       26
  AVERAGE         48                        46      2       45

PRECIPITATION (IN)
  TODAY            T            MM      MM   0.12  -0.12     0.00
  MONTH TO DATE    3.38                      1.87   1.51     0.16
  SINCE MAR 1      3.38                      1.87   1.51     0.16
  SINCE JAN 1      5.88                      6.26  -0.38     2.92

DEGREE DAYS
 HEATING
  TODAY           17                        19     -2       20
  MONTH TO DATE  506                       437     69      532
  SINCE MAR 1    506                       437     69      532
  SINCE JUL 1   4780                      4112    668     4934

 COOLING
  TODAY            0                         0      0        0
  MONTH TO DATE    0                         0      0        0
  SINCE MAR 1      0                         0      0        0
  SINCE JAN 1      0                         0      0        0
..................................................................


WIND (MPH)
  HIGHEST WIND SPEED    12   HIGHEST WIND DIRECTION    NW (310)
  HIGHEST GUST SPEED    13   HIGHEST GUST DIRECTION    NW (300)
  AVERAGE WIND SPEED     5.3


SKY COVER
  POSSIBLE SUNSHINE  MM
  AVERAGE SKY COVER 1.0


WEATHER CONDITIONS
 THE FOLLOWING WEATHER WAS RECORDED TODAY.
  LIGHT RAIN
  FOG


RELATIVE HUMIDITY (PERCENT)
 HIGHEST    96          1200 AM
 LOWEST     63           200 PM
 AVERAGE    80

..........................................................


THE LAWRENCEVILLE IL AIRPORT CLIMATE NORMALS FOR TOMORROW
                         NORMAL    RECORD    YEAR
 MAXIMUM TEMPERATURE (F)   57        MM        MM
 MINIMUM TEMPERATURE (F)   36        MM        MM


SUNRISE AND SUNSET
MARCH 20 2015.........SUNRISE   654 AM CDT   SUNSET   702 PM CDT
MARCH 21 2015.........SUNRISE   653 AM CDT   SUNSET   703 PM CDT


-  INDICATES NEGATIVE NUMBERS.
R  INDICATES RECORD WAS SET OR TIED.
MM INDICATES DATA IS MISSING.
T  INDICATES TRACE AMOUNT.




$$
