000
CDUS43 KILX 022232
CLILWV


CLIMATE REPORT
NATIONAL WEATHER SERVICE LINCOLN IL
432 PM CST THU MAR 2 2017


...................................

...THE LAWRENCEVILLE IL AIRPORT CLIMATE SUMMARY FOR MARCH 2 2017...
VALID TODAY AS OF 0400 PM LOCAL TIME.

CLIMATE NORMAL PERIOD 1981 TO 2010
CLIMATE RECORD PERIOD 9999 TO 9999


WEATHER ITEM   OBSERVED TIME   RECORD YEAR NORMAL DEPARTURE LAST
                VALUE   (LST)  VALUE       VALUE  FROM      YEAR
                                                  NORMAL
..................................................................
TEMPERATURE (F)
 TODAY
  MAXIMUM         47    229 PM  MM      MM  50     -3       40
  MINIMUM         32    643 AM  MM      MM  31      1       25
  AVERAGE         40                        40      0       33

PRECIPITATION (IN)
  TODAY            0.00         MM      MM   0.08  -0.08      T
  MONTH TO DATE    0.54                      0.17   0.37     0.64
  SINCE MAR 1      0.54                      0.17   0.37     0.64
  SINCE JAN 1      4.69                      4.56   0.13     4.88

DEGREE DAYS
 HEATING
  TODAY           25                        25      0       32
  MONTH TO DATE   37                        50    -13       57
  SINCE MAR 1     37                        50    -13       57
  SINCE JUL 1   3092                      3725   -633     3284

 COOLING
  TODAY            0                         0      0        0
  MONTH TO DATE    0                         0      0        0
  SINCE MAR 1      0                         0      0        0
  SINCE JAN 1      0                         0      0        0
..................................................................


WIND (MPH)
  HIGHEST WIND SPEED    23   HIGHEST WIND DIRECTION    NW (310)
  HIGHEST GUST SPEED    36   HIGHEST GUST DIRECTION    NW (300)
  AVERAGE WIND SPEED    13.2


SKY COVER
  POSSIBLE SUNSHINE  MM
  AVERAGE SKY COVER 0.4


WEATHER CONDITIONS
 THE FOLLOWING WEATHER WAS RECORDED TODAY.
  NO SIGNIFICANT WEATHER WAS OBSERVED.


RELATIVE HUMIDITY (PERCENT)
 HIGHEST    85           600 AM
 LOWEST     38           200 PM
 AVERAGE    62

..........................................................


THE LAWRENCEVILLE IL AIRPORT CLIMATE NORMALS FOR TOMORROW
                         NORMAL    RECORD    YEAR
 MAXIMUM TEMPERATURE (F)   50        MM        MM
 MINIMUM TEMPERATURE (F)   31        MM        MM


SUNRISE AND SUNSET
MARCH  2 2017.........SUNRISE   621 AM CST   SUNSET   545 PM CST
MARCH  3 2017.........SUNRISE   619 AM CST   SUNSET   546 PM CST


-  INDICATES NEGATIVE NUMBERS.
R  INDICATES RECORD WAS SET OR TIED.
MM INDICATES DATA IS MISSING.
T  INDICATES TRACE AMOUNT.




$$
