133
CDUS43 KILX 102358
CLILWV


CLIMATE REPORT
NATIONAL WEATHER SERVICE LINCOLN IL
557 PM CST FRI NOV 10 2017


...................................

...THE LAWRENCEVILLE IL AIRPORT CLIMATE SUMMARY FOR NOVEMBER 10 2017...
VALID TODAY AS OF 0400 PM LOCAL TIME.

CLIMATE NORMAL PERIOD 1981 TO 2010
CLIMATE RECORD PERIOD 9999 TO 9999


WEATHER ITEM   OBSERVED TIME   RECORD YEAR NORMAL DEPARTURE LAST
                VALUE   (LST)  VALUE       VALUE  FROM      YEAR
                                                  NORMAL
..................................................................
TEMPERATURE (F)
 TODAY
  MAXIMUM         42    212 PM  MM      MM  59    -17       62
  MINIMUM         29    656 AM  MM      MM  39    -10       32
  AVERAGE         36                        49    -13       47

PRECIPITATION (IN)
  TODAY            0.00         MM      MM   0.12  -0.12     0.00
  MONTH TO DATE    1.89                      1.17   0.72     0.13
  SINCE SEP 1      7.43                      8.34  -0.91     4.99
  SINCE JAN 1     31.79                     37.69  -5.90    37.25

DEGREE DAYS
 HEATING
  TODAY           29                        16     13       18
  MONTH TO DATE  126                       145    -19       95
  SINCE SEP 1    339                       441   -102      237
  SINCE JUL 1    339                       442   -103      237

 COOLING
  TODAY            0                         0      0        0
  MONTH TO DATE    1                         0      1       10
  SINCE SEP 1    289                       203     86      324
  SINCE JAN 1   1432                      1386     46     1615
..................................................................


WIND (MPH)
  HIGHEST WIND SPEED    17   HIGHEST WIND DIRECTION    NE (40)
  HIGHEST GUST SPEED    20   HIGHEST GUST DIRECTION    NE (40)
  AVERAGE WIND SPEED    11.7


SKY COVER
  POSSIBLE SUNSHINE  MM
  AVERAGE SKY COVER 0.0


WEATHER CONDITIONS
 THE FOLLOWING WEATHER WAS RECORDED TODAY.
  NO SIGNIFICANT WEATHER WAS OBSERVED.


RELATIVE HUMIDITY (PERCENT)
 HIGHEST    69           300 AM
 LOWEST     41           200 PM
 AVERAGE    55

..........................................................


THE LAWRENCEVILLE IL AIRPORT CLIMATE NORMALS FOR TOMORROW
                         NORMAL    RECORD    YEAR
 MAXIMUM TEMPERATURE (F)   58        MM        MM
 MINIMUM TEMPERATURE (F)   39        MM        MM


SUNRISE AND SUNSET
NOVEMBER 10 2017......SUNRISE   627 AM CST   SUNSET   441 PM CST
NOVEMBER 11 2017......SUNRISE   629 AM CST   SUNSET   440 PM CST


-  INDICATES NEGATIVE NUMBERS.
R  INDICATES RECORD WAS SET OR TIED.
MM INDICATES DATA IS MISSING.
T  INDICATES TRACE AMOUNT.




$$
