000
CDUS43 KILX 022231
CLILWV


CLIMATE REPORT
NATIONAL WEATHER SERVICE LINCOLN IL
431 PM CST SUN NOV 2 2014


...................................

...THE LAWRENCEVILLE IL AIRPORT CLIMATE SUMMARY FOR NOVEMBER 2 2014...
VALID TODAY AS OF 0400 PM LOCAL TIME.

CLIMATE NORMAL PERIOD 1981 TO 2010
CLIMATE RECORD PERIOD 9999 TO 9999


WEATHER ITEM   OBSERVED TIME   RECORD YEAR NORMAL DEPARTURE LAST
                VALUE   (LST)  VALUE       VALUE  FROM      YEAR
                                                  NORMAL
..................................................................
TEMPERATURE (F)
 TODAY
  MAXIMUM         54    258 PM  MM      MM  63     -9       56
  MINIMUM         24    545 AM  MM      MM  41    -17       37
  AVERAGE         39                        52    -13       47

PRECIPITATION (IN)
  TODAY            0.00         MM      MM   0.12  -0.12     0.11
  MONTH TO DATE    0.00                      0.24  -0.24     0.11
  SINCE SEP 1      7.49                      7.41   0.08     7.53
  SINCE JAN 1     36.29                     36.76  -0.47    49.17

DEGREE DAYS
 HEATING
  TODAY           26                        13     13       18
  MONTH TO DATE   52                        26     26       29
  SINCE SEP 1    378                       322     56      335
  SINCE JUL 1    378                       323     55      340

 COOLING
  TODAY            0                         0      0        0
  MONTH TO DATE    0                         0      0        0
  SINCE SEP 1    145                       203    -58      232
  SINCE JAN 1   1218                      1386   -168     1287
..................................................................


WIND (MPH)
  HIGHEST WIND SPEED    14   HIGHEST WIND DIRECTION     S (160)
  HIGHEST GUST SPEED    17   HIGHEST GUST DIRECTION     S (170)
  AVERAGE WIND SPEED     5.0


SKY COVER
  POSSIBLE SUNSHINE  MM
  AVERAGE SKY COVER 0.0


WEATHER CONDITIONS
 THE FOLLOWING WEATHER WAS RECORDED TODAY.
  NO SIGNIFICANT WEATHER WAS OBSERVED.


RELATIVE HUMIDITY (PERCENT)
 HIGHEST    92           100 AM
 LOWEST     32           200 PM
 AVERAGE    62

..........................................................


THE LAWRENCEVILLE IL AIRPORT CLIMATE NORMALS FOR TOMORROW
                         NORMAL    RECORD    YEAR
 MAXIMUM TEMPERATURE (F)   62        MM        MM
 MINIMUM TEMPERATURE (F)   41        MM        MM


SUNRISE AND SUNSET
NOVEMBER  2 2014......SUNRISE   618 AM CST   SUNSET   449 PM CST
NOVEMBER  3 2014......SUNRISE   619 AM CST   SUNSET   448 PM CST


-  INDICATES NEGATIVE NUMBERS.
R  INDICATES RECORD WAS SET OR TIED.
MM INDICATES DATA IS MISSING.
T  INDICATES TRACE AMOUNT.




$$
