000
CDUS43 KILX 132145
CLILWV


CLIMATE REPORT
NATIONAL WEATHER SERVICE LINCOLN IL
445 PM CDT MON JUN 13 2016


...................................

...THE LAWRENCEVILLE IL AIRPORT CLIMATE SUMMARY FOR JUNE 13 2016...
VALID TODAY AS OF 0400 PM LOCAL TIME.

CLIMATE NORMAL PERIOD 1981 TO 2010
CLIMATE RECORD PERIOD 9999 TO 9999


WEATHER ITEM   OBSERVED TIME   RECORD YEAR NORMAL DEPARTURE LAST
                VALUE   (LST)  VALUE       VALUE  FROM      YEAR
                                                  NORMAL
..................................................................
TEMPERATURE (F)
 TODAY
  MAXIMUM         94    237 PM  MM      MM  85      9       89
  MINIMUM         68    448 AM  MM      MM  63      5       73
  AVERAGE         81                        74      7       81

PRECIPITATION (IN)
  TODAY            0.00         MM      MM   0.12  -0.12     0.01
  MONTH TO DATE    1.14                      1.87  -0.73     1.95
  SINCE JUN 1      1.14                      1.87  -0.73     1.95
  SINCE JAN 1     18.81                     19.43  -0.62    18.91

DEGREE DAYS
 HEATING
  TODAY            0                         0      0        0
  MONTH TO DATE    0                         6     -6        8
  SINCE JUN 1      0                         6     -6        8
  SINCE JUL 1   4069                      4679   -610     5330

 COOLING
  TODAY           16                         9      7       16
  MONTH TO DATE  120                       103     17      113
  SINCE JUN 1    120                       103     17      113
  SINCE JAN 1    240                       242     -2      268
..................................................................


WIND (MPH)
  HIGHEST WIND SPEED    12   HIGHEST WIND DIRECTION    SE (120)
  HIGHEST GUST SPEED    15   HIGHEST GUST DIRECTION     E (110)
  AVERAGE WIND SPEED     6.3


SKY COVER
  POSSIBLE SUNSHINE  MM
  AVERAGE SKY COVER 0.0


WEATHER CONDITIONS
 THE FOLLOWING WEATHER WAS RECORDED TODAY.
  NO SIGNIFICANT WEATHER WAS OBSERVED.


RELATIVE HUMIDITY (PERCENT)
 HIGHEST    73           200 AM
 LOWEST     35          1000 AM
 AVERAGE    54

..........................................................


THE LAWRENCEVILLE IL AIRPORT CLIMATE NORMALS FOR TOMORROW
                         NORMAL    RECORD    YEAR
 MAXIMUM TEMPERATURE (F)   85        MM        MM
 MINIMUM TEMPERATURE (F)   64        MM        MM


SUNRISE AND SUNSET
JUNE 13 2016..........SUNRISE   525 AM CDT   SUNSET   816 PM CDT
JUNE 14 2016..........SUNRISE   525 AM CDT   SUNSET   817 PM CDT


-  INDICATES NEGATIVE NUMBERS.
R  INDICATES RECORD WAS SET OR TIED.
MM INDICATES DATA IS MISSING.
T  INDICATES TRACE AMOUNT.




$$
