000
CDUS43 KILX 150654
CLILWV


CLIMATE REPORT
NATIONAL WEATHER SERVICE LINCOLN IL
1254 AM CST SUN FEB 15 2015


...................................

...THE LAWRENCEVILLE IL AIRPORT CLIMATE SUMMARY FOR FEBRUARY 14 2015...

CLIMATE NORMAL PERIOD 1981 TO 2010
CLIMATE RECORD PERIOD 9999 TO 9999


WEATHER ITEM   OBSERVED TIME   RECORD YEAR NORMAL DEPARTURE LAST
                VALUE   (LST)  VALUE       VALUE  FROM      YEAR
                                                  NORMAL
..................................................................
TEMPERATURE (F)
 YESTERDAY
  MAXIMUM         35    822 AM  MM      MM  44     -9       33
  MINIMUM          8   1159 PM  MM      MM  27    -19       12
  AVERAGE         22                        35    -13       23

PRECIPITATION (IN)
  YESTERDAY        T            MM      MM   0.08  -0.08    MM
  MONTH TO DATE    0.54                      1.09  -0.55     0.52
  SINCE DEC 1      5.74                      6.86  -1.12     6.68
  SINCE JAN 1      2.50                      3.47  -0.97     2.11

DEGREE DAYS
 HEATING
  YESTERDAY       43                        30     13       42
  MONTH TO DATE  479                       440     39      618
  SINCE DEC 1   2429                      2433     -4     2900
  SINCE JUL 1   3564                      3291    273     3924

 COOLING
  YESTERDAY        0                         0      0        0
  MONTH TO DATE    0                         0      0        0
  SINCE DEC 1      0                         0      0        0
  SINCE JAN 1      0                         0      0        0
..................................................................


WIND (MPH)
  HIGHEST WIND SPEED    41   HIGHEST WIND DIRECTION    NW (310)
  HIGHEST GUST SPEED    48   HIGHEST GUST DIRECTION    NW (310)
  AVERAGE WIND SPEED    19.2


SKY COVER
  POSSIBLE SUNSHINE  MM
  AVERAGE SKY COVER 0.4


WEATHER CONDITIONS
 THE FOLLOWING WEATHER WAS RECORDED YESTERDAY.
  LIGHT SNOW
  FOG


RELATIVE HUMIDITY (PERCENT)
 HIGHEST    82          1000 AM
 LOWEST     36           100 PM
 AVERAGE    59

..........................................................


THE LAWRENCEVILLE IL AIRPORT CLIMATE NORMALS FOR TODAY
                         NORMAL    RECORD    YEAR
 MAXIMUM TEMPERATURE (F)   44        MM        MM
 MINIMUM TEMPERATURE (F)   27        MM        MM


SUNRISE AND SUNSET
FEBRUARY 15 2015......SUNRISE   642 AM CST   SUNSET   528 PM CST
FEBRUARY 16 2015......SUNRISE   640 AM CST   SUNSET   529 PM CST


-  INDICATES NEGATIVE NUMBERS.
R  INDICATES RECORD WAS SET OR TIED.
MM INDICATES DATA IS MISSING.
T  INDICATES TRACE AMOUNT.




$$
