000
CDUS43 KILX 132131
CLILWV


CLIMATE REPORT
NATIONAL WEATHER SERVICE LINCOLN IL
430 PM CDT MON OCT 13 2014


...................................

...THE LAWRENCEVILLE IL AIRPORT CLIMATE SUMMARY FOR OCTOBER 13 2014...
VALID TODAY AS OF 0400 PM LOCAL TIME.

CLIMATE NORMAL PERIOD 1981 TO 2010
CLIMATE RECORD PERIOD 9999 TO 9999


WEATHER ITEM   OBSERVED TIME   RECORD YEAR NORMAL DEPARTURE LAST
                VALUE   (LST)  VALUE       VALUE  FROM      YEAR
                                                  NORMAL
..................................................................
TEMPERATURE (F)
 TODAY
  MAXIMUM         77    155 PM  MM      MM  71      6       74
  MINIMUM         62   1208 AM  MM      MM  47     15       50
  AVERAGE         70                        59     11       62

PRECIPITATION (IN)
  TODAY            0.20         MM      MM   0.12   0.08     0.00
  MONTH TO DATE    2.53                      1.81   0.72     3.07
  SINCE SEP 1      5.46                      5.00   0.46     4.03
  SINCE JAN 1     34.26                     34.35  -0.09    45.67

DEGREE DAYS
 HEATING
  TODAY            0                         7     -7        3
  MONTH TO DATE   89                        77     12       31
  SINCE SEP 1    149                       115     34       42
  SINCE JUL 1    149                       116     33       47

 COOLING
  TODAY            5                         1      4        0
  MONTH TO DATE   22                        23     -1       45
  SINCE SEP 1    140                       194    -54      232
  SINCE JAN 1   1213                      1377   -164     1287
..................................................................


WIND (MPH)
  HIGHEST WIND SPEED    31   HIGHEST WIND DIRECTION     S (160)
  HIGHEST GUST SPEED    37   HIGHEST GUST DIRECTION    SE (150)
  AVERAGE WIND SPEED    16.3


SKY COVER
  POSSIBLE SUNSHINE  MM
  AVERAGE SKY COVER 0.9


WEATHER CONDITIONS
 THE FOLLOWING WEATHER WAS RECORDED TODAY.
  HEAVY RAIN
  LIGHT RAIN
  FOG


RELATIVE HUMIDITY (PERCENT)
 HIGHEST   100          1200 AM
 LOWEST     69           200 PM
 AVERAGE    85

..........................................................


THE LAWRENCEVILLE IL AIRPORT CLIMATE NORMALS FOR TOMORROW
                         NORMAL    RECORD    YEAR
 MAXIMUM TEMPERATURE (F)   70        MM        MM
 MINIMUM TEMPERATURE (F)   46        MM        MM


SUNRISE AND SUNSET
OCTOBER 13 2014.......SUNRISE   658 AM CDT   SUNSET   615 PM CDT
OCTOBER 14 2014.......SUNRISE   659 AM CDT   SUNSET   613 PM CDT


-  INDICATES NEGATIVE NUMBERS.
R  INDICATES RECORD WAS SET OR TIED.
MM INDICATES DATA IS MISSING.
T  INDICATES TRACE AMOUNT.




$$
