000
CDUS43 KILX 042228
CLILWV


CLIMATE REPORT
NATIONAL WEATHER SERVICE LINCOLN IL
428 PM CST THU DEC 4 2014


...................................

...THE LAWRENCEVILLE IL AIRPORT CLIMATE SUMMARY FOR DECEMBER 4 2014...
VALID TODAY AS OF 0400 PM LOCAL TIME.

CLIMATE NORMAL PERIOD 1981 TO 2010
CLIMATE RECORD PERIOD 9999 TO 9999


WEATHER ITEM   OBSERVED TIME   RECORD YEAR NORMAL DEPARTURE LAST
                VALUE   (LST)  VALUE       VALUE  FROM      YEAR
                                                  NORMAL
..................................................................
TEMPERATURE (F)
 TODAY
  MAXIMUM         39    357 PM  MM      MM  46     -7       68
  MINIMUM         32    149 AM  MM      MM  30      2       42
  AVERAGE         36                        38     -2       55

PRECIPITATION (IN)
  TODAY            0.10         MM      MM   0.12  -0.02      T
  MONTH TO DATE    0.26                      0.48  -0.22      T
  SINCE DEC 1      0.26                      0.48  -0.22      T
  SINCE JAN 1     39.00                     40.97  -1.97    50.58

DEGREE DAYS
 HEATING
  TODAY           29                        27      2       10
  MONTH TO DATE  117                       104     13       71
  SINCE DEC 1    117                       104     13       71
  SINCE JUL 1   1252                       962    290     1095

 COOLING
  TODAY            0                         0      0        0
  MONTH TO DATE    0                         0      0        0
  SINCE DEC 1      0                         0      0        0
  SINCE JAN 1   1218                      1387   -169     1287
..................................................................


WIND (MPH)
  HIGHEST WIND SPEED    13   HIGHEST WIND DIRECTION     E (90)
  HIGHEST GUST SPEED    15   HIGHEST GUST DIRECTION     E (100)
  AVERAGE WIND SPEED     7.3


SKY COVER
  POSSIBLE SUNSHINE  MM
  AVERAGE SKY COVER 0.8


WEATHER CONDITIONS
 THE FOLLOWING WEATHER WAS RECORDED TODAY.
  LIGHT RAIN
  FOG


RELATIVE HUMIDITY (PERCENT)
 HIGHEST    92          1000 AM
 LOWEST     82           100 AM
 AVERAGE    87

..........................................................


THE LAWRENCEVILLE IL AIRPORT CLIMATE NORMALS FOR TOMORROW
                         NORMAL    RECORD    YEAR
 MAXIMUM TEMPERATURE (F)   46        MM        MM
 MINIMUM TEMPERATURE (F)   30        MM        MM


SUNRISE AND SUNSET
DECEMBER  4 2014......SUNRISE   652 AM CST   SUNSET   429 PM CST
DECEMBER  5 2014......SUNRISE   653 AM CST   SUNSET   429 PM CST


-  INDICATES NEGATIVE NUMBERS.
R  INDICATES RECORD WAS SET OR TIED.
MM INDICATES DATA IS MISSING.
T  INDICATES TRACE AMOUNT.




$$
