588
CDUS43 KILX 142242
CLILWV


CLIMATE REPORT
NATIONAL WEATHER SERVICE LINCOLN IL
431 PM CST SAT JAN 14 2017


...................................

...THE LAWRENCEVILLE IL AIRPORT CLIMATE SUMMARY FOR JANUARY 14 2017...
VALID TODAY AS OF 0400 PM LOCAL TIME.

CLIMATE NORMAL PERIOD 1981 TO 2010
CLIMATE RECORD PERIOD 9999 TO 9999


WEATHER ITEM   OBSERVED TIME   RECORD YEAR NORMAL DEPARTURE LAST
                VALUE   (LST)  VALUE       VALUE  FROM      YEAR
                                                  NORMAL
..................................................................
TEMPERATURE (F)
 TODAY
  MAXIMUM         38    203 PM  MM      MM  39     -1       52
  MINIMUM         33    321 AM  MM      MM  23     10       22
  AVERAGE         36                        31      5       37

PRECIPITATION (IN)
  TODAY            0.31         MM      MM   0.09   0.22     0.00
  MONTH TO DATE    1.12                      1.27  -0.15     0.71
  SINCE DEC 1      2.79                      4.66  -1.87     5.65
  SINCE JAN 1      1.12                      1.27  -0.15     0.71

DEGREE DAYS
 HEATING
  TODAY           29                        34     -5       28
  MONTH TO DATE  475                       476     -1      476
  SINCE DEC 1   1479                      1417     62     1107
  SINCE JUL 1   2101                      2275   -174     1804

 COOLING
  TODAY            0                         0      0        0
  MONTH TO DATE    0                         0      0        0
  SINCE DEC 1      0                         0      0        0
  SINCE JAN 1      0                         0      0        0
..................................................................


WIND (MPH)
  HIGHEST WIND SPEED    13   HIGHEST WIND DIRECTION     N (340)
  HIGHEST GUST SPEED    15   HIGHEST GUST DIRECTION     N (340)
  AVERAGE WIND SPEED     6.1


SKY COVER
  POSSIBLE SUNSHINE  MM
  AVERAGE SKY COVER 1.0


WEATHER CONDITIONS
 THE FOLLOWING WEATHER WAS RECORDED TODAY.
  HEAVY RAIN
  RAIN
  LIGHT RAIN
  FOG


RELATIVE HUMIDITY (PERCENT)
 HIGHEST   100          1200 AM
 LOWEST     85           400 PM
 AVERAGE    93

..........................................................


THE LAWRENCEVILLE IL AIRPORT CLIMATE NORMALS FOR TOMORROW
                         NORMAL    RECORD    YEAR
 MAXIMUM TEMPERATURE (F)   39        MM        MM
 MINIMUM TEMPERATURE (F)   23        MM        MM


SUNRISE AND SUNSET
JANUARY 14 2017.......SUNRISE   707 AM CST   SUNSET   452 PM CST
JANUARY 15 2017.......SUNRISE   707 AM CST   SUNSET   453 PM CST


-  INDICATES NEGATIVE NUMBERS.
R  INDICATES RECORD WAS SET OR TIED.
MM INDICATES DATA IS MISSING.
T  INDICATES TRACE AMOUNT.




$$
