000
CDUS43 KILX 130709
CLILWV


CLIMATE REPORT
NATIONAL WEATHER SERVICE LINCOLN IL
108 AM CST FRI JAN 13 2017


...................................

...THE LAWRENCEVILLE IL AIRPORT CLIMATE SUMMARY FOR JANUARY 12 2017...

CLIMATE NORMAL PERIOD 1981 TO 2010
CLIMATE RECORD PERIOD 9999 TO 9999


WEATHER ITEM   OBSERVED TIME   RECORD YEAR NORMAL DEPARTURE LAST
                VALUE   (LST)  VALUE       VALUE  FROM      YEAR
                                                  NORMAL
..................................................................
TEMPERATURE (F)
 YESTERDAY
  MAXIMUM         65   1024 AM  MM      MM  39     26       35
  MINIMUM         31   1159 PM  MM      MM  23      8       12
  AVERAGE         48                        31     17       24

PRECIPITATION (IN)
  YESTERDAY        0.19         MM      MM   0.09   0.10      T
  MONTH TO DATE    0.51                      1.10  -0.59     0.71
  SINCE DEC 1      2.18                      4.49  -2.31     5.65
  SINCE JAN 1      0.51                      1.10  -0.59     0.71

DEGREE DAYS
 HEATING
  YESTERDAY       17                        34    -17       41
  MONTH TO DATE  412                       408      4      400
  SINCE DEC 1   1416                      1349     67     1031
  SINCE JUL 1   2038                      2207   -169     1728

 COOLING
  YESTERDAY        0                         0      0        0
  MONTH TO DATE    0                         0      0        0
  SINCE DEC 1      0                         0      0        0
  SINCE JAN 1      0                         0      0        0
..................................................................


WIND (MPH)
  HIGHEST WIND SPEED    30   HIGHEST WIND DIRECTION    NW (310)
  HIGHEST GUST SPEED    35   HIGHEST GUST DIRECTION    NW (300)
  AVERAGE WIND SPEED    17.7


SKY COVER
  POSSIBLE SUNSHINE  MM
  AVERAGE SKY COVER 0.9


WEATHER CONDITIONS
 THE FOLLOWING WEATHER WAS RECORDED YESTERDAY.
  HEAVY RAIN
  LIGHT RAIN
  FOG


RELATIVE HUMIDITY (PERCENT)
 HIGHEST    93           600 AM
 LOWEST     78           100 AM
 AVERAGE    86

..........................................................


THE LAWRENCEVILLE IL AIRPORT CLIMATE NORMALS FOR TODAY
                         NORMAL    RECORD    YEAR
 MAXIMUM TEMPERATURE (F)   39        MM        MM
 MINIMUM TEMPERATURE (F)   23        MM        MM


SUNRISE AND SUNSET
JANUARY 13 2017.......SUNRISE   708 AM CST   SUNSET   451 PM CST
JANUARY 14 2017.......SUNRISE   707 AM CST   SUNSET   452 PM CST


-  INDICATES NEGATIVE NUMBERS.
R  INDICATES RECORD WAS SET OR TIED.
MM INDICATES DATA IS MISSING.
T  INDICATES TRACE AMOUNT.




$$
