000
CDUS43 KILX 280647
CLILWV


CLIMATE REPORT
NATIONAL WEATHER SERVICE LINCOLN IL
146 AM CDT THU MAY 28 2015


...................................

...THE LAWRENCEVILLE IL AIRPORT CLIMATE SUMMARY FOR MAY 27 2015...

CLIMATE NORMAL PERIOD 1981 TO 2010
CLIMATE RECORD PERIOD 9999 TO 9999


WEATHER ITEM   OBSERVED TIME   RECORD YEAR NORMAL DEPARTURE LAST
                VALUE   (LST)  VALUE       VALUE  FROM      YEAR
                                                  NORMAL
..................................................................
TEMPERATURE (F)
 YESTERDAY
  MAXIMUM         83    316 PM  MM      MM  80      3       89
  MINIMUM         62    441 AM  MM      MM  59      3       67
  AVERAGE         73                        69      4       78

PRECIPITATION (IN)
  YESTERDAY        0.00         MM      MM   0.12  -0.12     0.00
  MONTH TO DATE    2.30                      5.08  -2.78     3.68
  SINCE MAR 1     13.37                     12.67   0.70    12.85
  SINCE JAN 1     15.87                     17.06  -1.19    15.61

DEGREE DAYS
 HEATING
  YESTERDAY        0                         1     -1        0
  MONTH TO DATE   61                        78    -17      107
  SINCE MAR 1   1041                       994     47     1147
  SINCE JUL 1   5315                      4669    646     5549

 COOLING
  YESTERDAY        8                         5      3       13
  MONTH TO DATE  120                        88     32      132
  SINCE MAR 1    127                       114     13      142
  SINCE JAN 1    127                       114     13      142
..................................................................


WIND (MPH)
  HIGHEST WIND SPEED    20   HIGHEST WIND DIRECTION     W (250)
  HIGHEST GUST SPEED    28   HIGHEST GUST DIRECTION    SW (230)
  AVERAGE WIND SPEED     8.4


SKY COVER
  POSSIBLE SUNSHINE  MM
  AVERAGE SKY COVER 0.2


WEATHER CONDITIONS
 THE FOLLOWING WEATHER WAS RECORDED YESTERDAY.
  NO SIGNIFICANT WEATHER WAS OBSERVED.


RELATIVE HUMIDITY (PERCENT)
 HIGHEST    93           400 AM
 LOWEST     43           200 PM
 AVERAGE    68

..........................................................


THE LAWRENCEVILLE IL AIRPORT CLIMATE NORMALS FOR TODAY
                         NORMAL    RECORD    YEAR
 MAXIMUM TEMPERATURE (F)   80        MM        MM
 MINIMUM TEMPERATURE (F)   59        MM        MM


SUNRISE AND SUNSET
MAY 28 2015...........SUNRISE   529 AM CDT   SUNSET   806 PM CDT
MAY 29 2015...........SUNRISE   529 AM CDT   SUNSET   807 PM CDT


-  INDICATES NEGATIVE NUMBERS.
R  INDICATES RECORD WAS SET OR TIED.
MM INDICATES DATA IS MISSING.
T  INDICATES TRACE AMOUNT.




$$
