000
CDUS43 KILX 040654
CLILWV


CLIMATE REPORT
NATIONAL WEATHER SERVICE LINCOLN IL
1246 AM CST WED MAR 4 2015


...................................

...THE LAWRENCEVILLE IL AIRPORT CLIMATE SUMMARY FOR MARCH 3 2015...

CLIMATE NORMAL PERIOD 1981 TO 2010
CLIMATE RECORD PERIOD 9999 TO 9999


WEATHER ITEM   OBSERVED TIME   RECORD YEAR NORMAL DEPARTURE LAST
                VALUE   (LST)  VALUE       VALUE  FROM      YEAR
                                                  NORMAL
..................................................................
TEMPERATURE (F)
 YESTERDAY
  MAXIMUM         43    244 PM  MM      MM  50     -7       24
  MINIMUM         27   1200 AM  MM      MM  31     -4       12
  AVERAGE         35                        40     -5       18

PRECIPITATION (IN)
  YESTERDAY        0.41         MM      MM   0.07   0.34     0.00
  MONTH TO DATE    0.41                      0.24   0.17      T
  SINCE MAR 1      0.41                      0.24   0.17      T
  SINCE JAN 1      2.91                      4.63  -1.72     2.76

DEGREE DAYS
 HEATING
  YESTERDAY       30                        24      6       47
  MONTH TO DATE  110                        74     36      114
  SINCE MAR 1    110                        74     36      114
  SINCE JUL 1   4384                      3749    635     4516

 COOLING
  YESTERDAY        0                         0      0        0
  MONTH TO DATE    0                         0      0        0
  SINCE MAR 1      0                         0      0        0
  SINCE JAN 1      0                         0      0        0
..................................................................


WIND (MPH)
  HIGHEST WIND SPEED    18   HIGHEST WIND DIRECTION    SW (210)
  HIGHEST GUST SPEED    24   HIGHEST GUST DIRECTION    SW (210)
  AVERAGE WIND SPEED     9.8


SKY COVER
  POSSIBLE SUNSHINE  MM
  AVERAGE SKY COVER 1.0


WEATHER CONDITIONS
 THE FOLLOWING WEATHER WAS RECORDED YESTERDAY.
  RAIN
  LIGHT RAIN
  LIGHT SNOW
  FOG
  FOG W/VISIBILITY <= 1/4 MILE
  HAZE


RELATIVE HUMIDITY (PERCENT)
 HIGHEST   100           500 PM
 LOWEST     63           100 AM
 AVERAGE    82

..........................................................


THE LAWRENCEVILLE IL AIRPORT CLIMATE NORMALS FOR TODAY
                         NORMAL    RECORD    YEAR
 MAXIMUM TEMPERATURE (F)   51        MM        MM
 MINIMUM TEMPERATURE (F)   31        MM        MM


SUNRISE AND SUNSET
MARCH  4 2015.........SUNRISE   619 AM CST   SUNSET   546 PM CST
MARCH  5 2015.........SUNRISE   617 AM CST   SUNSET   547 PM CST


-  INDICATES NEGATIVE NUMBERS.
R  INDICATES RECORD WAS SET OR TIED.
MM INDICATES DATA IS MISSING.
T  INDICATES TRACE AMOUNT.




$$
