000
CDUS43 KILX 132140
CLILWV


CLIMATE REPORT
NATIONAL WEATHER SERVICE LINCOLN IL
439 PM CDT SUN APR 13 2014


...................................

...THE LAWRENCEVILLE IL AIRPORT CLIMATE SUMMARY FOR APRIL 13 2014...
VALID TODAY AS OF 0400 PM LOCAL TIME.

CLIMATE NORMAL PERIOD 1981 TO 2010
CLIMATE RECORD PERIOD 9999 TO 9999


WEATHER ITEM   OBSERVED TIME   RECORD YEAR NORMAL DEPARTURE LAST
                VALUE   (LST)  VALUE       VALUE  FROM      YEAR
                                                  NORMAL
..................................................................
TEMPERATURE (F)
 TODAY
  MAXIMUM         77   1248 PM  MM      MM  66     11       59
  MINIMUM         61    454 AM  MM      MM  44     17       35
  AVERAGE         69                        55     14       47

PRECIPITATION (IN)
  TODAY            0.00         MM      MM   0.11  -0.11     0.00
  MONTH TO DATE    5.25                      1.45   3.80     1.68
  SINCE MAR 1      6.29                      4.88   1.41     4.93
  SINCE JAN 1      9.05                      9.27  -0.22    13.49

DEGREE DAYS
 HEATING
  TODAY            0                        11    -11       18
  MONTH TO DATE  128                       165    -37      168
  SINCE MAR 1    911                       787    124      987
  SINCE JUL 1   5313                      4462    851     4683

 COOLING
  TODAY            4                         1      3        0
  MONTH TO DATE    4                         7     -3       16
  SINCE MAR 1      4                         9     -5       16
  SINCE JAN 1      4                         9     -5       16
..................................................................


WIND (MPH)
  HIGHEST WIND SPEED    29   HIGHEST WIND DIRECTION    SW (210)
  HIGHEST GUST SPEED    34   HIGHEST GUST DIRECTION     S (190)
  AVERAGE WIND SPEED    17.4


SKY COVER
  POSSIBLE SUNSHINE  MM
  AVERAGE SKY COVER 0.4


WEATHER CONDITIONS
 THE FOLLOWING WEATHER WAS RECORDED TODAY.
  NO SIGNIFICANT WEATHER WAS OBSERVED.


RELATIVE HUMIDITY (PERCENT)
 HIGHEST    84           400 AM
 LOWEST     54           100 PM
 AVERAGE    69

..........................................................


THE LAWRENCEVILLE IL AIRPORT CLIMATE NORMALS FOR TOMORROW
                         NORMAL    RECORD    YEAR
 MAXIMUM TEMPERATURE (F)   66        MM        MM
 MINIMUM TEMPERATURE (F)   45        MM        MM


SUNRISE AND SUNSET
APRIL 13 2014.........SUNRISE   617 AM CDT   SUNSET   725 PM CDT
APRIL 14 2014.........SUNRISE   616 AM CDT   SUNSET   726 PM CDT


-  INDICATES NEGATIVE NUMBERS.
R  INDICATES RECORD WAS SET OR TIED.
MM INDICATES DATA IS MISSING.
T  INDICATES TRACE AMOUNT.




$$
