000
CDUS43 KILX 270635
CLILWV


CLIMATE REPORT
NATIONAL WEATHER SERVICE LINCOLN IL
134 AM CDT MON JUN 27 2016


...................................

...THE LAWRENCEVILLE IL AIRPORT CLIMATE SUMMARY FOR JUNE 26 2016...

CLIMATE NORMAL PERIOD 1981 TO 2010
CLIMATE RECORD PERIOD 9999 TO 9999


WEATHER ITEM   OBSERVED TIME   RECORD YEAR NORMAL DEPARTURE LAST
                VALUE   (LST)  VALUE       VALUE  FROM      YEAR
                                                  NORMAL
..................................................................
TEMPERATURE (F)
 YESTERDAY
  MAXIMUM         97    304 PM  MM      MM  88      9       79
  MINIMUM         73   1159 PM  MM      MM  66      7       68
  AVERAGE         85                        77      8       74

PRECIPITATION (IN)
  YESTERDAY       MM            MM      MM   0.15  MM        0.39
  MONTH TO DATE    1.78                      3.42  -1.64     8.75
  SINCE JUN 1      1.78                      3.42  -1.64     8.75
  SINCE JAN 1     19.45                     20.98  -1.53    25.71

DEGREE DAYS
 HEATING
  YESTERDAY        0                         0      0        0
  MONTH TO DATE    0                         6     -6        8
  SINCE JUN 1      0                         6     -6        8
  SINCE JUL 1   4069                      4679   -610     5330

 COOLING
  YESTERDAY       20                        12      8        9
  MONTH TO DATE  328                       243     85      278
  SINCE JUN 1    328                       243     85      278
  SINCE JAN 1    448                       382     66      433
..................................................................


WIND (MPH)
  HIGHEST WIND SPEED    30   HIGHEST WIND DIRECTION    NW (330)
  HIGHEST GUST SPEED    39   HIGHEST GUST DIRECTION    NW (310)
  AVERAGE WIND SPEED     8.1


SKY COVER
  POSSIBLE SUNSHINE  MM
  AVERAGE SKY COVER 0.2


WEATHER CONDITIONS
 THE FOLLOWING WEATHER WAS RECORDED YESTERDAY.
  HEAVY RAIN
  RAIN
  LIGHT RAIN
  FOG


RELATIVE HUMIDITY (PERCENT)
 HIGHEST    93          1200 AM
 LOWEST     40           200 PM
 AVERAGE    67

..........................................................


THE LAWRENCEVILLE IL AIRPORT CLIMATE NORMALS FOR TODAY
                         NORMAL    RECORD    YEAR
 MAXIMUM TEMPERATURE (F)   88        MM        MM
 MINIMUM TEMPERATURE (F)   66        MM        MM


SUNRISE AND SUNSET
JUNE 27 2016..........SUNRISE   528 AM CDT   SUNSET   819 PM CDT
JUNE 28 2016..........SUNRISE   528 AM CDT   SUNSET   819 PM CDT


-  INDICATES NEGATIVE NUMBERS.
R  INDICATES RECORD WAS SET OR TIED.
MM INDICATES DATA IS MISSING.
T  INDICATES TRACE AMOUNT.




$$
