000
CDUS43 KILX 282143
CLILWV


CLIMATE REPORT
NATIONAL WEATHER SERVICE LINCOLN IL
443 PM CDT SUN JUN 28 2015


...................................

...THE LAWRENCEVILLE IL AIRPORT CLIMATE SUMMARY FOR JUNE 28 2015...
VALID TODAY AS OF 0400 PM LOCAL TIME.

CLIMATE NORMAL PERIOD 1981 TO 2010
CLIMATE RECORD PERIOD 9999 TO 9999


WEATHER ITEM   OBSERVED TIME   RECORD YEAR NORMAL DEPARTURE LAST
                VALUE   (LST)  VALUE       VALUE  FROM      YEAR
                                                  NORMAL
..................................................................
TEMPERATURE (F)
 TODAY
  MAXIMUM         80    203 PM  MM      MM  88     -8       87
  MINIMUM         55    438 AM  MM      MM  67    -12       70
  AVERAGE         68                        77     -9       79

PRECIPITATION (IN)
  TODAY            0.00         MM      MM   0.13  -0.13      T
  MONTH TO DATE    8.75                      3.69   5.06     3.94
  SINCE JUN 1      8.75                      3.69   5.06     3.94
  SINCE JAN 1     25.71                     21.25   4.46    19.55

DEGREE DAYS
 HEATING
  TODAY            0                         0      0        0
  MONTH TO DATE    8                         6      2        0
  SINCE JUN 1      8                         6      2        0
  SINCE JUL 1   5330                      4679    651     5549

 COOLING
  TODAY            3                        12     -9       14
  MONTH TO DATE  285                       267     18      295
  SINCE JUN 1    285                       267     18      295
  SINCE JAN 1    440                       406     34      486
..................................................................


WIND (MPH)
  HIGHEST WIND SPEED    14   HIGHEST WIND DIRECTION     S (180)
  HIGHEST GUST SPEED    18   HIGHEST GUST DIRECTION     S (180)
  AVERAGE WIND SPEED     5.3


SKY COVER
  POSSIBLE SUNSHINE  MM
  AVERAGE SKY COVER 0.2


WEATHER CONDITIONS
 THE FOLLOWING WEATHER WAS RECORDED TODAY.
  THUNDERSTORM


RELATIVE HUMIDITY (PERCENT)
 HIGHEST    97           600 AM
 LOWEST     46           900 AM
 AVERAGE    72

..........................................................


THE LAWRENCEVILLE IL AIRPORT CLIMATE NORMALS FOR TOMORROW
                         NORMAL    RECORD    YEAR
 MAXIMUM TEMPERATURE (F)   88        MM        MM
 MINIMUM TEMPERATURE (F)   67        MM        MM


SUNRISE AND SUNSET
JUNE 28 2015..........SUNRISE   528 AM CDT   SUNSET   819 PM CDT
JUNE 29 2015..........SUNRISE   528 AM CDT   SUNSET   819 PM CDT


-  INDICATES NEGATIVE NUMBERS.
R  INDICATES RECORD WAS SET OR TIED.
MM INDICATES DATA IS MISSING.
T  INDICATES TRACE AMOUNT.




$$
