000
CDUS43 KILX 202143
CLILWV


CLIMATE REPORT
NATIONAL WEATHER SERVICE LINCOLN IL
433 PM CDT MON OCT 20 2014


...................................

...THE LAWRENCEVILLE IL AIRPORT CLIMATE SUMMARY FOR OCTOBER 20 2014...
VALID TODAY AS OF 0400 PM LOCAL TIME.

CLIMATE NORMAL PERIOD 1981 TO 2010
CLIMATE RECORD PERIOD 9999 TO 9999


WEATHER ITEM   OBSERVED TIME   RECORD YEAR NORMAL DEPARTURE LAST
                VALUE   (LST)  VALUE       VALUE  FROM      YEAR
                                                  NORMAL
..................................................................
TEMPERATURE (F)
 TODAY
  MAXIMUM         74    249 PM  MM      MM  68      6       65
  MINIMUM         46   1229 AM  MM      MM  45      1       38
  AVERAGE         60                        56      4       52

PRECIPITATION (IN)
  TODAY            T            MM      MM   0.13  -0.13     0.00
  MONTH TO DATE    3.93                      2.73   1.20     3.26
  SINCE SEP 1      6.86                      5.92   0.94     4.22
  SINCE JAN 1     35.66                     35.27   0.39    45.86

DEGREE DAYS
 HEATING
  TODAY            5                         9     -4       13
  MONTH TO DATE  149                       136     13      104
  SINCE SEP 1    209                       174     35      115
  SINCE JUL 1    209                       175     34      120

 COOLING
  TODAY            0                         1     -1        0
  MONTH TO DATE   22                        30     -8       45
  SINCE SEP 1    140                       201    -61      232
  SINCE JAN 1   1213                      1384   -171     1287
..................................................................


WIND (MPH)
  HIGHEST WIND SPEED    21   HIGHEST WIND DIRECTION     W (290)
  HIGHEST GUST SPEED    31   HIGHEST GUST DIRECTION    NW (310)
  AVERAGE WIND SPEED     9.7


SKY COVER
  POSSIBLE SUNSHINE  MM
  AVERAGE SKY COVER 0.4


WEATHER CONDITIONS
 THE FOLLOWING WEATHER WAS RECORDED TODAY.
  LIGHT RAIN
  FOG


RELATIVE HUMIDITY (PERCENT)
 HIGHEST    93          1200 AM
 LOWEST     38           300 PM
 AVERAGE    66

..........................................................


THE LAWRENCEVILLE IL AIRPORT CLIMATE NORMALS FOR TOMORROW
                         NORMAL    RECORD    YEAR
 MAXIMUM TEMPERATURE (F)   68        MM        MM
 MINIMUM TEMPERATURE (F)   44        MM        MM


SUNRISE AND SUNSET
OCTOBER 20 2014.......SUNRISE   705 AM CDT   SUNSET   605 PM CDT
OCTOBER 21 2014.......SUNRISE   706 AM CDT   SUNSET   604 PM CDT


-  INDICATES NEGATIVE NUMBERS.
R  INDICATES RECORD WAS SET OR TIED.
MM INDICATES DATA IS MISSING.
T  INDICATES TRACE AMOUNT.




$$
