000
CDUS43 KILX 280635
CLILWV


CLIMATE REPORT
NATIONAL WEATHER SERVICE LINCOLN IL
134 AM CDT SAT MAR 28 2015


...................................

...THE LAWRENCEVILLE IL AIRPORT CLIMATE SUMMARY FOR MARCH 27 2015...

CLIMATE NORMAL PERIOD 1981 TO 2010
CLIMATE RECORD PERIOD 9999 TO 9999


WEATHER ITEM   OBSERVED TIME   RECORD YEAR NORMAL DEPARTURE LAST
                VALUE   (LST)  VALUE       VALUE  FROM      YEAR
                                                  NORMAL
..................................................................
TEMPERATURE (F)
 YESTERDAY
  MAXIMUM         41    139 PM  MM      MM  60    -19       60
  MINIMUM         27   1159 PM  MM      MM  38    -11       38
  AVERAGE         34                        49    -15       49

PRECIPITATION (IN)
  YESTERDAY        T            MM      MM   0.15  -0.15     0.08
  MONTH TO DATE    4.85                      2.83   2.02     0.24
  SINCE MAR 1      4.85                      2.83   2.02     0.24
  SINCE JAN 1      7.35                      7.22   0.13     3.00

DEGREE DAYS
 HEATING
  YESTERDAY       31                        16     15       16
  MONTH TO DATE  647                       558     89      709
  SINCE MAR 1    647                       558     89      709
  SINCE JUL 1   4921                      4233    688     5111

 COOLING
  YESTERDAY        0                         0      0        0
  MONTH TO DATE    0                         0      0        0
  SINCE MAR 1      0                         0      0        0
  SINCE JAN 1      0                         0      0        0
..................................................................


WIND (MPH)
  HIGHEST WIND SPEED    24   HIGHEST WIND DIRECTION     N (350)
  HIGHEST GUST SPEED    28   HIGHEST GUST DIRECTION     N (350)
  AVERAGE WIND SPEED    11.3


SKY COVER
  POSSIBLE SUNSHINE  MM
  AVERAGE SKY COVER 0.6


WEATHER CONDITIONS
 THE FOLLOWING WEATHER WAS RECORDED YESTERDAY.
  LIGHT SNOW
  FOG


RELATIVE HUMIDITY (PERCENT)
 HIGHEST    89          1200 AM
 LOWEST     48           200 PM
 AVERAGE    69

..........................................................


THE LAWRENCEVILLE IL AIRPORT CLIMATE NORMALS FOR TODAY
                         NORMAL    RECORD    YEAR
 MAXIMUM TEMPERATURE (F)   60        MM        MM
 MINIMUM TEMPERATURE (F)   38        MM        MM


SUNRISE AND SUNSET
MARCH 28 2015.........SUNRISE   642 AM CDT   SUNSET   710 PM CDT
MARCH 29 2015.........SUNRISE   640 AM CDT   SUNSET   711 PM CDT


-  INDICATES NEGATIVE NUMBERS.
R  INDICATES RECORD WAS SET OR TIED.
MM INDICATES DATA IS MISSING.
T  INDICATES TRACE AMOUNT.




$$
