000
CXUS51 KCAR 230700
CF6FVE
PRELIMINARY LOCAL CLIMATOLOGICAL DATA (WS FORM: F-6)
STATION: FRENCHVILLE ME
MONTH: APRIL
YEAR: 2024
LATITUDE: 47 16 N
LONGITUDE: 68 19 W
TEMPERATURE IN F: :PCPN: SNOW: WIND :SUNSHINE: SKY :PK WND
================================================================================
1 2 3 4 5 6A 6B 7 8 9 10 11 12 13 14 15 16 17 18
12Z AVG MX 2MIN
DY MAX MIN AVG DEP HDD CDD WTR SNW DPTH SPD SPD DIR MIN PSBL S-S WX SPD DR
================================================================================
1 44 20 32 1 33 0 0.00 M M 5.8 14 340 M M 0 17 330
2 43 22 33 2 32 0 0.00 M M 9.0 20 320 M M 0 28 330
3 39 28 34 2 31 0 0.00 M M 9.9 17 110 M M 6 29 100
4 36 27 32 0 33 0 0.02 M M 16.2 30 50 M M 8 46 50
5 36 32 34 2 31 0 0.01 M M 17.8 29 50 M M 10 1 49 80
6 37 31 34 1 31 0 0.01 M M 11.0 24 40 M M 10 1 38 50
7 49 28 39 6 26 0 0.00 M M 8.4 17 340 M M 2 25 330
8 56 29 43 9 22 0 0.00 M M 10.1 25 330 M M 0 36 340
9 46 28 37 3 28 0 0.00 M M 7.0 15 340 M M 0 22 330
10 52 26 39 4 26 0 T M M 9.7 18 150 M M 4 24 150
11 43 36 40 5 25 0 0.08 M M 13.7 21 150 M M 10 12 28 150
12 56 40 48 12 17 0 0.12 M M 17.7 25 140 M M 10 12 37 140
13 63 41 52 16 13 0 0.28 M M 13.3 29 140 M M 8 13 43 130
14 48 35 42 5 23 0 T M M 10.1 21 290 M M 7 30 280
15 51 35 43 6 22 0 0.02 M M 5.4 16 310 M M 7 1 22 270
16 42 32 37 -1 28 0 0.01 M M 10.7 20 320 M M 8 1 26 280
17 46 31 39 1 26 0 0.00 M M 11.7 22 340 M M 5 32 350
18 57 30 44 5 21 0 0.00 M M 4.7 12 150 M M 1 18 30
19 59 33 46 7 19 0 T M M 13.1 24 160 M M 2 38 160
20 51 35 43 3 22 0 0.00 M M 11.7 23 280 M M 5 36 300
21 48 31 40 0 25 0 0.01 M M 8.2 21 260 M M 4 32 230
22 33 19 26 -15 39 0 T M M 16.1 32 320 M M 3 43 320
================================================================================
SM 1035 669 573 0 0.56 M 241.3 M 110
================================================================================
AV 47.0 30.4 11.0 FASTST M M 5 MAX(MPH)
MISC ----> 32 320 49 80
================================================================================
NOTES:
# LAST OF SEVERAL OCCURRENCES
COLUMN 17 PEAK WIND IN M.P.H.
PRELIMINARY LOCAL CLIMATOLOGICAL DATA (WS FORM: F-6) , PAGE 2
STATION: FRENCHVILLE ME
MONTH: APRIL
YEAR: 2024
LATITUDE: 47 16 N
LONGITUDE: 68 19 W
[TEMPERATURE DATA] [PRECIPITATION DATA] SYMBOLS USED IN COLUMN 16
AVERAGE MONTHLY: 38.7 TOTAL FOR MONTH: 0.56 1 = FOG OR MIST
DPTR FM NORMAL: 3.1 DPTR FM NORMAL: -1.07 2 = FOG REDUCING VISIBILITY
HIGHEST: 63 ON 13 GRTST 24HR 0.28 ON 12-13 TO 1/4 MILE OR LESS
LOWEST: 19 ON 22 3 = THUNDER
SNOW, ICE PELLETS, HAIL 4 = ICE PELLETS
TOTAL MONTH: M 5 = HAIL
GRTST 24HR M ON M 6 = FREEZING RAIN OR DRIZZLE
GRTST DEPTH: M ON M 7 = DUSTSTORM OR SANDSTORM:
VSBY 1/2 MILE OR LESS
8 = SMOKE OR HAZE
[NO. OF DAYS WITH] [WEATHER - DAYS WITH] 9 = BLOWING SNOW
X = TORNADO
MAX 32 OR BELOW: 0 0.01 INCH OR MORE: 9
MAX 90 OR ABOVE: 0 0.10 INCH OR MORE: 2
MIN 32 OR BELOW: 15 0.50 INCH OR MORE: 0
MIN 0 OR BELOW: 0 1.00 INCH OR MORE: 0
[HDD (BASE 65) ]
TOTAL THIS MO. 573 CLEAR (SCALE 0-3) 8
DPTR FM NORMAL -74 PTCLDY (SCALE 4-7) 8
TOTAL FM JUL 1 7496 CLOUDY (SCALE 8-10) 6
DPTR FM NORMAL -982
[CDD (BASE 65) ]
TOTAL THIS MO. 0
DPTR FM NORMAL 0 [PRESSURE DATA]
TOTAL FM JAN 1 0 HIGHEST SLP M ON M
DPTR FM NORMAL 0 LOWEST SLP 29.29 ON 13
[REMARKS]