000
CXUS54 KHUN 220810
CF6MSL
PRELIMINARY LOCAL CLIMATOLOGICAL DATA (WS FORM: F-6)
STATION: MUSCLE SHOALS
MONTH: APRIL
YEAR: 2024
LATITUDE: 34 45 N
LONGITUDE: 87 37 W
TEMPERATURE IN F: :PCPN: SNOW: WIND :SUNSHINE: SKY :PK WND
================================================================================
1 2 3 4 5 6A 6B 7 8 9 10 11 12 13 14 15 16 17 18
12Z AVG MX 2MIN
DY MAX MIN AVG DEP HDD CDD WTR SNW DPTH SPD SPD DIR MIN PSBL S-S WX SPD DR
================================================================================
1 76 68 72 13 0 7 0.00 0.0 0 9.2 18 200 M M 6 27 190
2 78 56 67 8 0 2 2.08 0.0 0 12.8 30 300 M M 8 13 41 290
3 61 44 53 -6 12 0 T 0.0 0 15.1 31 290 M M 6 51 290
4 63 43 53 -7 12 0 0.00 0.0 0 12.2 25 280 M M 1 34 270
5 62 41 52 -8 13 0 0.00 0.0 0 5.5 17 60 M M 0 26 50
6 63 38 51 -9 14 0 0.00 0.0 0 4.4 13 60 M M 0 18 80
7 80 41 61 1 4 0 0.00 0.0 0 8.6 18 200 M M 3 27 180
8 77 60 69 8 0 4 0.18 0.0 0 7.4 25 190 M M 8 1 36 180
9 64 57 61 0 4 0 1.41 0.0 0 8.2 21 150 M M 9 13 27 150
10 70 58 64 3 1 0 0.23 0.0 0 8.6 30 150 M M 7 1 38 160
11 69 53 61 -1 4 0 0.24 0.0 0 10.0 26 300 M M 7 1 41 300
12 69 47 58 -4 7 0 0.00 0.0 0 11.4 29 300 M M 0 42 300
13 80 43 62 0 3 0 0.00 0.0 0 3.0 13 280 M M 0 20 290
14 84 52 68 6 0 3 0.00 0.0 0 8.2 23 210 M M 0 32 240
15 85 59 72 9 0 7 0.00 0.0 0 5.7 15 190 M M 0 19 200
16 83 65 74 11 0 9 0.00 0.0 0 9.6 17 210 M M 1 29 180
17 76 64 70 7 0 5 0.06 0.0 0 8.7 17 190 M M 6 13 25 180
18 82 68 75 11 0 10 0.00 0.0 0 6.6 16 200 M M 7 23 180
19 76 61 69 5 0 4 0.19 0.0 0 4.4 12 30 M M 9 13 19 30
20 66 51 59 -5 6 0 0.06 0.0 0 8.0 17 40 M M 10 3 26 30
21 64 47 56 -8 9 0 T 0.0 0 8.2 16 350 M M 5 30 290
================================================================================
SM 1528 1116 89 51 4.45 0.0 175.8 M 93
================================================================================
AV 72.8 53.1 8.4 FASTST M M 4 MAX(MPH)
MISC ----> 31 290 51 290
================================================================================
NOTES:
# LAST OF SEVERAL OCCURRENCES
COLUMN 17 PEAK WIND IN M.P.H.
PRELIMINARY LOCAL CLIMATOLOGICAL DATA (WS FORM: F-6) , PAGE 2
STATION: MUSCLE SHOALS
MONTH: APRIL
YEAR: 2024
LATITUDE: 34 45 N
LONGITUDE: 87 37 W
[TEMPERATURE DATA] [PRECIPITATION DATA] SYMBOLS USED IN COLUMN 16
AVERAGE MONTHLY: 63.0 TOTAL FOR MONTH: 4.45 1 = FOG OR MIST
DPTR FM NORMAL: 1.4 DPTR FM NORMAL: 1.07 2 = FOG REDUCING VISIBILITY
HIGHEST: 85 ON 15 GRTST 24HR 2.08 ON 2- 2 TO 1/4 MILE OR LESS
LOWEST: 38 ON 6 3 = THUNDER
SNOW, ICE PELLETS, HAIL 4 = ICE PELLETS
TOTAL MONTH: 0.0 INCH 5 = HAIL
GRTST 24HR 0.0 6 = FREEZING RAIN OR DRIZZLE
GRTST DEPTH: 0 7 = DUSTSTORM OR SANDSTORM:
VSBY 1/2 MILE OR LESS
8 = SMOKE OR HAZE
[NO. OF DAYS WITH] [WEATHER - DAYS WITH] 9 = BLOWING SNOW
X = TORNADO
MAX 32 OR BELOW: 0 0.01 INCH OR MORE: 8
MAX 90 OR ABOVE: 0 0.10 INCH OR MORE: 6
MIN 32 OR BELOW: 0 0.50 INCH OR MORE: 2
MIN 0 OR BELOW: 0 1.00 INCH OR MORE: 2
[HDD (BASE 65) ]
TOTAL THIS MO. 89 CLEAR (SCALE 0-3) 9
DPTR FM NORMAL -19 PTCLDY (SCALE 4-7) 9
TOTAL FM JUL 1 2462 CLOUDY (SCALE 8-10) 3
DPTR FM NORMAL -315
[CDD (BASE 65) ]
TOTAL THIS MO. 51
DPTR FM NORMAL 13 [PRESSURE DATA]
TOTAL FM JAN 1 64 HIGHEST SLP M ON M
DPTR FM NORMAL 7 LOWEST SLP 29.44 ON 11
[REMARKS]