000
CXUS53 KABR 040104
CLMABR
CLIMATE REPORT
NATIONAL WEATHER SERVICE ABERDEEN SD
804 PM CDT WED APR 03 2024
...................................
...THE ABERDEEN SD CLIMATE SUMMARY FOR THE MONTH OF MARCH 2024...
CLIMATE NORMAL PERIOD 1991 TO 2020
CLIMATE RECORD PERIOD 1893 TO 2024
WEATHER OBSERVED NORMAL DEPART LAST YEAR`S
VALUE DATE(S) VALUE FROM VALUE DATE(S)
NORMAL
................................................................
TEMPERATURE (F)
RECORD
HIGH 86 03/31/1946
LOW -32 03/08/1995
HIGHEST 72 03/11 MM MM 41 03/03
LOWEST 0 03/23 MM MM -14 03/29
AVG. MAXIMUM 45.4 41.7 3.7 28.5
AVG. MINIMUM 20.4 19.4 1.0 6.7
MEAN 32.9 30.5 2.4 17.6
DAYS MAX >= 90 0 0.0 0.0 0
DAYS MAX <= 32 8 8.7 -0.7 23
DAYS MIN <= 32 27 27.5 -0.5 31
DAYS MIN <= 0 1 2.9 -1.9 9
PRECIPITATION (INCHES)
RECORD
MAXIMUM 7.55 1897
MINIMUM 0.04 1971
TOTALS 0.60 0.89 -0.29 2.31
DAYS >= .01 5 7.7 -2.7 8
DAYS >= .10 2 2.3 -0.3 7
DAYS >= .50 0 0.4 -0.4 1
DAYS >= 1.00 0 0.0 0.0 0
SNOWFALL (INCHES)
RECORDS
TOTAL 27.9 1975
SNOW DEPTH 25 03/10/2019
TOTALS 8.3 6.3 2.0 26.3
SINCE 7/1 18.3 38.5 -20.2 MM
SNOWDEPTH AVG. 1 14
DAYS >= TRACE 11 5.1 5.9 16
DAYS >= 1.0 2 1.7 0.3 7
GREATEST
SNOW DEPTH 5 03/25 17 03/22
03/26
03/23
DEGREE DAYS
HEATING TOTAL 989 1068 -79 1459
SINCE 7/1 6092 7283 -1191 MM
COOLING TOTAL 0 0 0 0
SINCE 1/1 0 0 0 MM
FREEZE DATES
RECORD
EARLIEST MM
LATEST MM
EARLIEST 10/06
LATEST 05/03
................................................................
WIND (MPH)
AVERAGE WIND SPEED 11.8
RESULTANT WIND SPEED/DIRECTION 5/000
HIGHEST WIND SPEED/DIRECTION 35/190 DATE 03/06
HIGHEST GUST SPEED/DIRECTION 49/290 DATE 03/03
SKY COVER
POSSIBLE SUNSHINE (PERCENT) MM
AVERAGE SKY COVER 0.42
NUMBER OF DAYS FAIR 15
NUMBER OF DAYS PC 9
NUMBER OF DAYS CLOUDY 7
AVERAGE RH (PERCENT) 63
WEATHER CONDITIONS. NUMBER OF DAYS WITH
THUNDERSTORM 0 MIXED PRECIP 0
HEAVY RAIN 0 RAIN 0
LIGHT RAIN 0 FREEZING RAIN 0
LT FREEZING RAIN 0 HAIL 0
HEAVY SNOW 2 SNOW 3
LIGHT SNOW 11 SLEET 0
FOG 8 FOG W/VIS <= 1/4 MILE 2
HAZE 6
- INDICATES NEGATIVE NUMBERS.
R INDICATES RECORD WAS SET OR TIED.
MM INDICATES DATA IS MISSING.
T INDICATES TRACE AMOUNT.
$$