000
CXUS55 KGJT 011123
CLMASE
CLIMATE REPORT
NATIONAL WEATHER SERVICE GRAND JUNCTION CO
523 AM MDT MON APR 01 2024
...................................
...THE ASPEN CO CLIMATE SUMMARY FOR THE MONTH OF MARCH 2024...
CLIMATE NORMAL PERIOD 1991 TO 2020
CLIMATE RECORD PERIOD 9999 TO 9999
WEATHER OBSERVED NORMAL DEPART LAST YEAR`S
VALUE DATE(S) VALUE FROM VALUE DATE(S)
NORMAL
................................................................
TEMPERATURE (F)
HIGHEST 53 03/21 MM MM 51 03/29
03/22
LOWEST 9 03/09 MM MM -6 03/28
AVG. MAXIMUM 44.2 46.3 -2.1 37.5
AVG. MINIMUM 21.4 20.7 0.7 14.1
MEAN 32.8 33.5 -0.7 25.8
DAYS MAX >= 90 0 0.0 0.0 0
DAYS MAX <= 32 2 2.7 -0.7 5
DAYS MIN <= 32 30 29.9 0.1 31
DAYS MIN <= 0 0 0.9 -0.9 2
PRECIPITATION (INCHES)
TOTALS 1.54 1.03 0.51 1.77
DAILY AVG. 0.05 0.03 0.02 0.06
DAYS >= .01 16 10.4 5.6 14
DAYS >= .10 5 4.1 0.9 7
DAYS >= .50 0 0.2 -0.2 0
DAYS >= 1.00 0 0.0 0.0 0
GREATEST
24 HR. TOTAL 0.37 03/23 TO 03/24 0.57
SNOWFALL (INCHES)
TOTALS MM MM MM MM
SINCE 7/1 MM MM MM MM
SNOWDEPTH AVG. MM MM
DAYS >= 1.0 MM MM MM MM
GREATEST
SNOW DEPTH MM MM MM
24 HR TOTAL MM MM
DEGREE DAYS
HEATING TOTAL 992 977 15 1211
SINCE 7/1 6575 6794 -219 7270
COOLING TOTAL 0 0 0 0
SINCE 1/1 0 0 0 0
................................................................
WIND (MPH)
AVERAGE WIND SPEED 5.8
HIGHEST WIND SPEED/DIRECTION 31/170 DATE 03/02
HIGHEST GUST SPEED/DIRECTION 49/360 DATE 03/03
SKY COVER
POSSIBLE SUNSHINE (PERCENT) MM
AVERAGE SKY COVER 0.57
NUMBER OF DAYS FAIR 10
NUMBER OF DAYS PC 9
NUMBER OF DAYS CLOUDY 12
AVERAGE RH (PERCENT) 62
WEATHER CONDITIONS. NUMBER OF DAYS WITH
THUNDERSTORM 0 MIXED PRECIP 0
HEAVY RAIN 0 RAIN 1
LIGHT RAIN 7 FREEZING RAIN 0
LT FREEZING RAIN 0 HAIL 0
HEAVY SNOW 0 SNOW 5
LIGHT SNOW 16 SLEET 0
FOG 17 FOG W/VIS <= 1/4 MILE 2
HAZE 10
- INDICATES NEGATIVE NUMBERS.
R INDICATES RECORD WAS SET OR TIED.
MM INDICATES DATA IS MISSING.
T INDICATES TRACE AMOUNT.
$$