000
CXUS53 KTOP 011519
CLMEMP
CLIMATE REPORT
NATIONAL WEATHER SERVICE TOPEKA KS
919 AM CST FRI MAR 01 2024
...................................
...THE EMPORIA KS CLIMATE SUMMARY FOR THE MONTH OF FEBRUARY 2024...
CLIMATE NORMAL PERIOD 1991 TO 2020
CLIMATE RECORD PERIOD 9999 TO 9999
WEATHER OBSERVED NORMAL DEPART LAST YEAR`S
VALUE DATE(S) VALUE FROM VALUE
NORMAL
..............................................................
TEMPERATURE (F)
HIGHEST 80 02/26 69
LOWEST 11 02/17 10
AVG. MAXIMUM 59.0 46.5 12.5 53.1
AVG. MINIMUM 31.7 24.2 7.5 25.0
MEAN 45.3 35.4 9.9 39.1
DAYS MAX >= 90 0 0.0 0.0 0
DAYS MAX <= 32 0 5.2 -5.2 3
DAYS MIN <= 32 14 22.8 -8.8 24
DAYS MIN <= 0 0 0.5 -0.5 0
PRECIPITATION (INCHES)
TOTALS 1.30 1.31 -0.01 2.12
DAILY AVG. 0.04 0.08
DAYS >= .01 2 7
DAYS >= .10 2 4
DAYS >= .50 1 2
DAYS >= 1.00 0 0
GREATEST
24 HR. TOTAL 0.97 02/03 TO 02/04 0.94
DEGREE DAYS
HEATING TOTAL 559 830 -271 718
SINCE 7/1 3251 3825 -574 MM
COOLING TOTAL 0 0 0 0
SINCE 1/1 0 0 0 MM
..............................................................
WIND (MPH)
AVERAGE WIND SPEED 11.1
HIGHEST WIND SPEED/DIRECTION 35/200 DATE 02/08
HIGHEST GUST SPEED/DIRECTION 48/340 DATE 02/27
SKY COVER
POSSIBLE SUNSHINE (PERCENT) MM
AVERAGE SKY COVER 0.19
NUMBER OF DAYS FAIR 25
NUMBER OF DAYS PC 1
NUMBER OF DAYS CLOUDY 3
AVERAGE RH (PERCENT) 62
WEATHER CONDITIONS. NUMBER OF DAYS WITH
THUNDERSTORM 0 MIXED PRECIP 0
HEAVY RAIN 1 RAIN 2
LIGHT RAIN 3 FREEZING RAIN 0
LT FREEZING RAIN 0 HAIL 0
HEAVY SNOW 0 SNOW 0
LIGHT SNOW 2 SLEET 0
FOG 5 FOG W/VIS <= 1/4 MILE 2
HAZE 2
- INDICATES NEGATIVE NUMBERS.
R INDICATES RECORD WAS SET OR TIED.
MM INDICATES DATA IS MISSING.
T INDICATES TRACE AMOUNT.
$$