000
CXUS52 KFFC 011149
CLMMCN
CLIMATE REPORT
NATIONAL WEATHER SERVICE PEACHTREE CITY GA
749 AM EDT MON APR 01 2024
...................................
...THE MACON CLIMATE SUMMARY FOR THE MONTH OF MARCH 2024...
CLIMATE NORMAL PERIOD: 1991 TO 2020
CLIMATE RECORD PERIOD: 1899 TO 2024
WEATHER OBSERVED NORMAL DEPART LAST YEAR`S
VALUE DATE(S) VALUE FROM VALUE DATE(S)
NORMAL
................................................................
TEMPERATURE (F)
RECORD
HIGH 94 03/13/1906
LOW 14 03/03/1980
HIGHEST 82 03/14 90 -8 86 03/07
LOWEST 34 03/12 14 20 27 03/20
03/20
AVG. MAXIMUM 71.1 70.6 0.5 72.2
AVG. MINIMUM 47.5 44.9 2.6 46.8
MEAN 59.3 57.7 1.6 59.5
DAYS MAX >= 90 0 0.0 0.0 0
DAYS MAX <= 32 0 0.0 0.0 0
DAYS MIN <= 32 0 4.0 -4.0 4
DAYS MIN <= 0 0 0.0 0.0 0
PRECIPITATION (INCHES)
RECORD
MAXIMUM 12.52 1944
MINIMUM 0.32 1910
TOTALS 7.74 4.31 3.43
DAILY AVG. 0.25 0.14 0.11 0.18
DAYS >= .01 12 9.4 2.6 9
DAYS >= .10 9 6.2 2.8 7
DAYS >= .50 6 2.7 3.3 4
DAYS >= 1.00 3 1.3 1.7 3
GREATEST
24 HR. TOTAL 2.95 03/08 TO 03/09 1.81 03/26 TO 03/27
SNOWFALL (INCHES)
RECORDS
TOTAL T 2008
24 HR TOTAL T MM
SNOW DEPTH 0 MM
TOTALS 0.0 MM MM 0.0
SINCE 7/1 0.0 MM MM MM
SNOWDEPTH AVG. MM MM
DAYS >= TRACE 0 MM MM 0
DAYS >= 1.0 0 MM MM 0
GREATEST
24 HR TOTAL MM MM
DEGREE DAYS
HEATING TOTAL 175 249 -74 203
SINCE 7/1 1865 2040 -175 MM
COOLING TOTAL 6 24 -18 41
SINCE 1/1 12 31 -19 MM
................................................................
WIND (MPH)
AVERAGE WIND SPEED 6.8
HIGHEST WIND SPEED/DIRECTION 28/160 DATE 03/26
HIGHEST GUST SPEED/DIRECTION 39/160 DATE 03/26
SKY COVER
POSSIBLE SUNSHINE (PERCENT) MM
AVERAGE SKY COVER 0.39
NUMBER OF DAYS FAIR 15
NUMBER OF DAYS PC 9
NUMBER OF DAYS CLOUDY 7
AVERAGE RH (PERCENT) 70
WEATHER CONDITIONS. NUMBER OF DAYS WITH
THUNDERSTORM 3 MIXED PRECIP 0
HEAVY RAIN 4 RAIN 8
LIGHT RAIN 11 FREEZING RAIN 0
LT FREEZING RAIN 0 HAIL 0
HEAVY SNOW 0 SNOW 0
LIGHT SNOW 0 SLEET 0
FOG 14 FOG W/VIS <= 1/4 MILE 1
HAZE 1
- INDICATES NEGATIVE NUMBERS.
R INDICATES RECORD WAS SET OR TIED.
MM INDICATES DATA IS MISSING.
T INDICATES TRACE AMOUNT.
$$