000
CXUS51 KRNK 011015
CLSBLF
CLIMATE REPORT
NATIONAL WEATHER SERVICE BLACKSBURG, VA
515 AM EST FRI MAR 01 2024
...................................
...THE BLUEFIELD WV CLIMATE SUMMARY FOR THE SEASON, FROM
12/1/2023 TO 2/29/2024...
CLIMATE NORMAL PERIOD: 1991 TO 2020
CLIMATE RECORD PERIOD: 1909 TO 2024
WEATHER OBSERVED NORMAL DEPART LAST YEAR`S
VALUE DATE(S) VALUE FROM VALUE
NORMAL
..............................................................
TEMPERATURE (F)
RECORD
HIGH 75 02/26/1977
LOW -21 01/21/1985
HIGHEST 63 01/26 75
LOWEST 0 01/17 -9
AVG. MAXIMUM 45.4 42.2 3.2 47.1
AVG. MINIMUM 29.3 26.1 3.2 31.3
MEAN 37.3 34.1 3.2 39.2
DAYS MAX >= 90 0 0.0 0.0 0
DAYS MAX <= 32 12 17.6 -5.6 8
DAYS MIN <= 32 61 60.4 0.6 51
DAYS MIN <= 0 1 0.9 0.1 2
PRECIPITATION (INCHES)
RECORD
MAXIMUM 12.72 1993
MINIMUM 4.38 1980
TOTALS 11.46 8.94 2.52 11.17
DAYS >= .01 44 40.4 3.6 39
DAYS >= .10 24 20.9 3.1 24
DAYS >= .50 5 5.6 -0.6 6
DAYS >= 1.00 3 1.1 1.9 2
GREATEST
24 HR. TOTAL 1.85 1.71
SNOWFALL (INCHES)
TOTALS 19.8 25.3 -5.5 8.4
DAYS >= TRACE 24 18.1 5.9 MM
DAYS >= 1.0 5 8.1 -3.1 MM
GREATEST
24 HR TOTAL 4.4 1.2
DEGREE DAYS
HEATING TOTAL 2500 2782 -282 2308
COOLING TOTAL 0 0 0 0
..............................................................
WIND (MPH)
AVERAGE WIND SPEED 7.2
RESULTANT WIND SPEED/DIRECTION 4/260
HIGHEST WIND SPEED/DIRECTION 32/240 DATE 01/09
HIGHEST GUST SPEED/DIRECTION 63/190 DATE 01/12
SKY COVER
AVERAGE SKY COVER 0.53
AVERAGE RH (PERCENT) 69
WEATHER CONDITIONS. NUMBER OF DAYS WITH
THUNDERSTORM 2 MIXED PRECIP 0
HEAVY RAIN 8 RAIN 21
LIGHT RAIN 38 FREEZING RAIN 1
LT FREEZING RAIN 3 HAIL 0
HEAVY SNOW 2 SNOW 5
LIGHT SNOW 32 SLEET 3
FOG 51 FOG W/VIS <= 1/4 MILE 13
HAZE 0
- INDICATES NEGATIVE NUMBERS.
R INDICATES RECORD WAS SET OR TIED.
MM INDICATES DATA IS MISSING.
T INDICATES TRACE AMOUNT.
$$