000
CDUS45 KPUB 291024
CLIALS


CLIMATE REPORT
NATIONAL WEATHER SERVICE PUEBLO
424 AM MDT WED JUL 29 2015


...................................

...THE ALAMOSA CO CLIMATE SUMMARY FOR JULY 28 2015...

CLIMATE NORMAL PERIOD 1981 TO 2010
CLIMATE RECORD PERIOD 1932 TO 2015


WEATHER ITEM   OBSERVED TIME   RECORD YEAR NORMAL DEPARTURE LAST
                VALUE   (LST)  VALUE       VALUE  FROM      YEAR
                                                  NORMAL
..................................................................
TEMPERATURE (F)
 YESTERDAY
  MAXIMUM         86    313 PM  89    2011  82      4       77
                                      1995
                                      1951
  MINIMUM         44    532 AM  35    1986  48     -4       55
  AVERAGE         65                        65      0       66

PRECIPITATION (IN)
  YESTERDAY        0.00          1.55 1939   0.04  -0.04     0.29
  MONTH TO DATE    1.17                      0.86   0.31     1.07
  SINCE JUN 1      2.36                      1.35   1.01     1.09
  SINCE JAN 1      6.30                      3.57   2.73     2.90

SNOWFALL (IN)
  YESTERDAY        0.0           0.0  2002   0.0    0.0      0.0
                                      2001
  MONTH TO DATE    0.0                       0.0    0.0      0.0
  SINCE JUN 1      0.0                       0.0    0.0      0.0
  SINCE JUL 1      0.0                       0.0    0.0      0.0
  SNOW DEPTH       0

DEGREE DAYS
 HEATING
  YESTERDAY        0                         1     -1        0
  MONTH TO DATE   44                        37      7       14
  SINCE JUN 1    120                       205    -85      140
  SINCE JUL 1     44                        37      7       14

 COOLING
  YESTERDAY        0                         1     -1        1
  MONTH TO DATE   21                        28     -7       56
  SINCE JUN 1     45                        34     11       57
  SINCE JAN 1     45                        34     11       57
..................................................................


WIND (MPH)
  HIGHEST WIND SPEED    18   HIGHEST WIND DIRECTION    SE (130)
  HIGHEST GUST SPEED    22   HIGHEST GUST DIRECTION     W (260)
  AVERAGE WIND SPEED     7.2


SKY COVER
  POSSIBLE SUNSHINE  MM
  AVERAGE SKY COVER 0.1


WEATHER CONDITIONS
 THE FOLLOWING WEATHER WAS RECORDED YESTERDAY.
  NO SIGNIFICANT WEATHER WAS OBSERVED.


RELATIVE HUMIDITY (PERCENT)
 HIGHEST    82           300 AM
 LOWEST     16           200 PM
 AVERAGE    49

..........................................................


THE ALAMOSA CO CLIMATE NORMALS FOR TODAY
                         NORMAL    RECORD    YEAR
 MAXIMUM TEMPERATURE (F)   82        90      1951
 MINIMUM TEMPERATURE (F)   48        39      1986


SUNRISE AND SUNSET
JULY 29 2015..........SUNRISE   605 AM MDT   SUNSET   814 PM MDT
JULY 30 2015..........SUNRISE   606 AM MDT   SUNSET   813 PM MDT


-  INDICATES NEGATIVE NUMBERS.
R  INDICATES RECORD WAS SET OR TIED.
MM INDICATES DATA IS MISSING.
T  INDICATES TRACE AMOUNT.




$$
