000
CDUS45 KPUB 291027
CLIALS


CLIMATE REPORT
NATIONAL WEATHER SERVICE PUEBLO
426 AM MDT SAT AUG 29 2015


...................................

...THE ALAMOSA CO CLIMATE SUMMARY FOR AUGUST 28 2015...

CLIMATE NORMAL PERIOD 1981 TO 2010
CLIMATE RECORD PERIOD 1932 TO 2015


WEATHER ITEM   OBSERVED TIME   RECORD YEAR NORMAL DEPARTURE LAST
                VALUE   (LST)  VALUE       VALUE  FROM      YEAR
                                                  NORMAL
..................................................................
TEMPERATURE (F)
 YESTERDAY
  MAXIMUM         82    411 PM  87    2011  78      4       73
  MINIMUM         43    550 AM  30    1964  44     -1       40
  AVERAGE         63                        61      2       57

PRECIPITATION (IN)
  YESTERDAY        0.00          0.50 1996   0.04  -0.04      T
  MONTH TO DATE    0.46                      1.15  -0.69     0.53
  SINCE JUN 1      2.99                      2.61   0.38     2.07
  SINCE JAN 1      6.93                      4.83   2.10     3.88

SNOWFALL (IN)
  YESTERDAY        0.0           0.0  2002   0.0    0.0      0.0
  MONTH TO DATE    0.0                       0.0    0.0      0.0
  SINCE JUN 1      0.0                       0.0    0.0      0.0
  SINCE JUL 1      0.0                       0.0    0.0      0.0
  SNOW DEPTH       0

DEGREE DAYS
 HEATING
  YESTERDAY        2                         4     -2        8
  MONTH TO DATE   46                        70    -24       81
  SINCE JUN 1    166                       283   -117      229
  SINCE JUL 1     90                       115    -25      103

 COOLING
  YESTERDAY        0                         0      0        0
  MONTH TO DATE   24                        12     12        3
  SINCE JUN 1     73                        50     23       60
  SINCE JAN 1     73                        50     23       60
..................................................................


WIND (MPH)
  HIGHEST WIND SPEED    20   HIGHEST WIND DIRECTION     E (110)
  HIGHEST GUST SPEED    26   HIGHEST GUST DIRECTION     E (90)
  AVERAGE WIND SPEED     7.3


SKY COVER
  POSSIBLE SUNSHINE  MM
  AVERAGE SKY COVER 0.0


WEATHER CONDITIONS
 THE FOLLOWING WEATHER WAS RECORDED YESTERDAY.
  NO SIGNIFICANT WEATHER WAS OBSERVED.


RELATIVE HUMIDITY (PERCENT)
 HIGHEST    93           300 AM
 LOWEST     13           500 PM
 AVERAGE    53

..........................................................


THE ALAMOSA CO CLIMATE NORMALS FOR TODAY
                         NORMAL    RECORD    YEAR
 MAXIMUM TEMPERATURE (F)   78        87      2013
                                             1990
 MINIMUM TEMPERATURE (F)   44        32      1956


SUNRISE AND SUNSET
AUGUST 29 2015........SUNRISE   631 AM MDT   SUNSET   737 PM MDT
AUGUST 30 2015........SUNRISE   632 AM MDT   SUNSET   736 PM MDT


-  INDICATES NEGATIVE NUMBERS.
R  INDICATES RECORD WAS SET OR TIED.
MM INDICATES DATA IS MISSING.
T  INDICATES TRACE AMOUNT.




$$
