000
CDUS45 KPUB 251129
CLIALS


CLIMATE REPORT
NATIONAL WEATHER SERVICE PUEBLO
429 AM MST SUN JAN 25 2015


...................................

...THE ALAMOSA CO CLIMATE SUMMARY FOR JANUARY 24 2015...

CLIMATE NORMAL PERIOD 1981 TO 2010
CLIMATE RECORD PERIOD 1932 TO 2015


WEATHER ITEM   OBSERVED TIME   RECORD YEAR NORMAL DEPARTURE LAST
                VALUE   (LST)  VALUE       VALUE  FROM      YEAR
                                                  NORMAL
..................................................................
TEMPERATURE (F)
 YESTERDAY
  MAXIMUM         37    310 PM  54    1981  35      2       20
  MINIMUM         -1    730 AM -25    1979  -1      0       -7
  AVERAGE         18                        17      1        7

PRECIPITATION (IN)
  YESTERDAY        0.00          0.04 1948   0.01  -0.01      T
  MONTH TO DATE    0.10                      0.20  -0.10      T
  SINCE DEC 1      0.31                      0.55  -0.24     0.17
  SINCE JAN 1      0.10                      0.20  -0.10      T

SNOWFALL (IN)
  YESTERDAY        0.0           0.6  1948   0.2   -0.2       T
  MONTH TO DATE    1.0                       3.0   -2.0       T
  SINCE DEC 1      3.3                       7.5   -4.2      4.0
  SINCE JUL 1      4.9                      13.3   -8.4     25.6
  SNOW DEPTH       0

DEGREE DAYS
 HEATING
  YESTERDAY       47                        48     -1       58
  MONTH TO DATE 1014                      1173   -159     1327
  SINCE DEC 1   2323                      2635   -312     3110
  SINCE JUL 1   4166                      4810   -644     5210

 COOLING
  YESTERDAY        0                         0      0        0
  MONTH TO DATE    0                         0      0        0
  SINCE DEC 1      0                         0      0        0
  SINCE JAN 1      0                         0      0        0
..................................................................


WIND (MPH)
  HIGHEST WIND SPEED     9   HIGHEST WIND DIRECTION     N (350)
  HIGHEST GUST SPEED    10   HIGHEST GUST DIRECTION     N (340)
  AVERAGE WIND SPEED     3.4


SKY COVER
  POSSIBLE SUNSHINE  MM
  AVERAGE SKY COVER 0.0


WEATHER CONDITIONS
 THE FOLLOWING WEATHER WAS RECORDED YESTERDAY.
  NO SIGNIFICANT WEATHER WAS OBSERVED.


RELATIVE HUMIDITY (PERCENT)
 HIGHEST    87           300 AM
 LOWEST     29           300 PM
 AVERAGE    58

..........................................................


THE ALAMOSA CO CLIMATE NORMALS FOR TODAY
                         NORMAL    RECORD    YEAR
 MAXIMUM TEMPERATURE (F)   35        56      1935
 MINIMUM TEMPERATURE (F)   -1       -25      1966
                                             1939


SUNRISE AND SUNSET
JANUARY 25 2015.......SUNRISE   712 AM MST   SUNSET   520 PM MST
JANUARY 26 2015.......SUNRISE   711 AM MST   SUNSET   521 PM MST


-  INDICATES NEGATIVE NUMBERS.
R  INDICATES RECORD WAS SET OR TIED.
MM INDICATES DATA IS MISSING.
T  INDICATES TRACE AMOUNT.




$$
