000
CDUS45 KPUB 261027
CLIALS


CLIMATE REPORT
NATIONAL WEATHER SERVICE PUEBLO
427 AM MDT THU MAR 26 2015


...................................

...THE ALAMOSA CO CLIMATE SUMMARY FOR MARCH 25 2015...

CLIMATE NORMAL PERIOD 1981 TO 2010
CLIMATE RECORD PERIOD 1932 TO 2015


WEATHER ITEM   OBSERVED TIME   RECORD YEAR NORMAL DEPARTURE LAST
                VALUE   (LST)  VALUE       VALUE  FROM      YEAR
                                                  NORMAL
..................................................................
TEMPERATURE (F)
 YESTERDAY
  MAXIMUM         52    102 PM  73    2012  53     -1       64
  MINIMUM         20   1158 PM  -2    2013  19      1       15
  AVERAGE         36                        36      0       40

PRECIPITATION (IN)
  YESTERDAY        T             0.38 1941   0.02  -0.02     0.00
  MONTH TO DATE    0.40                      0.41  -0.01     0.40
  SINCE MAR 1      0.40                      0.41  -0.01     0.40
  SINCE JAN 1      1.74                      0.93   0.81     0.52

SNOWFALL (IN)
  YESTERDAY        0.0           5.1  1959   0.1   -0.1      0.0
  MONTH TO DATE    T                         3.9   -3.9      3.4
  SINCE MAR 1      T                         3.9   -3.9      3.4
  SINCE JUL 1     23.1                      22.0    1.1     31.5
  SNOW DEPTH       0

DEGREE DAYS
 HEATING
  YESTERDAY       29                        29      0       25
  MONTH TO DATE  673                       808   -135      722
  SINCE MAR 1    673                       808   -135      722
  SINCE JUL 1   6165                      7137   -972     7290

 COOLING
  YESTERDAY        0                         0      0        0
  MONTH TO DATE    0                         0      0        0
  SINCE MAR 1      0                         0      0        0
  SINCE JAN 1      0                         0      0        0
..................................................................


WIND (MPH)
  HIGHEST WIND SPEED    33   HIGHEST WIND DIRECTION     N (20)
  HIGHEST GUST SPEED    45   HIGHEST GUST DIRECTION     N (20)
  AVERAGE WIND SPEED     9.4


SKY COVER
  POSSIBLE SUNSHINE  MM
  AVERAGE SKY COVER 0.3


WEATHER CONDITIONS
 THE FOLLOWING WEATHER WAS RECORDED YESTERDAY.
  LIGHT RAIN
  FREEZING RAIN


RELATIVE HUMIDITY (PERCENT)
 HIGHEST    75           500 AM
 LOWEST     15           500 PM
 AVERAGE    45

..........................................................


THE ALAMOSA CO CLIMATE NORMALS FOR TODAY
                         NORMAL    RECORD    YEAR
 MAXIMUM TEMPERATURE (F)   53        73      1971
 MINIMUM TEMPERATURE (F)   20         4      1964
                                             1936


SUNRISE AND SUNSET
MARCH 26 2015.........SUNRISE   658 AM MDT   SUNSET   721 PM MDT
MARCH 27 2015.........SUNRISE   657 AM MDT   SUNSET   722 PM MDT


-  INDICATES NEGATIVE NUMBERS.
R  INDICATES RECORD WAS SET OR TIED.
MM INDICATES DATA IS MISSING.
T  INDICATES TRACE AMOUNT.




$$
