000
CDUS45 KPUB 261141
CLIALS


CLIMATE REPORT
NATIONAL WEATHER SERVICE PUEBLO
441 AM MST THU FEB 26 2015


...................................

...THE ALAMOSA CO CLIMATE SUMMARY FOR FEBRUARY 25 2015...

CLIMATE NORMAL PERIOD 1981 TO 2010
CLIMATE RECORD PERIOD 1932 TO 2015


WEATHER ITEM   OBSERVED TIME   RECORD YEAR NORMAL DEPARTURE LAST
                VALUE   (LST)  VALUE       VALUE  FROM      YEAR
                                                  NORMAL
..................................................................
TEMPERATURE (F)
 YESTERDAY
  MAXIMUM         33    244 PM  66    1986  43    -10       56
  MINIMUM          1    259 AM -23    1960  10     -9       15
  AVERAGE         17                        27    -10       36

PRECIPITATION (IN)
  YESTERDAY        0.01          0.26 1949   0.01   0.00     0.00
  MONTH TO DATE    0.90                      0.23   0.67     0.04
  SINCE DEC 1      1.44                      0.84   0.60     0.28
  SINCE JAN 1      1.23                      0.49   0.74     0.11

SNOWFALL (IN)
  YESTERDAY        0.1           3.1  1977   0.1    0.0      0.0
  MONTH TO DATE   13.7                       3.4   10.3      1.6
  SINCE DEC 1     19.3                      11.9    7.4      6.5
  SINCE JUL 1     20.9                      17.7    3.2     28.1
  SNOW DEPTH       5

DEGREE DAYS
 HEATING
  YESTERDAY       48                        38     10       29
  MONTH TO DATE  895                      1069   -174      937
  SINCE DEC 1   3512                      4041   -529     4382
  SINCE JUL 1   5355                      6216   -861     6482

 COOLING
  YESTERDAY        0                         0      0        0
  MONTH TO DATE    0                         0      0        0
  SINCE DEC 1      0                         0      0        0
  SINCE JAN 1      0                         0      0        0
..................................................................


WIND (MPH)
  HIGHEST WIND SPEED    22   HIGHEST WIND DIRECTION     E (100)
  HIGHEST GUST SPEED    27   HIGHEST GUST DIRECTION    SE (140)
  AVERAGE WIND SPEED     4.2


SKY COVER
  POSSIBLE SUNSHINE  MM
  AVERAGE SKY COVER 0.5


WEATHER CONDITIONS
 THE FOLLOWING WEATHER WAS RECORDED YESTERDAY.
  LIGHT SNOW
  FOG
  FOG W/VISIBILITY <= 1/4 MILE
  HAZE


RELATIVE HUMIDITY (PERCENT)
 HIGHEST    95           300 AM
 LOWEST     58           100 PM
 AVERAGE    77

..........................................................


THE ALAMOSA CO CLIMATE NORMALS FOR TODAY
                         NORMAL    RECORD    YEAR
 MAXIMUM TEMPERATURE (F)   44        65      1986
 MINIMUM TEMPERATURE (F)   11       -16      1977


SUNRISE AND SUNSET
FEBRUARY 26 2015......SUNRISE   639 AM MST   SUNSET   554 PM MST
FEBRUARY 27 2015......SUNRISE   638 AM MST   SUNSET   555 PM MST


-  INDICATES NEGATIVE NUMBERS.
R  INDICATES RECORD WAS SET OR TIED.
MM INDICATES DATA IS MISSING.
T  INDICATES TRACE AMOUNT.




$$
