000
CDUS45 KPUB 211048
CLIALS


CLIMATE REPORT
NATIONAL WEATHER SERVICE PUEBLO
448 AM MDT THU MAY 21 2015


...................................

...THE ALAMOSA CO CLIMATE SUMMARY FOR MAY 20 2015...

CLIMATE NORMAL PERIOD 1981 TO 2010
CLIMATE RECORD PERIOD 1932 TO 2015


WEATHER ITEM   OBSERVED TIME   RECORD YEAR NORMAL DEPARTURE LAST
                VALUE   (LST)  VALUE       VALUE  FROM      YEAR
                                                  NORMAL
..................................................................
TEMPERATURE (F)
 YESTERDAY
  MAXIMUM         67    428 PM  87    2005  70     -3       76
  MINIMUM         30    441 AM  20    1960  35     -5       37
  AVERAGE         49                        52     -3       57

PRECIPITATION (IN)
  YESTERDAY        0.00          0.34 1941   0.02  -0.02     0.00
  MONTH TO DATE    1.57                      0.39   1.18     0.10
  SINCE MAR 1      2.40                      1.51   0.89     1.56
  SINCE JAN 1      3.74                      2.03   1.71     1.68

SNOWFALL (IN)
  YESTERDAY        0.0           0.3  1957   0.1   -0.1      0.0
  MONTH TO DATE    T                         0.9   -0.9      1.3
  SINCE MAR 1      0.7                       9.5   -8.8     11.7
  SINCE JUL 1     23.8                      27.6   -3.8     39.8
  SNOW DEPTH       0

DEGREE DAYS
 HEATING
  YESTERDAY       16                        13      3        8
  MONTH TO DATE  316                       307      9      342
  SINCE MAR 1   1741                      1978   -237     1883
  SINCE JUL 1   7233                      8307  -1074     8451

 COOLING
  YESTERDAY        0                         0      0        0
  MONTH TO DATE    0                         0      0        0
  SINCE MAR 1      0                         0      0        0
  SINCE JAN 1      0                         0      0        0
..................................................................


WIND (MPH)
  HIGHEST WIND SPEED    20   HIGHEST WIND DIRECTION     S (170)
  HIGHEST GUST SPEED    32   HIGHEST GUST DIRECTION    SW (210)
  AVERAGE WIND SPEED     7.4


SKY COVER
  POSSIBLE SUNSHINE  MM
  AVERAGE SKY COVER 0.1


WEATHER CONDITIONS
 THE FOLLOWING WEATHER WAS RECORDED YESTERDAY.
  NO SIGNIFICANT WEATHER WAS OBSERVED.


RELATIVE HUMIDITY (PERCENT)
 HIGHEST    92           400 AM
 LOWEST     19           600 PM
 AVERAGE    56

..........................................................


THE ALAMOSA CO CLIMATE NORMALS FOR TODAY
                         NORMAL    RECORD    YEAR
 MAXIMUM TEMPERATURE (F)   71        89      2005
 MINIMUM TEMPERATURE (F)   35        20      1974


SUNRISE AND SUNSET
MAY 21 2015...........SUNRISE   550 AM MDT   SUNSET   811 PM MDT
MAY 22 2015...........SUNRISE   549 AM MDT   SUNSET   811 PM MDT


-  INDICATES NEGATIVE NUMBERS.
R  INDICATES RECORD WAS SET OR TIED.
MM INDICATES DATA IS MISSING.
T  INDICATES TRACE AMOUNT.




$$
