000
CDUS45 KPUB 151048
CLIALS


CLIMATE REPORT
NATIONAL WEATHER SERVICE PUEBLO
447 AM MDT TUE APR 15 2014


...................................

...THE ALAMOSA CO CLIMATE SUMMARY FOR APRIL 14 2014...

CLIMATE NORMAL PERIOD 1981 TO 2010
CLIMATE RECORD PERIOD 1932 TO 2014


WEATHER ITEM   OBSERVED TIME   RECORD YEAR NORMAL DEPARTURE LAST
                VALUE   (LST)  VALUE       VALUE  FROM      YEAR
                                                  NORMAL
..................................................................
TEMPERATURE (F)
 YESTERDAY
  MAXIMUM         46    526 PM  76    2002  59    -13       58
  MINIMUM         16    617 AM  -4    1933  24     -8       32
  AVERAGE         31                        41    -10       45

PRECIPITATION (IN)
  YESTERDAY        0.03          0.28 1945   0.02   0.01     0.07
  MONTH TO DATE    0.64                      0.26   0.38     0.27
  SINCE MAR 1      1.04                      0.79   0.25     0.61
  SINCE JAN 1      1.16                      1.31  -0.15     0.83

SNOWFALL (IN)
  YESTERDAY        1.2           3.5  1945   0.1    1.1       T
  MONTH TO DATE    5.6                       1.9    3.7      1.5
  SINCE MAR 1      9.0                       6.9    2.1      4.9
  SINCE JUL 1     37.1                      25.0   12.1     20.4
  SNOW DEPTH       2

DEGREE DAYS
 HEATING
  YESTERDAY       34                        24     10       20
  MONTH TO DATE  347                       357    -10      335
  SINCE MAR 1   1222                      1334   -112     1294
  SINCE JUL 1   7790                      7663    127     8081

 COOLING
  YESTERDAY        0                         0      0        0
  MONTH TO DATE    0                         0      0        0
  SINCE MAR 1      0                         0      0        0
  SINCE JAN 1      0                         0      0        0
..................................................................


WIND (MPH)
  HIGHEST WIND SPEED    22   HIGHEST WIND DIRECTION     E (80)
  HIGHEST GUST SPEED    27   HIGHEST GUST DIRECTION     E (80)
  AVERAGE WIND SPEED     5.7


SKY COVER
  POSSIBLE SUNSHINE  MM
  AVERAGE SKY COVER 0.4


WEATHER CONDITIONS
 THE FOLLOWING WEATHER WAS RECORDED YESTERDAY.
  LIGHT SNOW
  FOG
  HAZE


RELATIVE HUMIDITY (PERCENT)
 HIGHEST    84          1200 AM
 LOWEST     26           500 PM
 AVERAGE    55

..........................................................


THE ALAMOSA CO CLIMATE NORMALS FOR TODAY
                         NORMAL    RECORD    YEAR
 MAXIMUM TEMPERATURE (F)   59        76      1937
 MINIMUM TEMPERATURE (F)   24        10      1974
                                             1944


SUNRISE AND SUNSET
APRIL 15 2014.........SUNRISE   629 AM MDT   SUNSET   739 PM MDT
APRIL 16 2014.........SUNRISE   627 AM MDT   SUNSET   740 PM MDT


-  INDICATES NEGATIVE NUMBERS.
R  INDICATES RECORD WAS SET OR TIED.
MM INDICATES DATA IS MISSING.
T  INDICATES TRACE AMOUNT.




$$
