000
CDUS45 KPUB 021145
CLIALS


CLIMATE REPORT
NATIONAL WEATHER SERVICE PUEBLO
445 AM MST FRI DEC 2 2016


...................................

...THE ALAMOSA CO CLIMATE SUMMARY FOR DECEMBER 1 2016...

CLIMATE NORMAL PERIOD 1981 TO 2010
CLIMATE RECORD PERIOD 1932 TO 2016


WEATHER ITEM   OBSERVED TIME   RECORD YEAR NORMAL DEPARTURE LAST
                VALUE   (LST)  VALUE       VALUE  FROM      YEAR
                                                  NORMAL
..................................................................
TEMPERATURE (F)
 YESTERDAY
  MAXIMUM         32    256 PM  56    1999  39     -7       34
                                      1995
                                      1973
  MINIMUM         -3    211 AM -17    1987   5     -8       -1
  AVERAGE         15                        22     -7       17

PRECIPITATION (IN)
  YESTERDAY        0.00          0.65 1933   0.01  -0.01     0.00
  MONTH TO DATE    0.00                      0.01  -0.01     0.00
  SINCE DEC 1      0.00                      0.01  -0.01     0.00
  SINCE JAN 1      8.09                      6.97   1.12     9.17

SNOWFALL (IN)
  YESTERDAY        0.0           8.0  1933   0.1   -0.1      0.0
  MONTH TO DATE    0.0                       0.1   -0.1      0.0
  SINCE DEC 1      0.0                       0.1   -0.1      0.0
  SINCE JUL 1      1.0                       5.9   -4.9      4.3
  SNOW DEPTH       0

DEGREE DAYS
 HEATING
  YESTERDAY       50                        43      7       48
  MONTH TO DATE   50                        43      7       48
  SINCE DEC 1     50                        43      7       48
  SINCE JUL 1   1914                      2218   -304     1826

 COOLING
  YESTERDAY        0                         0      0        0
  MONTH TO DATE    0                         0      0        0
  SINCE DEC 1      0                         0      0        0
  SINCE JAN 1    115                        51     64       74
..................................................................


WIND (MPH)
  HIGHEST WIND SPEED     8   HIGHEST WIND DIRECTION     W (290)
  HIGHEST GUST SPEED    10   HIGHEST GUST DIRECTION     N (360)
  AVERAGE WIND SPEED     2.8


SKY COVER
  POSSIBLE SUNSHINE  MM
  AVERAGE SKY COVER 0.2


WEATHER CONDITIONS
 THE FOLLOWING WEATHER WAS RECORDED YESTERDAY.
  NO SIGNIFICANT WEATHER WAS OBSERVED.


RELATIVE HUMIDITY (PERCENT)
 HIGHEST    91           700 AM
 LOWEST     39           300 PM
 AVERAGE    65

..........................................................


THE ALAMOSA CO CLIMATE NORMALS FOR TODAY
                         NORMAL    RECORD    YEAR
 MAXIMUM TEMPERATURE (F)   39        58      1966
 MINIMUM TEMPERATURE (F)    5       -14      1991
                                             1957


SUNRISE AND SUNSET
DECEMBER  2 2016......SUNRISE   701 AM MST   SUNSET   445 PM MST
DECEMBER  3 2016......SUNRISE   702 AM MST   SUNSET   445 PM MST


-  INDICATES NEGATIVE NUMBERS.
R  INDICATES RECORD WAS SET OR TIED.
MM INDICATES DATA IS MISSING.
T  INDICATES TRACE AMOUNT.




$$
