000
CDUS45 KPUB 191136
CLIALS


CLIMATE REPORT
NATIONAL WEATHER SERVICE PUEBLO
436 AM MST FRI DEC 19 2014


...................................

...THE ALAMOSA CO CLIMATE SUMMARY FOR DECEMBER 18 2014...

CLIMATE NORMAL PERIOD 1981 TO 2010
CLIMATE RECORD PERIOD 1932 TO 2014


WEATHER ITEM   OBSERVED TIME   RECORD YEAR NORMAL DEPARTURE LAST
                VALUE   (LST)  VALUE       VALUE  FROM      YEAR
                                                  NORMAL
..................................................................
TEMPERATURE (F)
 YESTERDAY
  MAXIMUM         31    223 PM  53    1980  34     -3       23
  MINIMUM          9   1159 PM -25    1964   0      9       -3
                                      1943
  AVERAGE         20                        17      3       10

PRECIPITATION (IN)
  YESTERDAY        T             0.30 1968   0.01  -0.01     0.00
  MONTH TO DATE    0.16                      0.21  -0.05     0.03
  SINCE DEC 1      0.16                      0.21  -0.05     0.03
  SINCE JAN 1      5.49                      7.17  -1.68    10.04

SNOWFALL (IN)
  YESTERDAY        0.0           5.0  1968   0.1   -0.1      0.0
  MONTH TO DATE    0.9                       2.7   -1.8      0.7
  SINCE DEC 1      0.9                       2.7   -1.8      0.7
  SINCE JUL 1      2.5                       8.5   -6.0     22.3
  SNOW DEPTH       1

DEGREE DAYS
 HEATING
  YESTERDAY       45                        48     -3       55
  MONTH TO DATE  667                       827   -160     1044
  SINCE DEC 1    667                       827   -160     1044
  SINCE JUL 1   2510                      3002   -492     3144

 COOLING
  YESTERDAY        0                         0      0        0
  MONTH TO DATE    0                         0      0        0
  SINCE DEC 1      0                         0      0        0
  SINCE JAN 1     60                        51      9      113
..................................................................


WIND (MPH)
  HIGHEST WIND SPEED     8   HIGHEST WIND DIRECTION     S (170)
  HIGHEST GUST SPEED    10   HIGHEST GUST DIRECTION    SE (140)
  AVERAGE WIND SPEED     3.3


SKY COVER
  POSSIBLE SUNSHINE  MM
  AVERAGE SKY COVER 0.8


WEATHER CONDITIONS
 THE FOLLOWING WEATHER WAS RECORDED YESTERDAY.
  LIGHT RAIN
  FOG


RELATIVE HUMIDITY (PERCENT)
 HIGHEST    92          1000 PM
 LOWEST     69           100 PM
 AVERAGE    81

..........................................................


THE ALAMOSA CO CLIMATE NORMALS FOR TODAY
                         NORMAL    RECORD    YEAR
 MAXIMUM TEMPERATURE (F)   34        56      1955
 MINIMUM TEMPERATURE (F)    1       -29      1968


SUNRISE AND SUNSET
DECEMBER 19 2014......SUNRISE   713 AM MST   SUNSET   448 PM MST
DECEMBER 20 2014......SUNRISE   714 AM MST   SUNSET   449 PM MST


-  INDICATES NEGATIVE NUMBERS.
R  INDICATES RECORD WAS SET OR TIED.
MM INDICATES DATA IS MISSING.
T  INDICATES TRACE AMOUNT.




$$
