000
CDUS45 KPUB 211047
CLIALS


CLIMATE REPORT
NATIONAL WEATHER SERVICE PUEBLO
447 AM MDT MON JUL 21 2014


...................................

...THE ALAMOSA CO CLIMATE SUMMARY FOR JULY 20 2014...

CLIMATE NORMAL PERIOD 1981 TO 2010
CLIMATE RECORD PERIOD 1932 TO 2014


WEATHER ITEM   OBSERVED TIME   RECORD YEAR NORMAL DEPARTURE LAST
                VALUE   (LST)  VALUE       VALUE  FROM      YEAR
                                                  NORMAL
..................................................................
TEMPERATURE (F)
 YESTERDAY
  MAXIMUM         86    309 PM  92    2005  82      4       85
  MINIMUM         44    526 AM  39    1987  48     -4       51
  AVERAGE         65                        65      0       68

PRECIPITATION (IN)
  YESTERDAY        0.08          0.43 1938   0.03   0.05     0.00
  MONTH TO DATE    0.76                      0.59   0.17     0.52
  SINCE JUN 1      0.78                      1.08  -0.30     1.06
  SINCE JAN 1      2.59                      3.30  -0.71     2.12

SNOWFALL (IN)
  YESTERDAY        0.0           0.0  2002   0.0    0.0      0.0
                                      2001
  MONTH TO DATE    0.0                       0.0    0.0      0.0
  SINCE JUN 1      0.0                       0.0    0.0      0.0
  SINCE JUL 1      0.0                       0.0    0.0      0.0
  SNOW DEPTH       0

DEGREE DAYS
 HEATING
  YESTERDAY        0                         1     -1        0
  MONTH TO DATE   14                        29    -15       18
  SINCE JUN 1    140                       197    -57      120
  SINCE JUL 1     14                        29    -15       18

 COOLING
  YESTERDAY        0                         1     -1        3
  MONTH TO DATE   25                        20      5       30
  SINCE JUN 1     26                        26      0       46
  SINCE JAN 1     26                        26      0       46
..................................................................


WIND (MPH)
  HIGHEST WIND SPEED    28   HIGHEST WIND DIRECTION    NW (320)
  HIGHEST GUST SPEED    38   HIGHEST GUST DIRECTION    NW (320)
  AVERAGE WIND SPEED     6.0


SKY COVER
  POSSIBLE SUNSHINE  MM
  AVERAGE SKY COVER 0.1


WEATHER CONDITIONS
 THE FOLLOWING WEATHER WAS RECORDED YESTERDAY.
  THUNDERSTORM
  LIGHT RAIN


RELATIVE HUMIDITY (PERCENT)
 HIGHEST    93           400 AM
 LOWEST     19           200 PM
 AVERAGE    56

..........................................................


THE ALAMOSA CO CLIMATE NORMALS FOR TODAY
                         NORMAL    RECORD    YEAR
 MAXIMUM TEMPERATURE (F)   82        92      2005
 MINIMUM TEMPERATURE (F)   48        41      1961


SUNRISE AND SUNSET
JULY 21 2014..........SUNRISE   559 AM MDT   SUNSET   820 PM MDT
JULY 22 2014..........SUNRISE   600 AM MDT   SUNSET   820 PM MDT


-  INDICATES NEGATIVE NUMBERS.
R  INDICATES RECORD WAS SET OR TIED.
MM INDICATES DATA IS MISSING.
T  INDICATES TRACE AMOUNT.




$$
