000
CDUS45 KPUB 291047
CLIALS


CLIMATE REPORT
NATIONAL WEATHER SERVICE PUEBLO
447 AM MDT SAT APR 29 2017


...................................

...THE ALAMOSA CO CLIMATE SUMMARY FOR APRIL 28 2017...

CLIMATE NORMAL PERIOD 1981 TO 2010
CLIMATE RECORD PERIOD 1932 TO 2017


WEATHER ITEM   OBSERVED TIME   RECORD YEAR NORMAL DEPARTURE LAST
                VALUE   (LST)  VALUE       VALUE  FROM      YEAR
                                                  NORMAL
..................................................................
TEMPERATURE (F)
 YESTERDAY
  MAXIMUM         50   1248 PM  78    1992  63    -13       59
  MINIMUM         21    352 AM  11    2011  28     -7       36
  AVERAGE         36                        46    -10       48

PRECIPITATION (IN)
  YESTERDAY        0.02          0.51 1985   0.02   0.00     0.06
  MONTH TO DATE    0.54                      0.55  -0.01     1.35
  SINCE MAR 1      1.27                      1.08   0.19     1.87
  SINCE JAN 1      2.92                      1.60   1.32     2.85

SNOWFALL (IN)
  YESTERDAY        0.1           2.2  2006   0.0    0.1      0.0
  MONTH TO DATE    3.8                       3.4    0.4     12.6
  SINCE MAR 1      4.5                       8.4   -3.9     20.8
  SINCE JUL 1     40.0                      26.5   13.5     39.6
  SNOW DEPTH       0

DEGREE DAYS
 HEATING
  YESTERDAY       29                        19     10       17
  MONTH TO DATE  575                       657    -82      633
  SINCE MAR 1   1314                      1634   -320     1550
  SINCE JUL 1   7103                      7963   -860     7316

 COOLING
  YESTERDAY        0                         0      0        0
  MONTH TO DATE    0                         0      0        0
  SINCE MAR 1      0                         0      0        0
  SINCE JAN 1      0                         0      0        0
..................................................................


WIND (MPH)
  HIGHEST WIND SPEED    28   HIGHEST WIND DIRECTION     S (200)
  HIGHEST GUST SPEED    36   HIGHEST GUST DIRECTION     S (200)
  AVERAGE WIND SPEED     8.7


SKY COVER
  POSSIBLE SUNSHINE  MM
  AVERAGE SKY COVER 0.5


WEATHER CONDITIONS
 THE FOLLOWING WEATHER WAS RECORDED YESTERDAY.
  LIGHT RAIN
  LIGHT SNOW


RELATIVE HUMIDITY (PERCENT)
 HIGHEST    92           400 AM
 LOWEST     19           100 PM
 AVERAGE    56

..........................................................


THE ALAMOSA CO CLIMATE NORMALS FOR TODAY
                         NORMAL    RECORD    YEAR
 MAXIMUM TEMPERATURE (F)   64        78      1992
                                             1981
 MINIMUM TEMPERATURE (F)   29         7      1996


SUNRISE AND SUNSET
APRIL 29 2017.........SUNRISE   610 AM MDT   SUNSET   752 PM MDT
APRIL 30 2017.........SUNRISE   609 AM MDT   SUNSET   753 PM MDT


-  INDICATES NEGATIVE NUMBERS.
R  INDICATES RECORD WAS SET OR TIED.
MM INDICATES DATA IS MISSING.
T  INDICATES TRACE AMOUNT.




$$
