000
CDUS45 KPUB 271042
CLIALS


CLIMATE REPORT
NATIONAL WEATHER SERVICE PUEBLO
442 AM MDT WED AUG 27 2014


...................................

...THE ALAMOSA CO CLIMATE SUMMARY FOR AUGUST 26 2014...

CLIMATE NORMAL PERIOD 1981 TO 2010
CLIMATE RECORD PERIOD 1932 TO 2014


WEATHER ITEM   OBSERVED TIME   RECORD YEAR NORMAL DEPARTURE LAST
                VALUE   (LST)  VALUE       VALUE  FROM      YEAR
                                                  NORMAL
..................................................................
TEMPERATURE (F)
 YESTERDAY
  MAXIMUM         75    114 PM  88    2002  78     -3       82
                                      1985
                                      1907
  MINIMUM         51    921 PM  31    2002  44      7       47
  AVERAGE         63                        61      2       65

PRECIPITATION (IN)
  YESTERDAY        0.02          0.83 1967   0.05  -0.03     0.00
  MONTH TO DATE    0.53                      1.07  -0.54     2.24
  SINCE JUN 1      2.07                      2.53  -0.46     3.58
  SINCE JAN 1      3.88                      4.75  -0.87     4.64

SNOWFALL (IN)
  YESTERDAY        0.0           0.0  2002   0.0    0.0      0.0
  MONTH TO DATE    0.0                       0.0    0.0      0.0
  SINCE JUN 1      0.0                       0.0    0.0      0.0
  SINCE JUL 1      0.0                       0.0    0.0      0.0
  SNOW DEPTH       0

DEGREE DAYS
 HEATING
  YESTERDAY        2                         4     -2        0
  MONTH TO DATE   68                        62      6       47
  SINCE JUN 1    216                       275    -59      177
  SINCE JUL 1     90                       107    -17       75

 COOLING
  YESTERDAY        0                         0      0        0
  MONTH TO DATE    3                        12     -9       23
  SINCE JUN 1     60                        50     10       88
  SINCE JAN 1     60                        50     10       88
..................................................................


WIND (MPH)
  HIGHEST WIND SPEED    20   HIGHEST WIND DIRECTION     W (280)
  HIGHEST GUST SPEED    24   HIGHEST GUST DIRECTION     W (280)
  AVERAGE WIND SPEED     7.2


SKY COVER
  POSSIBLE SUNSHINE  MM
  AVERAGE SKY COVER 0.6


WEATHER CONDITIONS
 THE FOLLOWING WEATHER WAS RECORDED YESTERDAY.
  THUNDERSTORM
  LIGHT RAIN


RELATIVE HUMIDITY (PERCENT)
 HIGHEST    96          1000 PM
 LOWEST     33           100 PM
 AVERAGE    65

..........................................................


THE ALAMOSA CO CLIMATE NORMALS FOR TODAY
                         NORMAL    RECORD    YEAR
 MAXIMUM TEMPERATURE (F)   78        87      2002
 MINIMUM TEMPERATURE (F)   44        32      1992


SUNRISE AND SUNSET
AUGUST 27 2014........SUNRISE   630 AM MDT   SUNSET   739 PM MDT
AUGUST 28 2014........SUNRISE   631 AM MDT   SUNSET   738 PM MDT


-  INDICATES NEGATIVE NUMBERS.
R  INDICATES RECORD WAS SET OR TIED.
MM INDICATES DATA IS MISSING.
T  INDICATES TRACE AMOUNT.




$$
