000
CDUS45 KPUB 150012
CLIALS

CLIMATE REPORT...COR SNOW DEPTH
NATIONAL WEATHER SERVICE PUEBLO
419 AM MST TUE FEB 14 2017


...................................

...THE ALAMOSA CO CLIMATE SUMMARY FOR FEBRUARY 13 2017...

CLIMATE NORMAL PERIOD 1981 TO 2010
CLIMATE RECORD PERIOD 1932 TO 2017


WEATHER ITEM   OBSERVED TIME   RECORD YEAR NORMAL DEPARTURE LAST
                VALUE   (LST)  VALUE       VALUE  FROM      YEAR
                                                  NORMAL
..................................................................
TEMPERATURE (F)
 YESTERDAY
  MAXIMUM         35    911 PM  60    2016  39     -4       60
  MINIMUM         27   1159 PM -35    1948   5     22       17
  AVERAGE         31                        22      9       39

PRECIPITATION (IN)
  YESTERDAY        0.27R         0.19 1997   0.00   0.27     0.00
  MONTH TO DATE    0.27                      0.11   0.16     0.15
  SINCE DEC 1      2.71                      0.72   1.99     0.98
  SINCE JAN 1      1.63                      0.37   1.26     0.73

SNOWFALL (IN)
  YESTERDAY        2.1           3.2  1951   0.1    2.0      0.0
  MONTH TO DATE    2.1                       1.8    0.3      1.7
  SINCE DEC 1     34.2                      10.3   23.9     12.1
  SINCE JUL 1     35.2                      16.1   19.1     16.4
  SNOW DEPTH       1

DEGREE DAYS
 HEATING
  YESTERDAY       34                        43     -9       26
  MONTH TO DATE  471                       584   -113      570
  SINCE DEC 1   3408                      3556   -148     3506
  SINCE JUL 1   5272                      5731   -459     5284

 COOLING
  YESTERDAY        0                         0      0        0
  MONTH TO DATE    0                         0      0        0
  SINCE DEC 1      0                         0      0        0
  SINCE JAN 1      0                         0      0        0
..................................................................


WIND (MPH)
  HIGHEST WIND SPEED    20   HIGHEST WIND DIRECTION     N (20)
  HIGHEST GUST SPEED    26   HIGHEST GUST DIRECTION    NE (30)
  AVERAGE WIND SPEED     6.0


SKY COVER
  POSSIBLE SUNSHINE  MM
  AVERAGE SKY COVER 1.0


WEATHER CONDITIONS
 THE FOLLOWING WEATHER WAS RECORDED YESTERDAY.
  LIGHT SNOW
  FOG


RELATIVE HUMIDITY (PERCENT)
 HIGHEST   100           200 AM
 LOWEST     69           900 PM
 AVERAGE    85

..........................................................


THE ALAMOSA CO CLIMATE NORMALS FOR TODAY
                         NORMAL    RECORD    YEAR
 MAXIMUM TEMPERATURE (F)   40        61      1957
 MINIMUM TEMPERATURE (F)    5       -26      1963


SUNRISE AND SUNSET
FEBRUARY 14 2017......SUNRISE   653 AM MST   SUNSET   542 PM MST
FEBRUARY 15 2017......SUNRISE   652 AM MST   SUNSET   543 PM MST


-  INDICATES NEGATIVE NUMBERS.
R  INDICATES RECORD WAS SET OR TIED.
MM INDICATES DATA IS MISSING.
T  INDICATES TRACE AMOUNT.




$$
