000
CDUS45 KPUB 281126
CLIALS


CLIMATE REPORT
NATIONAL WEATHER SERVICE PUEBLO
426 AM MST MON NOV 28 2016


...................................

...THE ALAMOSA CO CLIMATE SUMMARY FOR NOVEMBER 27 2016...

CLIMATE NORMAL PERIOD 1981 TO 2010
CLIMATE RECORD PERIOD 1932 TO 2016


WEATHER ITEM   OBSERVED TIME   RECORD YEAR NORMAL DEPARTURE LAST
                VALUE   (LST)  VALUE       VALUE  FROM      YEAR
                                                  NORMAL
..................................................................
TEMPERATURE (F)
 YESTERDAY
  MAXIMUM         34    241 PM  62    1949  41     -7       44
  MINIMUM          8   1159 PM -30    1952   7      1       22
  AVERAGE         21                        24     -3       33

PRECIPITATION (IN)
  YESTERDAY        0.16          0.18 1976   0.02   0.14     0.11
  MONTH TO DATE    0.44                      0.39   0.05     0.44
  SINCE SEP 1      0.74                      1.98  -1.24     2.20
  SINCE JAN 1      8.09                      6.93   1.16     9.17

SNOWFALL (IN)
  YESTERDAY        1.0           3.4  1957   0.1    0.9      0.8
  MONTH TO DATE    1.0                       3.3   -2.3      4.3
  SINCE SEP 1      1.0                       5.4   -4.4      4.3
  SINCE JUL 1      1.0                       5.4   -4.4      4.3
  SNOW DEPTH       T

DEGREE DAYS
 HEATING
  YESTERDAY       44                        41      3       32
  MONTH TO DATE  793                       938   -145      900
  SINCE SEP 1   1572                      1919   -347     1575
  SINCE JUL 1   1716                      2048   -332     1667

 COOLING
  YESTERDAY        0                         0      0        0
  MONTH TO DATE    0                         0      0        0
  SINCE SEP 1      0                         0      0        0
  SINCE JAN 1    115                        51     64       74
..................................................................


WIND (MPH)
  HIGHEST WIND SPEED    33   HIGHEST WIND DIRECTION     W (260)
  HIGHEST GUST SPEED    48   HIGHEST GUST DIRECTION     W (270)
  AVERAGE WIND SPEED    12.4


SKY COVER
  POSSIBLE SUNSHINE  MM
  AVERAGE SKY COVER 0.3


WEATHER CONDITIONS
 THE FOLLOWING WEATHER WAS RECORDED YESTERDAY.
  HEAVY SNOW
  SNOW
  LIGHT SNOW
  FOG
  HAZE


RELATIVE HUMIDITY (PERCENT)
 HIGHEST    96           300 AM
 LOWEST     55          1200 AM
 AVERAGE    76

..........................................................


THE ALAMOSA CO CLIMATE NORMALS FOR TODAY
                         NORMAL    RECORD    YEAR
 MAXIMUM TEMPERATURE (F)   40        65      1949
 MINIMUM TEMPERATURE (F)    6       -23      1976


SUNRISE AND SUNSET
NOVEMBER 28 2016......SUNRISE   657 AM MST   SUNSET   446 PM MST
NOVEMBER 29 2016......SUNRISE   658 AM MST   SUNSET   446 PM MST


-  INDICATES NEGATIVE NUMBERS.
R  INDICATES RECORD WAS SET OR TIED.
MM INDICATES DATA IS MISSING.
T  INDICATES TRACE AMOUNT.




$$
