309
CDUS45 KPUB 161033
CLIALS


CLIMATE REPORT
NATIONAL WEATHER SERVICE PUEBLO
433 AM MDT MON OCT 16 2017


...................................

...THE ALAMOSA CO CLIMATE SUMMARY FOR OCTOBER 15 2017...

CLIMATE NORMAL PERIOD 1981 TO 2010
CLIMATE RECORD PERIOD 1932 TO 2017


WEATHER ITEM   OBSERVED TIME   RECORD YEAR NORMAL DEPARTURE LAST
                VALUE   (LST)  VALUE       VALUE  FROM      YEAR
                                                  NORMAL
..................................................................
TEMPERATURE (F)
 YESTERDAY
  MAXIMUM         64    317 PM  78    2016  62      2       78
  MINIMUM         15    554 AM  11    1966  25    -10       38
                                      1952
  AVERAGE         40                        44     -4       58

PRECIPITATION (IN)
  YESTERDAY        0.00          0.50 1970   0.03  -0.03     0.00
  MONTH TO DATE    0.05                      0.33  -0.28     0.02
  SINCE SEP 1      1.80                      1.24   0.56     0.30
  SINCE JAN 1     10.49                      6.19   4.30     7.65

SNOWFALL (IN)
  YESTERDAY        0.0           7.6  1970   0.1   -0.1      0.0
  MONTH TO DATE    T                         0.5   -0.5      0.0
  SINCE SEP 1      T                         0.5   -0.5      0.0
  SINCE JUL 1      T                         0.5   -0.5      0.0
  SNOW DEPTH       0

DEGREE DAYS
 HEATING
  YESTERDAY       25                        21      4        7
  MONTH TO DATE  263                       281    -18      259
  SINCE SEP 1    508                       583    -75      510
  SINCE JUL 1    607                       712   -105      654

 COOLING
  YESTERDAY        0                         0      0        0
  MONTH TO DATE    0                         0      0        0
  SINCE SEP 1      0                         0      0        0
  SINCE JAN 1     76                        51     25      115
..................................................................


WIND (MPH)
  HIGHEST WIND SPEED     9   HIGHEST WIND DIRECTION     E (100)
  HIGHEST GUST SPEED    13   HIGHEST GUST DIRECTION    NW (300)
  AVERAGE WIND SPEED     3.8


SKY COVER
  POSSIBLE SUNSHINE  MM
  AVERAGE SKY COVER 0.0


WEATHER CONDITIONS
 THE FOLLOWING WEATHER WAS RECORDED YESTERDAY.
  NO SIGNIFICANT WEATHER WAS OBSERVED.


RELATIVE HUMIDITY (PERCENT)
 HIGHEST    80           600 AM
 LOWEST      6           300 PM
 AVERAGE    43

..........................................................


THE ALAMOSA CO CLIMATE NORMALS FOR TODAY
                         NORMAL    RECORD    YEAR
 MAXIMUM TEMPERATURE (F)   62        77      1991
 MINIMUM TEMPERATURE (F)   24         9      1967


SUNRISE AND SUNSET
OCTOBER 16 2017.......SUNRISE   713 AM MDT   SUNSET   624 PM MDT
OCTOBER 17 2017.......SUNRISE   714 AM MDT   SUNSET   623 PM MDT


-  INDICATES NEGATIVE NUMBERS.
R  INDICATES RECORD WAS SET OR TIED.
MM INDICATES DATA IS MISSING.
T  INDICATES TRACE AMOUNT.




$$
