000
CDUS45 KPUB 171208
CLIALS


CLIMATE REPORT
NATIONAL WEATHER SERVICE PUEBLO
507 AM MST TUE JAN 17 2017


...................................

...THE ALAMOSA CO CLIMATE SUMMARY FOR JANUARY 16 2017...

CLIMATE NORMAL PERIOD 1981 TO 2010
CLIMATE RECORD PERIOD 1932 TO 2017


WEATHER ITEM   OBSERVED TIME   RECORD YEAR NORMAL DEPARTURE LAST
                VALUE   (LST)  VALUE       VALUE  FROM      YEAR
                                                  NORMAL
..................................................................
TEMPERATURE (F)
 YESTERDAY
  MAXIMUM         33    132 PM  60    2000  34     -1       26
  MINIMUM         27   1029 PM -27    1984  -2     29      -15
  AVERAGE         30                        16     14        6

PRECIPITATION (IN)
  YESTERDAY        0.33R         0.33 2017   0.00   0.33     0.00
  MONTH TO DATE    1.14                      0.12   1.02     0.55
  SINCE DEC 1      2.22                      0.47   1.75     0.80
  SINCE JAN 1      1.14                      0.12   1.02     0.55

SNOWFALL (IN)
  YESTERDAY        3.4           5.0  1987   0.1    3.3      0.0
                                      1939
  MONTH TO DATE   16.4                       1.8   14.6      6.4
  SINCE DEC 1     26.6                       6.3   20.3      9.8
  SINCE JUL 1     27.6                      12.1   15.5     14.1
  SNOW DEPTH       4

DEGREE DAYS
 HEATING
  YESTERDAY       35                        49    -14       59
  MONTH TO DATE  730                       784    -54      885
  SINCE DEC 1   2174                      2246    -72     2218
  SINCE JUL 1   4038                      4421   -383     3996

 COOLING
  YESTERDAY        0                         0      0        0
  MONTH TO DATE    0                         0      0        0
  SINCE DEC 1      0                         0      0        0
  SINCE JAN 1      0                         0      0        0
..................................................................


WIND (MPH)
  HIGHEST WIND SPEED    14   HIGHEST WIND DIRECTION     E (110)
  HIGHEST GUST SPEED    17   HIGHEST GUST DIRECTION     E (110)
  AVERAGE WIND SPEED     4.3


SKY COVER
  POSSIBLE SUNSHINE  MM
  AVERAGE SKY COVER 1.0


WEATHER CONDITIONS
 THE FOLLOWING WEATHER WAS RECORDED YESTERDAY.
  SNOW
  LIGHT SNOW
  FOG


RELATIVE HUMIDITY (PERCENT)
 HIGHEST   100          1200 AM
 LOWEST     92          1000 AM
 AVERAGE    96

..........................................................


THE ALAMOSA CO CLIMATE NORMALS FOR TODAY
                         NORMAL    RECORD    YEAR
 MAXIMUM TEMPERATURE (F)   34        55      2000
 MINIMUM TEMPERATURE (F)   -2       -32      2008


SUNRISE AND SUNSET
JANUARY 17 2017.......SUNRISE   716 AM MST   SUNSET   512 PM MST
JANUARY 18 2017.......SUNRISE   716 AM MST   SUNSET   513 PM MST


-  INDICATES NEGATIVE NUMBERS.
R  INDICATES RECORD WAS SET OR TIED.
MM INDICATES DATA IS MISSING.
T  INDICATES TRACE AMOUNT.




$$
