000
CDUS45 KPUB 231040
CLIALS


CLIMATE REPORT
NATIONAL WEATHER SERVICE PUEBLO
440 AM MDT SUN JUL 23 2017


...................................

...THE ALAMOSA CO CLIMATE SUMMARY FOR JULY 22 2017...

CLIMATE NORMAL PERIOD 1981 TO 2010
CLIMATE RECORD PERIOD 1932 TO 2017


WEATHER ITEM   OBSERVED TIME   RECORD YEAR NORMAL DEPARTURE LAST
                VALUE   (LST)  VALUE       VALUE  FROM      YEAR
                                                  NORMAL
..................................................................
TEMPERATURE (F)
 YESTERDAY
  MAXIMUM         81   1212 PM  90    2014  82     -1       89
                                      2005
                                      2003
  MINIMUM         53    416 AM  35    1961  48      5       49
  AVERAGE         67                        65      2       69

PRECIPITATION (IN)
  YESTERDAY        0.41R         0.33 1968   0.03   0.38     0.00
                                      1943
  MONTH TO DATE    2.29                      0.66   1.63     0.31
  SINCE JUN 1      2.48                      1.15   1.33     0.82
  SINCE JAN 1      6.73                      3.37   3.36     5.19

SNOWFALL (IN)
  YESTERDAY        0.0           0.0  2002   0.0    0.0      0.0
                                      2001
  MONTH TO DATE    T                         0.0    0.0      0.0
  SINCE JUN 1      T                         0.0    0.0      0.0
  SINCE JUL 1      T                         0.0    0.0      0.0
  SNOW DEPTH       0

DEGREE DAYS
 HEATING
  YESTERDAY        0                         1     -1        0
  MONTH TO DATE    8                        31    -23       13
  SINCE JUN 1     99                       199   -100       69
  SINCE JUL 1      8                        31    -23       13

 COOLING
  YESTERDAY        2                         1      1        4
  MONTH TO DATE   39                        22     17       34
  SINCE JUN 1     57                        28     29       63
  SINCE JAN 1     57                        28     29       63
..................................................................


WIND (MPH)
  HIGHEST WIND SPEED    21   HIGHEST WIND DIRECTION     N (360)
  HIGHEST GUST SPEED    25   HIGHEST GUST DIRECTION     N (350)
  AVERAGE WIND SPEED     6.0


SKY COVER
  POSSIBLE SUNSHINE  MM
  AVERAGE SKY COVER 0.3


WEATHER CONDITIONS
 THE FOLLOWING WEATHER WAS RECORDED YESTERDAY.
  THUNDERSTORM
  HEAVY RAIN
  RAIN
  LIGHT RAIN
  FOG


RELATIVE HUMIDITY (PERCENT)
 HIGHEST    89           400 AM
 LOWEST     32          1100 AM
 AVERAGE    61

..........................................................


THE ALAMOSA CO CLIMATE NORMALS FOR TODAY
                         NORMAL    RECORD    YEAR
 MAXIMUM TEMPERATURE (F)   82        91      2011
                                             1987
 MINIMUM TEMPERATURE (F)   48        37      1973
                                             1939


SUNRISE AND SUNSET
JULY 23 2017..........SUNRISE   601 AM MDT   SUNSET   819 PM MDT
JULY 24 2017..........SUNRISE   601 AM MDT   SUNSET   818 PM MDT


-  INDICATES NEGATIVE NUMBERS.
R  INDICATES RECORD WAS SET OR TIED.
MM INDICATES DATA IS MISSING.
T  INDICATES TRACE AMOUNT.




$$
