000
CDUS45 KPUB 101030
CLIALS


CLIMATE REPORT
NATIONAL WEATHER SERVICE PUEBLO
430 AM MDT THU JUL 10 2014


...................................

...THE ALAMOSA CO CLIMATE SUMMARY FOR JULY 9 2014...

CLIMATE NORMAL PERIOD 1981 TO 2010
CLIMATE RECORD PERIOD 1932 TO 2014


WEATHER ITEM   OBSERVED TIME   RECORD YEAR NORMAL DEPARTURE LAST
                VALUE   (LST)  VALUE       VALUE  FROM      YEAR
                                                  NORMAL
..................................................................
TEMPERATURE (F)
 YESTERDAY
  MAXIMUM         83    259 PM  92    2003  83      0       89
  MINIMUM         47    519 AM  38    1997  46      1       51
                                      1994
                                      1987
  AVERAGE         65                        64      1       70

PRECIPITATION (IN)
  YESTERDAY        0.00          0.64 2006   0.03  -0.03     0.00
  MONTH TO DATE    T                         0.24  -0.24     0.16
  SINCE JUN 1      0.02                      0.73  -0.71     0.70
  SINCE JAN 1      1.83                      2.95  -1.12     1.76

SNOWFALL (IN)
  YESTERDAY        0.0           0.0  2002   0.0    0.0      0.0
                                      2001
  MONTH TO DATE    0.0                       0.0    0.0      0.0
  SINCE JUN 1      0.0                       0.0    0.0      0.0
  SINCE JUL 1      0.0                       0.0    0.0      0.0
  SNOW DEPTH       0

DEGREE DAYS
 HEATING
  YESTERDAY        0                         2     -2        0
  MONTH TO DATE    7                        18    -11        8
  SINCE JUN 1    133                       186    -53      110
  SINCE JUL 1      7                        18    -11        8

 COOLING
  YESTERDAY        0                         1     -1        5
  MONTH TO DATE    8                         9     -1       13
  SINCE JUN 1      9                        15     -6       29
  SINCE JAN 1      9                        15     -6       29
..................................................................


WIND (MPH)
  HIGHEST WIND SPEED    21   HIGHEST WIND DIRECTION    SE (140)
  HIGHEST GUST SPEED    29   HIGHEST GUST DIRECTION     E (90)
  AVERAGE WIND SPEED     6.5


SKY COVER
  POSSIBLE SUNSHINE  MM
  AVERAGE SKY COVER 0.1


WEATHER CONDITIONS
 THE FOLLOWING WEATHER WAS RECORDED YESTERDAY.
  THUNDERSTORM


RELATIVE HUMIDITY (PERCENT)
 HIGHEST    93           300 AM
 LOWEST     24           300 PM
 AVERAGE    59

..........................................................


THE ALAMOSA CO CLIMATE NORMALS FOR TODAY
                         NORMAL    RECORD    YEAR
 MAXIMUM TEMPERATURE (F)   83        91      2003
 MINIMUM TEMPERATURE (F)   47        37      1982


SUNRISE AND SUNSET
JULY 10 2014..........SUNRISE   551 AM MDT   SUNSET   826 PM MDT
JULY 11 2014..........SUNRISE   552 AM MDT   SUNSET   826 PM MDT


-  INDICATES NEGATIVE NUMBERS.
R  INDICATES RECORD WAS SET OR TIED.
MM INDICATES DATA IS MISSING.
T  INDICATES TRACE AMOUNT.




$$
