171
CDUS45 KPUB 150033
CLIALS


CLIMATE REPORT
NATIONAL WEATHER SERVICE PUEBLO
532 PM MST SAT JAN 14 2017


...................................

...THE ALAMOSA CO CLIMATE SUMMARY FOR JANUARY 14 2017...
VALID TODAY AS OF 0500 PM LOCAL TIME.

CLIMATE NORMAL PERIOD 1981 TO 2010
CLIMATE RECORD PERIOD 1932 TO 2017


WEATHER ITEM   OBSERVED TIME   RECORD YEAR NORMAL DEPARTURE LAST
                VALUE   (LST)  VALUE       VALUE  FROM      YEAR
                                                  NORMAL
..................................................................
TEMPERATURE (F)
 TODAY
  MAXIMUM         37   1134 AM  54    1969  34      3       22
  MINIMUM         23    652 AM -33    1964  -2     25      -18
  AVERAGE         30                        16     14        2

PRECIPITATION (IN)
  TODAY            0.00          0.20 1960   0.01  -0.01     0.00
  MONTH TO DATE    0.66                      0.11   0.55     0.55
  SINCE DEC 1      1.74                      0.46   1.28     0.80
  SINCE JAN 1      0.66                      0.11   0.55     0.55

SNOWFALL (IN)
  TODAY            0.0           6.6  1960   0.1   -0.1      0.0
  MONTH TO DATE   11.3                       1.6    9.7      6.4
  SINCE DEC 1     21.5                       6.1   15.4      9.8
  SINCE JUL 1     22.5                      11.9   10.6     14.1
  SNOW DEPTH       3

DEGREE DAYS
 HEATING
  TODAY           35                        49    -14       63
  MONTH TO DATE  659                       686    -27      766
  SINCE DEC 1   2103                      2148    -45     2099
  SINCE JUL 1   3967                      4323   -356     3877

 COOLING
  TODAY            0                         0      0        0
  MONTH TO DATE    0                         0      0        0
  SINCE DEC 1      0                         0      0        0
  SINCE JAN 1      0                         0      0        0
..................................................................


WIND (MPH)
  HIGHEST WIND SPEED    12   HIGHEST WIND DIRECTION    NW (310)
  HIGHEST GUST SPEED    13   HIGHEST GUST DIRECTION    NW (310)
  AVERAGE WIND SPEED     4.8


SKY COVER
  POSSIBLE SUNSHINE  MM
  AVERAGE SKY COVER 0.9


WEATHER CONDITIONS
 THE FOLLOWING WEATHER WAS RECORDED TODAY.
  FOG
  FOG W/VISIBILITY <= 1/4 MILE


RELATIVE HUMIDITY (PERCENT)
 HIGHEST   100           800 AM
 LOWEST     82          1200 PM
 AVERAGE    91

..........................................................


THE ALAMOSA CO CLIMATE NORMALS FOR TOMORROW
                         NORMAL    RECORD    YEAR
 MAXIMUM TEMPERATURE (F)   34        54      1996
 MINIMUM TEMPERATURE (F)   -2       -32      2013


SUNRISE AND SUNSET
JANUARY 14 2017.......SUNRISE   717 AM MST   SUNSET   509 PM MST
JANUARY 15 2017.......SUNRISE   717 AM MST   SUNSET   510 PM MST


-  INDICATES NEGATIVE NUMBERS.
R  INDICATES RECORD WAS SET OR TIED.
MM INDICATES DATA IS MISSING.
T  INDICATES TRACE AMOUNT.




$$
