000
CDUS45 KPUB 261038
CLIALS


CLIMATE REPORT
NATIONAL WEATHER SERVICE PUEBLO
437 AM MDT WED AUG 26 2015


...................................

...THE ALAMOSA CO CLIMATE SUMMARY FOR AUGUST 25 2015...

CLIMATE NORMAL PERIOD 1981 TO 2010
CLIMATE RECORD PERIOD 1932 TO 2015


WEATHER ITEM   OBSERVED TIME   RECORD YEAR NORMAL DEPARTURE LAST
                VALUE   (LST)  VALUE       VALUE  FROM      YEAR
                                                  NORMAL
..................................................................
TEMPERATURE (F)
 YESTERDAY
  MAXIMUM         86    427 PM  87    2002  78      8       81
                                      1936
  MINIMUM         44    538 AM  30    2002  45     -1       43
                                      1962
  AVERAGE         65                        62      3       62

PRECIPITATION (IN)
  YESTERDAY        0.05          0.33 1949   0.04   0.01      T
  MONTH TO DATE    0.24                      1.02  -0.78     0.51
  SINCE JUN 1      2.77                      2.48   0.29     2.05
  SINCE JAN 1      6.71                      4.70   2.01     3.86

SNOWFALL (IN)
  YESTERDAY        0.0           0.0  2002   0.0    0.0      0.0
  MONTH TO DATE    0.0                       0.0    0.0      0.0
  SINCE JUN 1      0.0                       0.0    0.0      0.0
  SINCE JUL 1      0.0                       0.0    0.0      0.0
  SNOW DEPTH       0

DEGREE DAYS
 HEATING
  YESTERDAY        0                         4     -4        3
  MONTH TO DATE   37                        58    -21       66
  SINCE JUN 1    157                       271   -114      214
  SINCE JUL 1     81                       103    -22       88

 COOLING
  YESTERDAY        0                         0      0        0
  MONTH TO DATE   24                        12     12        3
  SINCE JUN 1     73                        50     23       60
  SINCE JAN 1     73                        50     23       60
..................................................................


WIND (MPH)
  HIGHEST WIND SPEED    16   HIGHEST WIND DIRECTION     E (100)
  HIGHEST GUST SPEED    22   HIGHEST GUST DIRECTION     E (80)
  AVERAGE WIND SPEED     5.5


SKY COVER
  POSSIBLE SUNSHINE  MM
  AVERAGE SKY COVER 0.1


WEATHER CONDITIONS
 THE FOLLOWING WEATHER WAS RECORDED YESTERDAY.
  HEAVY RAIN
  LIGHT RAIN
  HAZE


RELATIVE HUMIDITY (PERCENT)
 HIGHEST    83           600 AM
 LOWEST     13           200 PM
 AVERAGE    48

..........................................................


THE ALAMOSA CO CLIMATE NORMALS FOR TODAY
                         NORMAL    RECORD    YEAR
 MAXIMUM TEMPERATURE (F)   78        88      2002
                                             1985
                                             1907
 MINIMUM TEMPERATURE (F)   44        31      2002


SUNRISE AND SUNSET
AUGUST 26 2015........SUNRISE   629 AM MDT   SUNSET   741 PM MDT
AUGUST 27 2015........SUNRISE   629 AM MDT   SUNSET   740 PM MDT


-  INDICATES NEGATIVE NUMBERS.
R  INDICATES RECORD WAS SET OR TIED.
MM INDICATES DATA IS MISSING.
T  INDICATES TRACE AMOUNT.




$$
