000
CDUS45 KPUB 281030
CLIALS


CLIMATE REPORT
NATIONAL WEATHER SERVICE PUEBLO
430 AM MDT TUE JUL 28 2015


...................................

...THE ALAMOSA CO CLIMATE SUMMARY FOR JULY 27 2015...

CLIMATE NORMAL PERIOD 1981 TO 2010
CLIMATE RECORD PERIOD 1932 TO 2015


WEATHER ITEM   OBSERVED TIME   RECORD YEAR NORMAL DEPARTURE LAST
                VALUE   (LST)  VALUE       VALUE  FROM      YEAR
                                                  NORMAL
..................................................................
TEMPERATURE (F)
 YESTERDAY
  MAXIMUM         84    357 PM  90    1960  82      2       86
  MINIMUM         49   1159 PM  33    1993  48      1       52
  AVERAGE         67                        65      2       69

PRECIPITATION (IN)
  YESTERDAY        T             0.50 1952   0.03  -0.03      T
  MONTH TO DATE    1.17                      0.82   0.35     0.78
  SINCE JUN 1      2.36                      1.31   1.05     0.80
  SINCE JAN 1      6.30                      3.53   2.77     2.61

SNOWFALL (IN)
  YESTERDAY        0.0           0.0  2002   0.0    0.0      0.0
                                      2001
  MONTH TO DATE    0.0                       0.0    0.0      0.0
  SINCE JUN 1      0.0                       0.0    0.0      0.0
  SINCE JUL 1      0.0                       0.0    0.0      0.0
  SNOW DEPTH       0

DEGREE DAYS
 HEATING
  YESTERDAY        0                         1     -1        0
  MONTH TO DATE   44                        36      8       14
  SINCE JUN 1    120                       204    -84      140
  SINCE JUL 1     44                        36      8       14

 COOLING
  YESTERDAY        2                         1      1        4
  MONTH TO DATE   21                        27     -6       55
  SINCE JUN 1     45                        33     12       56
  SINCE JAN 1     45                        33     12       56
..................................................................


WIND (MPH)
  HIGHEST WIND SPEED    23   HIGHEST WIND DIRECTION     W (250)
  HIGHEST GUST SPEED    28   HIGHEST GUST DIRECTION     W (260)
  AVERAGE WIND SPEED     8.1


SKY COVER
  POSSIBLE SUNSHINE  MM
  AVERAGE SKY COVER 0.2


WEATHER CONDITIONS
 THE FOLLOWING WEATHER WAS RECORDED YESTERDAY.
  LIGHT RAIN


RELATIVE HUMIDITY (PERCENT)
 HIGHEST    83           600 AM
 LOWEST     21           500 PM
 AVERAGE    52

..........................................................


THE ALAMOSA CO CLIMATE NORMALS FOR TODAY
                         NORMAL    RECORD    YEAR
 MAXIMUM TEMPERATURE (F)   82        89      2011
                                             1995
                                             1951
 MINIMUM TEMPERATURE (F)   48        35      1986


SUNRISE AND SUNSET
JULY 28 2015..........SUNRISE   604 AM MDT   SUNSET   815 PM MDT
JULY 29 2015..........SUNRISE   605 AM MDT   SUNSET   814 PM MDT


-  INDICATES NEGATIVE NUMBERS.
R  INDICATES RECORD WAS SET OR TIED.
MM INDICATES DATA IS MISSING.
T  INDICATES TRACE AMOUNT.




$$
