000
CDUS45 KPUB 201027
CLIALS


CLIMATE REPORT
NATIONAL WEATHER SERVICE PUEBLO
427 AM MDT MON MAR 20 2017


...................................

...THE ALAMOSA CO CLIMATE SUMMARY FOR MARCH 19 2017...

CLIMATE NORMAL PERIOD 1981 TO 2010
CLIMATE RECORD PERIOD 1932 TO 2017


WEATHER ITEM   OBSERVED TIME   RECORD YEAR NORMAL DEPARTURE LAST
                VALUE   (LST)  VALUE       VALUE  FROM      YEAR
                                                  NORMAL
..................................................................
TEMPERATURE (F)
 YESTERDAY
  MAXIMUM         71    404 PM  72    1907  51     20       59
  MINIMUM         30    630 AM  -6    1944  18     12       10
  AVERAGE         51                        35     16       35

PRECIPITATION (IN)
  YESTERDAY        0.00          0.16 2010   0.01  -0.01     0.00
  MONTH TO DATE    0.02                      0.30  -0.28      T
  SINCE MAR 1      0.02                      0.30  -0.28      T
  SINCE JAN 1      1.67                      0.82   0.85     0.98

SNOWFALL (IN)
  YESTERDAY        0.0           2.5  2010   0.2   -0.2      0.0
  MONTH TO DATE    T                         3.0   -3.0      0.0
  SINCE MAR 1      T                         3.0   -3.0      0.0
  SINCE JUL 1     35.5                      21.1   14.4     18.8
  SNOW DEPTH       0

DEGREE DAYS
 HEATING
  YESTERDAY       14                        30    -16       30
  MONTH TO DATE  487                       631   -144      517
  SINCE MAR 1    487                       631   -144      517
  SINCE JUL 1   6276                      6960   -684     6283

 COOLING
  YESTERDAY        0                         0      0        0
  MONTH TO DATE    0                         0      0        0
  SINCE MAR 1      0                         0      0        0
  SINCE JAN 1      0                         0      0        0
..................................................................


WIND (MPH)
  HIGHEST WIND SPEED    20   HIGHEST WIND DIRECTION     W (280)
  HIGHEST GUST SPEED    27   HIGHEST GUST DIRECTION    SW (240)
  AVERAGE WIND SPEED     7.5


SKY COVER
  POSSIBLE SUNSHINE  MM
  AVERAGE SKY COVER 0.0


WEATHER CONDITIONS
 THE FOLLOWING WEATHER WAS RECORDED YESTERDAY.
  NO SIGNIFICANT WEATHER WAS OBSERVED.


RELATIVE HUMIDITY (PERCENT)
 HIGHEST    69           400 AM
 LOWEST      9           200 PM
 AVERAGE    39

..........................................................


THE ALAMOSA CO CLIMATE NORMALS FOR TODAY
                         NORMAL    RECORD    YEAR
 MAXIMUM TEMPERATURE (F)   52        72      2004
 MINIMUM TEMPERATURE (F)   18        -5      1964


SUNRISE AND SUNSET
MARCH 20 2017.........SUNRISE   707 AM MDT   SUNSET   716 PM MDT
MARCH 21 2017.........SUNRISE   705 AM MDT   SUNSET   717 PM MDT


-  INDICATES NEGATIVE NUMBERS.
R  INDICATES RECORD WAS SET OR TIED.
MM INDICATES DATA IS MISSING.
T  INDICATES TRACE AMOUNT.




$$
