000
CDUS45 KPUB 232024 CCA
CLIALS

CLIMATE REPORT...CORRECTION
NATIONAL WEATHER SERVICE PUEBLO
434 AM MST FRI JAN 23 2015


...................................

...THE ALAMOSA CO CLIMATE SUMMARY FOR JANUARY 22 2015...

CLIMATE NORMAL PERIOD 1981 TO 2010
CLIMATE RECORD PERIOD 1932 TO 2015


WEATHER ITEM   OBSERVED TIME   RECORD YEAR NORMAL DEPARTURE LAST
                VALUE   (LST)  VALUE       VALUE  FROM      YEAR
                                                  NORMAL
..................................................................
TEMPERATURE (F)
 YESTERDAY
  MAXIMUM         29    250 PM  58    1951  35     -6       21
  MINIMUM         -5   1159 PM -31    1959  -2     -3      -12
  AVERAGE         12                        16     -4        5

PRECIPITATION (IN)
  YESTERDAY        0.01          0.22 1939   0.01   0.00     0.00
  MONTH TO DATE    0.10                      0.18  -0.08      T
  SINCE DEC 1      0.31                      0.53  -0.22     0.17
  SINCE JAN 1      0.10                      0.18  -0.08      T

SNOWFALL (IN)
  YESTERDAY        0.2           4.0  1939   0.2    0.0      0.0
  MONTH TO DATE    1.0                       2.7   -1.7       T
  SINCE DEC 1      3.3                       7.2   -3.9      4.0
  SINCE JUL 1      4.9                      13.0   -8.1     25.6
  SNOW DEPTH       T

DEGREE DAYS
 HEATING
  YESTERDAY       53                        48      5       60
  MONTH TO DATE  915                      1077   -162     1213
  SINCE DEC 1   2224                      2539   -315     2996
  SINCE JUL 1   4067                      4714   -647     5096

 COOLING
  YESTERDAY        0                         0      0        0
  MONTH TO DATE    0                         0      0        0
  SINCE DEC 1      0                         0      0        0
  SINCE JAN 1      0                         0      0        0
..................................................................


WIND (MPH)
  HIGHEST WIND SPEED    23   HIGHEST WIND DIRECTION     E (100)
  HIGHEST GUST SPEED    29   HIGHEST GUST DIRECTION     E (90)
  AVERAGE WIND SPEED     5.3


SKY COVER
  POSSIBLE SUNSHINE  MM
  AVERAGE SKY COVER 0.3


WEATHER CONDITIONS
 THE FOLLOWING WEATHER WAS RECORDED YESTERDAY.
  LIGHT SNOW
  FOG


RELATIVE HUMIDITY (PERCENT)
 HIGHEST    87           900 PM
 LOWEST     35           300 PM
 AVERAGE    61

..........................................................


THE ALAMOSA CO CLIMATE NORMALS FOR TODAY
                         NORMAL    RECORD    YEAR
 MAXIMUM TEMPERATURE (F)   35        55      1950
 MINIMUM TEMPERATURE (F)   -1       -29      1984
                                             1940


SUNRISE AND SUNSET
JANUARY 23 2015.......SUNRISE   713 AM MST   SUNSET   518 PM MST
JANUARY 24 2015.......SUNRISE   713 AM MST   SUNSET   519 PM MST


-  INDICATES NEGATIVE NUMBERS.
R  INDICATES RECORD WAS SET OR TIED.
MM INDICATES DATA IS MISSING.
T  INDICATES TRACE AMOUNT.




$$
