000
CDUS45 KPUB 252323
CLIALS


CLIMATE REPORT
NATIONAL WEATHER SERVICE PUEBLO
523 PM MDT MON MAY 25 2015


...................................

...THE ALAMOSA CO CLIMATE SUMMARY FOR MAY 25 2015...
VALID TODAY AS OF 0500 PM LOCAL TIME.

CLIMATE NORMAL PERIOD 1981 TO 2010
CLIMATE RECORD PERIOD 1932 TO 2015


WEATHER ITEM   OBSERVED TIME   RECORD YEAR NORMAL DEPARTURE LAST
                VALUE   (LST)  VALUE       VALUE  FROM      YEAR
                                                  NORMAL
..................................................................
TEMPERATURE (F)
 TODAY
  MAXIMUM         63    118 PM  84    2006  72     -9       61
  MINIMUM         31    448 AM  21    2010  36     -5       35
  AVERAGE         47                        54     -7       48

PRECIPITATION (IN)
  TODAY            0.00          0.61 1961   0.01  -0.01     0.01
  MONTH TO DATE    1.76                      0.47   1.29     0.22
  SINCE MAR 1      2.59                      1.59   0.00     1.68
  SINCE JAN 1      3.93                      2.11   1.82     1.80

SNOWFALL (IN)
  TODAY            0.0           T    1965   0.0    0.0      0.0
  MONTH TO DATE    T                         0.9   -0.9      1.3
  SINCE MAR 1      0.7                       9.5   -8.8     11.7
  SINCE JUL 1     23.8                      27.6   -3.8     39.8
  SNOW DEPTH       0

DEGREE DAYS
 HEATING
  TODAY           18                        11      7       17
  MONTH TO DATE  395                       365     30      401
  SINCE MAR 1   1820                      2036   -216     1942
  SINCE JUL 1   7312                      8365  -1053     8510

 COOLING
  TODAY            0                         0      0        0
  MONTH TO DATE    0                         0      0        0
  SINCE MAR 1      0                         0      0        0
  SINCE JAN 1      0                         0      0        0
..................................................................


WIND (MPH)
  HIGHEST WIND SPEED    16   HIGHEST WIND DIRECTION     N (340)
  HIGHEST GUST SPEED    21   HIGHEST GUST DIRECTION    NE (30)
  AVERAGE WIND SPEED     6.4


SKY COVER
  POSSIBLE SUNSHINE  MM
  AVERAGE SKY COVER 0.3


WEATHER CONDITIONS
 THE FOLLOWING WEATHER WAS RECORDED TODAY.
  NO SIGNIFICANT WEATHER WAS OBSERVED.


RELATIVE HUMIDITY (PERCENT)
 HIGHEST    92          1200 AM
 LOWEST     32           200 PM
 AVERAGE    62

..........................................................


THE ALAMOSA CO CLIMATE NORMALS FOR TOMORROW
                         NORMAL    RECORD    YEAR
 MAXIMUM TEMPERATURE (F)   72        84      1969
                                             1953
 MINIMUM TEMPERATURE (F)   36        24      1907


SUNRISE AND SUNSET
MAY 25 2015...........SUNRISE   547 AM MDT   SUNSET   814 PM MDT
MAY 26 2015...........SUNRISE   547 AM MDT   SUNSET   814 PM MDT


-  INDICATES NEGATIVE NUMBERS.
R  INDICATES RECORD WAS SET OR TIED.
MM INDICATES DATA IS MISSING.
T  INDICATES TRACE AMOUNT.




$$
