000
CDUS45 KPUB 231131
CLIALS


CLIMATE REPORT
NATIONAL WEATHER SERVICE PUEBLO
431 AM MST TUE DEC 23 2014


...................................

...THE ALAMOSA CO CLIMATE SUMMARY FOR DECEMBER 22 2014...

CLIMATE NORMAL PERIOD 1981 TO 2010
CLIMATE RECORD PERIOD 1932 TO 2014


WEATHER ITEM   OBSERVED TIME   RECORD YEAR NORMAL DEPARTURE LAST
                VALUE   (LST)  VALUE       VALUE  FROM      YEAR
                                                  NORMAL
..................................................................
TEMPERATURE (F)
 YESTERDAY
  MAXIMUM         38   1112 AM  56    1955  34      4       23
  MINIMUM         20   1021 PM -30    1967  -1     21       -9
  AVERAGE         29                        16     13        7

PRECIPITATION (IN)
  YESTERDAY        0.02          0.24 1981   0.01   0.01     0.00
  MONTH TO DATE    0.18                      0.26  -0.08     0.04
  SINCE DEC 1      0.18                      0.26  -0.08     0.04
  SINCE JAN 1      5.51                      7.22  -1.71    10.05

SNOWFALL (IN)
  YESTERDAY        T             3.2  1981   0.1   -0.1      0.0
  MONTH TO DATE    0.9                       3.3   -2.4      1.0
  SINCE DEC 1      0.9                       3.3   -2.4      1.0
  SINCE JUL 1      2.5                       9.1   -6.6     22.6
  SNOW DEPTH       0

DEGREE DAYS
 HEATING
  YESTERDAY       36                        49    -13       58
  MONTH TO DATE  834                      1021   -187     1256
  SINCE DEC 1    834                      1021   -187     1256
  SINCE JUL 1   2677                      3196   -519     3356

 COOLING
  YESTERDAY        0                         0      0        0
  MONTH TO DATE    0                         0      0        0
  SINCE DEC 1      0                         0      0        0
  SINCE JAN 1     60                        51      9      113
..................................................................


WIND (MPH)
  HIGHEST WIND SPEED    37   HIGHEST WIND DIRECTION     N (340)
  HIGHEST GUST SPEED    48   HIGHEST GUST DIRECTION    NW (330)
  AVERAGE WIND SPEED    11.3


SKY COVER
  POSSIBLE SUNSHINE  MM
  AVERAGE SKY COVER 0.6


WEATHER CONDITIONS
 THE FOLLOWING WEATHER WAS RECORDED YESTERDAY.
  LIGHT SNOW
  FOG


RELATIVE HUMIDITY (PERCENT)
 HIGHEST   100           500 AM
 LOWEST     55           700 PM
 AVERAGE    78

..........................................................


THE ALAMOSA CO CLIMATE NORMALS FOR TODAY
                         NORMAL    RECORD    YEAR
 MAXIMUM TEMPERATURE (F)   34        58      1955
 MINIMUM TEMPERATURE (F)   -1       -29      1990


SUNRISE AND SUNSET
DECEMBER 23 2014......SUNRISE   715 AM MST   SUNSET   450 PM MST
DECEMBER 24 2014......SUNRISE   716 AM MST   SUNSET   451 PM MST


-  INDICATES NEGATIVE NUMBERS.
R  INDICATES RECORD WAS SET OR TIED.
MM INDICATES DATA IS MISSING.
T  INDICATES TRACE AMOUNT.




$$
