000
CDUS45 KPUB 220025
CLIALS


CLIMATE REPORT
NATIONAL WEATHER SERVICE PUEBLO
625 PM MDT WED JUN 21 2017


...................................

...THE ALAMOSA CO CLIMATE SUMMARY FOR JUNE 21 2017...
VALID TODAY AS OF 0500 PM LOCAL TIME.

CLIMATE NORMAL PERIOD 1981 TO 2010
CLIMATE RECORD PERIOD 1932 TO 2017


WEATHER ITEM   OBSERVED TIME   RECORD YEAR NORMAL DEPARTURE LAST
                VALUE   (LST)  VALUE       VALUE  FROM      YEAR
                                                  NORMAL
..................................................................
TEMPERATURE (F)
 TODAY
  MAXIMUM         90   1210 PM  92    2015  80     10       90
  MINIMUM         51    142 AM  31    1939  42      9       52
  AVERAGE         71                        61     10       71

PRECIPITATION (IN)
  TODAY            0.00          0.23 1996   0.02  -0.02      T
  MONTH TO DATE    0.15                      0.31  -0.16      T
  SINCE JUN 1      0.15                      0.31  -0.16      T
  SINCE JAN 1      4.40                      2.53   1.87     4.37

SNOWFALL (IN)
  TODAY            0.0           0.0  2002   0.0    0.0      0.0
  MONTH TO DATE    0.0                       0.0    0.0      0.0
  SINCE JUN 1      0.0                       0.0    0.0      0.0
  SINCE JUL 1     42.2                      27.6   14.6     43.0
  SNOW DEPTH       0

DEGREE DAYS
 HEATING
  TODAY            0                         4     -4        0
  MONTH TO DATE   77                       140    -63       52
  SINCE JUN 1     77                       140    -63       52
  SINCE JUL 1   7686                      8566   -880     7864

 COOLING
  TODAY            6                         0      6        6
  MONTH TO DATE   15                         0     15       17
  SINCE JUN 1     15                         0     15       17
  SINCE JAN 1     15                         0     15       17
..................................................................


WIND (MPH)
  HIGHEST WIND SPEED    32   HIGHEST WIND DIRECTION    SW (240)
  HIGHEST GUST SPEED    36   HIGHEST GUST DIRECTION    SW (240)
  AVERAGE WIND SPEED     8.7


SKY COVER
  POSSIBLE SUNSHINE  MM
  AVERAGE SKY COVER 0.1


WEATHER CONDITIONS
 THE FOLLOWING WEATHER WAS RECORDED TODAY.
  NO SIGNIFICANT WEATHER WAS OBSERVED.


RELATIVE HUMIDITY (PERCENT)
 HIGHEST    71           200 AM
 LOWEST     16           300 PM
 AVERAGE    44

..........................................................


THE ALAMOSA CO CLIMATE NORMALS FOR TOMORROW
                         NORMAL    RECORD    YEAR
 MAXIMUM TEMPERATURE (F)   81        92      2015
                                             2012
 MINIMUM TEMPERATURE (F)   42        27      1906


SUNRISE AND SUNSET
JUNE 21 2017..........SUNRISE   543 AM MDT   SUNSET   828 PM MDT
JUNE 22 2017..........SUNRISE   543 AM MDT   SUNSET   828 PM MDT


-  INDICATES NEGATIVE NUMBERS.
R  INDICATES RECORD WAS SET OR TIED.
MM INDICATES DATA IS MISSING.
T  INDICATES TRACE AMOUNT.




$$
