000
CDUS45 KPUB 261019
CLIALS


CLIMATE REPORT
NATIONAL WEATHER SERVICE PUEBLO
418 AM MDT MON SEP 26 2016


...................................

...THE ALAMOSA CO CLIMATE SUMMARY FOR SEPTEMBER 25 2016...

CLIMATE NORMAL PERIOD 1981 TO 2010
CLIMATE RECORD PERIOD 1932 TO 2016


WEATHER ITEM   OBSERVED TIME   RECORD YEAR NORMAL DEPARTURE LAST
                VALUE   (LST)  VALUE       VALUE  FROM      YEAR
                                                  NORMAL
..................................................................
TEMPERATURE (F)
 YESTERDAY
  MAXIMUM         68    245 PM  81    2014  70     -2       78
  MINIMUM         25    603 AM  16    2000  33     -8       35
  AVERAGE         47                        51     -4       57

PRECIPITATION (IN)
  YESTERDAY        0.00          0.35 1954   0.03  -0.03     0.00
  MONTH TO DATE    0.26                      0.80  -0.54     0.45
  SINCE SEP 1      0.26                      0.80  -0.54     0.45
  SINCE JAN 1      7.61                      5.75   1.86     7.42

SNOWFALL (IN)
  YESTERDAY        0.0           0.0  2002   0.0    0.0      0.0
  MONTH TO DATE    0.0                       0.0    0.0      0.0
  SINCE SEP 1      0.0                       0.0    0.0      0.0
  SINCE JUL 1      0.0                       0.0    0.0      0.0
  SNOW DEPTH       0

DEGREE DAYS
 HEATING
  YESTERDAY       18                        14      4        8
  MONTH TO DATE  194                       228    -34      152
  SINCE SEP 1    194                       228    -34      152
  SINCE JUL 1    338                       357    -19      244

 COOLING
  YESTERDAY        0                         0      0        0
  MONTH TO DATE    0                         0      0        0
  SINCE SEP 1      0                         0      0        0
  SINCE JAN 1    115                        51     64       74
..................................................................


WIND (MPH)
  HIGHEST WIND SPEED    12   HIGHEST WIND DIRECTION    SE (140)
  HIGHEST GUST SPEED    15   HIGHEST GUST DIRECTION    SE (120)
  AVERAGE WIND SPEED     5.5


SKY COVER
  POSSIBLE SUNSHINE  MM
  AVERAGE SKY COVER 0.0


WEATHER CONDITIONS
 THE FOLLOWING WEATHER WAS RECORDED YESTERDAY.
  NO SIGNIFICANT WEATHER WAS OBSERVED.


RELATIVE HUMIDITY (PERCENT)
 HIGHEST    85           300 AM
 LOWEST     20           300 PM
 AVERAGE    53

..........................................................


THE ALAMOSA CO CLIMATE NORMALS FOR TODAY
                         NORMAL    RECORD    YEAR
 MAXIMUM TEMPERATURE (F)   70        81      2015
                                             1999
 MINIMUM TEMPERATURE (F)   32        19      1970


SUNRISE AND SUNSET
SEPTEMBER 26 2016.....SUNRISE   655 AM MDT   SUNSET   653 PM MDT
SEPTEMBER 27 2016.....SUNRISE   656 AM MDT   SUNSET   652 PM MDT


-  INDICATES NEGATIVE NUMBERS.
R  INDICATES RECORD WAS SET OR TIED.
MM INDICATES DATA IS MISSING.
T  INDICATES TRACE AMOUNT.




$$
