567
CDUS45 KPUB 211058
CLIALS


CLIMATE REPORT
NATIONAL WEATHER SERVICE PUEBLO
457 AM MDT SUN MAY 21 2017


...................................

...THE ALAMOSA CO CLIMATE SUMMARY FOR MAY 20 2017...

CLIMATE NORMAL PERIOD 1981 TO 2010
CLIMATE RECORD PERIOD 1932 TO 2017


WEATHER ITEM   OBSERVED TIME   RECORD YEAR NORMAL DEPARTURE LAST
                VALUE   (LST)  VALUE       VALUE  FROM      YEAR
                                                  NORMAL
..................................................................
TEMPERATURE (F)
 YESTERDAY
  MAXIMUM         61    523 PM  87    2005  70     -9       72
  MINIMUM         22    525 AM  20    1960  35    -13       34
  AVERAGE         42                        52    -10       53

PRECIPITATION (IN)
  YESTERDAY        0.00          0.34 1941   0.02  -0.02     0.00
  MONTH TO DATE    1.23                      0.39   0.84     0.59
  SINCE MAR 1      2.59                      1.51   1.08     2.86
  SINCE JAN 1      4.24                      2.03   2.21     3.84

SNOWFALL (IN)
  YESTERDAY        0.0           0.3  1957   0.1   -0.1      0.0
  MONTH TO DATE    1.1                       0.9    0.2      0.8
  SINCE MAR 1      6.7                       9.5   -2.8     24.2
  SINCE JUL 1     42.2                      27.6   14.6     43.0
  SNOW DEPTH       0

DEGREE DAYS
 HEATING
  YESTERDAY       23                        13     10       12
  MONTH TO DATE  320                       307     13      313
  SINCE MAR 1   1695                      1978   -283     1915
  SINCE JUL 1   7484                      8307   -823     7681

 COOLING
  YESTERDAY        0                         0      0        0
  MONTH TO DATE    0                         0      0        0
  SINCE MAR 1      0                         0      0        0
  SINCE JAN 1      0                         0      0        0
..................................................................


WIND (MPH)
  HIGHEST WIND SPEED    15   HIGHEST WIND DIRECTION    NE (30)
  HIGHEST GUST SPEED    20   HIGHEST GUST DIRECTION    SE (150)
  AVERAGE WIND SPEED     6.1


SKY COVER
  POSSIBLE SUNSHINE  MM
  AVERAGE SKY COVER 0.3


WEATHER CONDITIONS
 THE FOLLOWING WEATHER WAS RECORDED YESTERDAY.
  NO SIGNIFICANT WEATHER WAS OBSERVED.


RELATIVE HUMIDITY (PERCENT)
 HIGHEST    92           100 AM
 LOWEST     20           500 PM
 AVERAGE    56

..........................................................


THE ALAMOSA CO CLIMATE NORMALS FOR TODAY
                         NORMAL    RECORD    YEAR
 MAXIMUM TEMPERATURE (F)   71        89      2005
 MINIMUM TEMPERATURE (F)   35        20      1974


SUNRISE AND SUNSET
MAY 21 2017...........SUNRISE   550 AM MDT   SUNSET   811 PM MDT
MAY 22 2017...........SUNRISE   549 AM MDT   SUNSET   812 PM MDT


-  INDICATES NEGATIVE NUMBERS.
R  INDICATES RECORD WAS SET OR TIED.
MM INDICATES DATA IS MISSING.
T  INDICATES TRACE AMOUNT.




$$
