027
CDUS45 KPUB 201129
CLIALS


CLIMATE REPORT
NATIONAL WEATHER SERVICE PUEBLO
428 AM MST MON FEB 20 2017


...................................

...THE ALAMOSA CO CLIMATE SUMMARY FOR FEBRUARY 19 2017...

CLIMATE NORMAL PERIOD 1981 TO 2010
CLIMATE RECORD PERIOD 1932 TO 2017


WEATHER ITEM   OBSERVED TIME   RECORD YEAR NORMAL DEPARTURE LAST
                VALUE   (LST)  VALUE       VALUE  FROM      YEAR
                                                  NORMAL
..................................................................
TEMPERATURE (F)
 YESTERDAY
  MAXIMUM         46    221 PM  60    2016  41      5       60
                                      1981
  MINIMUM         27    810 PM -17    1992   8     19       24
  AVERAGE         37                        24     13       42

PRECIPITATION (IN)
  YESTERDAY        0.00          0.36 2004   0.01  -0.01     0.00
  MONTH TO DATE    0.27                      0.17   0.10     0.15
  SINCE DEC 1      2.71                      0.78   1.93     0.98
  SINCE JAN 1      1.63                      0.43   1.20     0.73

SNOWFALL (IN)
  YESTERDAY        0.0           4.5  2004   0.1   -0.1      0.0
  MONTH TO DATE    2.1                       2.6   -0.5      1.7
  SINCE DEC 1     34.2                      11.1   23.1     12.1
  SINCE JUL 1     35.2                      16.9   18.3     16.4
  SNOW DEPTH       0

DEGREE DAYS
 HEATING
  YESTERDAY       28                        41    -13       23
  MONTH TO DATE  680                       834   -154      728
  SINCE DEC 1   3617                      3806   -189     3664
  SINCE JUL 1   5481                      5981   -500     5442

 COOLING
  YESTERDAY        0                         0      0        0
  MONTH TO DATE    0                         0      0        0
  SINCE DEC 1      0                         0      0        0
  SINCE JAN 1      0                         0      0        0
..................................................................


WIND (MPH)
  HIGHEST WIND SPEED    29   HIGHEST WIND DIRECTION    SW (210)
  HIGHEST GUST SPEED    33   HIGHEST GUST DIRECTION     S (200)
  AVERAGE WIND SPEED     9.5


SKY COVER
  POSSIBLE SUNSHINE  MM
  AVERAGE SKY COVER 0.3


WEATHER CONDITIONS
 THE FOLLOWING WEATHER WAS RECORDED YESTERDAY.
  NO SIGNIFICANT WEATHER WAS OBSERVED.


RELATIVE HUMIDITY (PERCENT)
 HIGHEST    92           200 AM
 LOWEST     49           200 PM
 AVERAGE    71

..........................................................


THE ALAMOSA CO CLIMATE NORMALS FOR TODAY
                         NORMAL    RECORD    YEAR
 MAXIMUM TEMPERATURE (F)   42        64      1935
 MINIMUM TEMPERATURE (F)    8       -19      1955


SUNRISE AND SUNSET
FEBRUARY 20 2017......SUNRISE   646 AM MST   SUNSET   549 PM MST
FEBRUARY 21 2017......SUNRISE   645 AM MST   SUNSET   550 PM MST


-  INDICATES NEGATIVE NUMBERS.
R  INDICATES RECORD WAS SET OR TIED.
MM INDICATES DATA IS MISSING.
T  INDICATES TRACE AMOUNT.




$$
