980
CDUS45 KPUB 141202
CLIALS


CLIMATE REPORT
NATIONAL WEATHER SERVICE PUEBLO
502 AM MST SAT JAN 14 2017


...................................

...THE ALAMOSA CO CLIMATE SUMMARY FOR JANUARY 13 2017...

CLIMATE NORMAL PERIOD 1981 TO 2010
CLIMATE RECORD PERIOD 1932 TO 2017


WEATHER ITEM   OBSERVED TIME   RECORD YEAR NORMAL DEPARTURE LAST
                VALUE   (LST)  VALUE       VALUE  FROM      YEAR
                                                  NORMAL
..................................................................
TEMPERATURE (F)
 YESTERDAY
  MAXIMUM         34    354 PM  52    2000  34      0       25
                                      1980
  MINIMUM         16   1206 AM -41    1963  -2     18      -16
  AVERAGE         25                        16      9        5

PRECIPITATION (IN)
  YESTERDAY        0.00          0.28 1940   0.01  -0.01     0.00
  MONTH TO DATE    0.66                      0.10   0.56     0.55
  SINCE DEC 1      1.74                      0.45   1.29     0.80
  SINCE JAN 1      0.66                      0.10   0.56     0.55

SNOWFALL (IN)
  YESTERDAY        0.0           6.0  1940   0.1   -0.1      0.0
  MONTH TO DATE   11.3                       1.5    9.8      6.4
  SINCE DEC 1     21.5                       6.0   15.5      9.8
  SINCE JUL 1     22.5                      11.8   10.7     14.1
  SNOW DEPTH       3

DEGREE DAYS
 HEATING
  YESTERDAY       40                        49     -9       60
  MONTH TO DATE  624                       637    -13      703
  SINCE DEC 1   2068                      2099    -31     2036
  SINCE JUL 1   3932                      4274   -342     3814

 COOLING
  YESTERDAY        0                         0      0        0
  MONTH TO DATE    0                         0      0        0
  SINCE DEC 1      0                         0      0        0
  SINCE JAN 1      0                         0      0        0
..................................................................


WIND (MPH)
  HIGHEST WIND SPEED     9   HIGHEST WIND DIRECTION    SE (130)
  HIGHEST GUST SPEED    12   HIGHEST GUST DIRECTION    NW (310)
  AVERAGE WIND SPEED     3.5


SKY COVER
  POSSIBLE SUNSHINE  MM
  AVERAGE SKY COVER 0.3


WEATHER CONDITIONS
 THE FOLLOWING WEATHER WAS RECORDED YESTERDAY.
  NO SIGNIFICANT WEATHER WAS OBSERVED.


RELATIVE HUMIDITY (PERCENT)
 HIGHEST    91           700 AM
 LOWEST     61           400 PM
 AVERAGE    76

..........................................................


THE ALAMOSA CO CLIMATE NORMALS FOR TODAY
                         NORMAL    RECORD    YEAR
 MAXIMUM TEMPERATURE (F)   34        54      1969
 MINIMUM TEMPERATURE (F)   -2       -33      1964


SUNRISE AND SUNSET
JANUARY 14 2017.......SUNRISE   717 AM MST   SUNSET   509 PM MST
JANUARY 15 2017.......SUNRISE   717 AM MST   SUNSET   510 PM MST


-  INDICATES NEGATIVE NUMBERS.
R  INDICATES RECORD WAS SET OR TIED.
MM INDICATES DATA IS MISSING.
T  INDICATES TRACE AMOUNT.




$$
