000
CDUS45 KPUB 211132
CLIALS


CLIMATE REPORT
NATIONAL WEATHER SERVICE PUEBLO
432 AM MST SUN DEC 21 2014


...................................

...THE ALAMOSA CO CLIMATE SUMMARY FOR DECEMBER 20 2014...

CLIMATE NORMAL PERIOD 1981 TO 2010
CLIMATE RECORD PERIOD 1932 TO 2014


WEATHER ITEM   OBSERVED TIME   RECORD YEAR NORMAL DEPARTURE LAST
                VALUE   (LST)  VALUE       VALUE  FROM      YEAR
                                                  NORMAL
..................................................................
TEMPERATURE (F)
 YESTERDAY
  MAXIMUM         38    337 PM  56    1981  34      4       34
  MINIMUM          4    245 AM -27    1992   1      3       -4
  AVERAGE         21                        17      4       15

PRECIPITATION (IN)
  YESTERDAY        0.00          0.23 2006   0.01  -0.01     0.00
  MONTH TO DATE    0.16                      0.24  -0.08     0.03
  SINCE DEC 1      0.16                      0.24  -0.08     0.03
  SINCE JAN 1      5.49                      7.20  -1.71    10.04

SNOWFALL (IN)
  YESTERDAY        0.0           4.0  2006   0.1   -0.1      0.0
  MONTH TO DATE    0.9                       3.0   -2.1      0.7
  SINCE DEC 1      0.9                       3.0   -2.1      0.7
  SINCE JUL 1      2.5                       8.8   -6.3     22.3
  SNOW DEPTH       0

DEGREE DAYS
 HEATING
  YESTERDAY       44                        48     -4       50
  MONTH TO DATE  757                       923   -166     1145
  SINCE DEC 1    757                       923   -166     1145
  SINCE JUL 1   2600                      3098   -498     3245

 COOLING
  YESTERDAY        0                         0      0        0
  MONTH TO DATE    0                         0      0        0
  SINCE DEC 1      0                         0      0        0
  SINCE JAN 1     60                        51      9      113
..................................................................


WIND (MPH)
  HIGHEST WIND SPEED     8   HIGHEST WIND DIRECTION     E (70)
  HIGHEST GUST SPEED     9   HIGHEST GUST DIRECTION    NW (310)
  AVERAGE WIND SPEED     2.6


SKY COVER
  POSSIBLE SUNSHINE  MM
  AVERAGE SKY COVER 0.2


WEATHER CONDITIONS
 THE FOLLOWING WEATHER WAS RECORDED YESTERDAY.
  NO SIGNIFICANT WEATHER WAS OBSERVED.


RELATIVE HUMIDITY (PERCENT)
 HIGHEST    88           500 AM
 LOWEST     37           300 PM
 AVERAGE    63

..........................................................


THE ALAMOSA CO CLIMATE NORMALS FOR TODAY
                         NORMAL    RECORD    YEAR
 MAXIMUM TEMPERATURE (F)   34        52      2010
 MINIMUM TEMPERATURE (F)   -1       -28      1967


SUNRISE AND SUNSET
DECEMBER 21 2014......SUNRISE   714 AM MST   SUNSET   449 PM MST
DECEMBER 22 2014......SUNRISE   715 AM MST   SUNSET   450 PM MST


-  INDICATES NEGATIVE NUMBERS.
R  INDICATES RECORD WAS SET OR TIED.
MM INDICATES DATA IS MISSING.
T  INDICATES TRACE AMOUNT.




$$
