000
CDUS45 KPUB 201036
CLIALS


CLIMATE REPORT
NATIONAL WEATHER SERVICE PUEBLO
436 AM MDT MON OCT 20 2014


...................................

...THE ALAMOSA CO CLIMATE SUMMARY FOR OCTOBER 19 2014...

CLIMATE NORMAL PERIOD 1981 TO 2010
CLIMATE RECORD PERIOD 1932 TO 2014


WEATHER ITEM   OBSERVED TIME   RECORD YEAR NORMAL DEPARTURE LAST
                VALUE   (LST)  VALUE       VALUE  FROM      YEAR
                                                  NORMAL
..................................................................
TEMPERATURE (F)
 YESTERDAY
  MAXIMUM         69    258 PM  76    2003  61      8       54
  MINIMUM         35    542 AM   5    1976  23     12       18
  AVERAGE         52                        42     10       36

PRECIPITATION (IN)
  YESTERDAY        0.00          0.42 1990   0.02  -0.02     0.00
  MONTH TO DATE    0.69                      0.42   0.27     0.46
  SINCE SEP 1      1.10                      1.33  -0.23     3.44
  SINCE JAN 1      4.98                      6.28  -1.30     8.31

SNOWFALL (IN)
  YESTERDAY        0.0           0.2  1962   0.1   -0.1      0.0
  MONTH TO DATE    T                         0.8   -0.8      3.5
  SINCE SEP 1      T                         0.8   -0.8      3.5
  SINCE JUL 1      T                         0.8   -0.8      3.5
  SNOW DEPTH       0

DEGREE DAYS
 HEATING
  YESTERDAY       13                        23    -10       29
  MONTH TO DATE  324                       371    -47      406
  SINCE SEP 1    503                       673   -170      628
  SINCE JUL 1    624                       802   -178      703

 COOLING
  YESTERDAY        0                         0      0        0
  MONTH TO DATE    0                         0      0        0
  SINCE SEP 1      0                         0      0       14
  SINCE JAN 1     60                        51      9      113
..................................................................


WIND (MPH)
  HIGHEST WIND SPEED    17   HIGHEST WIND DIRECTION    SE (120)
  HIGHEST GUST SPEED    22   HIGHEST GUST DIRECTION     E (110)
  AVERAGE WIND SPEED     3.8


SKY COVER
  POSSIBLE SUNSHINE  MM
  AVERAGE SKY COVER 0.3


WEATHER CONDITIONS
 THE FOLLOWING WEATHER WAS RECORDED YESTERDAY.
  NO SIGNIFICANT WEATHER WAS OBSERVED.


RELATIVE HUMIDITY (PERCENT)
 HIGHEST    92           600 AM
 LOWEST     22           300 PM
 AVERAGE    57

..........................................................


THE ALAMOSA CO CLIMATE NORMALS FOR TODAY
                         NORMAL    RECORD    YEAR
 MAXIMUM TEMPERATURE (F)   60        75      2003
 MINIMUM TEMPERATURE (F)   23         9      1976
                                             1943


SUNRISE AND SUNSET
OCTOBER 20 2014.......SUNRISE   716 AM MDT   SUNSET   620 PM MDT
OCTOBER 21 2014.......SUNRISE   717 AM MDT   SUNSET   618 PM MDT


-  INDICATES NEGATIVE NUMBERS.
R  INDICATES RECORD WAS SET OR TIED.
MM INDICATES DATA IS MISSING.
T  INDICATES TRACE AMOUNT.




$$
