000
CDUS45 KPUB 250022
CLIALS


CLIMATE REPORT
NATIONAL WEATHER SERVICE PUEBLO
622 PM MDT SUN AUG 24 2014


...................................

...THE ALAMOSA CO CLIMATE SUMMARY FOR AUGUST 24 2014...
VALID TODAY AS OF 0500 PM LOCAL TIME.

CLIMATE NORMAL PERIOD 1981 TO 2010
CLIMATE RECORD PERIOD 1932 TO 2014


WEATHER ITEM   OBSERVED TIME   RECORD YEAR NORMAL DEPARTURE LAST
                VALUE   (LST)  VALUE       VALUE  FROM      YEAR
                                                  NORMAL
..................................................................
TEMPERATURE (F)
 TODAY
  MAXIMUM         79    318 PM  89    2011  79      0       80
  MINIMUM         40    421 AM  33    2002  45     -5       53
  AVERAGE         60                        62     -2       67

PRECIPITATION (IN)
  TODAY            0.00          1.08 1992   0.04  -0.04      T
  MONTH TO DATE    0.51                      0.98  -0.47     2.22
  SINCE JUN 1      2.05                      2.44  -0.39     3.56
  SINCE JAN 1      3.86                      4.66  -0.80     4.62

SNOWFALL (IN)
  TODAY            0.0           0.0  2002   0.0    0.0      0.0
  MONTH TO DATE    0.0                       0.0    0.0      0.0
  SINCE JUN 1      0.0                       0.0    0.0      0.0
  SINCE JUL 1      0.0                       0.0    0.0      0.0
  SNOW DEPTH       0

DEGREE DAYS
 HEATING
  TODAY            5                         4      1        0
  MONTH TO DATE   63                        54      9       47
  SINCE JUN 1    211                       267    -56      177
  SINCE JUL 1     85                        99    -14       75

 COOLING
  TODAY            0                         0      0        2
  MONTH TO DATE    3                        12     -9       22
  SINCE JUN 1     60                        50     10       87
  SINCE JAN 1     60                        50     10       87
..................................................................


WIND (MPH)
  HIGHEST WIND SPEED    20   HIGHEST WIND DIRECTION     S (200)
  HIGHEST GUST SPEED    25   HIGHEST GUST DIRECTION    SW (210)
  AVERAGE WIND SPEED     4.9


SKY COVER
  POSSIBLE SUNSHINE  MM
  AVERAGE SKY COVER 0.1


WEATHER CONDITIONS
 THE FOLLOWING WEATHER WAS RECORDED TODAY.
  NO SIGNIFICANT WEATHER WAS OBSERVED.


RELATIVE HUMIDITY (PERCENT)
 HIGHEST    93           400 AM
 LOWEST     23           400 PM
 AVERAGE    58

..........................................................


THE ALAMOSA CO CLIMATE NORMALS FOR TOMORROW
                         NORMAL    RECORD    YEAR
 MAXIMUM TEMPERATURE (F)   78        87      2002
                                             1936
 MINIMUM TEMPERATURE (F)   45        30      2002
                                             1962


SUNRISE AND SUNSET
AUGUST 24 2014........SUNRISE   627 AM MDT   SUNSET   744 PM MDT
AUGUST 25 2014........SUNRISE   628 AM MDT   SUNSET   742 PM MDT


-  INDICATES NEGATIVE NUMBERS.
R  INDICATES RECORD WAS SET OR TIED.
MM INDICATES DATA IS MISSING.
T  INDICATES TRACE AMOUNT.




$$
