000
CDUS45 KPUB 131156
CLIALS


CLIMATE REPORT
NATIONAL WEATHER SERVICE PUEBLO
456 AM MST SAT JAN 13 2018


...................................

...THE ALAMOSA CO CLIMATE SUMMARY FOR JANUARY 12 2018...

CLIMATE NORMAL PERIOD 1981 TO 2010
CLIMATE RECORD PERIOD 1932 TO 2018


WEATHER ITEM   OBSERVED TIME   RECORD YEAR NORMAL DEPARTURE LAST
                VALUE   (LST)  VALUE       VALUE  FROM      YEAR
                                                  NORMAL
..................................................................
TEMPERATURE (F)
 YESTERDAY
  MAXIMUM         46    147 PM  52    2000  34     12       39
  MINIMUM          2    523 AM -37    1963  -2      4       16
  AVERAGE         24                        16      8       28

PRECIPITATION (IN)
  YESTERDAY        0.00          0.21 2005   0.00   0.00     0.00
  MONTH TO DATE    T                         0.09  -0.09     0.66
  SINCE DEC 1      0.14                      0.44  -0.30     1.74
  SINCE JAN 1      T                         0.09  -0.09     0.66

SNOWFALL (IN)
  YESTERDAY        0.0           2.6  1979   0.1   -0.1      0.0
  MONTH TO DATE    0.0                       1.4   -1.4     11.3
  SINCE DEC 1      1.3                       5.9   -4.6     21.5
  SINCE JUL 1      1.7                      11.7  -10.0     22.5
  SNOW DEPTH       0

DEGREE DAYS
 HEATING
  YESTERDAY       41                        49     -8       37
  MONTH TO DATE  464                       588   -124      584
  SINCE DEC 1   1683                      2050   -367     2028
  SINCE JUL 1   3449                      4225   -776     3892

 COOLING
  YESTERDAY        0                         0      0        0
  MONTH TO DATE    0                         0      0        0
  SINCE DEC 1      0                         0      0        0
  SINCE JAN 1      0                         0      0        0
..................................................................


WIND (MPH)
  HIGHEST WIND SPEED    28   HIGHEST WIND DIRECTION    NW (310)
  HIGHEST GUST SPEED    32   HIGHEST GUST DIRECTION    NW (310)
  AVERAGE WIND SPEED     7.0


SKY COVER
  POSSIBLE SUNSHINE  MM
  AVERAGE SKY COVER 0.1


WEATHER CONDITIONS
 THE FOLLOWING WEATHER WAS RECORDED YESTERDAY.
  NO SIGNIFICANT WEATHER WAS OBSERVED.


RELATIVE HUMIDITY (PERCENT)
 HIGHEST    87           400 AM
 LOWEST     22           300 PM
 AVERAGE    55

..........................................................


THE ALAMOSA CO CLIMATE NORMALS FOR TODAY
                         NORMAL    RECORD    YEAR
 MAXIMUM TEMPERATURE (F)   34        52      2000
                                             1980
 MINIMUM TEMPERATURE (F)   -2       -41      1963


SUNRISE AND SUNSET
JANUARY 13 2018.......SUNRISE   717 AM MST   SUNSET   507 PM MST
JANUARY 14 2018.......SUNRISE   717 AM MST   SUNSET   508 PM MST


-  INDICATES NEGATIVE NUMBERS.
R  INDICATES RECORD WAS SET OR TIED.
MM INDICATES DATA IS MISSING.
T  INDICATES TRACE AMOUNT.




$$
