000
CDUS45 KPUB 061135
CLIALS


CLIMATE REPORT
NATIONAL WEATHER SERVICE PUEBLO
435 AM MST WED DEC 6 2017


...................................

...THE ALAMOSA CO CLIMATE SUMMARY FOR DECEMBER 5 2017...

CLIMATE NORMAL PERIOD 1981 TO 2010
CLIMATE RECORD PERIOD 1932 TO 2017


WEATHER ITEM   OBSERVED TIME   RECORD YEAR NORMAL DEPARTURE LAST
                VALUE   (LST)  VALUE       VALUE  FROM      YEAR
                                                  NORMAL
..................................................................
TEMPERATURE (F)
 YESTERDAY
  MAXIMUM         37    331 PM  59    1958  37      0       45
                                      1939
  MINIMUM         -1    636 AM -26    1964   3     -4        0
  AVERAGE         18                        20     -2       23

PRECIPITATION (IN)
  YESTERDAY        0.00          0.23 1992   0.01  -0.01     0.00
  MONTH TO DATE    0.00                      0.06  -0.06     0.07
  SINCE DEC 1      0.00                      0.06  -0.06     0.07
  SINCE JAN 1     10.55                      7.02   3.53     8.16

SNOWFALL (IN)
  YESTERDAY        0.0           2.5  1969   0.1   -0.1      0.0
  MONTH TO DATE    0.0                       0.7   -0.7      1.4
  SINCE DEC 1      0.0                       0.7   -0.7      1.4
  SINCE JUL 1      0.4                       6.5   -6.1      2.4
  SNOW DEPTH       0

DEGREE DAYS
 HEATING
  YESTERDAY       47                        45      2       42
  MONTH TO DATE  177                       219    -42      244
  SINCE DEC 1    177                       219    -42      244
  SINCE JUL 1   1943                      2394   -451     2108

 COOLING
  YESTERDAY        0                         0      0        0
  MONTH TO DATE    0                         0      0        0
  SINCE DEC 1      0                         0      0        0
  SINCE JAN 1     76                        51     25      115
..................................................................


WIND (MPH)
  HIGHEST WIND SPEED    10   HIGHEST WIND DIRECTION     W (280)
  HIGHEST GUST SPEED    12   HIGHEST GUST DIRECTION     W (280)
  AVERAGE WIND SPEED     4.4


SKY COVER
  POSSIBLE SUNSHINE  MM
  AVERAGE SKY COVER 0.0


WEATHER CONDITIONS
 THE FOLLOWING WEATHER WAS RECORDED YESTERDAY.
  NO SIGNIFICANT WEATHER WAS OBSERVED.


RELATIVE HUMIDITY (PERCENT)
 HIGHEST    72           700 AM
 LOWEST     15           300 PM
 AVERAGE    44

..........................................................


THE ALAMOSA CO CLIMATE NORMALS FOR TODAY
                         NORMAL    RECORD    YEAR
 MAXIMUM TEMPERATURE (F)   37        59      1943
 MINIMUM TEMPERATURE (F)    3       -31      1964


SUNRISE AND SUNSET
DECEMBER  6 2017......SUNRISE   704 AM MST   SUNSET   445 PM MST
DECEMBER  7 2017......SUNRISE   705 AM MST   SUNSET   445 PM MST


-  INDICATES NEGATIVE NUMBERS.
R  INDICATES RECORD WAS SET OR TIED.
MM INDICATES DATA IS MISSING.
T  INDICATES TRACE AMOUNT.




$$
