000
CDUS45 KPUB 241027
CLIALS


CLIMATE REPORT
NATIONAL WEATHER SERVICE PUEBLO
427 AM MDT TUE MAR 24 2015


...................................

...THE ALAMOSA CO CLIMATE SUMMARY FOR MARCH 23 2015...

CLIMATE NORMAL PERIOD 1981 TO 2010
CLIMATE RECORD PERIOD 1932 TO 2015


WEATHER ITEM   OBSERVED TIME   RECORD YEAR NORMAL DEPARTURE LAST
                VALUE   (LST)  VALUE       VALUE  FROM      YEAR
                                                  NORMAL
..................................................................
TEMPERATURE (F)
 YESTERDAY
  MAXIMUM         62    241 PM  70    2012  52     10       54
  MINIMUM         30   1100 PM  -3    1952  19     11       17
  AVERAGE         46                        36     10       36

PRECIPITATION (IN)
  YESTERDAY        0.00          0.50 2001   0.02  -0.02     0.00
  MONTH TO DATE    0.40                      0.38   0.02     0.40
  SINCE MAR 1      0.40                      0.38   0.02     0.40
  SINCE JAN 1      1.74                      0.90   0.84     0.52

SNOWFALL (IN)
  YESTERDAY        0.0           2.3  1973   0.1   -0.1      0.0
  MONTH TO DATE    T                         3.6   -3.6      3.4
  SINCE MAR 1      T                         3.6   -3.6      3.4
  SINCE JUL 1     23.1                      21.7    1.4     31.5
  SNOW DEPTH       0

DEGREE DAYS
 HEATING
  YESTERDAY       19                        29    -10       29
  MONTH TO DATE  625                       750   -125      668
  SINCE MAR 1    625                       750   -125      668
  SINCE JUL 1   6117                      7079   -962     7236

 COOLING
  YESTERDAY        0                         0      0        0
  MONTH TO DATE    0                         0      0        0
  SINCE MAR 1      0                         0      0        0
  SINCE JAN 1      0                         0      0        0
..................................................................


WIND (MPH)
  HIGHEST WIND SPEED    33   HIGHEST WIND DIRECTION     W (250)
  HIGHEST GUST SPEED    44   HIGHEST GUST DIRECTION    SW (240)
  AVERAGE WIND SPEED    12.1


SKY COVER
  POSSIBLE SUNSHINE  MM
  AVERAGE SKY COVER 0.0


WEATHER CONDITIONS
 THE FOLLOWING WEATHER WAS RECORDED YESTERDAY.
  NO SIGNIFICANT WEATHER WAS OBSERVED.


RELATIVE HUMIDITY (PERCENT)
 HIGHEST    64           300 AM
 LOWEST     11           100 PM
 AVERAGE    38

..........................................................


THE ALAMOSA CO CLIMATE NORMALS FOR TODAY
                         NORMAL    RECORD    YEAR
 MAXIMUM TEMPERATURE (F)   53        72      2012
 MINIMUM TEMPERATURE (F)   19        -4      2013


SUNRISE AND SUNSET
MARCH 24 2015.........SUNRISE   701 AM MDT   SUNSET   719 PM MDT
MARCH 25 2015.........SUNRISE   700 AM MDT   SUNSET   720 PM MDT


-  INDICATES NEGATIVE NUMBERS.
R  INDICATES RECORD WAS SET OR TIED.
MM INDICATES DATA IS MISSING.
T  INDICATES TRACE AMOUNT.




$$
