806
CDUS45 KPUB 191151
CLIALS


CLIMATE REPORT
NATIONAL WEATHER SERVICE PUEBLO
451 AM MST THU JAN 19 2017


...................................

...THE ALAMOSA CO CLIMATE SUMMARY FOR JANUARY 18 2017...

CLIMATE NORMAL PERIOD 1981 TO 2010
CLIMATE RECORD PERIOD 1932 TO 2017


WEATHER ITEM   OBSERVED TIME   RECORD YEAR NORMAL DEPARTURE LAST
                VALUE   (LST)  VALUE       VALUE  FROM      YEAR
                                                  NORMAL
..................................................................
TEMPERATURE (F)
 YESTERDAY
  MAXIMUM         29   1254 PM  58    1971  34     -5       34
  MINIMUM         23   1159 PM -30    1984  -2     25      -11
  AVERAGE         26                        16     10       12

PRECIPITATION (IN)
  YESTERDAY        0.00          0.33 1952   0.01  -0.01     0.00
  MONTH TO DATE    1.19                      0.14   1.05     0.55
  SINCE DEC 1      2.27                      0.49   1.78     0.80
  SINCE JAN 1      1.19                      0.14   1.05     0.55

SNOWFALL (IN)
  YESTERDAY        0.0           4.8  1990   0.1   -0.1      0.0
  MONTH TO DATE   17.4                       2.1   15.3      6.4
  SINCE DEC 1     27.6                       6.6   21.0      9.8
  SINCE JUL 1     28.6                      12.4   16.2     14.1
  SNOW DEPTH       5

DEGREE DAYS
 HEATING
  YESTERDAY       39                        49    -10       53
  MONTH TO DATE  809                       882    -73      991
  SINCE DEC 1   2253                      2344    -91     2324
  SINCE JUL 1   4117                      4519   -402     4102

 COOLING
  YESTERDAY        0                         0      0        0
  MONTH TO DATE    0                         0      0        0
  SINCE DEC 1      0                         0      0        0
  SINCE JAN 1      0                         0      0        0
..................................................................


WIND (MPH)
  HIGHEST WIND SPEED     8   HIGHEST WIND DIRECTION     S (180)
  HIGHEST GUST SPEED    10   HIGHEST GUST DIRECTION    SE (150)
  AVERAGE WIND SPEED     2.3


SKY COVER
  POSSIBLE SUNSHINE  MM
  AVERAGE SKY COVER 1.0


WEATHER CONDITIONS
 THE FOLLOWING WEATHER WAS RECORDED YESTERDAY.
  FOG


RELATIVE HUMIDITY (PERCENT)
 HIGHEST   100          1200 AM
 LOWEST     78          1100 AM
 AVERAGE    89

..........................................................


THE ALAMOSA CO CLIMATE NORMALS FOR TODAY
                         NORMAL    RECORD    YEAR
 MAXIMUM TEMPERATURE (F)   34        56      2000
 MINIMUM TEMPERATURE (F)   -2       -40      1984


SUNRISE AND SUNSET
JANUARY 19 2017.......SUNRISE   715 AM MST   SUNSET   514 PM MST
JANUARY 20 2017.......SUNRISE   715 AM MST   SUNSET   515 PM MST


-  INDICATES NEGATIVE NUMBERS.
R  INDICATES RECORD WAS SET OR TIED.
MM INDICATES DATA IS MISSING.
T  INDICATES TRACE AMOUNT.




$$
