000
CDUS45 KPUB 121046
CLIALS


CLIMATE REPORT
NATIONAL WEATHER SERVICE PUEBLO
445 AM MDT FRI SEP 12 2014


...................................

...THE ALAMOSA CO CLIMATE SUMMARY FOR SEPTEMBER 11 2014...

CLIMATE NORMAL PERIOD 1981 TO 2010
CLIMATE RECORD PERIOD 1932 TO 2014


WEATHER ITEM   OBSERVED TIME   RECORD YEAR NORMAL DEPARTURE LAST
                VALUE   (LST)  VALUE       VALUE  FROM      YEAR
                                                  NORMAL
..................................................................
TEMPERATURE (F)
 YESTERDAY
  MAXIMUM         78    301 PM  83    1990  75      3       72
                                      1956
  MINIMUM         35    556 AM  28    1986  39     -4       50
                                      1962
  AVERAGE         57                        57      0       61

PRECIPITATION (IN)
  YESTERDAY        0.00          0.61 1981   0.03  -0.03     0.10
  MONTH TO DATE    0.09                      0.40  -0.31     0.35
  SINCE SEP 1      0.09                      0.40  -0.31     0.35
  SINCE JAN 1      3.97                      5.35  -1.38     5.22

SNOWFALL (IN)
  YESTERDAY        0.0           0.0  2002   0.0    0.0      0.0
  MONTH TO DATE    0.0                       0.0    0.0      0.0
  SINCE SEP 1      0.0                       0.0    0.0      0.0
  SINCE JUL 1      0.0                       0.0    0.0      0.0
  SNOW DEPTH       0

DEGREE DAYS
 HEATING
  YESTERDAY        8                         8      0        4
  MONTH TO DATE   50                        73    -23        9
  SINCE SEP 1     50                        73    -23        9
  SINCE JUL 1    171                       202    -31       84

 COOLING
  YESTERDAY        0                         0      0        0
  MONTH TO DATE    0                         0      0       14
  SINCE SEP 1      0                         0      0       14
  SINCE JAN 1     60                        51      9      113
..................................................................


WIND (MPH)
  HIGHEST WIND SPEED    22   HIGHEST WIND DIRECTION     S (190)
  HIGHEST GUST SPEED    26   HIGHEST GUST DIRECTION     S (200)
  AVERAGE WIND SPEED     6.0


SKY COVER
  POSSIBLE SUNSHINE  MM
  AVERAGE SKY COVER 0.0


WEATHER CONDITIONS
 THE FOLLOWING WEATHER WAS RECORDED YESTERDAY.
  NO SIGNIFICANT WEATHER WAS OBSERVED.


RELATIVE HUMIDITY (PERCENT)
 HIGHEST    82           600 AM
 LOWEST     13           200 PM
 AVERAGE    48

..........................................................


THE ALAMOSA CO CLIMATE NORMALS FOR TODAY
                         NORMAL    RECORD    YEAR
 MAXIMUM TEMPERATURE (F)   74        84      1990
                                             1956
 MINIMUM TEMPERATURE (F)   39        26      1947


SUNRISE AND SUNSET
SEPTEMBER 12 2014.....SUNRISE   643 AM MDT   SUNSET   716 PM MDT
SEPTEMBER 13 2014.....SUNRISE   644 AM MDT   SUNSET   714 PM MDT


-  INDICATES NEGATIVE NUMBERS.
R  INDICATES RECORD WAS SET OR TIED.
MM INDICATES DATA IS MISSING.
T  INDICATES TRACE AMOUNT.




$$
