618
CDUS45 KPUB 241648 CCA
CLIALS

CLIMATE REPORT...COR WEATHER CONDITIONS
NATIONAL WEATHER SERVICE PUEBLO
532 AM MDT SAT SEP 24 2016


...................................

...THE ALAMOSA CO CLIMATE SUMMARY FOR SEPTEMBER 23 2016...

CLIMATE NORMAL PERIOD 1981 TO 2010
CLIMATE RECORD PERIOD 1932 TO 2016


WEATHER ITEM   OBSERVED TIME   RECORD YEAR NORMAL DEPARTURE LAST
                VALUE   (LST)  VALUE       VALUE  FROM      YEAR
                                                  NORMAL
..................................................................
TEMPERATURE (F)
 YESTERDAY
  MAXIMUM         73   1055 AM  84    1944  71      2       73
  MINIMUM         30   1152 PM  19    1946  34     -4       47
  AVERAGE         52                        52      0       60

PRECIPITATION (IN)
  YESTERDAY        0.04          0.81 1941   0.03   0.01     0.23
  MONTH TO DATE    0.26                      0.75  -0.49     0.45
  SINCE SEP 1      0.26                      0.75  -0.49     0.45
  SINCE JAN 1      7.61                      5.70   1.91     7.42

SNOWFALL (IN)
  YESTERDAY        0.0           0.0  2002   0.0    0.0      0.0
  MONTH TO DATE    0.0                       0.0    0.0      0.0
  SINCE SEP 1      0.0                       0.0    0.0      0.0
  SINCE JUL 1      0.0                       0.0    0.0      0.0
  SNOW DEPTH       0

DEGREE DAYS
 HEATING
  YESTERDAY       13                        13      0        5
  MONTH TO DATE  155                       201    -46      136
  SINCE SEP 1    155                       201    -46      136
  SINCE JUL 1    299                       330    -31      228

 COOLING
  YESTERDAY        0                         0      0        0
  MONTH TO DATE    0                         0      0        0
  SINCE SEP 1      0                         0      0        0
  SINCE JAN 1    115                        51     64       74
..................................................................


WIND (MPH)
  HIGHEST WIND SPEED    32   HIGHEST WIND DIRECTION     S (200)
  HIGHEST GUST SPEED    43   HIGHEST GUST DIRECTION     S (200)
  AVERAGE WIND SPEED    15.4


SKY COVER
  POSSIBLE SUNSHINE  MM
  AVERAGE SKY COVER 0.3


WEATHER CONDITIONS
 THE FOLLOWING WEATHER WAS RECORDED YESTERDAY.
  LIGHT RAIN
  RAIN


RELATIVE HUMIDITY (PERCENT)
 HIGHEST   100           900 PM
 LOWEST     27          1100 AM
 AVERAGE    64

..........................................................


THE ALAMOSA CO CLIMATE NORMALS FOR TODAY
                         NORMAL    RECORD    YEAR
 MAXIMUM TEMPERATURE (F)   70        81      1947
 MINIMUM TEMPERATURE (F)   33        21      2006
                                             1946


SUNRISE AND SUNSET
SEPTEMBER 24 2016.....SUNRISE   653 AM MDT   SUNSET   656 PM MDT
SEPTEMBER 25 2016.....SUNRISE   654 AM MDT   SUNSET   655 PM MDT


-  INDICATES NEGATIVE NUMBERS.
R  INDICATES RECORD WAS SET OR TIED.
MM INDICATES DATA IS MISSING.
T  INDICATES TRACE AMOUNT.




$$
