442
CDUS45 KPUB 211044
CLIALS


CLIMATE REPORT
NATIONAL WEATHER SERVICE PUEBLO
443 AM MDT SAT MAY 21 2016


...................................

...THE ALAMOSA CO CLIMATE SUMMARY FOR MAY 20 2016...

CLIMATE NORMAL PERIOD 1981 TO 2010
CLIMATE RECORD PERIOD 1932 TO 2016


WEATHER ITEM   OBSERVED TIME   RECORD YEAR NORMAL DEPARTURE LAST
                VALUE   (LST)  VALUE       VALUE  FROM      YEAR
                                                  NORMAL
..................................................................
TEMPERATURE (F)
 YESTERDAY
  MAXIMUM         72    300 PM  87    2005  70      2       67
  MINIMUM         34    600 AM  20    1960  35     -1       30
  AVERAGE         53                        52      1       49

PRECIPITATION (IN)
  YESTERDAY        0.00          0.34 1941   0.02  -0.02     0.00
  MONTH TO DATE    0.59                      0.39   0.20     1.57
  SINCE MAR 1      2.86                      1.51   1.35     2.40
  SINCE JAN 1      3.84                      2.03   1.81     3.74

SNOWFALL (IN)
  YESTERDAY        0.0           0.3  1957   0.1   -0.1      0.0
  MONTH TO DATE    0.8                       0.9   -0.1       T
  SINCE MAR 1     24.2                       9.5   14.7      0.7
  SINCE JUL 1     43.0                      27.6   15.4     23.8
  SNOW DEPTH       0

DEGREE DAYS
 HEATING
  YESTERDAY       12                        13     -1       16
  MONTH TO DATE  313                       307      6      316
  SINCE MAR 1   1915                      1978    -63     1741
  SINCE JUL 1   7681                      8307   -626     7233

 COOLING
  YESTERDAY        0                         0      0        0
  MONTH TO DATE    0                         0      0        0
  SINCE MAR 1      0                         0      0        0
  SINCE JAN 1      0                         0      0        0
..................................................................


WIND (MPH)
  HIGHEST WIND SPEED    18   HIGHEST WIND DIRECTION    SW (210)
  HIGHEST GUST SPEED    31   HIGHEST GUST DIRECTION     S (190)
  AVERAGE WIND SPEED     8.1


SKY COVER
  POSSIBLE SUNSHINE  MM
  AVERAGE SKY COVER 0.1


WEATHER CONDITIONS
 THE FOLLOWING WEATHER WAS RECORDED YESTERDAY.
  NO SIGNIFICANT WEATHER WAS OBSERVED.


RELATIVE HUMIDITY (PERCENT)
 HIGHEST    96           500 AM
 LOWEST     20           500 PM
 AVERAGE    58

..........................................................


THE ALAMOSA CO CLIMATE NORMALS FOR TODAY
                         NORMAL    RECORD    YEAR
 MAXIMUM TEMPERATURE (F)   71        89      2005
 MINIMUM TEMPERATURE (F)   35        20      1974


SUNRISE AND SUNSET
MAY 21 2016...........SUNRISE   549 AM MDT   SUNSET   811 PM MDT
MAY 22 2016...........SUNRISE   549 AM MDT   SUNSET   812 PM MDT


-  INDICATES NEGATIVE NUMBERS.
R  INDICATES RECORD WAS SET OR TIED.
MM INDICATES DATA IS MISSING.
T  INDICATES TRACE AMOUNT.




$$
