000
CDUS45 KPUB 251233
CLIALS


CLIMATE REPORT
NATIONAL WEATHER SERVICE PUEBLO
505 AM MST WED FEB 25 2015


...................................

...THE ALAMOSA CO CLIMATE SUMMARY FOR FEBRUARY 24 2015...

CLIMATE NORMAL PERIOD 1981 TO 2010
CLIMATE RECORD PERIOD 1932 TO 2015


WEATHER ITEM   OBSERVED TIME   RECORD YEAR NORMAL DEPARTURE LAST
                VALUE   (LST)  VALUE       VALUE  FROM      YEAR
                                                  NORMAL
..................................................................
TEMPERATURE (F)
 YESTERDAY
  MAXIMUM         31    402 PM  60    2009  43    -12       56
                                      1986
                                      1981
  MINIMUM          4   1159 PM -22    1961  10     -6       15
  AVERAGE         18                        26     -8       36

PRECIPITATION (IN)
  YESTERDAY        0.00          0.22 1991   0.01  -0.01     0.00
  MONTH TO DATE    0.89                      0.22   0.67     0.04
  SINCE DEC 1      1.43                      0.83   0.60     0.28
  SINCE JAN 1      1.22                      0.48   0.74     0.11

SNOWFALL (IN)
  YESTERDAY        0.0           4.3  1948   0.2   -0.2      0.0
  MONTH TO DATE   13.6                       3.3   10.3      1.6
  SINCE DEC 1     19.2                      11.8    7.4      6.5
  SINCE JUL 1     20.8                      17.6    3.2     28.1
  SNOW DEPTH       6

DEGREE DAYS
 HEATING
  YESTERDAY       47                        39      8       29
  MONTH TO DATE  847                      1031   -184      908
  SINCE DEC 1   3464                      4003   -539     4353
  SINCE JUL 1   5307                      6178   -871     6453

 COOLING
  YESTERDAY        0                         0      0        0
  MONTH TO DATE    0                         0      0        0
  SINCE DEC 1      0                         0      0        0
  SINCE JAN 1      0                         0      0        0
..................................................................


WIND (MPH)
  HIGHEST WIND SPEED    10   HIGHEST WIND DIRECTION     S (200)
  HIGHEST GUST SPEED    13   HIGHEST GUST DIRECTION    NW (330)
  AVERAGE WIND SPEED     4.0


SKY COVER
  POSSIBLE SUNSHINE  MM
  AVERAGE SKY COVER 0.6


WEATHER CONDITIONS
 THE FOLLOWING WEATHER WAS RECORDED YESTERDAY.
  FOG


RELATIVE HUMIDITY (PERCENT)
 HIGHEST    96           600 AM
 LOWEST     63           300 PM
 AVERAGE    80

..........................................................


THE ALAMOSA CO CLIMATE NORMALS FOR TODAY
                         NORMAL    RECORD    YEAR
 MAXIMUM TEMPERATURE (F)   43        66      1986
 MINIMUM TEMPERATURE (F)   10       -23      1960


SUNRISE AND SUNSET
FEBRUARY 25 2015......SUNRISE   640 AM MST   SUNSET   553 PM MST
FEBRUARY 26 2015......SUNRISE   639 AM MST   SUNSET   554 PM MST


-  INDICATES NEGATIVE NUMBERS.
R  INDICATES RECORD WAS SET OR TIED.
MM INDICATES DATA IS MISSING.
T  INDICATES TRACE AMOUNT.




$$
