666
CDUS45 KPUB 101135
CLIALS


CLIMATE REPORT
NATIONAL WEATHER SERVICE PUEBLO
435 AM MST SUN DEC 10 2017


...................................

...THE ALAMOSA CO CLIMATE SUMMARY FOR DECEMBER 9 2017...

CLIMATE NORMAL PERIOD 1981 TO 2010
CLIMATE RECORD PERIOD 1932 TO 2017


WEATHER ITEM   OBSERVED TIME   RECORD YEAR NORMAL DEPARTURE LAST
                VALUE   (LST)  VALUE       VALUE  FROM      YEAR
                                                  NORMAL
..................................................................
TEMPERATURE (F)
 YESTERDAY
  MAXIMUM         47    249 PM  54    1970  36     11       43
  MINIMUM          2    628 AM -39    1978   2      0        0
  AVERAGE         25                        19      6       22

PRECIPITATION (IN)
  YESTERDAY        0.00          1.03 1943   0.02  -0.02     0.00
  MONTH TO DATE    0.00                      0.11  -0.11     0.07
  SINCE DEC 1      0.00                      0.11  -0.11     0.07
  SINCE JAN 1     10.55                      7.07   3.48     8.16

SNOWFALL (IN)
  YESTERDAY        0.0          10.5  1943   0.1   -0.1      0.0
  MONTH TO DATE    0.0                       1.3   -1.3      1.4
  SINCE DEC 1      0.0                       1.3   -1.3      1.4
  SINCE JUL 1      0.4                       7.1   -6.7      2.4
  SNOW DEPTH       0

DEGREE DAYS
 HEATING
  YESTERDAY       40                        46     -6       43
  MONTH TO DATE  343                       401    -58      439
  SINCE DEC 1    343                       401    -58      439
  SINCE JUL 1   2109                      2576   -467     2303

 COOLING
  YESTERDAY        0                         0      0        0
  MONTH TO DATE    0                         0      0        0
  SINCE DEC 1      0                         0      0        0
  SINCE JAN 1     76                        51     25      115
..................................................................


WIND (MPH)
  HIGHEST WIND SPEED    12   HIGHEST WIND DIRECTION     N (20)
  HIGHEST GUST SPEED    12   HIGHEST GUST DIRECTION     N (20)
  AVERAGE WIND SPEED     2.4


SKY COVER
  POSSIBLE SUNSHINE  MM
  AVERAGE SKY COVER 0.0


WEATHER CONDITIONS
 THE FOLLOWING WEATHER WAS RECORDED YESTERDAY.
  NO SIGNIFICANT WEATHER WAS OBSERVED.


RELATIVE HUMIDITY (PERCENT)
 HIGHEST    79           600 AM
 LOWEST     13           300 PM
 AVERAGE    46

..........................................................


THE ALAMOSA CO CLIMATE NORMALS FOR TODAY
                         NORMAL    RECORD    YEAR
 MAXIMUM TEMPERATURE (F)   36        56      2015
 MINIMUM TEMPERATURE (F)    2       -24      2012
                                             1978


SUNRISE AND SUNSET
DECEMBER 10 2017......SUNRISE   707 AM MST   SUNSET   446 PM MST
DECEMBER 11 2017......SUNRISE   708 AM MST   SUNSET   446 PM MST


-  INDICATES NEGATIVE NUMBERS.
R  INDICATES RECORD WAS SET OR TIED.
MM INDICATES DATA IS MISSING.
T  INDICATES TRACE AMOUNT.




$$
