470
CDUS45 KPUB 241043
CLIALS


CLIMATE REPORT
NATIONAL WEATHER SERVICE PUEBLO
443 AM MDT FRI MAR 24 2017


...................................

...THE ALAMOSA CO CLIMATE SUMMARY FOR MARCH 23 2017...

CLIMATE NORMAL PERIOD 1981 TO 2010
CLIMATE RECORD PERIOD 1932 TO 2017


WEATHER ITEM   OBSERVED TIME   RECORD YEAR NORMAL DEPARTURE LAST
                VALUE   (LST)  VALUE       VALUE  FROM      YEAR
                                                  NORMAL
..................................................................
TEMPERATURE (F)
 YESTERDAY
  MAXIMUM         63   1242 PM  70    2012  52     11       45
  MINIMUM         33   1052 PM  -3    1952  19     14       21
  AVERAGE         48                        36     12       33

PRECIPITATION (IN)
  YESTERDAY        0.05          0.50 2001   0.02   0.03     0.00
  MONTH TO DATE    0.07                      0.38  -0.31      T
  SINCE MAR 1      0.07                      0.38  -0.31      T
  SINCE JAN 1      1.72                      0.90   0.82     0.98

SNOWFALL (IN)
  YESTERDAY        T             2.3  1973   0.1   -0.1      0.0
  MONTH TO DATE    T                         3.6   -3.6      0.0
  SINCE MAR 1      T                         3.6   -3.6      0.0
  SINCE JUL 1     35.5                      21.7   13.8     18.8
  SNOW DEPTH       0

DEGREE DAYS
 HEATING
  YESTERDAY       17                        29    -12       32
  MONTH TO DATE  555                       750   -195      620
  SINCE MAR 1    555                       750   -195      620
  SINCE JUL 1   6344                      7079   -735     6386

 COOLING
  YESTERDAY        0                         0      0        0
  MONTH TO DATE    0                         0      0        0
  SINCE MAR 1      0                         0      0        0
  SINCE JAN 1      0                         0      0        0
..................................................................


WIND (MPH)
  HIGHEST WIND SPEED    36   HIGHEST WIND DIRECTION     S (200)
  HIGHEST GUST SPEED    46   HIGHEST GUST DIRECTION     S (200)
  AVERAGE WIND SPEED    14.6


SKY COVER
  POSSIBLE SUNSHINE  MM
  AVERAGE SKY COVER 0.3


WEATHER CONDITIONS
 THE FOLLOWING WEATHER WAS RECORDED YESTERDAY.
  LIGHT RAIN
  LIGHT SNOW
  FOG


RELATIVE HUMIDITY (PERCENT)
 HIGHEST    92           800 PM
 LOWEST     13           100 PM
 AVERAGE    53

..........................................................


THE ALAMOSA CO CLIMATE NORMALS FOR TODAY
                         NORMAL    RECORD    YEAR
 MAXIMUM TEMPERATURE (F)   53        72      2012
 MINIMUM TEMPERATURE (F)   19        -4      2013


SUNRISE AND SUNSET
MARCH 24 2017.........SUNRISE   700 AM MDT   SUNSET   719 PM MDT
MARCH 25 2017.........SUNRISE   659 AM MDT   SUNSET   720 PM MDT


-  INDICATES NEGATIVE NUMBERS.
R  INDICATES RECORD WAS SET OR TIED.
MM INDICATES DATA IS MISSING.
T  INDICATES TRACE AMOUNT.




$$
