000
CDUS45 KPUB 221132
CLIALS


CLIMATE REPORT
NATIONAL WEATHER SERVICE PUEBLO
432 AM MST THU JAN 22 2015


...................................

...THE ALAMOSA CO CLIMATE SUMMARY FOR JANUARY 21 2015...

CLIMATE NORMAL PERIOD 1981 TO 2010
CLIMATE RECORD PERIOD 1932 TO 2015


WEATHER ITEM   OBSERVED TIME   RECORD YEAR NORMAL DEPARTURE LAST
                VALUE   (LST)  VALUE       VALUE  FROM      YEAR
                                                  NORMAL
..................................................................
TEMPERATURE (F)
 YESTERDAY
  MAXIMUM         34    105 PM  60    1950  35     -1       29
  MINIMUM         17   1022 PM -34    1984  -2     19       -9
  AVERAGE         26                        16     10       10

PRECIPITATION (IN)
  YESTERDAY        0.01          0.35 2010   0.01   0.00     0.00
  MONTH TO DATE    0.09                      0.17  -0.08      T
  SINCE DEC 1      0.30                      0.52  -0.22     0.17
  SINCE JAN 1      0.09                      0.17  -0.08      T

SNOWFALL (IN)
  YESTERDAY        0.0           3.5  2010   0.1   -0.1      0.0
  MONTH TO DATE    0.7                       2.5   -1.8       T
  SINCE DEC 1      3.0                       7.0   -4.0      4.0
  SINCE JUL 1      4.6                      12.8   -8.2     25.6
  SNOW DEPTH       0

DEGREE DAYS
 HEATING
  YESTERDAY       39                        49    -10       55
  MONTH TO DATE  862                      1029   -167     1153
  SINCE DEC 1   2171                      2491   -320     2936
  SINCE JUL 1   4014                      4666   -652     5036

 COOLING
  YESTERDAY        0                         0      0        0
  MONTH TO DATE    0                         0      0        0
  SINCE DEC 1      0                         0      0        0
  SINCE JAN 1      0                         0      0        0
..................................................................


WIND (MPH)
  HIGHEST WIND SPEED    32   HIGHEST WIND DIRECTION     E (110)
  HIGHEST GUST SPEED    42   HIGHEST GUST DIRECTION     E (100)
  AVERAGE WIND SPEED    11.0


SKY COVER
  POSSIBLE SUNSHINE  MM
  AVERAGE SKY COVER 0.7


WEATHER CONDITIONS
 THE FOLLOWING WEATHER WAS RECORDED YESTERDAY.
  LIGHT SNOW
  FOG


RELATIVE HUMIDITY (PERCENT)
 HIGHEST    80          1000 PM
 LOWEST     56           100 PM
 AVERAGE    68

..........................................................


THE ALAMOSA CO CLIMATE NORMALS FOR TODAY
                         NORMAL    RECORD    YEAR
 MAXIMUM TEMPERATURE (F)   35        58      1951
 MINIMUM TEMPERATURE (F)   -2       -31      1959


SUNRISE AND SUNSET
JANUARY 22 2015.......SUNRISE   714 AM MST   SUNSET   517 PM MST
JANUARY 23 2015.......SUNRISE   713 AM MST   SUNSET   518 PM MST


-  INDICATES NEGATIVE NUMBERS.
R  INDICATES RECORD WAS SET OR TIED.
MM INDICATES DATA IS MISSING.
T  INDICATES TRACE AMOUNT.




$$
