000
CDUS45 KPUB 271050
CLIALS


CLIMATE REPORT
NATIONAL WEATHER SERVICE PUEBLO
450 AM MDT SUN JUL 27 2014


...................................

...THE ALAMOSA CO CLIMATE SUMMARY FOR JULY 26 2014...

CLIMATE NORMAL PERIOD 1981 TO 2010
CLIMATE RECORD PERIOD 1932 TO 2014


WEATHER ITEM   OBSERVED TIME   RECORD YEAR NORMAL DEPARTURE LAST
                VALUE   (LST)  VALUE       VALUE  FROM      YEAR
                                                  NORMAL
..................................................................
TEMPERATURE (F)
 YESTERDAY
  MAXIMUM         88R  1252 PM  88    2011  82      6       82
                                      2003
                                      1995
  MINIMUM         48    516 AM  39    1944  48      0       47
  AVERAGE         68                        65      3       65

PRECIPITATION (IN)
  YESTERDAY        0.02          0.99 1968   0.03  -0.01     0.00
  MONTH TO DATE    0.78                      0.79  -0.01     0.52
  SINCE JUN 1      0.80                      1.28  -0.48     1.06
  SINCE JAN 1      2.61                      3.50  -0.89     2.12

SNOWFALL (IN)
  YESTERDAY        0.0           0.0  2002   0.0    0.0      0.0
                                      2001
  MONTH TO DATE    0.0                       0.0    0.0      0.0
  SINCE JUN 1      0.0                       0.0    0.0      0.0
  SINCE JUL 1      0.0                       0.0    0.0      0.0
  SNOW DEPTH       0

DEGREE DAYS
 HEATING
  YESTERDAY        0                         1     -1        0
  MONTH TO DATE   14                        35    -21       18
  SINCE JUN 1    140                       203    -63      120
  SINCE JUL 1     14                        35    -21       18

 COOLING
  YESTERDAY        3                         1      2        0
  MONTH TO DATE   51                        26     25       49
  SINCE JUN 1     52                        32     20       65
  SINCE JAN 1     52                        32     20       65
..................................................................


WIND (MPH)
  HIGHEST WIND SPEED    26   HIGHEST WIND DIRECTION    NW (320)
  HIGHEST GUST SPEED    33   HIGHEST GUST DIRECTION    NW (320)
  AVERAGE WIND SPEED     6.3


SKY COVER
  POSSIBLE SUNSHINE  MM
  AVERAGE SKY COVER 0.2


WEATHER CONDITIONS
 THE FOLLOWING WEATHER WAS RECORDED YESTERDAY.
  THUNDERSTORM
  LIGHT RAIN


RELATIVE HUMIDITY (PERCENT)
 HIGHEST    93           400 AM
 LOWEST     18           100 PM
 AVERAGE    56

..........................................................


THE ALAMOSA CO CLIMATE NORMALS FOR TODAY
                         NORMAL    RECORD    YEAR
 MAXIMUM TEMPERATURE (F)   82        90      1960
 MINIMUM TEMPERATURE (F)   48        33      1993


SUNRISE AND SUNSET
JULY 27 2014..........SUNRISE   604 AM MDT   SUNSET   816 PM MDT
JULY 28 2014..........SUNRISE   604 AM MDT   SUNSET   815 PM MDT


-  INDICATES NEGATIVE NUMBERS.
R  INDICATES RECORD WAS SET OR TIED.
MM INDICATES DATA IS MISSING.
T  INDICATES TRACE AMOUNT.




$$
