000
CDUS45 KPUB 131047
CLIALS


CLIMATE REPORT
NATIONAL WEATHER SERVICE PUEBLO
447 AM MDT FRI OCT 13 2017


...................................

...THE ALAMOSA CO CLIMATE SUMMARY FOR OCTOBER 12 2017...

CLIMATE NORMAL PERIOD 1981 TO 2010
CLIMATE RECORD PERIOD 1932 TO 2017


WEATHER ITEM   OBSERVED TIME   RECORD YEAR NORMAL DEPARTURE LAST
                VALUE   (LST)  VALUE       VALUE  FROM      YEAR
                                                  NORMAL
..................................................................
TEMPERATURE (F)
 YESTERDAY
  MAXIMUM         71    151 PM  79    1950  63      8       70
  MINIMUM         29    627 AM   3    1969  26      3       22
  AVERAGE         50                        45      5       46

PRECIPITATION (IN)
  YESTERDAY        0.00          0.46 1953   0.02  -0.02     0.00
  MONTH TO DATE    0.05                      0.26  -0.21     0.02
  SINCE SEP 1      1.80                      1.17   0.63     0.30
  SINCE JAN 1     10.49                      6.12   4.37     7.65

SNOWFALL (IN)
  YESTERDAY        0.0           5.4  1969   0.0    0.0      0.0
  MONTH TO DATE    T                         0.3   -0.3      0.0
  SINCE SEP 1      T                         0.3   -0.3      0.0
  SINCE JUL 1      T                         0.3   -0.3      0.0
  SNOW DEPTH       0

DEGREE DAYS
 HEATING
  YESTERDAY       15                        20     -5       19
  MONTH TO DATE  203                       218    -15      224
  SINCE SEP 1    448                       520    -72      475
  SINCE JUL 1    547                       649   -102      619

 COOLING
  YESTERDAY        0                         0      0        0
  MONTH TO DATE    0                         0      0        0
  SINCE SEP 1      0                         0      0        0
  SINCE JAN 1     76                        51     25      115
..................................................................


WIND (MPH)
  HIGHEST WIND SPEED    31   HIGHEST WIND DIRECTION    SW (230)
  HIGHEST GUST SPEED    38   HIGHEST GUST DIRECTION    SW (230)
  AVERAGE WIND SPEED    11.5


SKY COVER
  POSSIBLE SUNSHINE  MM
  AVERAGE SKY COVER 0.0


WEATHER CONDITIONS
 THE FOLLOWING WEATHER WAS RECORDED YESTERDAY.
  NO SIGNIFICANT WEATHER WAS OBSERVED.


RELATIVE HUMIDITY (PERCENT)
 HIGHEST    85           600 AM
 LOWEST     21           400 PM
 AVERAGE    53

..........................................................


THE ALAMOSA CO CLIMATE NORMALS FOR TODAY
                         NORMAL    RECORD    YEAR
 MAXIMUM TEMPERATURE (F)   63        77      2015
 MINIMUM TEMPERATURE (F)   26         0      1969


SUNRISE AND SUNSET
OCTOBER 13 2017.......SUNRISE   710 AM MDT   SUNSET   629 PM MDT
OCTOBER 14 2017.......SUNRISE   711 AM MDT   SUNSET   627 PM MDT


-  INDICATES NEGATIVE NUMBERS.
R  INDICATES RECORD WAS SET OR TIED.
MM INDICATES DATA IS MISSING.
T  INDICATES TRACE AMOUNT.




$$
