199
CDUS45 KPUB 202325
CLIALS


CLIMATE REPORT
NATIONAL WEATHER SERVICE PUEBLO
525 PM MDT MON MAR 20 2017


...................................

...THE ALAMOSA CO CLIMATE SUMMARY FOR MARCH 20 2017...
VALID TODAY AS OF 0500 PM LOCAL TIME.

CLIMATE NORMAL PERIOD 1981 TO 2010
CLIMATE RECORD PERIOD 1932 TO 2017


WEATHER ITEM   OBSERVED TIME   RECORD YEAR NORMAL DEPARTURE LAST
                VALUE   (LST)  VALUE       VALUE  FROM      YEAR
                                                  NORMAL
..................................................................
TEMPERATURE (F)
 TODAY
  MAXIMUM         71    134 PM  72    2004  52     19       57
  MINIMUM         23    608 AM  -5    1964  18      5       10
  AVERAGE         47                        35     12       34

PRECIPITATION (IN)
  TODAY            0.00          0.29 1970   0.02  -0.02     0.00
  MONTH TO DATE    0.02                      0.32  -0.30      T
  SINCE MAR 1      0.02                      0.32  -0.30      T
  SINCE JAN 1      1.67                      0.84   0.83     0.98

SNOWFALL (IN)
  TODAY            0.0           4.8  1970   0.1   -0.1      0.0
  MONTH TO DATE    T                         3.1   -3.1      0.0
  SINCE MAR 1      T                         3.1   -3.1      0.0
  SINCE JUL 1     35.5                      21.2   14.3     18.8
  SNOW DEPTH       0

DEGREE DAYS
 HEATING
  TODAY           18                        30    -12       31
  MONTH TO DATE  505                       661   -156      548
  SINCE MAR 1    505                       661   -156      548
  SINCE JUL 1   6294                      6990   -696     6314

 COOLING
  TODAY            0                         0      0        0
  MONTH TO DATE    0                         0      0        0
  SINCE MAR 1      0                         0      0        0
  SINCE JAN 1      0                         0      0        0
..................................................................


WIND (MPH)
  HIGHEST WIND SPEED    23   HIGHEST WIND DIRECTION    SW (240)
  HIGHEST GUST SPEED    30   HIGHEST GUST DIRECTION    SW (230)
  AVERAGE WIND SPEED     7.0


SKY COVER
  POSSIBLE SUNSHINE  MM
  AVERAGE SKY COVER 0.0


WEATHER CONDITIONS
 THE FOLLOWING WEATHER WAS RECORDED TODAY.
  NO SIGNIFICANT WEATHER WAS OBSERVED.


RELATIVE HUMIDITY (PERCENT)
 HIGHEST    75           400 AM
 LOWEST      9           400 PM
 AVERAGE    42

..........................................................


THE ALAMOSA CO CLIMATE NORMALS FOR TOMORROW
                         NORMAL    RECORD    YEAR
 MAXIMUM TEMPERATURE (F)   52        72      1997
 MINIMUM TEMPERATURE (F)   19         0      1950


SUNRISE AND SUNSET
MARCH 20 2017.........SUNRISE   707 AM MDT   SUNSET   716 PM MDT
MARCH 21 2017.........SUNRISE   705 AM MDT   SUNSET   717 PM MDT


-  INDICATES NEGATIVE NUMBERS.
R  INDICATES RECORD WAS SET OR TIED.
MM INDICATES DATA IS MISSING.
T  INDICATES TRACE AMOUNT.




$$
