000
CDUS45 KPUB 201049
CLIALS


CLIMATE REPORT
NATIONAL WEATHER SERVICE PUEBLO
448 AM MDT SUN JUL 20 2014


...................................

...THE ALAMOSA CO CLIMATE SUMMARY FOR JULY 19 2014...

CLIMATE NORMAL PERIOD 1981 TO 2010
CLIMATE RECORD PERIOD 1932 TO 2014


WEATHER ITEM   OBSERVED TIME   RECORD YEAR NORMAL DEPARTURE LAST
                VALUE   (LST)  VALUE       VALUE  FROM      YEAR
                                                  NORMAL
..................................................................
TEMPERATURE (F)
 YESTERDAY
  MAXIMUM         81    233 PM  92    2005  82     -1       83
  MINIMUM         47    509 AM  37    1992  48     -1       46
  AVERAGE         64                        65     -1       65

PRECIPITATION (IN)
  YESTERDAY        0.01          1.49 2007   0.03  -0.02     0.09
  MONTH TO DATE    0.68                      0.56   0.12     0.52
  SINCE JUN 1      0.70                      1.05  -0.35     1.06
  SINCE JAN 1      2.51                      3.27  -0.76     2.12

SNOWFALL (IN)
  YESTERDAY        0.0           0.0  2002   0.0    0.0      0.0
                                      2001
  MONTH TO DATE    0.0                       0.0    0.0      0.0
  SINCE JUN 1      0.0                       0.0    0.0      0.0
  SINCE JUL 1      0.0                       0.0    0.0      0.0
  SNOW DEPTH       0

DEGREE DAYS
 HEATING
  YESTERDAY        1                         1      0        0
  MONTH TO DATE   14                        28    -14       18
  SINCE JUN 1    140                       196    -56      120
  SINCE JUL 1     14                        28    -14       18

 COOLING
  YESTERDAY        0                         1     -1        0
  MONTH TO DATE   25                        19      6       27
  SINCE JUN 1     26                        25      1       43
  SINCE JAN 1     26                        25      1       43
..................................................................


WIND (MPH)
  HIGHEST WIND SPEED    32   HIGHEST WIND DIRECTION    NW (320)
  HIGHEST GUST SPEED    41   HIGHEST GUST DIRECTION    NW (310)
  AVERAGE WIND SPEED     6.2


SKY COVER
  POSSIBLE SUNSHINE  MM
  AVERAGE SKY COVER 0.2


WEATHER CONDITIONS
 THE FOLLOWING WEATHER WAS RECORDED YESTERDAY.
  LIGHT RAIN


RELATIVE HUMIDITY (PERCENT)
 HIGHEST    89          1100 PM
 LOWEST     31           300 PM
 AVERAGE    60

..........................................................


THE ALAMOSA CO CLIMATE NORMALS FOR TODAY
                         NORMAL    RECORD    YEAR
 MAXIMUM TEMPERATURE (F)   82        92      2005
 MINIMUM TEMPERATURE (F)   48        39      1987


SUNRISE AND SUNSET
JULY 20 2014..........SUNRISE   558 AM MDT   SUNSET   821 PM MDT
JULY 21 2014..........SUNRISE   559 AM MDT   SUNSET   820 PM MDT


-  INDICATES NEGATIVE NUMBERS.
R  INDICATES RECORD WAS SET OR TIED.
MM INDICATES DATA IS MISSING.
T  INDICATES TRACE AMOUNT.




$$
