000
CDUS45 KPUB 121205
CLIALS


CLIMATE REPORT
NATIONAL WEATHER SERVICE PUEBLO
505 AM MST THU JAN 12 2017


...................................

...THE ALAMOSA CO CLIMATE SUMMARY FOR JANUARY 11 2017...

CLIMATE NORMAL PERIOD 1981 TO 2010
CLIMATE RECORD PERIOD 1932 TO 2017


WEATHER ITEM   OBSERVED TIME   RECORD YEAR NORMAL DEPARTURE LAST
                VALUE   (LST)  VALUE       VALUE  FROM      YEAR
                                                  NORMAL
..................................................................
TEMPERATURE (F)
 YESTERDAY
  MAXIMUM         41   1239 PM  58    2000  34      7       13
  MINIMUM         25   1134 PM -28    1975  -2     27      -26
  AVERAGE         33                        16     17       -6

PRECIPITATION (IN)
  YESTERDAY        0.00          0.05 1963   0.01  -0.01     0.00
  MONTH TO DATE    0.66                      0.09   0.57     0.55
  SINCE DEC 1      1.74                      0.44   1.30     0.80
  SINCE JAN 1      0.66                      0.09   0.57     0.55

SNOWFALL (IN)
  YESTERDAY        0.0           0.6  1968   0.1   -0.1      0.0
  MONTH TO DATE   11.3                       1.3   10.0      6.4
  SINCE DEC 1     21.5                       5.8   15.7      9.8
  SINCE JUL 1     22.5                      11.6   10.9     14.1
  SNOW DEPTH       4

DEGREE DAYS
 HEATING
  YESTERDAY       32                        49    -17       71
  MONTH TO DATE  547                       539      8      578
  SINCE DEC 1   1991                      2001    -10     1911
  SINCE JUL 1   3855                      4176   -321     3689

 COOLING
  YESTERDAY        0                         0      0        0
  MONTH TO DATE    0                         0      0        0
  SINCE DEC 1      0                         0      0        0
  SINCE JAN 1      0                         0      0        0
..................................................................


WIND (MPH)
  HIGHEST WIND SPEED    38   HIGHEST WIND DIRECTION    SW (230)
  HIGHEST GUST SPEED    53   HIGHEST GUST DIRECTION    SW (230)
  AVERAGE WIND SPEED    18.3


SKY COVER
  POSSIBLE SUNSHINE  MM
  AVERAGE SKY COVER 0.1


WEATHER CONDITIONS
 THE FOLLOWING WEATHER WAS RECORDED YESTERDAY.
  NO SIGNIFICANT WEATHER WAS OBSERVED.


RELATIVE HUMIDITY (PERCENT)
 HIGHEST    85          1000 PM
 LOWEST     40          1100 AM
 AVERAGE    63

..........................................................


THE ALAMOSA CO CLIMATE NORMALS FOR TODAY
                         NORMAL    RECORD    YEAR
 MAXIMUM TEMPERATURE (F)   34        52      2000
 MINIMUM TEMPERATURE (F)   -2       -37      1963


SUNRISE AND SUNSET
JANUARY 12 2017.......SUNRISE   718 AM MST   SUNSET   507 PM MST
JANUARY 13 2017.......SUNRISE   717 AM MST   SUNSET   508 PM MST


-  INDICATES NEGATIVE NUMBERS.
R  INDICATES RECORD WAS SET OR TIED.
MM INDICATES DATA IS MISSING.
T  INDICATES TRACE AMOUNT.




$$
