000
CDUS45 KPUB 122322
CLIALS


CLIMATE REPORT
NATIONAL WEATHER SERVICE PUEBLO
522 PM MDT SAT APR 12 2014


...................................

...THE ALAMOSA CO CLIMATE SUMMARY FOR APRIL 12 2014...
VALID TODAY AS OF 0500 PM LOCAL TIME.

CLIMATE NORMAL PERIOD 1981 TO 2010
CLIMATE RECORD PERIOD 1932 TO 2014


WEATHER ITEM   OBSERVED TIME   RECORD YEAR NORMAL DEPARTURE LAST
                VALUE   (LST)  VALUE       VALUE  FROM      YEAR
                                                  NORMAL
..................................................................
TEMPERATURE (F)
 TODAY
  MAXIMUM         64    309 PM  73    2006  58      6       57
  MINIMUM         31    519 AM   5    1997  23      8       24
  AVERAGE         48                        41      7       41

PRECIPITATION (IN)
  TODAY            T             0.66 1987   0.01  -0.01     0.00
  MONTH TO DATE    0.43                      0.22   0.21     0.20
  SINCE MAR 1      0.83                      0.75   0.08     0.54
  SINCE JAN 1      0.95                      1.27  -0.32     0.76

SNOWFALL (IN)
  TODAY            0.0           7.1  2009   0.1   -0.1      0.0
  MONTH TO DATE    3.2                       1.7    1.5      1.5
  SINCE MAR 1      6.6                       6.7   -0.1      4.9
  SINCE JUL 1     34.7                      24.8    9.9     20.4
  SNOW DEPTH       0

DEGREE DAYS
 HEATING
  TODAY           17                        24     -7       24
  MONTH TO DATE  287                       309    -22      291
  SINCE MAR 1   1162                      1286   -124     1250
  SINCE JUL 1   7730                      7615    115     8037

 COOLING
  TODAY            0                         0      0        0
  MONTH TO DATE    0                         0      0        0
  SINCE MAR 1      0                         0      0        0
  SINCE JAN 1      0                         0      0        0
..................................................................


WIND (MPH)
  HIGHEST WIND SPEED    40   HIGHEST WIND DIRECTION    SW (230)
  HIGHEST GUST SPEED    48   HIGHEST GUST DIRECTION    SW (220)
  AVERAGE WIND SPEED    10.7


SKY COVER
  POSSIBLE SUNSHINE  MM
  AVERAGE SKY COVER 0.2


WEATHER CONDITIONS
 THE FOLLOWING WEATHER WAS RECORDED TODAY.
  THUNDERSTORM
  LIGHT RAIN
  HAZE


RELATIVE HUMIDITY (PERCENT)
 HIGHEST    43           600 AM
 LOWEST     17          1000 AM
 AVERAGE    30

..........................................................


THE ALAMOSA CO CLIMATE NORMALS FOR TOMORROW
                         NORMAL    RECORD    YEAR
 MAXIMUM TEMPERATURE (F)   59        75      2006
 MINIMUM TEMPERATURE (F)   24         6      2007


SUNRISE AND SUNSET
APRIL 12 2014.........SUNRISE   633 AM MDT   SUNSET   736 PM MDT
APRIL 13 2014.........SUNRISE   631 AM MDT   SUNSET   737 PM MDT


-  INDICATES NEGATIVE NUMBERS.
R  INDICATES RECORD WAS SET OR TIED.
MM INDICATES DATA IS MISSING.
T  INDICATES TRACE AMOUNT.




$$
