000
CDUS45 KPUB 151158
CLIALS


CLIMATE REPORT
NATIONAL WEATHER SERVICE PUEBLO
456 AM MST MON DEC 15 2014


...................................

...THE ALAMOSA CO CLIMATE SUMMARY FOR DECEMBER 14 2014...

CLIMATE NORMAL PERIOD 1981 TO 2010
CLIMATE RECORD PERIOD 1932 TO 2014


WEATHER ITEM   OBSERVED TIME   RECORD YEAR NORMAL DEPARTURE LAST
                VALUE   (LST)  VALUE       VALUE  FROM      YEAR
                                                  NORMAL
..................................................................
TEMPERATURE (F)
 YESTERDAY
  MAXIMUM         41    326 PM  54    2010  35      6       26
  MINIMUM         12   1140 PM -42    1964   1     11      -12
  AVERAGE         27                        18      9        7

PRECIPITATION (IN)
  YESTERDAY        0.03          0.27 1984   0.01   0.02     0.00
  MONTH TO DATE    0.13                      0.17  -0.04     0.03
  SINCE DEC 1      0.13                      0.17  -0.04     0.03
  SINCE JAN 1      5.46                      7.13  -1.67    10.04

SNOWFALL (IN)
  YESTERDAY        T             3.0  2012   0.2   -0.2      0.0
  MONTH TO DATE    0.3                       2.1   -1.8      0.7
  SINCE DEC 1      0.3                       2.1   -1.8      0.7
  SINCE JUL 1      1.9                       7.9   -6.0     22.3
  SNOW DEPTH       T

DEGREE DAYS
 HEATING
  YESTERDAY       38                        47     -9       58
  MONTH TO DATE  492                       635   -143      832
  SINCE DEC 1    492                       635   -143      832
  SINCE JUL 1   2335                      2810   -475     2932

 COOLING
  YESTERDAY        0                         0      0        0
  MONTH TO DATE    0                         0      0        0
  SINCE DEC 1      0                         0      0        0
  SINCE JAN 1     60                        51      9      113
..................................................................


WIND (MPH)
  HIGHEST WIND SPEED    26   HIGHEST WIND DIRECTION     N (340)
  HIGHEST GUST SPEED    32   HIGHEST GUST DIRECTION     N (340)
  AVERAGE WIND SPEED    10.2


SKY COVER
  POSSIBLE SUNSHINE  MM
  AVERAGE SKY COVER 0.6


WEATHER CONDITIONS
 THE FOLLOWING WEATHER WAS RECORDED YESTERDAY.
  LIGHT SNOW
  FOG
  HAZE


RELATIVE HUMIDITY (PERCENT)
 HIGHEST    92           300 AM
 LOWEST     34           300 PM
 AVERAGE    63

..........................................................


THE ALAMOSA CO CLIMATE NORMALS FOR TODAY
                         NORMAL    RECORD    YEAR
 MAXIMUM TEMPERATURE (F)   35        57      1977
 MINIMUM TEMPERATURE (F)    0       -32      1964


SUNRISE AND SUNSET
DECEMBER 15 2014......SUNRISE   711 AM MST   SUNSET   447 PM MST
DECEMBER 16 2014......SUNRISE   711 AM MST   SUNSET   447 PM MST


-  INDICATES NEGATIVE NUMBERS.
R  INDICATES RECORD WAS SET OR TIED.
MM INDICATES DATA IS MISSING.
T  INDICATES TRACE AMOUNT.




$$
