000
CDUS45 KPUB 142325
CLIALS


CLIMATE REPORT
NATIONAL WEATHER SERVICE PUEBLO
525 PM MDT SAT OCT 14 2017


...................................

...THE ALAMOSA CO CLIMATE SUMMARY FOR OCTOBER 14 2017...
VALID TODAY AS OF 0500 PM LOCAL TIME.

CLIMATE NORMAL PERIOD 1981 TO 2010
CLIMATE RECORD PERIOD 1932 TO 2017


WEATHER ITEM   OBSERVED TIME   RECORD YEAR NORMAL DEPARTURE LAST
                VALUE   (LST)  VALUE       VALUE  FROM      YEAR
                                                  NORMAL
..................................................................
TEMPERATURE (F)
 TODAY
  MAXIMUM         68   1239 PM  77    2016  63      5       77
  MINIMUM         40    528 AM  13    1951  25     15       25
  AVERAGE         54                        44     10       51

PRECIPITATION (IN)
  TODAY            0.00          0.50 1947   0.02  -0.02     0.00
  MONTH TO DATE    0.05                      0.30  -0.25     0.02
  SINCE SEP 1      1.80                      1.21   0.59     0.30
  SINCE JAN 1     10.49                      6.16   4.33     7.65

SNOWFALL (IN)
  TODAY            0.0           3.7  1984   0.0    0.0      0.0
  MONTH TO DATE    T                         0.4   -0.4      0.0
  SINCE SEP 1      T                         0.4   -0.4      0.0
  SINCE JUL 1      T                         0.4   -0.4      0.0
  SNOW DEPTH      MM

DEGREE DAYS
 HEATING
  TODAY           11                        21    -10       14
  MONTH TO DATE  229                       260    -31      252
  SINCE SEP 1    474                       562    -88      503
  SINCE JUL 1    573                       691   -118      647

 COOLING
  TODAY            0                         0      0        0
  MONTH TO DATE    0                         0      0        0
  SINCE SEP 1      0                         0      0        0
  SINCE JAN 1     76                        51     25      115
..................................................................


WIND (MPH)
  HIGHEST WIND SPEED    36   HIGHEST WIND DIRECTION     W (250)
  HIGHEST GUST SPEED    43   HIGHEST GUST DIRECTION     W (250)
  AVERAGE WIND SPEED    17.9


SKY COVER
  POSSIBLE SUNSHINE  MM
  AVERAGE SKY COVER 0.0


WEATHER CONDITIONS
 THE FOLLOWING WEATHER WAS RECORDED TODAY.
  NO SIGNIFICANT WEATHER WAS OBSERVED.


RELATIVE HUMIDITY (PERCENT)
 HIGHEST    53           200 AM
 LOWEST      7          1100 AM
 AVERAGE    30

..........................................................


THE ALAMOSA CO CLIMATE NORMALS FOR TOMORROW
                         NORMAL    RECORD    YEAR
 MAXIMUM TEMPERATURE (F)   62        78      2016
 MINIMUM TEMPERATURE (F)   25        11      1966
                                             1952


SUNRISE AND SUNSET
OCTOBER 14 2017.......SUNRISE   711 AM MDT   SUNSET   627 PM MDT
OCTOBER 15 2017.......SUNRISE   712 AM MDT   SUNSET   626 PM MDT


-  INDICATES NEGATIVE NUMBERS.
R  INDICATES RECORD WAS SET OR TIED.
MM INDICATES DATA IS MISSING.
T  INDICATES TRACE AMOUNT.




$$
