730
CDUS45 KPUB 152321
CLIALS


CLIMATE REPORT
NATIONAL WEATHER SERVICE PUEBLO
521 PM MDT FRI MAY 15 2015


...................................

...THE ALAMOSA CO CLIMATE SUMMARY FOR MAY 15 2015...
VALID TODAY AS OF 0500 PM LOCAL TIME.

CLIMATE NORMAL PERIOD 1981 TO 2010
CLIMATE RECORD PERIOD 1932 TO 2015


WEATHER ITEM   OBSERVED TIME   RECORD YEAR NORMAL DEPARTURE LAST
                VALUE   (LST)  VALUE       VALUE  FROM      YEAR
                                                  NORMAL
..................................................................
TEMPERATURE (F)
 TODAY
  MAXIMUM         56   1049 AM  82    1996  69    -13       66
                                      1988
  MINIMUM         37    128 AM  19    1998  33      4       26
                                      1943
  AVERAGE         47                        51     -4       46

PRECIPITATION (IN)
  TODAY            0.06          0.52 1980   0.02   0.04     0.00
  MONTH TO DATE    0.58                      0.31   0.27     0.10
  SINCE MAR 1      1.41                      1.43  -0.02     1.56
  SINCE JAN 1      2.75                      1.95   0.80     1.68

SNOWFALL (IN)
  TODAY            0.0           0.3  1980   0.0    0.0      0.0
  MONTH TO DATE    T                         0.8   -0.8      1.3
  SINCE MAR 1      0.7                       9.4   -8.7     11.7
  SINCE JUL 1     23.8                      27.5   -3.7     39.8
  SNOW DEPTH       0

DEGREE DAYS
 HEATING
  TODAY           18                        14      4       19
  MONTH TO DATE  227                       241    -14      294
  SINCE MAR 1   1652                      1912   -260     1835
  SINCE JUL 1   7144                      8241  -1097     8403

 COOLING
  TODAY            0                         0      0        0
  MONTH TO DATE    0                         0      0        0
  SINCE MAR 1      0                         0      0        0
  SINCE JAN 1      0                         0      0        0
..................................................................


WIND (MPH)
  HIGHEST WIND SPEED    30   HIGHEST WIND DIRECTION    SW (230)
  HIGHEST GUST SPEED    36   HIGHEST GUST DIRECTION    SW (240)
  AVERAGE WIND SPEED    12.0


SKY COVER
  POSSIBLE SUNSHINE  MM
  AVERAGE SKY COVER 0.4


WEATHER CONDITIONS
 THE FOLLOWING WEATHER WAS RECORDED TODAY.
  THUNDERSTORM
  HEAVY RAIN
  LIGHT RAIN
  FOG


RELATIVE HUMIDITY (PERCENT)
 HIGHEST    82           900 AM
 LOWEST     41          1100 AM
 AVERAGE    62

..........................................................


THE ALAMOSA CO CLIMATE NORMALS FOR TOMORROW
                         NORMAL    RECORD    YEAR
 MAXIMUM TEMPERATURE (F)   69        83      1996
 MINIMUM TEMPERATURE (F)   34        23      1951
                                             1943


SUNRISE AND SUNSET
MAY 15 2015...........SUNRISE   555 AM MDT   SUNSET   806 PM MDT
MAY 16 2015...........SUNRISE   554 AM MDT   SUNSET   806 PM MDT


-  INDICATES NEGATIVE NUMBERS.
R  INDICATES RECORD WAS SET OR TIED.
MM INDICATES DATA IS MISSING.
T  INDICATES TRACE AMOUNT.




$$
