000
CDUS45 KPUB 121132
CLIALS


CLIMATE REPORT
NATIONAL WEATHER SERVICE PUEBLO
432 AM MST MON FEB 12 2018


...................................

...THE ALAMOSA CO CLIMATE SUMMARY FOR FEBRUARY 11 2018...

CLIMATE NORMAL PERIOD 1981 TO 2010
CLIMATE RECORD PERIOD 1932 TO 2018


WEATHER ITEM   OBSERVED TIME   RECORD YEAR NORMAL DEPARTURE LAST
                VALUE   (LST)  VALUE       VALUE  FROM      YEAR
                                                  NORMAL
..................................................................
TEMPERATURE (F)
 YESTERDAY
  MAXIMUM         29    459 PM  64    1951  39    -10       49
  MINIMUM         -9    706 AM -24    1939   4    -13       33
  AVERAGE         10                        21    -11       41

PRECIPITATION (IN)
  YESTERDAY        0.06          0.16 1948   0.01   0.05     0.00
  MONTH TO DATE    0.21                      0.10   0.11     0.00
  SINCE DEC 1      0.43                      0.71  -0.28     2.44
  SINCE JAN 1      0.29                      0.36  -0.07     1.36

SNOWFALL (IN)
  YESTERDAY        1.1           3.7  1948   0.2    0.9      0.0
  MONTH TO DATE    2.9                       1.6    1.3      0.0
  SINCE DEC 1      5.7                      10.1   -4.4     32.1
  SINCE JUL 1      6.1                      15.9   -9.8     33.1
  SNOW DEPTH       3

DEGREE DAYS
 HEATING
  YESTERDAY       55                        44     11       24
  MONTH TO DATE  382                       498   -116      411
  SINCE DEC 1   2877                      3470   -593     3348
  SINCE JUL 1   4643                      5645  -1002     5212

 COOLING
  YESTERDAY        0                         0      0        0
  MONTH TO DATE    0                         0      0        0
  SINCE DEC 1      0                         0      0        0
  SINCE JAN 1      0                         0      0        0
..................................................................


WIND (MPH)
  HIGHEST WIND SPEED    14   HIGHEST WIND DIRECTION     E (90)
  HIGHEST GUST SPEED    17   HIGHEST GUST DIRECTION     E (80)
  AVERAGE WIND SPEED     4.9


SKY COVER
  POSSIBLE SUNSHINE  MM
  AVERAGE SKY COVER 0.3


WEATHER CONDITIONS
 THE FOLLOWING WEATHER WAS RECORDED YESTERDAY.
  LIGHT SNOW
  FOG
  FOG W/VISIBILITY <= 1/4 MILE


RELATIVE HUMIDITY (PERCENT)
 HIGHEST   100           400 AM
 LOWEST     39           400 PM
 AVERAGE    70

..........................................................


THE ALAMOSA CO CLIMATE NORMALS FOR TODAY
                         NORMAL    RECORD    YEAR
 MAXIMUM TEMPERATURE (F)   39        59      1990
 MINIMUM TEMPERATURE (F)    4       -33      1948


SUNRISE AND SUNSET
FEBRUARY 12 2018......SUNRISE   656 AM MST   SUNSET   540 PM MST
FEBRUARY 13 2018......SUNRISE   655 AM MST   SUNSET   541 PM MST


-  INDICATES NEGATIVE NUMBERS.
R  INDICATES RECORD WAS SET OR TIED.
MM INDICATES DATA IS MISSING.
T  INDICATES TRACE AMOUNT.




$$
