000
CDUS45 KPUB 222334
CLIALS


CLIMATE REPORT
NATIONAL WEATHER SERVICE PUEBLO
534 PM MDT SUN MAY 22 2016


...................................

...THE ALAMOSA CO CLIMATE SUMMARY FOR MAY 22 2016...
VALID TODAY AS OF 0500 PM LOCAL TIME.

CLIMATE NORMAL PERIOD 1981 TO 2010
CLIMATE RECORD PERIOD 1932 TO 2016


WEATHER ITEM   OBSERVED TIME   RECORD YEAR NORMAL DEPARTURE LAST
                VALUE   (LST)  VALUE       VALUE  FROM      YEAR
                                                  NORMAL
..................................................................
TEMPERATURE (F)
 TODAY
  MAXIMUM         72    359 PM  87    2005  71      1       65
  MINIMUM         42    142 AM  22    1974  35      7       36
  AVERAGE         57                        53      4       51

PRECIPITATION (IN)
  TODAY            0.00          0.27 2009   0.01  -0.01     0.03
  MONTH TO DATE    0.59                      0.42   0.17     1.60
  SINCE MAR 1      2.86                      1.54   1.32     2.43
  SINCE JAN 1      3.84                      2.06   1.78     3.77

SNOWFALL (IN)
  TODAY            0.0           T    1957   0.0    0.0      0.0
  MONTH TO DATE    0.8                       0.9   -0.1       T
  SINCE MAR 1     24.2                       9.5   14.7      0.7
  SINCE JUL 1     43.0                      27.6   15.4     23.8
  SNOW DEPTH       0

DEGREE DAYS
 HEATING
  TODAY            8                        12     -4       14
  MONTH TO DATE  331                       331      0      341
  SINCE MAR 1   1933                      2002    -69     1766
  SINCE JUL 1   7699                      8331   -632     7258

 COOLING
  TODAY            0                         0      0        0
  MONTH TO DATE    0                         0      0        0
  SINCE MAR 1      0                         0      0        0
  SINCE JAN 1      0                         0      0        0
..................................................................


WIND (MPH)
  HIGHEST WIND SPEED    32   HIGHEST WIND DIRECTION    SW (240)
  HIGHEST GUST SPEED    39   HIGHEST GUST DIRECTION     S (200)
  AVERAGE WIND SPEED    15.8


SKY COVER
  POSSIBLE SUNSHINE  MM
  AVERAGE SKY COVER 0.0


WEATHER CONDITIONS
 THE FOLLOWING WEATHER WAS RECORDED TODAY.
  NO SIGNIFICANT WEATHER WAS OBSERVED.


RELATIVE HUMIDITY (PERCENT)
 HIGHEST    49           200 AM
 LOWEST     16          1200 PM
 AVERAGE    33

..........................................................


THE ALAMOSA CO CLIMATE NORMALS FOR TOMORROW
                         NORMAL    RECORD    YEAR
 MAXIMUM TEMPERATURE (F)   71        87      2005
 MINIMUM TEMPERATURE (F)   35        23      1975
                                             1972


SUNRISE AND SUNSET
MAY 22 2016...........SUNRISE   549 AM MDT   SUNSET   812 PM MDT
MAY 23 2016...........SUNRISE   548 AM MDT   SUNSET   813 PM MDT


-  INDICATES NEGATIVE NUMBERS.
R  INDICATES RECORD WAS SET OR TIED.
MM INDICATES DATA IS MISSING.
T  INDICATES TRACE AMOUNT.




$$
