000
CDUS45 KPUB 111035
CLIALS


CLIMATE REPORT
NATIONAL WEATHER SERVICE PUEBLO
434 AM MDT WED OCT 11 2017


...................................

...THE ALAMOSA CO CLIMATE SUMMARY FOR OCTOBER 10 2017...

CLIMATE NORMAL PERIOD 1981 TO 2010
CLIMATE RECORD PERIOD 1932 TO 2017


WEATHER ITEM   OBSERVED TIME   RECORD YEAR NORMAL DEPARTURE LAST
                VALUE   (LST)  VALUE       VALUE  FROM      YEAR
                                                  NORMAL
..................................................................
TEMPERATURE (F)
 YESTERDAY
  MAXIMUM         56    436 PM  77    1991  64     -8       70
  MINIMUM         15R   626 AM  15    1982  27    -12       21
  AVERAGE         36                        45     -9       46

PRECIPITATION (IN)
  YESTERDAY        0.00          0.76 1985   0.02  -0.02     0.00
  MONTH TO DATE    0.05                      0.21  -0.16     0.02
  SINCE SEP 1      1.80                      1.12   0.68     0.30
  SINCE JAN 1     10.49                      6.07   4.42     7.65

SNOWFALL (IN)
  YESTERDAY        0.0           7.8  1973   0.1   -0.1      0.0
  MONTH TO DATE    T                         0.3   -0.3      0.0
  SINCE SEP 1      T                         0.3   -0.3      0.0
  SINCE JUL 1      T                         0.3   -0.3      0.0
  SNOW DEPTH       0

DEGREE DAYS
 HEATING
  YESTERDAY       29                        20      9       19
  MONTH TO DATE  166                       178    -12      190
  SINCE SEP 1    411                       480    -69      441
  SINCE JUL 1    510                       609    -99      585

 COOLING
  YESTERDAY        0                         0      0        0
  MONTH TO DATE    0                         0      0        0
  SINCE SEP 1      0                         0      0        0
  SINCE JAN 1     76                        51     25      115
..................................................................


WIND (MPH)
  HIGHEST WIND SPEED     9   HIGHEST WIND DIRECTION     W (270)
  HIGHEST GUST SPEED    10   HIGHEST GUST DIRECTION     N (360)
  AVERAGE WIND SPEED     2.9


SKY COVER
  POSSIBLE SUNSHINE  MM
  AVERAGE SKY COVER 0.0


WEATHER CONDITIONS
 THE FOLLOWING WEATHER WAS RECORDED YESTERDAY.
  FOG


RELATIVE HUMIDITY (PERCENT)
 HIGHEST    92           100 AM
 LOWEST     24           300 PM
 AVERAGE    58

..........................................................


THE ALAMOSA CO CLIMATE NORMALS FOR TODAY
                         NORMAL    RECORD    YEAR
 MAXIMUM TEMPERATURE (F)   64        78      1950
 MINIMUM TEMPERATURE (F)   26        -8      1946


SUNRISE AND SUNSET
OCTOBER 11 2017.......SUNRISE   708 AM MDT   SUNSET   631 PM MDT
OCTOBER 12 2017.......SUNRISE   709 AM MDT   SUNSET   630 PM MDT


-  INDICATES NEGATIVE NUMBERS.
R  INDICATES RECORD WAS SET OR TIED.
MM INDICATES DATA IS MISSING.
T  INDICATES TRACE AMOUNT.




$$
