000
CDUS45 KPUB 210029
CLIALS


CLIMATE REPORT
NATIONAL WEATHER SERVICE PUEBLO
629 PM MDT TUE SEP 20 2016


...................................

...THE ALAMOSA CO CLIMATE SUMMARY FOR SEPTEMBER 20 2016...
VALID TODAY AS OF 0500 PM LOCAL TIME.

CLIMATE NORMAL PERIOD 1981 TO 2010
CLIMATE RECORD PERIOD 1932 TO 2016


WEATHER ITEM   OBSERVED TIME   RECORD YEAR NORMAL DEPARTURE LAST
                VALUE   (LST)  VALUE       VALUE  FROM      YEAR
                                                  NORMAL
..................................................................
TEMPERATURE (F)
 TODAY
  MAXIMUM         79    314 PM  84    2014  72      7       78
  MINIMUM         37    618 AM  20    1971  35      2       33
  AVERAGE         58                        53      5       56

PRECIPITATION (IN)
  TODAY            0.00          0.76 1997   0.02  -0.02     0.00
  MONTH TO DATE    0.15                      0.66  -0.51     0.03
  SINCE SEP 1      0.15                      0.66  -0.51     0.03
  SINCE JAN 1      7.50                      5.61   1.89     7.00

SNOWFALL (IN)
  TODAY            0.0           0.0  2002   0.0    0.0      0.0
  MONTH TO DATE    0.0                       0.0    0.0      0.0
  SINCE SEP 1      0.0                       0.0    0.0      0.0
  SINCE JUL 1      0.0                       0.0    0.0      0.0
  SNOW DEPTH       0

DEGREE DAYS
 HEATING
  TODAY            7                        12     -5        9
  MONTH TO DATE  140                       164    -24      119
  SINCE SEP 1    140                       164    -24      119
  SINCE JUL 1    284                       293     -9      211

 COOLING
  TODAY            0                         0      0        0
  MONTH TO DATE    0                         0      0        0
  SINCE SEP 1      0                         0      0        0
  SINCE JAN 1    115                        51     64       74
..................................................................


WIND (MPH)
  HIGHEST WIND SPEED    23   HIGHEST WIND DIRECTION     S (160)
  HIGHEST GUST SPEED    29   HIGHEST GUST DIRECTION     S (170)
  AVERAGE WIND SPEED     3.6


SKY COVER
  POSSIBLE SUNSHINE  MM
  AVERAGE SKY COVER 0.1


WEATHER CONDITIONS
 THE FOLLOWING WEATHER WAS RECORDED TODAY.
  NO SIGNIFICANT WEATHER WAS OBSERVED.


RELATIVE HUMIDITY (PERCENT)
 HIGHEST    70           600 AM
 LOWEST     11           300 PM
 AVERAGE    41

..........................................................


THE ALAMOSA CO CLIMATE NORMALS FOR TOMORROW
                         NORMAL    RECORD    YEAR
 MAXIMUM TEMPERATURE (F)   71        82      2010
 MINIMUM TEMPERATURE (F)   35        17      1978


SUNRISE AND SUNSET
SEPTEMBER 20 2016.....SUNRISE   650 AM MDT   SUNSET   703 PM MDT
SEPTEMBER 21 2016.....SUNRISE   651 AM MDT   SUNSET   701 PM MDT


-  INDICATES NEGATIVE NUMBERS.
R  INDICATES RECORD WAS SET OR TIED.
MM INDICATES DATA IS MISSING.
T  INDICATES TRACE AMOUNT.




$$
