000
CDUS45 KPUB 262321
CLIALS


CLIMATE REPORT
NATIONAL WEATHER SERVICE PUEBLO
521 PM MDT FRI JUN 26 2015


...................................

...THE ALAMOSA CO CLIMATE SUMMARY FOR JUNE 26 2015...
VALID TODAY AS OF 0500 PM LOCAL TIME.

CLIMATE NORMAL PERIOD 1981 TO 2010
CLIMATE RECORD PERIOD 1932 TO 2015


WEATHER ITEM   OBSERVED TIME   RECORD YEAR NORMAL DEPARTURE LAST
                VALUE   (LST)  VALUE       VALUE  FROM      YEAR
                                                  NORMAL
..................................................................
TEMPERATURE (F)
 TODAY
  MAXIMUM         89    345 PM  95    1994  81      8       88
  MINIMUM         45    504 AM  33    1965  43      2       40
  AVERAGE         67                        62      5       64

PRECIPITATION (IN)
  TODAY            0.00          0.55 1977   0.02  -0.02     0.00
  MONTH TO DATE    1.14                      0.41   0.73     0.01
  SINCE JUN 1      1.14                      0.41   0.73     0.01
  SINCE JAN 1      5.08                      2.63   2.45     1.82

SNOWFALL (IN)
  TODAY            0.0           0.0  2002   0.0    0.0      0.0
  MONTH TO DATE    0.0                       0.0    0.0      0.0
  SINCE JUN 1      0.0                       0.0    0.0      0.0
  SINCE JUL 1     23.8                      27.6   -3.8     39.8
  SNOW DEPTH       0

DEGREE DAYS
 HEATING
  TODAY            0                         3     -3        1
  MONTH TO DATE   76                       157    -81      120
  SINCE JUN 1     76                       157    -81      120
  SINCE JUL 1   7457                      8583  -1126     8666

 COOLING
  TODAY            2                         0      2        0
  MONTH TO DATE   16                         0     16        0
  SINCE JUN 1     16                         0     16        0
  SINCE JAN 1     16                         0     16        0
..................................................................


WIND (MPH)
  HIGHEST WIND SPEED    16   HIGHEST WIND DIRECTION     N (20)
  HIGHEST GUST SPEED    25   HIGHEST GUST DIRECTION     N (20)
  AVERAGE WIND SPEED     4.7


SKY COVER
  POSSIBLE SUNSHINE  MM
  AVERAGE SKY COVER 0.0


WEATHER CONDITIONS
 THE FOLLOWING WEATHER WAS RECORDED TODAY.
  NO SIGNIFICANT WEATHER WAS OBSERVED.


RELATIVE HUMIDITY (PERCENT)
 HIGHEST    82           500 AM
 LOWEST     13           400 PM
 AVERAGE    48

..........................................................


THE ALAMOSA CO CLIMATE NORMALS FOR TOMORROW
                         NORMAL    RECORD    YEAR
 MAXIMUM TEMPERATURE (F)   82        94      2013
 MINIMUM TEMPERATURE (F)   44        30      1945


SUNRISE AND SUNSET
JUNE 26 2015..........SUNRISE   544 AM MDT   SUNSET   828 PM MDT
JUNE 27 2015..........SUNRISE   544 AM MDT   SUNSET   828 PM MDT


-  INDICATES NEGATIVE NUMBERS.
R  INDICATES RECORD WAS SET OR TIED.
MM INDICATES DATA IS MISSING.
T  INDICATES TRACE AMOUNT.




$$
