000
CDUS45 KPUB 230031
CLIALS


CLIMATE REPORT
NATIONAL WEATHER SERVICE PUEBLO
631 PM MDT MON AUG 22 2016


...................................

...THE ALAMOSA CO CLIMATE SUMMARY FOR AUGUST 22 2016...
VALID TODAY AS OF 0500 PM LOCAL TIME.

CLIMATE NORMAL PERIOD 1981 TO 2010
CLIMATE RECORD PERIOD 1932 TO 2016


WEATHER ITEM   OBSERVED TIME   RECORD YEAR NORMAL DEPARTURE LAST
                VALUE   (LST)  VALUE       VALUE  FROM      YEAR
                                                  NORMAL
..................................................................
TEMPERATURE (F)
 TODAY
  MAXIMUM         74   1258 PM  89    1945  79     -5       84
  MINIMUM         43    559 AM  32    1964  45     -2       40
  AVERAGE         59                        62     -3       62

PRECIPITATION (IN)
  TODAY            0.00          0.51 2014   0.04  -0.04     0.00
  MONTH TO DATE    1.89                      0.90   0.99     0.16
  SINCE JUN 1      2.71                      2.36   0.35     2.69
  SINCE JAN 1      7.08                      4.58   2.50     6.63

SNOWFALL (IN)
  TODAY            0.0           0.0  2002   0.0    0.0      0.0
  MONTH TO DATE    0.0                       0.0    0.0      0.0
  SINCE JUN 1      0.0                       0.0    0.0      0.0
  SINCE JUL 1      0.0                       0.0    0.0      0.0
  SNOW DEPTH       0

DEGREE DAYS
 HEATING
  TODAY            6                         3      3        3
  MONTH TO DATE   51                        47      4       30
  SINCE JUN 1    120                       260   -140      150
  SINCE JUL 1     64                        92    -28       74

 COOLING
  TODAY            0                         0      0        0
  MONTH TO DATE    9                        12     -3       24
  SINCE JUN 1    115                        50     65       73
  SINCE JAN 1    115                        50     65       73
..................................................................


WIND (MPH)
  HIGHEST WIND SPEED    21   HIGHEST WIND DIRECTION     S (200)
  HIGHEST GUST SPEED    25   HIGHEST GUST DIRECTION    SW (210)
  AVERAGE WIND SPEED     5.2


SKY COVER
  POSSIBLE SUNSHINE  MM
  AVERAGE SKY COVER 0.1


WEATHER CONDITIONS
 THE FOLLOWING WEATHER WAS RECORDED TODAY.
  NO SIGNIFICANT WEATHER WAS OBSERVED.


RELATIVE HUMIDITY (PERCENT)
 HIGHEST   100           500 AM
 LOWEST     29           100 PM
 AVERAGE    65

..........................................................


THE ALAMOSA CO CLIMATE NORMALS FOR TOMORROW
                         NORMAL    RECORD    YEAR
 MAXIMUM TEMPERATURE (F)   79        89      1938
 MINIMUM TEMPERATURE (F)   45        35      1941
                                             1934


SUNRISE AND SUNSET
AUGUST 22 2016........SUNRISE   626 AM MDT   SUNSET   746 PM MDT
AUGUST 23 2016........SUNRISE   627 AM MDT   SUNSET   744 PM MDT


-  INDICATES NEGATIVE NUMBERS.
R  INDICATES RECORD WAS SET OR TIED.
MM INDICATES DATA IS MISSING.
T  INDICATES TRACE AMOUNT.




$$
