000
CDUS45 KPUB 170021
CLIALS


CLIMATE REPORT
NATIONAL WEATHER SERVICE PUEBLO
621 PM MDT SAT AUG 16 2014


...................................

...THE ALAMOSA CO CLIMATE SUMMARY FOR AUGUST 16 2014...
VALID TODAY AS OF 0500 PM LOCAL TIME.

CLIMATE NORMAL PERIOD 1981 TO 2010
CLIMATE RECORD PERIOD 1932 TO 2014


WEATHER ITEM   OBSERVED TIME   RECORD YEAR NORMAL DEPARTURE LAST
                VALUE   (LST)  VALUE       VALUE  FROM      YEAR
                                                  NORMAL
..................................................................
TEMPERATURE (F)
 TODAY
  MAXIMUM         84    159 PM  89    2002  80      4       85
  MINIMUM         40    535 AM  34    1978  46     -6       41
  AVERAGE         62                        63     -1       63

PRECIPITATION (IN)
  TODAY            0.00          0.41 2008   0.04  -0.04     0.00
  MONTH TO DATE    T                         0.65  -0.65     2.16
  SINCE JUN 1      1.54                      2.11  -0.57     3.50
  SINCE JAN 1      3.35                      4.33  -0.98     4.56

SNOWFALL (IN)
  TODAY            0.0           0.0  2002   0.0    0.0      0.0
  MONTH TO DATE    0.0                       0.0    0.0      0.0
  SINCE JUN 1      0.0                       0.0    0.0      0.0
  SINCE JUL 1      0.0                       0.0    0.0      0.0
  SNOW DEPTH       0

DEGREE DAYS
 HEATING
  TODAY            3                         2      1        2
  MONTH TO DATE   36                        29      7       46
  SINCE JUN 1    184                       242    -58      176
  SINCE JUL 1     58                        74    -16       74

 COOLING
  TODAY            0                         0      0        0
  MONTH TO DATE    1                        12    -11        8
  SINCE JUN 1     58                        50      8       73
  SINCE JAN 1     58                        50      8       73
..................................................................


WIND (MPH)
  HIGHEST WIND SPEED    17   HIGHEST WIND DIRECTION    NE (60)
  HIGHEST GUST SPEED    21   HIGHEST GUST DIRECTION    NE (60)
  AVERAGE WIND SPEED     5.0


SKY COVER
  POSSIBLE SUNSHINE  MM
  AVERAGE SKY COVER 0.0


WEATHER CONDITIONS
 THE FOLLOWING WEATHER WAS RECORDED TODAY.
  NO SIGNIFICANT WEATHER WAS OBSERVED.


RELATIVE HUMIDITY (PERCENT)
 HIGHEST    89           500 AM
 LOWEST     16           200 PM
 AVERAGE    53

..........................................................


THE ALAMOSA CO CLIMATE NORMALS FOR TOMORROW
                         NORMAL    RECORD    YEAR
 MAXIMUM TEMPERATURE (F)   80        91      2002
 MINIMUM TEMPERATURE (F)   46        33      2009


SUNRISE AND SUNSET
AUGUST 16 2014........SUNRISE   620 AM MDT   SUNSET   754 PM MDT
AUGUST 17 2014........SUNRISE   621 AM MDT   SUNSET   753 PM MDT


-  INDICATES NEGATIVE NUMBERS.
R  INDICATES RECORD WAS SET OR TIED.
MM INDICATES DATA IS MISSING.
T  INDICATES TRACE AMOUNT.




$$
