000
CDUS45 KPUB 150021
CLIALS


CLIMATE REPORT
NATIONAL WEATHER SERVICE PUEBLO
521 PM MST TUE FEB 14 2017


...................................

...THE ALAMOSA CO CLIMATE SUMMARY FOR FEBRUARY 14 2017...
VALID TODAY AS OF 0500 PM LOCAL TIME.

CLIMATE NORMAL PERIOD 1981 TO 2010
CLIMATE RECORD PERIOD 1932 TO 2017


WEATHER ITEM   OBSERVED TIME   RECORD YEAR NORMAL DEPARTURE LAST
                VALUE   (LST)  VALUE       VALUE  FROM      YEAR
                                                  NORMAL
..................................................................
TEMPERATURE (F)
 TODAY
  MAXIMUM         35    442 PM  61    1957  40     -5       52
  MINIMUM         14    716 AM -26    1963   5      9       18
  AVERAGE         25                        22      3       35

PRECIPITATION (IN)
  TODAY            0.00          0.19 2002   0.01  -0.01     0.00
  MONTH TO DATE    0.27                      0.12   0.15     0.15
  SINCE DEC 1      2.71                      0.73   1.98     0.98
  SINCE JAN 1      1.63                      0.38   1.25     0.73

SNOWFALL (IN)
  TODAY            0.0           2.8  2002   0.2   -0.2      0.0
  MONTH TO DATE    2.1                       2.0    0.1      1.7
  SINCE DEC 1     34.2                      10.5   23.7     12.1
  SINCE JUL 1     35.2                      16.3   18.9     16.4
  SNOW DEPTH       1

DEGREE DAYS
 HEATING
  TODAY           40                        43     -3       30
  MONTH TO DATE  511                       627   -116      600
  SINCE DEC 1   3448                      3599   -151     3536
  SINCE JUL 1   5312                      5774   -462     5314

 COOLING
  TODAY            0                         0      0        0
  MONTH TO DATE    0                         0      0        0
  SINCE DEC 1      0                         0      0        0
  SINCE JAN 1      0                         0      0        0
..................................................................


WIND (MPH)
  HIGHEST WIND SPEED    14   HIGHEST WIND DIRECTION    NE (40)
  HIGHEST GUST SPEED    17   HIGHEST GUST DIRECTION    NE (40)
  AVERAGE WIND SPEED     5.2


SKY COVER
  POSSIBLE SUNSHINE  MM
  AVERAGE SKY COVER 0.4


WEATHER CONDITIONS
 THE FOLLOWING WEATHER WAS RECORDED TODAY.
  NO SIGNIFICANT WEATHER WAS OBSERVED.


RELATIVE HUMIDITY (PERCENT)
 HIGHEST    88           700 AM
 LOWEST     51           300 PM
 AVERAGE    70

..........................................................


THE ALAMOSA CO CLIMATE NORMALS FOR TOMORROW
                         NORMAL    RECORD    YEAR
 MAXIMUM TEMPERATURE (F)   40        62      2014
 MINIMUM TEMPERATURE (F)    6       -19      1948


SUNRISE AND SUNSET
FEBRUARY 14 2017......SUNRISE   653 AM MST   SUNSET   542 PM MST
FEBRUARY 15 2017......SUNRISE   652 AM MST   SUNSET   543 PM MST


-  INDICATES NEGATIVE NUMBERS.
R  INDICATES RECORD WAS SET OR TIED.
MM INDICATES DATA IS MISSING.
T  INDICATES TRACE AMOUNT.




$$
