000
CDUS45 KPUB 251030
CLIALS


CLIMATE REPORT
NATIONAL WEATHER SERVICE PUEBLO
429 AM MDT MON APR 25 2016


...................................

...THE ALAMOSA CO CLIMATE SUMMARY FOR APRIL 24 2016...

CLIMATE NORMAL PERIOD 1981 TO 2010
CLIMATE RECORD PERIOD 1932 TO 2016


WEATHER ITEM   OBSERVED TIME   RECORD YEAR NORMAL DEPARTURE LAST
                VALUE   (LST)  VALUE       VALUE  FROM      YEAR
                                                  NORMAL
..................................................................
TEMPERATURE (F)
 YESTERDAY
  MAXIMUM         66    303 PM  79    2012  62      4       55
  MINIMUM         25    513 AM  12    1970  27     -2       26
  AVERAGE         46                        44      2       41

PRECIPITATION (IN)
  YESTERDAY        0.00          0.70 1942   0.02  -0.02      T
  MONTH TO DATE    1.29                      0.47   0.82     0.21
  SINCE MAR 1      1.81                      1.00   0.81     0.61
  SINCE JAN 1      2.79                      1.52   1.27     1.95

SNOWFALL (IN)
  YESTERDAY        0.0           4.8  1980   0.1   -0.1      0.0
  MONTH TO DATE   12.6                       3.1    9.5      0.7
  SINCE MAR 1     20.8                       8.1   12.7      0.7
  SINCE JUL 1     39.6                      26.2   13.4     23.8
  SNOW DEPTH       0

DEGREE DAYS
 HEATING
  YESTERDAY       19                        21     -2       24
  MONTH TO DATE  550                       578    -28      521
  SINCE MAR 1   1467                      1555    -88     1306
  SINCE JUL 1   7233                      7884   -651     6798

 COOLING
  YESTERDAY        0                         0      0        0
  MONTH TO DATE    0                         0      0        0
  SINCE MAR 1      0                         0      0        0
  SINCE JAN 1      0                         0      0        0
..................................................................


WIND (MPH)
  HIGHEST WIND SPEED    25   HIGHEST WIND DIRECTION     W (250)
  HIGHEST GUST SPEED    36   HIGHEST GUST DIRECTION    NW (310)
  AVERAGE WIND SPEED     8.2


SKY COVER
  POSSIBLE SUNSHINE  MM
  AVERAGE SKY COVER 0.0


WEATHER CONDITIONS
 THE FOLLOWING WEATHER WAS RECORDED YESTERDAY.
  NO SIGNIFICANT WEATHER WAS OBSERVED.


RELATIVE HUMIDITY (PERCENT)
 HIGHEST    69           600 AM
 LOWEST     15           300 PM
 AVERAGE    42

..........................................................


THE ALAMOSA CO CLIMATE NORMALS FOR TODAY
                         NORMAL    RECORD    YEAR
 MAXIMUM TEMPERATURE (F)   62        77      2012
                                             1949
 MINIMUM TEMPERATURE (F)   27        11      1950


SUNRISE AND SUNSET
APRIL 25 2016.........SUNRISE   615 AM MDT   SUNSET   748 PM MDT
APRIL 26 2016.........SUNRISE   614 AM MDT   SUNSET   749 PM MDT


-  INDICATES NEGATIVE NUMBERS.
R  INDICATES RECORD WAS SET OR TIED.
MM INDICATES DATA IS MISSING.
T  INDICATES TRACE AMOUNT.




$$
