000
CDUS45 KPUB 162321
CLIALS


CLIMATE REPORT
NATIONAL WEATHER SERVICE PUEBLO
521 PM MDT THU OCT 16 2014


...................................

...THE ALAMOSA CO CLIMATE SUMMARY FOR OCTOBER 16 2014...
VALID TODAY AS OF 0500 PM LOCAL TIME.

CLIMATE NORMAL PERIOD 1981 TO 2010
CLIMATE RECORD PERIOD 1932 TO 2014


WEATHER ITEM   OBSERVED TIME   RECORD YEAR NORMAL DEPARTURE LAST
                VALUE   (LST)  VALUE       VALUE  FROM      YEAR
                                                  NORMAL
..................................................................
TEMPERATURE (F)
 TODAY
  MAXIMUM         74    251 PM  77    1991  62     12       48
  MINIMUM         29    706 AM   9    1967  24      5       26
  AVERAGE         52                        43      9       37

PRECIPITATION (IN)
  TODAY            0.00          0.64 1960   0.02  -0.02      T
  MONTH TO DATE    0.69                      0.35   0.34     0.46
  SINCE SEP 1      1.10                      1.26  -0.16     3.44
  SINCE JAN 1      4.98                      6.21  -1.23     8.31

SNOWFALL (IN)
  TODAY            0.0           3.2  1960   0.1   -0.1       T
  MONTH TO DATE    T                         0.6   -0.6      3.5
  SINCE SEP 1      T                         0.6   -0.6      3.5
  SINCE JUL 1      T                         0.6   -0.6      3.5
  SNOW DEPTH       0

DEGREE DAYS
 HEATING
  TODAY           13                        22     -9       28
  MONTH TO DATE  280                       303    -23      320
  SINCE SEP 1    459                       605   -146      542
  SINCE JUL 1    580                       734   -154      617

 COOLING
  TODAY            0                         0      0        0
  MONTH TO DATE    0                         0      0        0
  SINCE SEP 1      0                         0      0       14
  SINCE JAN 1     60                        51      9      113
..................................................................


WIND (MPH)
  HIGHEST WIND SPEED    23   HIGHEST WIND DIRECTION     S (200)
  HIGHEST GUST SPEED    31   HIGHEST GUST DIRECTION     S (200)
  AVERAGE WIND SPEED     6.6


SKY COVER
  POSSIBLE SUNSHINE  MM
  AVERAGE SKY COVER 0.0


WEATHER CONDITIONS
 THE FOLLOWING WEATHER WAS RECORDED TODAY.
  NO SIGNIFICANT WEATHER WAS OBSERVED.


RELATIVE HUMIDITY (PERCENT)
 HIGHEST    78           700 AM
 LOWEST      8           400 PM
 AVERAGE    43

..........................................................


THE ALAMOSA CO CLIMATE NORMALS FOR TOMORROW
                         NORMAL    RECORD    YEAR
 MAXIMUM TEMPERATURE (F)   62        75      1991
 MINIMUM TEMPERATURE (F)   24         8      1999


SUNRISE AND SUNSET
OCTOBER 16 2014.......SUNRISE   713 AM MDT   SUNSET   625 PM MDT
OCTOBER 17 2014.......SUNRISE   713 AM MDT   SUNSET   624 PM MDT


-  INDICATES NEGATIVE NUMBERS.
R  INDICATES RECORD WAS SET OR TIED.
MM INDICATES DATA IS MISSING.
T  INDICATES TRACE AMOUNT.




$$
