000
CDUS45 KPUB 011155
CLIALS


CLIMATE REPORT
NATIONAL WEATHER SERVICE PUEBLO
455 AM MST SUN MAR 1 2015


...................................

...THE ALAMOSA CO CLIMATE SUMMARY FOR FEBRUARY 28 2015...

CLIMATE NORMAL PERIOD 1981 TO 2010
CLIMATE RECORD PERIOD 1932 TO 2015


WEATHER ITEM   OBSERVED TIME   RECORD YEAR NORMAL DEPARTURE LAST
                VALUE   (LST)  VALUE       VALUE  FROM      YEAR
                                                  NORMAL
..................................................................
TEMPERATURE (F)
 YESTERDAY
  MAXIMUM         29    212 PM  64    2006  45    -16       53
  MINIMUM         11    151 AM -17    1984  12     -1       21
  AVERAGE         20                        28     -8       37

PRECIPITATION (IN)
  YESTERDAY        0.04          0.24 2001   0.01   0.03     0.00
  MONTH TO DATE    1.01                      0.26   0.75     0.05
  SINCE DEC 1      1.55                      0.87   0.68     0.29
  SINCE JAN 1      1.34                      0.52   0.82     0.12

SNOWFALL (IN)
  YESTERDAY        0.6           2.4  2001   0.1    0.5      0.0
  MONTH TO DATE   15.9                       3.8   12.1      1.6
  SINCE DEC 1     21.5                      12.3    9.2      6.5
  SINCE JUL 1     23.1                      18.1    5.0     28.1
  SNOW DEPTH       3

DEGREE DAYS
 HEATING
  YESTERDAY       45                        37      8       28
  MONTH TO DATE 1032                      1181   -149     1023
  SINCE DEC 1   3649                      4154   -505     4468
  SINCE JUL 1   5492                      6329   -837     6568

 COOLING
  YESTERDAY        0                         0      0        0
  MONTH TO DATE    0                         0      0        0
  SINCE DEC 1      0                         0      0        0
  SINCE JAN 1      0                         0      0        0
..................................................................


WIND (MPH)
  HIGHEST WIND SPEED     9   HIGHEST WIND DIRECTION     N (340)
  HIGHEST GUST SPEED    12   HIGHEST GUST DIRECTION     S (190)
  AVERAGE WIND SPEED     2.6


SKY COVER
  POSSIBLE SUNSHINE  MM
  AVERAGE SKY COVER 1.0


WEATHER CONDITIONS
 THE FOLLOWING WEATHER WAS RECORDED YESTERDAY.
  LIGHT SNOW
  FOG
  HAZE


RELATIVE HUMIDITY (PERCENT)
 HIGHEST    92           100 AM
 LOWEST     75           300 PM
 AVERAGE    84

..........................................................


THE ALAMOSA CO CLIMATE NORMALS FOR TODAY
                         NORMAL    RECORD    YEAR
 MAXIMUM TEMPERATURE (F)   45        61      1999
                                             1986
 MINIMUM TEMPERATURE (F)   12        -7      1997
                                             1984
                                             1971


SUNRISE AND SUNSET
MARCH  1 2015.........SUNRISE   635 AM MST   SUNSET   557 PM MST
MARCH  2 2015.........SUNRISE   634 AM MST   SUNSET   558 PM MST


-  INDICATES NEGATIVE NUMBERS.
R  INDICATES RECORD WAS SET OR TIED.
MM INDICATES DATA IS MISSING.
T  INDICATES TRACE AMOUNT.




$$
