000
CDUS45 KPUB 240021
CLIALS


CLIMATE REPORT
NATIONAL WEATHER SERVICE PUEBLO
621 PM MDT SAT AUG 23 2014


...................................

...THE ALAMOSA CO CLIMATE SUMMARY FOR AUGUST 23 2014...
VALID TODAY AS OF 0500 PM LOCAL TIME.

CLIMATE NORMAL PERIOD 1981 TO 2010
CLIMATE RECORD PERIOD 1932 TO 2014


WEATHER ITEM   OBSERVED TIME   RECORD YEAR NORMAL DEPARTURE LAST
                VALUE   (LST)  VALUE       VALUE  FROM      YEAR
                                                  NORMAL
..................................................................
TEMPERATURE (F)
 TODAY
  MAXIMUM         74    343 PM  89    1938  79     -5       82
  MINIMUM         47    456 AM  35    1941  45      2       50
                                      1934
  AVERAGE         61                        62     -1       66

PRECIPITATION (IN)
  TODAY            0.00          0.33 1906   0.04  -0.04      T
  MONTH TO DATE    0.51                      0.94  -0.43     2.22
  SINCE JUN 1      2.05                      2.40  -0.35     3.56
  SINCE JAN 1      3.86                      4.62  -0.76     4.62

SNOWFALL (IN)
  TODAY            0.0           0.0  2002   0.0    0.0      0.0
  MONTH TO DATE    0.0                       0.0    0.0      0.0
  SINCE JUN 1      0.0                       0.0    0.0      0.0
  SINCE JUL 1      0.0                       0.0    0.0      0.0
  SNOW DEPTH       0

DEGREE DAYS
 HEATING
  TODAY            4                         3      1        0
  MONTH TO DATE   58                        50      8       47
  SINCE JUN 1    206                       263    -57      177
  SINCE JUL 1     80                        95    -15       75

 COOLING
  TODAY            0                         0      0        1
  MONTH TO DATE    3                        12     -9       20
  SINCE JUN 1     60                        50     10       85
  SINCE JAN 1     60                        50     10       85
..................................................................


WIND (MPH)
  HIGHEST WIND SPEED    24   HIGHEST WIND DIRECTION    SW (210)
  HIGHEST GUST SPEED    28   HIGHEST GUST DIRECTION    SW (230)
  AVERAGE WIND SPEED     9.5


SKY COVER
  POSSIBLE SUNSHINE  MM
  AVERAGE SKY COVER 0.6


WEATHER CONDITIONS
 THE FOLLOWING WEATHER WAS RECORDED TODAY.
  FOG
  FOG W/VISIBILITY <= 1/4 MILE


RELATIVE HUMIDITY (PERCENT)
 HIGHEST   100           200 AM
 LOWEST     29           400 PM
 AVERAGE    65

..........................................................


THE ALAMOSA CO CLIMATE NORMALS FOR TOMORROW
                         NORMAL    RECORD    YEAR
 MAXIMUM TEMPERATURE (F)   79        89      2011
 MINIMUM TEMPERATURE (F)   45        33      2002


SUNRISE AND SUNSET
AUGUST 23 2014........SUNRISE   626 AM MDT   SUNSET   745 PM MDT
AUGUST 24 2014........SUNRISE   627 AM MDT   SUNSET   744 PM MDT


-  INDICATES NEGATIVE NUMBERS.
R  INDICATES RECORD WAS SET OR TIED.
MM INDICATES DATA IS MISSING.
T  INDICATES TRACE AMOUNT.




$$
