000
CDUS45 KPUB 071120
CLIALS


CLIMATE REPORT
NATIONAL WEATHER SERVICE PUEBLO
419 AM MST SAT JAN 7 2017


...................................

...THE ALAMOSA CO CLIMATE SUMMARY FOR JANUARY 6 2017...

CLIMATE NORMAL PERIOD 1981 TO 2010
CLIMATE RECORD PERIOD 1932 TO 2017


WEATHER ITEM   OBSERVED TIME   RECORD YEAR NORMAL DEPARTURE LAST
                VALUE   (LST)  VALUE       VALUE  FROM      YEAR
                                                  NORMAL
..................................................................
TEMPERATURE (F)
 YESTERDAY
  MAXIMUM         14    233 PM  53    1956  34    -20       28
  MINIMUM        -30   1159 PM -40    1971  -2    -28        8
  AVERAGE         -8                        16    -24       18

PRECIPITATION (IN)
  YESTERDAY        0.34R         0.15 1997   0.01   0.33     0.05
  MONTH TO DATE    0.61                      0.05   0.56     0.06
  SINCE DEC 1      1.69                      0.40   1.29     0.31
  SINCE JAN 1      0.61                      0.05   0.56     0.06

SNOWFALL (IN)
  YESTERDAY        4.4 R         2.1  1988   0.1    4.3      0.8
  MONTH TO DATE   10.7                       0.7   10.0      1.0
  SINCE DEC 1     20.9                       5.2   15.7      4.4
  SINCE JUL 1     21.9                      11.0   10.9      8.7
  SNOW DEPTH      10

DEGREE DAYS
 HEATING
  YESTERDAY       73                        49     24       47
  MONTH TO DATE  289                       294     -5      288
  SINCE DEC 1   1733                      1756    -23     1621
  SINCE JUL 1   3597                      3931   -334     3399

 COOLING
  YESTERDAY        0                         0      0        0
  MONTH TO DATE    0                         0      0        0
  SINCE DEC 1      0                         0      0        0
  SINCE JAN 1      0                         0      0        0
..................................................................


WIND (MPH)
  HIGHEST WIND SPEED    20   HIGHEST WIND DIRECTION    NE (40)
  HIGHEST GUST SPEED    24   HIGHEST GUST DIRECTION     N (10)
  AVERAGE WIND SPEED     5.9


SKY COVER
  POSSIBLE SUNSHINE  MM
  AVERAGE SKY COVER 0.4


WEATHER CONDITIONS
 THE FOLLOWING WEATHER WAS RECORDED YESTERDAY.
  SNOW
  LIGHT SNOW
  FOG


RELATIVE HUMIDITY (PERCENT)
 HIGHEST    95           900 AM
 LOWEST     64           200 PM
 AVERAGE    80

..........................................................


THE ALAMOSA CO CLIMATE NORMALS FOR TODAY
                         NORMAL    RECORD    YEAR
 MAXIMUM TEMPERATURE (F)   34        58      2006
 MINIMUM TEMPERATURE (F)   -2       -38      1971


SUNRISE AND SUNSET
JANUARY  7 2017.......SUNRISE   718 AM MST   SUNSET   502 PM MST
JANUARY  8 2017.......SUNRISE   718 AM MST   SUNSET   503 PM MST


-  INDICATES NEGATIVE NUMBERS.
R  INDICATES RECORD WAS SET OR TIED.
MM INDICATES DATA IS MISSING.
T  INDICATES TRACE AMOUNT.




$$
