000
CDUS45 KPUB 091026
CLIALS


CLIMATE REPORT
NATIONAL WEATHER SERVICE PUEBLO
426 AM MDT WED APR 9 2014


...................................

...THE ALAMOSA CO CLIMATE SUMMARY FOR APRIL 8 2014...

CLIMATE NORMAL PERIOD 1981 TO 2010
CLIMATE RECORD PERIOD 1932 TO 2014


WEATHER ITEM   OBSERVED TIME   RECORD YEAR NORMAL DEPARTURE LAST
                VALUE   (LST)  VALUE       VALUE  FROM      YEAR
                                                  NORMAL
..................................................................
TEMPERATURE (F)
 YESTERDAY
  MAXIMUM         66    332 PM  74    1989  57      9       61
  MINIMUM         21    553 AM  -6    1973  22     -1       25
  AVERAGE         44                        40      4       43

PRECIPITATION (IN)
  YESTERDAY        0.00          0.40 1958   0.01  -0.01     0.00
  MONTH TO DATE    0.43                      0.15   0.28     0.01
  SINCE MAR 1      0.83                      0.68   0.15     0.35
  SINCE JAN 1      0.95                      1.20  -0.25     0.57

SNOWFALL (IN)
  YESTERDAY        0.0           5.0  1937   0.1   -0.1      0.0
  MONTH TO DATE    3.2                       1.2    2.0       T
  SINCE MAR 1      6.6                       6.2    0.4      3.4
  SINCE JUL 1     34.7                      24.3   10.4     18.9
  SNOW DEPTH       0

DEGREE DAYS
 HEATING
  YESTERDAY       21                        25     -4       22
  MONTH TO DATE  220                       210     10      170
  SINCE MAR 1   1095                      1187    -92     1129
  SINCE JUL 1   7663                      7516    147     7916

 COOLING
  YESTERDAY        0                         0      0        0
  MONTH TO DATE    0                         0      0        0
  SINCE MAR 1      0                         0      0        0
  SINCE JAN 1      0                         0      0        0
..................................................................


WIND (MPH)
  HIGHEST WIND SPEED    15   HIGHEST WIND DIRECTION    NW (330)
  HIGHEST GUST SPEED    23   HIGHEST GUST DIRECTION    SW (230)
  AVERAGE WIND SPEED     6.2


SKY COVER
  POSSIBLE SUNSHINE  MM
  AVERAGE SKY COVER 0.0


WEATHER CONDITIONS
 THE FOLLOWING WEATHER WAS RECORDED YESTERDAY.
  NO SIGNIFICANT WEATHER WAS OBSERVED.


RELATIVE HUMIDITY (PERCENT)
 HIGHEST    81           400 AM
 LOWEST     14           600 PM
 AVERAGE    48

..........................................................


THE ALAMOSA CO CLIMATE NORMALS FOR TODAY
                         NORMAL    RECORD    YEAR
 MAXIMUM TEMPERATURE (F)   57        72      1977
 MINIMUM TEMPERATURE (F)   22         7      1938


SUNRISE AND SUNSET
APRIL  9 2014.........SUNRISE   637 AM MDT   SUNSET   733 PM MDT
APRIL 10 2014.........SUNRISE   636 AM MDT   SUNSET   734 PM MDT


-  INDICATES NEGATIVE NUMBERS.
R  INDICATES RECORD WAS SET OR TIED.
MM INDICATES DATA IS MISSING.
T  INDICATES TRACE AMOUNT.




$$
