000
CDUS45 KPUB 221033
CLIALS


CLIMATE REPORT
NATIONAL WEATHER SERVICE PUEBLO
432 AM MDT FRI JUL 22 2016


...................................

...THE ALAMOSA CO CLIMATE SUMMARY FOR JULY 21 2016...

CLIMATE NORMAL PERIOD 1981 TO 2010
CLIMATE RECORD PERIOD 1932 TO 2016


WEATHER ITEM   OBSERVED TIME   RECORD YEAR NORMAL DEPARTURE LAST
                VALUE   (LST)  VALUE       VALUE  FROM      YEAR
                                                  NORMAL
..................................................................
TEMPERATURE (F)
 YESTERDAY
  MAXIMUM         89    236 PM  92    2005  82      7       81
  MINIMUM         46    417 AM  41    1961  48     -2       50
  AVERAGE         68                        65      3       66

PRECIPITATION (IN)
  YESTERDAY        0.00          0.91 1977   0.04  -0.04     0.00
  MONTH TO DATE    0.31                      0.63  -0.32     1.14
  SINCE JUN 1      0.82                      1.12  -0.30     2.33
  SINCE JAN 1      5.19                      3.34   1.85     6.27

SNOWFALL (IN)
  YESTERDAY        0.0           0.0  2002   0.0    0.0      0.0
                                      2001
  MONTH TO DATE    0.0                       0.0    0.0      0.0
  SINCE JUN 1      0.0                       0.0    0.0      0.0
  SINCE JUL 1      0.0                       0.0    0.0      0.0
  SNOW DEPTH       0

DEGREE DAYS
 HEATING
  YESTERDAY        0                         1     -1        0
  MONTH TO DATE   13                        30    -17       41
  SINCE JUN 1     69                       198   -129      117
  SINCE JUL 1     13                        30    -17       41

 COOLING
  YESTERDAY        3                         1      2        1
  MONTH TO DATE   30                        21      9       14
  SINCE JUN 1     59                        27     32       38
  SINCE JAN 1     59                        27     32       38
..................................................................


WIND (MPH)
  HIGHEST WIND SPEED    24   HIGHEST WIND DIRECTION    SW (230)
  HIGHEST GUST SPEED    32   HIGHEST GUST DIRECTION    SW (240)
  AVERAGE WIND SPEED     5.0


SKY COVER
  POSSIBLE SUNSHINE  MM
  AVERAGE SKY COVER 0.1


WEATHER CONDITIONS
 THE FOLLOWING WEATHER WAS RECORDED YESTERDAY.
  THUNDERSTORM


RELATIVE HUMIDITY (PERCENT)
 HIGHEST    93           300 AM
 LOWEST     18           400 PM
 AVERAGE    56

..........................................................


THE ALAMOSA CO CLIMATE NORMALS FOR TODAY
                         NORMAL    RECORD    YEAR
 MAXIMUM TEMPERATURE (F)   82        90      2014
                                             2005
                                             2003
 MINIMUM TEMPERATURE (F)   48        35      1961


SUNRISE AND SUNSET
JULY 22 2016..........SUNRISE   600 AM MDT   SUNSET   819 PM MDT
JULY 23 2016..........SUNRISE   601 AM MDT   SUNSET   819 PM MDT


-  INDICATES NEGATIVE NUMBERS.
R  INDICATES RECORD WAS SET OR TIED.
MM INDICATES DATA IS MISSING.
T  INDICATES TRACE AMOUNT.




$$
