000
CDUS45 KPUB 231033
CLIALS


CLIMATE REPORT
NATIONAL WEATHER SERVICE PUEBLO
433 AM MDT SAT MAY 23 2015


...................................

...THE ALAMOSA CO CLIMATE SUMMARY FOR MAY 22 2015...

CLIMATE NORMAL PERIOD 1981 TO 2010
CLIMATE RECORD PERIOD 1932 TO 2015


WEATHER ITEM   OBSERVED TIME   RECORD YEAR NORMAL DEPARTURE LAST
                VALUE   (LST)  VALUE       VALUE  FROM      YEAR
                                                  NORMAL
..................................................................
TEMPERATURE (F)
 YESTERDAY
  MAXIMUM         65    121 PM  87    2005  71     -6       73
  MINIMUM         36    513 AM  22    1974  35      1       36
  AVERAGE         51                        53     -2       55

PRECIPITATION (IN)
  YESTERDAY        0.03          0.27 2009   0.01   0.02     0.01
  MONTH TO DATE    1.60                      0.42   1.18     0.11
  SINCE MAR 1      2.43                      1.54   0.89     1.57
  SINCE JAN 1      3.77                      2.06   1.71     1.69

SNOWFALL (IN)
  YESTERDAY        0.0           T    1957   0.0    0.0      0.0
  MONTH TO DATE    T                         0.9   -0.9      1.3
  SINCE MAR 1      0.7                       9.5   -8.8     11.7
  SINCE JUL 1     23.8                      27.6   -3.8     39.8
  SNOW DEPTH       0

DEGREE DAYS
 HEATING
  YESTERDAY       14                        12      2       10
  MONTH TO DATE  341                       331     10      364
  SINCE MAR 1   1766                      2002   -236     1905
  SINCE JUL 1   7258                      8331  -1073     8473

 COOLING
  YESTERDAY        0                         0      0        0
  MONTH TO DATE    0                         0      0        0
  SINCE MAR 1      0                         0      0        0
  SINCE JAN 1      0                         0      0        0
..................................................................


WIND (MPH)
  HIGHEST WIND SPEED    28   HIGHEST WIND DIRECTION    SW (220)
  HIGHEST GUST SPEED    35   HIGHEST GUST DIRECTION     S (190)
  AVERAGE WIND SPEED    13.1


SKY COVER
  POSSIBLE SUNSHINE  MM
  AVERAGE SKY COVER 0.3


WEATHER CONDITIONS
 THE FOLLOWING WEATHER WAS RECORDED YESTERDAY.
  LIGHT RAIN


RELATIVE HUMIDITY (PERCENT)
 HIGHEST    86           100 AM
 LOWEST     22           200 PM
 AVERAGE    54

..........................................................


THE ALAMOSA CO CLIMATE NORMALS FOR TODAY
                         NORMAL    RECORD    YEAR
 MAXIMUM TEMPERATURE (F)   71        87      2005
 MINIMUM TEMPERATURE (F)   35        23      1975
                                             1972


SUNRISE AND SUNSET
MAY 23 2015...........SUNRISE   549 AM MDT   SUNSET   812 PM MDT
MAY 24 2015...........SUNRISE   548 AM MDT   SUNSET   813 PM MDT


-  INDICATES NEGATIVE NUMBERS.
R  INDICATES RECORD WAS SET OR TIED.
MM INDICATES DATA IS MISSING.
T  INDICATES TRACE AMOUNT.




$$
