235
CDUS45 KPUB 170027
CLIALS


CLIMATE REPORT
NATIONAL WEATHER SERVICE PUEBLO
527 PM MST TUE JAN 16 2018


...................................

...THE ALAMOSA CO CLIMATE SUMMARY FOR JANUARY 16 2018...
VALID TODAY AS OF 0500 PM LOCAL TIME.

CLIMATE NORMAL PERIOD 1981 TO 2010
CLIMATE RECORD PERIOD 1932 TO 2018


WEATHER ITEM   OBSERVED TIME   RECORD YEAR NORMAL DEPARTURE LAST
                VALUE   (LST)  VALUE       VALUE  FROM      YEAR
                                                  NORMAL
..................................................................
TEMPERATURE (F)
 TODAY
  MAXIMUM         33    309 PM  60    2000  34     -1       33
  MINIMUM          4    154 AM -27    1984  -2      6       27
  AVERAGE         19                        16      3       30

PRECIPITATION (IN)
  TODAY            0.00          0.33 2017   0.00   0.00     0.33
  MONTH TO DATE    T                         0.12  -0.12     1.14
  SINCE DEC 1      0.14                      0.47  -0.33     2.22
  SINCE JAN 1      T                         0.12  -0.12     1.14

SNOWFALL (IN)
  TODAY            0.0           5.0  1987   0.1   -0.1      3.4
                                      1939
  MONTH TO DATE    0.0                       1.8   -1.8     16.4
  SINCE DEC 1      1.3                       6.3   -5.0     26.6
  SINCE JUL 1      1.7                      12.1  -10.4     27.6
  SNOW DEPTH       0

DEGREE DAYS
 HEATING
  TODAY           46                        49     -3       35
  MONTH TO DATE  634                       784   -150      730
  SINCE DEC 1   1853                      2246   -393     2174
  SINCE JUL 1   3619                      4421   -802     4038

 COOLING
  TODAY            0                         0      0        0
  MONTH TO DATE    0                         0      0        0
  SINCE DEC 1      0                         0      0        0
  SINCE JAN 1      0                         0      0        0
..................................................................


WIND (MPH)
  HIGHEST WIND SPEED     8   HIGHEST WIND DIRECTION     W (250)
  HIGHEST GUST SPEED     9   HIGHEST GUST DIRECTION     W (260)
  AVERAGE WIND SPEED     2.8


SKY COVER
  POSSIBLE SUNSHINE  MM
  AVERAGE SKY COVER 0.6


WEATHER CONDITIONS
 THE FOLLOWING WEATHER WAS RECORDED TODAY.
  NO SIGNIFICANT WEATHER WAS OBSERVED.


RELATIVE HUMIDITY (PERCENT)
 HIGHEST    87           200 AM
 LOWEST     47           300 PM
 AVERAGE    67

..........................................................


THE ALAMOSA CO CLIMATE NORMALS FOR TOMORROW
                         NORMAL    RECORD    YEAR
 MAXIMUM TEMPERATURE (F)   34        55      2000
 MINIMUM TEMPERATURE (F)   -2       -32      2008


SUNRISE AND SUNSET
JANUARY 16 2018.......SUNRISE   716 AM MST   SUNSET   510 PM MST
JANUARY 17 2018.......SUNRISE   716 AM MST   SUNSET   511 PM MST


-  INDICATES NEGATIVE NUMBERS.
R  INDICATES RECORD WAS SET OR TIED.
MM INDICATES DATA IS MISSING.
T  INDICATES TRACE AMOUNT.




$$
