000
CDUS45 KPUB 251033
CLIALS


CLIMATE REPORT
NATIONAL WEATHER SERVICE PUEBLO
432 AM MDT THU AUG 25 2016


...................................

...THE ALAMOSA CO CLIMATE SUMMARY FOR AUGUST 24 2016...

CLIMATE NORMAL PERIOD 1981 TO 2010
CLIMATE RECORD PERIOD 1932 TO 2016


WEATHER ITEM   OBSERVED TIME   RECORD YEAR NORMAL DEPARTURE LAST
                VALUE   (LST)  VALUE       VALUE  FROM      YEAR
                                                  NORMAL
..................................................................
TEMPERATURE (F)
 YESTERDAY
  MAXIMUM         65   1217 PM  89    2011  79    -14       84
  MINIMUM         42   1257 AM  33    2002  45     -3       35
  AVERAGE         54                        62     -8       60

PRECIPITATION (IN)
  YESTERDAY        0.15          1.08 1992   0.04   0.11     0.00
  MONTH TO DATE    2.09                      0.98   1.11     0.19
  SINCE JUN 1      2.91                      2.44   0.47     2.72
  SINCE JAN 1      7.28                      4.66   2.62     6.66

SNOWFALL (IN)
  YESTERDAY        0.0           0.0  2002   0.0    0.0      0.0
  MONTH TO DATE    0.0                       0.0    0.0      0.0
  SINCE JUN 1      0.0                       0.0    0.0      0.0
  SINCE JUL 1      0.0                       0.0    0.0      0.0
  SNOW DEPTH       0

DEGREE DAYS
 HEATING
  YESTERDAY       11                         4      7        5
  MONTH TO DATE   71                        54     17       37
  SINCE JUN 1    140                       267   -127      157
  SINCE JUL 1     84                        99    -15       81

 COOLING
  YESTERDAY        0                         0      0        0
  MONTH TO DATE    9                        12     -3       24
  SINCE JUN 1    115                        50     65       73
  SINCE JAN 1    115                        50     65       73
..................................................................


WIND (MPH)
  HIGHEST WIND SPEED    20   HIGHEST WIND DIRECTION    NE (50)
  HIGHEST GUST SPEED    24   HIGHEST GUST DIRECTION    NE (50)
  AVERAGE WIND SPEED     6.2


SKY COVER
  POSSIBLE SUNSHINE  MM
  AVERAGE SKY COVER 0.5


WEATHER CONDITIONS
 THE FOLLOWING WEATHER WAS RECORDED YESTERDAY.
  THUNDERSTORM
  HEAVY RAIN
  LIGHT RAIN
  FOG


RELATIVE HUMIDITY (PERCENT)
 HIGHEST   100          1200 AM
 LOWEST     48          1100 AM
 AVERAGE    74

..........................................................


THE ALAMOSA CO CLIMATE NORMALS FOR TODAY
                         NORMAL    RECORD    YEAR
 MAXIMUM TEMPERATURE (F)   78        87      2002
                                             1936
 MINIMUM TEMPERATURE (F)   45        30      2002
                                             1962


SUNRISE AND SUNSET
AUGUST 25 2016........SUNRISE   628 AM MDT   SUNSET   742 PM MDT
AUGUST 26 2016........SUNRISE   629 AM MDT   SUNSET   740 PM MDT


-  INDICATES NEGATIVE NUMBERS.
R  INDICATES RECORD WAS SET OR TIED.
MM INDICATES DATA IS MISSING.
T  INDICATES TRACE AMOUNT.




$$
