000
CDUS45 KPUB 201044
CLIALS


CLIMATE REPORT
NATIONAL WEATHER SERVICE PUEBLO
442 AM MDT FRI MAY 20 2016


...................................

...THE ALAMOSA CO CLIMATE SUMMARY FOR MAY 19 2016...

CLIMATE NORMAL PERIOD 1981 TO 2010
CLIMATE RECORD PERIOD 1932 TO 2016


WEATHER ITEM   OBSERVED TIME   RECORD YEAR NORMAL DEPARTURE LAST
                VALUE   (LST)  VALUE       VALUE  FROM      YEAR
                                                  NORMAL
..................................................................
TEMPERATURE (F)
 YESTERDAY
  MAXIMUM         65    350 PM  82    2008  70     -5       60
  MINIMUM         40    512 AM  17    1971  34      6       37
  AVERAGE         53                        52      1       49

PRECIPITATION (IN)
  YESTERDAY        0.00          0.89 2015   0.01  -0.01     0.89
  MONTH TO DATE    0.59                      0.37   0.22     1.57
  SINCE MAR 1      2.86                      1.49   1.37     2.40
  SINCE JAN 1      3.84                      2.01   1.83     3.74

SNOWFALL (IN)
  YESTERDAY        0.0           T    1972   0.0    0.0      0.0
  MONTH TO DATE    0.8                       0.8    0.0       T
  SINCE MAR 1     24.2                       9.4   14.8      0.7
  SINCE JUL 1     43.0                      27.5   15.5     23.8
  SNOW DEPTH       0

DEGREE DAYS
 HEATING
  YESTERDAY       12                        13     -1       16
  MONTH TO DATE  301                       294      7      300
  SINCE MAR 1   1903                      1965    -62     1725
  SINCE JUL 1   7669                      8294   -625     7217

 COOLING
  YESTERDAY        0                         0      0        0
  MONTH TO DATE    0                         0      0        0
  SINCE MAR 1      0                         0      0        0
  SINCE JAN 1      0                         0      0        0
..................................................................


WIND (MPH)
  HIGHEST WIND SPEED    21   HIGHEST WIND DIRECTION    SW (220)
  HIGHEST GUST SPEED    30   HIGHEST GUST DIRECTION    SW (210)
  AVERAGE WIND SPEED     6.4


SKY COVER
  POSSIBLE SUNSHINE  MM
  AVERAGE SKY COVER 0.6


WEATHER CONDITIONS
 THE FOLLOWING WEATHER WAS RECORDED YESTERDAY.
  THUNDERSTORM


RELATIVE HUMIDITY (PERCENT)
 HIGHEST    96           200 AM
 LOWEST     31           300 PM
 AVERAGE    64

..........................................................


THE ALAMOSA CO CLIMATE NORMALS FOR TODAY
                         NORMAL    RECORD    YEAR
 MAXIMUM TEMPERATURE (F)   70        87      2005
 MINIMUM TEMPERATURE (F)   35        20      1960


SUNRISE AND SUNSET
MAY 20 2016...........SUNRISE   550 AM MDT   SUNSET   810 PM MDT
MAY 21 2016...........SUNRISE   549 AM MDT   SUNSET   811 PM MDT


-  INDICATES NEGATIVE NUMBERS.
R  INDICATES RECORD WAS SET OR TIED.
MM INDICATES DATA IS MISSING.
T  INDICATES TRACE AMOUNT.




$$
