000
CDUS45 KPUB 241130
CLIALS


CLIMATE REPORT
NATIONAL WEATHER SERVICE PUEBLO
430 AM MST SAT JAN 24 2015


...................................

...THE ALAMOSA CO CLIMATE SUMMARY FOR JANUARY 23 2015...

CLIMATE NORMAL PERIOD 1981 TO 2010
CLIMATE RECORD PERIOD 1932 TO 2015


WEATHER ITEM   OBSERVED TIME   RECORD YEAR NORMAL DEPARTURE LAST
                VALUE   (LST)  VALUE       VALUE  FROM      YEAR
                                                  NORMAL
..................................................................
TEMPERATURE (F)
 YESTERDAY
  MAXIMUM         35    220 PM  55    1950  35      0       25
  MINIMUM         -9    730 AM -29    1984  -1     -8       -7
                                      1940
  AVERAGE         13                        17     -4        9

PRECIPITATION (IN)
  YESTERDAY        0.00          0.08 1977   0.01  -0.01      T
  MONTH TO DATE    0.10                      0.19  -0.09      T
  SINCE DEC 1      0.31                      0.54  -0.23     0.17
  SINCE JAN 1      0.10                      0.19  -0.09      T

SNOWFALL (IN)
  YESTERDAY        0.0           1.2  1969   0.1   -0.1       T
  MONTH TO DATE    1.0                       2.8   -1.8       T
  SINCE DEC 1      3.3                       7.3   -4.0      4.0
  SINCE JUL 1      4.9                      13.1   -8.2     25.6
  SNOW DEPTH       0

DEGREE DAYS
 HEATING
  YESTERDAY       52                        48      4       56
  MONTH TO DATE  967                      1125   -158     1269
  SINCE DEC 1   2276                      2587   -311     3052
  SINCE JUL 1   4119                      4762   -643     5152

 COOLING
  YESTERDAY        0                         0      0        0
  MONTH TO DATE    0                         0      0        0
  SINCE DEC 1      0                         0      0        0
  SINCE JAN 1      0                         0      0        0
..................................................................


WIND (MPH)
  HIGHEST WIND SPEED    12   HIGHEST WIND DIRECTION     N (20)
  HIGHEST GUST SPEED    14   HIGHEST GUST DIRECTION     N (20)
  AVERAGE WIND SPEED     2.9


SKY COVER
  POSSIBLE SUNSHINE  MM
  AVERAGE SKY COVER 0.1


WEATHER CONDITIONS
 THE FOLLOWING WEATHER WAS RECORDED YESTERDAY.
  NO SIGNIFICANT WEATHER WAS OBSERVED.


RELATIVE HUMIDITY (PERCENT)
 HIGHEST    83          1000 PM
 LOWEST     29           200 PM
 AVERAGE    56

..........................................................


THE ALAMOSA CO CLIMATE NORMALS FOR TODAY
                         NORMAL    RECORD    YEAR
 MAXIMUM TEMPERATURE (F)   35        54      1981
 MINIMUM TEMPERATURE (F)   -1       -25      1979


SUNRISE AND SUNSET
JANUARY 24 2015.......SUNRISE   713 AM MST   SUNSET   519 PM MST
JANUARY 25 2015.......SUNRISE   712 AM MST   SUNSET   520 PM MST


-  INDICATES NEGATIVE NUMBERS.
R  INDICATES RECORD WAS SET OR TIED.
MM INDICATES DATA IS MISSING.
T  INDICATES TRACE AMOUNT.




$$
