000
CDUS45 KPUB 251049
CLIALS


CLIMATE REPORT
NATIONAL WEATHER SERVICE PUEBLO
449 AM MDT TUE AUG 25 2015


...................................

...THE ALAMOSA CO CLIMATE SUMMARY FOR AUGUST 24 2015...

CLIMATE NORMAL PERIOD 1981 TO 2010
CLIMATE RECORD PERIOD 1932 TO 2015


WEATHER ITEM   OBSERVED TIME   RECORD YEAR NORMAL DEPARTURE LAST
                VALUE   (LST)  VALUE       VALUE  FROM      YEAR
                                                  NORMAL
..................................................................
TEMPERATURE (F)
 YESTERDAY
  MAXIMUM         84    252 PM  89    2011  79      5       79
  MINIMUM         35    514 AM  33    2002  45    -10       40
  AVERAGE         60                        62     -2       60

PRECIPITATION (IN)
  YESTERDAY        0.00          1.08 1992   0.04  -0.04     0.00
  MONTH TO DATE    0.19                      0.98  -0.79     0.51
  SINCE JUN 1      2.72                      2.44   0.28     2.05
  SINCE JAN 1      6.66                      4.66   2.00     3.86

SNOWFALL (IN)
  YESTERDAY        0.0           0.0  2002   0.0    0.0      0.0
  MONTH TO DATE    0.0                       0.0    0.0      0.0
  SINCE JUN 1      0.0                       0.0    0.0      0.0
  SINCE JUL 1      0.0                       0.0    0.0      0.0
  SNOW DEPTH       0

DEGREE DAYS
 HEATING
  YESTERDAY        5                         4      1        5
  MONTH TO DATE   37                        54    -17       63
  SINCE JUN 1    157                       267   -110      211
  SINCE JUL 1     81                        99    -18       85

 COOLING
  YESTERDAY        0                         0      0        0
  MONTH TO DATE   24                        12     12        3
  SINCE JUN 1     73                        50     23       60
  SINCE JAN 1     73                        50     23       60
..................................................................


WIND (MPH)
  HIGHEST WIND SPEED    14   HIGHEST WIND DIRECTION    SE (140)
  HIGHEST GUST SPEED    19   HIGHEST GUST DIRECTION    SW (240)
  AVERAGE WIND SPEED     3.5


SKY COVER
  POSSIBLE SUNSHINE  MM
  AVERAGE SKY COVER 0.1


WEATHER CONDITIONS
 THE FOLLOWING WEATHER WAS RECORDED YESTERDAY.
  FOG
  FOG W/VISIBILITY <= 1/4 MILE


RELATIVE HUMIDITY (PERCENT)
 HIGHEST    92           100 AM
 LOWEST     12           300 PM
 AVERAGE    52

..........................................................


THE ALAMOSA CO CLIMATE NORMALS FOR TODAY
                         NORMAL    RECORD    YEAR
 MAXIMUM TEMPERATURE (F)   78        87      2002
                                             1936
 MINIMUM TEMPERATURE (F)   45        30      2002
                                             1962


SUNRISE AND SUNSET
AUGUST 25 2015........SUNRISE   628 AM MDT   SUNSET   743 PM MDT
AUGUST 26 2015........SUNRISE   629 AM MDT   SUNSET   741 PM MDT


-  INDICATES NEGATIVE NUMBERS.
R  INDICATES RECORD WAS SET OR TIED.
MM INDICATES DATA IS MISSING.
T  INDICATES TRACE AMOUNT.




$$
