000
CDUS45 KPUB 191056
CLIALS


CLIMATE REPORT
NATIONAL WEATHER SERVICE PUEBLO
456 AM MDT SUN OCT 19 2014


...................................

...THE ALAMOSA CO CLIMATE SUMMARY FOR OCTOBER 18 2014...

CLIMATE NORMAL PERIOD 1981 TO 2010
CLIMATE RECORD PERIOD 1932 TO 2014


WEATHER ITEM   OBSERVED TIME   RECORD YEAR NORMAL DEPARTURE LAST
                VALUE   (LST)  VALUE       VALUE  FROM      YEAR
                                                  NORMAL
..................................................................
TEMPERATURE (F)
 YESTERDAY
  MAXIMUM         67    206 PM  75    2003  61      6       50
  MINIMUM         38    636 AM   7    1968  24     14       21
  AVERAGE         53                        42     11       36

PRECIPITATION (IN)
  YESTERDAY        T             0.24 1985   0.03  -0.03     0.00
  MONTH TO DATE    0.69                      0.40   0.29     0.46
  SINCE SEP 1      1.10                      1.31  -0.21     3.44
  SINCE JAN 1      4.98                      6.26  -1.28     8.31

SNOWFALL (IN)
  YESTERDAY        0.0           1.0  1984   0.0    0.0      0.0
  MONTH TO DATE    T                         0.7   -0.7      3.5
  SINCE SEP 1      T                         0.7   -0.7      3.5
  SINCE JUL 1      T                         0.7   -0.7      3.5
  SNOW DEPTH       0

DEGREE DAYS
 HEATING
  YESTERDAY       12                        23    -11       29
  MONTH TO DATE  311                       348    -37      377
  SINCE SEP 1    490                       650   -160      599
  SINCE JUL 1    611                       779   -168      674

 COOLING
  YESTERDAY        0                         0      0        0
  MONTH TO DATE    0                         0      0        0
  SINCE SEP 1      0                         0      0       14
  SINCE JAN 1     60                        51      9      113
..................................................................


WIND (MPH)
  HIGHEST WIND SPEED    22   HIGHEST WIND DIRECTION     S (170)
  HIGHEST GUST SPEED    25   HIGHEST GUST DIRECTION     S (160)
  AVERAGE WIND SPEED     5.5


SKY COVER
  POSSIBLE SUNSHINE  MM
  AVERAGE SKY COVER 0.4


WEATHER CONDITIONS
 THE FOLLOWING WEATHER WAS RECORDED YESTERDAY.
  LIGHT RAIN


RELATIVE HUMIDITY (PERCENT)
 HIGHEST    82           600 AM
 LOWEST     22           300 PM
 AVERAGE    52

..........................................................


THE ALAMOSA CO CLIMATE NORMALS FOR TODAY
                         NORMAL    RECORD    YEAR
 MAXIMUM TEMPERATURE (F)   61        76      2003
 MINIMUM TEMPERATURE (F)   23         5      1976


SUNRISE AND SUNSET
OCTOBER 19 2014.......SUNRISE   715 AM MDT   SUNSET   621 PM MDT
OCTOBER 20 2014.......SUNRISE   716 AM MDT   SUNSET   620 PM MDT


-  INDICATES NEGATIVE NUMBERS.
R  INDICATES RECORD WAS SET OR TIED.
MM INDICATES DATA IS MISSING.
T  INDICATES TRACE AMOUNT.




$$
