000
CDUS45 KPUB 181104
CLIALS


CLIMATE REPORT
NATIONAL WEATHER SERVICE PUEBLO
503 AM MDT SUN SEP 18 2016


...................................

...THE ALAMOSA CO CLIMATE SUMMARY FOR SEPTEMBER 17 2016...

CLIMATE NORMAL PERIOD 1981 TO 2010
CLIMATE RECORD PERIOD 1932 TO 2016


WEATHER ITEM   OBSERVED TIME   RECORD YEAR NORMAL DEPARTURE LAST
                VALUE   (LST)  VALUE       VALUE  FROM      YEAR
                                                  NORMAL
..................................................................
TEMPERATURE (F)
 YESTERDAY
  MAXIMUM         76    258 PM  83    2010  73      3       80
  MINIMUM         28    540 AM  20    1968  36     -8       38
  AVERAGE         52                        55     -3       59

PRECIPITATION (IN)
  YESTERDAY        0.00          0.33 2007   0.03  -0.03     0.00
  MONTH TO DATE    0.15                      0.58  -0.43     0.03
  SINCE SEP 1      0.15                      0.58  -0.43     0.03
  SINCE JAN 1      7.50                      5.53   1.97     7.00

SNOWFALL (IN)
  YESTERDAY       MM             T    1971   0.0   MM        0.0
  MONTH TO DATE    0.0                       0.0    0.0      0.0
  SINCE SEP 1      0.0                       0.0    0.0      0.0
  SINCE JUL 1      0.0                       0.0    0.0      0.0
  SNOW DEPTH       0

DEGREE DAYS
 HEATING
  YESTERDAY       13                        10      3        6
  MONTH TO DATE  112                       130    -18       91
  SINCE SEP 1    112                       130    -18       91
  SINCE JUL 1    256                       259     -3      183

 COOLING
  YESTERDAY        0                         0      0        0
  MONTH TO DATE    0                         0      0        0
  SINCE SEP 1      0                         0      0        0
  SINCE JAN 1    115                        51     64       74
..................................................................


WIND (MPH)
  HIGHEST WIND SPEED    18   HIGHEST WIND DIRECTION     N (10)
  HIGHEST GUST SPEED    24   HIGHEST GUST DIRECTION     E (90)
  AVERAGE WIND SPEED     5.2


SKY COVER
  POSSIBLE SUNSHINE  MM
  AVERAGE SKY COVER 0.1


WEATHER CONDITIONS
 THE FOLLOWING WEATHER WAS RECORDED YESTERDAY.
  LIGHT RAIN


RELATIVE HUMIDITY (PERCENT)
 HIGHEST    78           400 AM
 LOWEST     13           300 PM
 AVERAGE    46

..........................................................


THE ALAMOSA CO CLIMATE NORMALS FOR TODAY
                         NORMAL    RECORD    YEAR
 MAXIMUM TEMPERATURE (F)   72        84      2010
 MINIMUM TEMPERATURE (F)   36        19      2006


SUNRISE AND SUNSET
SEPTEMBER 18 2016.....SUNRISE   648 AM MDT   SUNSET   706 PM MDT
SEPTEMBER 19 2016.....SUNRISE   649 AM MDT   SUNSET   704 PM MDT


-  INDICATES NEGATIVE NUMBERS.
R  INDICATES RECORD WAS SET OR TIED.
MM INDICATES DATA IS MISSING.
T  INDICATES TRACE AMOUNT.




$$
