000
CDUS45 KPUB 200021
CLIALS


CLIMATE REPORT
NATIONAL WEATHER SERVICE PUEBLO
521 PM MST MON JAN 19 2015


...................................

...THE ALAMOSA CO CLIMATE SUMMARY FOR JANUARY 19 2015...
VALID TODAY AS OF 0500 PM LOCAL TIME.

CLIMATE NORMAL PERIOD 1981 TO 2010
CLIMATE RECORD PERIOD 1932 TO 2015


WEATHER ITEM   OBSERVED TIME   RECORD YEAR NORMAL DEPARTURE LAST
                VALUE   (LST)  VALUE       VALUE  FROM      YEAR
                                                  NORMAL
..................................................................
TEMPERATURE (F)
 TODAY
  MAXIMUM         49    252 PM  56    2000  34     15       29
  MINIMUM          1    700 AM -40    1984  -2      3       -7
  AVERAGE         25                        16      9       11

PRECIPITATION (IN)
  TODAY            0.00          0.28 1938   0.01  -0.01     0.00
  MONTH TO DATE    0.08                      0.15  -0.07      T
  SINCE DEC 1      0.29                      0.50  -0.21     0.17
  SINCE JAN 1      0.08                      0.15  -0.07      T

SNOWFALL (IN)
  TODAY            0.0           4.0  1938   0.1   -0.1      0.0
  MONTH TO DATE    0.7                       2.2   -1.5       T
  SINCE DEC 1      3.0                       6.7   -3.7      4.0
  SINCE JUL 1      4.6                      12.5   -7.9     25.6
  SNOW DEPTH       0

DEGREE DAYS
 HEATING
  TODAY           40                        49     -9       54
  MONTH TO DATE  784                       931   -147     1042
  SINCE DEC 1   2093                      2393   -300     2825
  SINCE JUL 1   3936                      4568   -632     4925

 COOLING
  TODAY            0                         0      0        0
  MONTH TO DATE    0                         0      0        0
  SINCE DEC 1      0                         0      0        0
  SINCE JAN 1      0                         0      0        0
..................................................................


WIND (MPH)
  HIGHEST WIND SPEED    10   HIGHEST WIND DIRECTION    NE (50)
  HIGHEST GUST SPEED    12   HIGHEST GUST DIRECTION    NE (60)
  AVERAGE WIND SPEED     2.9


SKY COVER
  POSSIBLE SUNSHINE  MM
  AVERAGE SKY COVER 0.0


WEATHER CONDITIONS
 THE FOLLOWING WEATHER WAS RECORDED TODAY.
  NO SIGNIFICANT WEATHER WAS OBSERVED.


RELATIVE HUMIDITY (PERCENT)
 HIGHEST    86           300 AM
 LOWEST     26           200 PM
 AVERAGE    56

..........................................................


THE ALAMOSA CO CLIMATE NORMALS FOR TOMORROW
                         NORMAL    RECORD    YEAR
 MAXIMUM TEMPERATURE (F)   34        62      1971
 MINIMUM TEMPERATURE (F)   -2       -33      1984


SUNRISE AND SUNSET
JANUARY 19 2015.......SUNRISE   715 AM MST   SUNSET   513 PM MST
JANUARY 20 2015.......SUNRISE   715 AM MST   SUNSET   514 PM MST


-  INDICATES NEGATIVE NUMBERS.
R  INDICATES RECORD WAS SET OR TIED.
MM INDICATES DATA IS MISSING.
T  INDICATES TRACE AMOUNT.




$$
