000
CDUS45 KPUB 310019
CLIALS


CLIMATE REPORT
NATIONAL WEATHER SERVICE PUEBLO
619 PM MDT SUN AUG 30 2015


...................................

...THE ALAMOSA CO CLIMATE SUMMARY FOR AUGUST 30 2015...
VALID TODAY AS OF 0500 PM LOCAL TIME.

CLIMATE NORMAL PERIOD 1981 TO 2010
CLIMATE RECORD PERIOD 1932 TO 2015


WEATHER ITEM   OBSERVED TIME   RECORD YEAR NORMAL DEPARTURE LAST
                VALUE   (LST)  VALUE       VALUE  FROM      YEAR
                                                  NORMAL
..................................................................
TEMPERATURE (F)
 TODAY
  MAXIMUM         84    155 PM  87    2013  78      6       78
  MINIMUM         47    533 AM  30    1944  43      4       41
  AVERAGE         66                        60      6       60

PRECIPITATION (IN)
  TODAY            0.00          0.54 1943   0.04  -0.04      T
  MONTH TO DATE    0.46                      1.23  -0.77     0.53
  SINCE JUN 1      2.99                      2.69   0.30     2.07
  SINCE JAN 1      6.93                      4.91   2.02     3.88

SNOWFALL (IN)
  TODAY            0.0           0.0  2002   0.0    0.0      0.0
  MONTH TO DATE    0.0                       0.0    0.0      0.0
  SINCE JUN 1      0.0                       0.0    0.0      0.0
  SINCE JUL 1      0.0                       0.0    0.0      0.0
  SNOW DEPTH       0

DEGREE DAYS
 HEATING
  TODAY            0                         5     -5        5
  MONTH TO DATE   48                        79    -31       95
  SINCE JUN 1    168                       292   -124      243
  SINCE JUL 1     92                       124    -32      117

 COOLING
  TODAY            1                         0      1        0
  MONTH TO DATE   25                        12     13        3
  SINCE JUN 1     74                        50     24       60
  SINCE JAN 1     74                        50     24       60
..................................................................


WIND (MPH)
  HIGHEST WIND SPEED    21   HIGHEST WIND DIRECTION    NW (310)
  HIGHEST GUST SPEED    26   HIGHEST GUST DIRECTION     W (290)
  AVERAGE WIND SPEED     4.7


SKY COVER
  POSSIBLE SUNSHINE  MM
  AVERAGE SKY COVER 0.2


WEATHER CONDITIONS
 THE FOLLOWING WEATHER WAS RECORDED TODAY.
  NO SIGNIFICANT WEATHER WAS OBSERVED.


RELATIVE HUMIDITY (PERCENT)
 HIGHEST    77           600 AM
 LOWEST     16           200 PM
 AVERAGE    47

..........................................................


THE ALAMOSA CO CLIMATE NORMALS FOR TOMORROW
                         NORMAL    RECORD    YEAR
 MAXIMUM TEMPERATURE (F)   77        88      2011
 MINIMUM TEMPERATURE (F)   43        31      1944


SUNRISE AND SUNSET
AUGUST 30 2015........SUNRISE   632 AM MDT   SUNSET   736 PM MDT
AUGUST 31 2015........SUNRISE   633 AM MDT   SUNSET   734 PM MDT


-  INDICATES NEGATIVE NUMBERS.
R  INDICATES RECORD WAS SET OR TIED.
MM INDICATES DATA IS MISSING.
T  INDICATES TRACE AMOUNT.




$$
