000
CDUS45 KPUB 231148
CLIALS


CLIMATE REPORT
NATIONAL WEATHER SERVICE PUEBLO
447 AM MST SUN NOV 23 2014


...................................

...THE ALAMOSA CO CLIMATE SUMMARY FOR NOVEMBER 22 2014...

CLIMATE NORMAL PERIOD 1981 TO 2010
CLIMATE RECORD PERIOD 1932 TO 2014


WEATHER ITEM   OBSERVED TIME   RECORD YEAR NORMAL DEPARTURE LAST
                VALUE   (LST)  VALUE       VALUE  FROM      YEAR
                                                  NORMAL
..................................................................
TEMPERATURE (F)
 YESTERDAY
  MAXIMUM         50    338 PM  64    1998  43      7       30
  MINIMUM          4    602 AM -24    1957   9     -5       22
  AVERAGE         27                        26      1       26

PRECIPITATION (IN)
  YESTERDAY        0.00          0.73 2013   0.01  -0.01     0.73
  MONTH TO DATE    0.32                      0.33  -0.01     0.74
  SINCE SEP 1      1.43                      1.92  -0.49     4.25
  SINCE JAN 1      5.31                      6.87  -1.56     9.12

SNOWFALL (IN)
  YESTERDAY        0.0           7.0  2013   0.2   -0.2      7.0
  MONTH TO DATE    1.1                       2.7   -1.6      7.0
  SINCE SEP 1      1.1                       4.8   -3.7     10.5
  SINCE JUL 1      1.1                       4.8   -3.7     10.5
  SNOW DEPTH       0

DEGREE DAYS
 HEATING
  YESTERDAY       38                        39     -1       39
  MONTH TO DATE  697                       737    -40      674
  SINCE SEP 1   1432                      1718   -286     1598
  SINCE JUL 1   1553                      1847   -294     1673

 COOLING
  YESTERDAY        0                         0      0        0
  MONTH TO DATE    0                         0      0        0
  SINCE SEP 1      0                         0      0       14
  SINCE JAN 1     60                        51      9      113
..................................................................


WIND (MPH)
  HIGHEST WIND SPEED    16   HIGHEST WIND DIRECTION     S (160)
  HIGHEST GUST SPEED    20   HIGHEST GUST DIRECTION     S (160)
  AVERAGE WIND SPEED     4.9


SKY COVER
  POSSIBLE SUNSHINE  MM
  AVERAGE SKY COVER 0.0


WEATHER CONDITIONS
 THE FOLLOWING WEATHER WAS RECORDED YESTERDAY.
  NO SIGNIFICANT WEATHER WAS OBSERVED.


RELATIVE HUMIDITY (PERCENT)
 HIGHEST    91           300 AM
 LOWEST     23           400 PM
 AVERAGE    57

..........................................................


THE ALAMOSA CO CLIMATE NORMALS FOR TODAY
                         NORMAL    RECORD    YEAR
 MAXIMUM TEMPERATURE (F)   43        64      1954
 MINIMUM TEMPERATURE (F)    9       -15      1979


SUNRISE AND SUNSET
NOVEMBER 23 2014......SUNRISE   651 AM MST   SUNSET   448 PM MST
NOVEMBER 24 2014......SUNRISE   652 AM MST   SUNSET   448 PM MST


-  INDICATES NEGATIVE NUMBERS.
R  INDICATES RECORD WAS SET OR TIED.
MM INDICATES DATA IS MISSING.
T  INDICATES TRACE AMOUNT.




$$
