659
CDUS45 KPUB 171049
CLIALS


CLIMATE REPORT
NATIONAL WEATHER SERVICE PUEBLO
449 AM MDT MON JUL 17 2017


...................................

...THE ALAMOSA CO CLIMATE SUMMARY FOR JULY 16 2017...

CLIMATE NORMAL PERIOD 1981 TO 2010
CLIMATE RECORD PERIOD 1932 TO 2017


WEATHER ITEM   OBSERVED TIME   RECORD YEAR NORMAL DEPARTURE LAST
                VALUE   (LST)  VALUE       VALUE  FROM      YEAR
                                                  NORMAL
..................................................................
TEMPERATURE (F)
 YESTERDAY
  MAXIMUM         81    351 PM  92    2011  83     -2       89
                                      2010
  MINIMUM         50    526 AM  35    1994  47      3       47
  AVERAGE         66                        65      1       68

PRECIPITATION (IN)
  YESTERDAY        0.03          0.51 1967   0.03   0.00     0.00
  MONTH TO DATE    1.82                      0.46   1.36     0.29
  SINCE JUN 1      2.01                      0.95   1.06     0.80
  SINCE JAN 1      6.26                      3.17   3.09     5.17

SNOWFALL (IN)
  YESTERDAY        0.0           0.0  2002   0.0    0.0      0.0
                                      2001
  MONTH TO DATE    T                         0.0    0.0      0.0
  SINCE JUN 1      T                         0.0    0.0      0.0
  SINCE JUL 1      T                         0.0    0.0      0.0
  SNOW DEPTH       0

DEGREE DAYS
 HEATING
  YESTERDAY        0                         1     -1        0
  MONTH TO DATE    8                        25    -17       13
  SINCE JUN 1     99                       193    -94       69
  SINCE JUL 1      8                        25    -17       13

 COOLING
  YESTERDAY        1                         1      0        3
  MONTH TO DATE   18                        16      2       13
  SINCE JUN 1     36                        22     14       42
  SINCE JAN 1     36                        22     14       42
..................................................................


WIND (MPH)
  HIGHEST WIND SPEED    22   HIGHEST WIND DIRECTION     E (100)
  HIGHEST GUST SPEED    29   HIGHEST GUST DIRECTION     W (280)
  AVERAGE WIND SPEED     5.4


SKY COVER
  POSSIBLE SUNSHINE  MM
  AVERAGE SKY COVER 0.2


WEATHER CONDITIONS
 THE FOLLOWING WEATHER WAS RECORDED YESTERDAY.
  THUNDERSTORM
  LIGHT RAIN
  FOG


RELATIVE HUMIDITY (PERCENT)
 HIGHEST   100          1200 AM
 LOWEST     33           300 PM
 AVERAGE    67

..........................................................


THE ALAMOSA CO CLIMATE NORMALS FOR TODAY
                         NORMAL    RECORD    YEAR
 MAXIMUM TEMPERATURE (F)   83        92      2005
 MINIMUM TEMPERATURE (F)   47        39      1939


SUNRISE AND SUNSET
JULY 17 2017..........SUNRISE   556 AM MDT   SUNSET   823 PM MDT
JULY 18 2017..........SUNRISE   557 AM MDT   SUNSET   822 PM MDT


-  INDICATES NEGATIVE NUMBERS.
R  INDICATES RECORD WAS SET OR TIED.
MM INDICATES DATA IS MISSING.
T  INDICATES TRACE AMOUNT.




$$
