000
CDUS45 KPUB 171043
CLIALS


CLIMATE REPORT
NATIONAL WEATHER SERVICE PUEBLO
443 AM MDT WED MAY 17 2017


...................................

...THE ALAMOSA CO CLIMATE SUMMARY FOR MAY 16 2017...

CLIMATE NORMAL PERIOD 1981 TO 2010
CLIMATE RECORD PERIOD 1932 TO 2017


WEATHER ITEM   OBSERVED TIME   RECORD YEAR NORMAL DEPARTURE LAST
                VALUE   (LST)  VALUE       VALUE  FROM      YEAR
                                                  NORMAL
..................................................................
TEMPERATURE (F)
 YESTERDAY
  MAXIMUM         64   1230 PM  83    1996  69     -5       61
  MINIMUM         33    357 AM  23    1951  34     -1       32
                                      1943
  AVERAGE         49                        51     -2       47

PRECIPITATION (IN)
  YESTERDAY        0.00          0.58 1953   0.01  -0.01     0.01
  MONTH TO DATE    1.23                      0.32   0.91     0.22
  SINCE MAR 1      2.59                      1.44   1.15     2.49
  SINCE JAN 1      4.24                      1.96   2.28     3.47

SNOWFALL (IN)
  YESTERDAY        0.0           1.2  1953   0.0    0.0      0.0
  MONTH TO DATE    1.1                       0.8    0.3      0.8
  SINCE MAR 1      6.7                       9.4   -2.7     24.2
  SINCE JUL 1     42.2                      27.5   14.7     43.0
  SNOW DEPTH       0

DEGREE DAYS
 HEATING
  YESTERDAY       16                        14      2       18
  MONTH TO DATE  225                       255    -30      257
  SINCE MAR 1   1600                      1926   -326     1859
  SINCE JUL 1   7389                      8255   -866     7625

 COOLING
  YESTERDAY        0                         0      0        0
  MONTH TO DATE    0                         0      0        0
  SINCE MAR 1      0                         0      0        0
  SINCE JAN 1      0                         0      0        0
..................................................................


WIND (MPH)
  HIGHEST WIND SPEED    25   HIGHEST WIND DIRECTION     N (350)
  HIGHEST GUST SPEED    31   HIGHEST GUST DIRECTION     N (350)
  AVERAGE WIND SPEED    11.3


SKY COVER
  POSSIBLE SUNSHINE  MM
  AVERAGE SKY COVER 0.4


WEATHER CONDITIONS
 THE FOLLOWING WEATHER WAS RECORDED YESTERDAY.
  NO SIGNIFICANT WEATHER WAS OBSERVED.


RELATIVE HUMIDITY (PERCENT)
 HIGHEST    76          1100 PM
 LOWEST     17          1200 PM
 AVERAGE    47

..........................................................


THE ALAMOSA CO CLIMATE NORMALS FOR TODAY
                         NORMAL    RECORD    YEAR
 MAXIMUM TEMPERATURE (F)   69        82      2003
 MINIMUM TEMPERATURE (F)   34        20      1943


SUNRISE AND SUNSET
MAY 17 2017...........SUNRISE   553 AM MDT   SUNSET   808 PM MDT
MAY 18 2017...........SUNRISE   552 AM MDT   SUNSET   809 PM MDT


-  INDICATES NEGATIVE NUMBERS.
R  INDICATES RECORD WAS SET OR TIED.
MM INDICATES DATA IS MISSING.
T  INDICATES TRACE AMOUNT.




$$
