898
CDUS45 KPUB 271132
CLIALS


CLIMATE REPORT
NATIONAL WEATHER SERVICE PUEBLO
431 AM MST SUN NOV 27 2016


...................................

...THE ALAMOSA CO CLIMATE SUMMARY FOR NOVEMBER 26 2016...

CLIMATE NORMAL PERIOD 1981 TO 2010
CLIMATE RECORD PERIOD 1932 TO 2016


WEATHER ITEM   OBSERVED TIME   RECORD YEAR NORMAL DEPARTURE LAST
                VALUE   (LST)  VALUE       VALUE  FROM      YEAR
                                                  NORMAL
..................................................................
TEMPERATURE (F)
 YESTERDAY
  MAXIMUM         42    222 PM  62    1977  41      1       50
  MINIMUM         -1    705 AM -25    1952   7     -8       27
  AVERAGE         21                        24     -3       39

PRECIPITATION (IN)
  YESTERDAY        0.00          0.49 1943   0.01  -0.01      T
  MONTH TO DATE    0.28                      0.37  -0.09     0.33
  SINCE SEP 1      0.58                      1.96  -1.38     2.09
  SINCE JAN 1      7.93                      6.91   1.02     9.06

SNOWFALL (IN)
  YESTERDAY        0.0           5.0  1943   0.2   -0.2       T
  MONTH TO DATE    T                         3.2   -3.2      3.5
  SINCE SEP 1      T                         5.3   -5.3      3.5
  SINCE JUL 1      T                         5.3   -5.3      3.5
  SNOW DEPTH       0

DEGREE DAYS
 HEATING
  YESTERDAY       44                        41      3       26
  MONTH TO DATE  749                       897   -148      868
  SINCE SEP 1   1528                      1878   -350     1543
  SINCE JUL 1   1672                      2007   -335     1635

 COOLING
  YESTERDAY        0                         0      0        0
  MONTH TO DATE    0                         0      0        0
  SINCE SEP 1      0                         0      0        0
  SINCE JAN 1    115                        51     64       74
..................................................................


WIND (MPH)
  HIGHEST WIND SPEED     9   HIGHEST WIND DIRECTION     S (190)
  HIGHEST GUST SPEED    10   HIGHEST GUST DIRECTION     S (190)
  AVERAGE WIND SPEED     2.9


SKY COVER
  POSSIBLE SUNSHINE  MM
  AVERAGE SKY COVER 0.0


WEATHER CONDITIONS
 THE FOLLOWING WEATHER WAS RECORDED YESTERDAY.
  NO SIGNIFICANT WEATHER WAS OBSERVED.


RELATIVE HUMIDITY (PERCENT)
 HIGHEST    87           600 AM
 LOWEST     23           300 PM
 AVERAGE    55

..........................................................


THE ALAMOSA CO CLIMATE NORMALS FOR TODAY
                         NORMAL    RECORD    YEAR
 MAXIMUM TEMPERATURE (F)   41        62      1949
 MINIMUM TEMPERATURE (F)    7       -30      1952


SUNRISE AND SUNSET
NOVEMBER 27 2016......SUNRISE   656 AM MST   SUNSET   446 PM MST
NOVEMBER 28 2016......SUNRISE   657 AM MST   SUNSET   446 PM MST


-  INDICATES NEGATIVE NUMBERS.
R  INDICATES RECORD WAS SET OR TIED.
MM INDICATES DATA IS MISSING.
T  INDICATES TRACE AMOUNT.




$$
