000
CDUS45 KPUB 220026
CLIALS


CLIMATE REPORT
NATIONAL WEATHER SERVICE PUEBLO
626 PM MDT THU SEP 21 2017


...................................

...THE ALAMOSA CO CLIMATE SUMMARY FOR SEPTEMBER 21 2017...
VALID TODAY AS OF 0500 PM LOCAL TIME.

CLIMATE NORMAL PERIOD 1981 TO 2010
CLIMATE RECORD PERIOD 1932 TO 2017


WEATHER ITEM   OBSERVED TIME   RECORD YEAR NORMAL DEPARTURE LAST
                VALUE   (LST)  VALUE       VALUE  FROM      YEAR
                                                  NORMAL
..................................................................
TEMPERATURE (F)
 TODAY
  MAXIMUM         76    308 PM  82    2010  71      5       78
  MINIMUM         39    127 AM  17    1978  35      4       50
  AVERAGE         58                        53      5       64

PRECIPITATION (IN)
  TODAY            0.00          0.50 1952   0.03  -0.03     0.07
  MONTH TO DATE    0.20                      0.69  -0.49     0.22
  SINCE SEP 1      0.20                      0.69  -0.49     0.22
  SINCE JAN 1      8.89                      5.64   3.25     7.57

SNOWFALL (IN)
  TODAY            0.0           0.0  2002   0.0    0.0      0.0
  MONTH TO DATE    0.0                       0.0    0.0      0.0
  SINCE SEP 1      0.0                       0.0    0.0      0.0
  SINCE JUL 1      T                         0.0    0.0      0.0
  SNOW DEPTH       0

DEGREE DAYS
 HEATING
  TODAY            7                        12     -5        1
  MONTH TO DATE  113                       176    -63      141
  SINCE SEP 1    113                       176    -63      141
  SINCE JUL 1    212                       305    -93      285

 COOLING
  TODAY            0                         0      0        0
  MONTH TO DATE    0                         0      0        0
  SINCE SEP 1      0                         0      0        0
  SINCE JAN 1     76                        51     25      115
..................................................................


WIND (MPH)
  HIGHEST WIND SPEED    26   HIGHEST WIND DIRECTION     S (200)
  HIGHEST GUST SPEED    33   HIGHEST GUST DIRECTION     S (200)
  AVERAGE WIND SPEED    14.1


SKY COVER
  POSSIBLE SUNSHINE  MM
  AVERAGE SKY COVER 0.0


WEATHER CONDITIONS
 THE FOLLOWING WEATHER WAS RECORDED TODAY.
  NO SIGNIFICANT WEATHER WAS OBSERVED.


RELATIVE HUMIDITY (PERCENT)
 HIGHEST    65           600 AM
 LOWEST     13           300 PM
 AVERAGE    39

..........................................................


THE ALAMOSA CO CLIMATE NORMALS FOR TOMORROW
                         NORMAL    RECORD    YEAR
 MAXIMUM TEMPERATURE (F)   71        85      1944
 MINIMUM TEMPERATURE (F)   34        20      1983


SUNRISE AND SUNSET
SEPTEMBER 21 2017.....SUNRISE   651 AM MDT   SUNSET   701 PM MDT
SEPTEMBER 22 2017.....SUNRISE   652 AM MDT   SUNSET   700 PM MDT


-  INDICATES NEGATIVE NUMBERS.
R  INDICATES RECORD WAS SET OR TIED.
MM INDICATES DATA IS MISSING.
T  INDICATES TRACE AMOUNT.




$$
