000
CDUS45 KPUB 150021
CLIALS


CLIMATE REPORT
NATIONAL WEATHER SERVICE PUEBLO
521 PM MST FRI NOV 14 2014


...................................

...THE ALAMOSA CO CLIMATE SUMMARY FOR NOVEMBER 14 2014...
VALID TODAY AS OF 0500 PM LOCAL TIME.

CLIMATE NORMAL PERIOD 1981 TO 2010
CLIMATE RECORD PERIOD 1932 TO 2014


WEATHER ITEM   OBSERVED TIME   RECORD YEAR NORMAL DEPARTURE LAST
                VALUE   (LST)  VALUE       VALUE  FROM      YEAR
                                                  NORMAL
..................................................................
TEMPERATURE (F)
 TODAY
  MAXIMUM         51    228 PM  65    1999  48      3       54
  MINIMUM         25    730 AM  -5    1940  13     12       21
  AVERAGE         38                        30      8       38

PRECIPITATION (IN)
  TODAY            0.01          0.54 1985   0.02  -0.01     0.00
  MONTH TO DATE    0.18                      0.23  -0.05      T
  SINCE SEP 1      1.29                      1.82  -0.53     3.51
  SINCE JAN 1      5.17                      6.77  -1.60     8.38

SNOWFALL (IN)
  TODAY            0.1           8.0  1985   0.2   -0.1      0.0
  MONTH TO DATE    0.1                       1.7   -1.6      0.0
  SINCE SEP 1      0.1                       3.8   -3.7      3.5
  SINCE JUL 1      0.1                       3.8   -3.7      3.5
  SNOW DEPTH       0

DEGREE DAYS
 HEATING
  TODAY           27                        35     -8       27
  MONTH TO DATE  372                       441    -69      420
  SINCE SEP 1   1107                      1422   -315     1344
  SINCE JUL 1   1228                      1551   -323     1419

 COOLING
  TODAY            0                         0      0        0
  MONTH TO DATE    0                         0      0        0
  SINCE SEP 1      0                         0      0       14
  SINCE JAN 1     60                        51      9      113
..................................................................


WIND (MPH)
  HIGHEST WIND SPEED    24   HIGHEST WIND DIRECTION    SW (240)
  HIGHEST GUST SPEED    30   HIGHEST GUST DIRECTION    SW (240)
  AVERAGE WIND SPEED     6.6


SKY COVER
  POSSIBLE SUNSHINE  MM
  AVERAGE SKY COVER 0.6


WEATHER CONDITIONS
 THE FOLLOWING WEATHER WAS RECORDED TODAY.
  LIGHT RAIN
  LIGHT SNOW
  FOG


RELATIVE HUMIDITY (PERCENT)
 HIGHEST    92           600 AM
 LOWEST     34           200 PM
 AVERAGE    63

..........................................................


THE ALAMOSA CO CLIMATE NORMALS FOR TOMORROW
                         NORMAL    RECORD    YEAR
 MAXIMUM TEMPERATURE (F)   47        67      1942
 MINIMUM TEMPERATURE (F)   12       -13      1985


SUNRISE AND SUNSET
NOVEMBER 14 2014......SUNRISE   642 AM MST   SUNSET   453 PM MST
NOVEMBER 15 2014......SUNRISE   643 AM MST   SUNSET   453 PM MST


-  INDICATES NEGATIVE NUMBERS.
R  INDICATES RECORD WAS SET OR TIED.
MM INDICATES DATA IS MISSING.
T  INDICATES TRACE AMOUNT.




$$
