063
CDUS45 KPUB 131139
CLIALS


CLIMATE REPORT
NATIONAL WEATHER SERVICE PUEBLO
438 AM MST MON NOV 13 2017


...................................

...THE ALAMOSA CO CLIMATE SUMMARY FOR NOVEMBER 12 2017...

CLIMATE NORMAL PERIOD 1981 TO 2010
CLIMATE RECORD PERIOD 1932 TO 2017


WEATHER ITEM   OBSERVED TIME   RECORD YEAR NORMAL DEPARTURE LAST
                VALUE   (LST)  VALUE       VALUE  FROM      YEAR
                                                  NORMAL
..................................................................
TEMPERATURE (F)
 YESTERDAY
  MAXIMUM         57    312 PM  65    1989  49      8       57
  MINIMUM         14    659 AM  -5    2012  14      0       19
  AVERAGE         36                        31      5       38

PRECIPITATION (IN)
  YESTERDAY        0.00          0.40 1994   0.02  -0.02     0.00
  MONTH TO DATE    0.01                      0.20  -0.19     0.17
  SINCE SEP 1      1.82                      1.79   0.03     0.47
  SINCE JAN 1     10.51                      6.74   3.77     7.82

SNOWFALL (IN)
  YESTERDAY        0.0           7.7  1972   0.1   -0.1      0.0
  MONTH TO DATE    0.2                       1.4   -1.2      0.0
  SINCE SEP 1      0.2                       3.5   -3.3      0.0
  SINCE JUL 1      0.2                       3.5   -3.3      0.0
  SNOW DEPTH       0

DEGREE DAYS
 HEATING
  YESTERDAY       29                        34     -5       27
  MONTH TO DATE  278                       372    -94      291
  SINCE SEP 1   1154                      1353   -199     1070
  SINCE JUL 1   1253                      1482   -229     1214

 COOLING
  YESTERDAY        0                         0      0        0
  MONTH TO DATE    0                         0      0        0
  SINCE SEP 1      0                         0      0        0
  SINCE JAN 1     76                        51     25      115
..................................................................


WIND (MPH)
  HIGHEST WIND SPEED     9   HIGHEST WIND DIRECTION    NW (320)
  HIGHEST GUST SPEED    11   HIGHEST GUST DIRECTION     S (180)
  AVERAGE WIND SPEED     3.3


SKY COVER
  POSSIBLE SUNSHINE  MM
  AVERAGE SKY COVER 0.1


WEATHER CONDITIONS
 THE FOLLOWING WEATHER WAS RECORDED YESTERDAY.
  NO SIGNIFICANT WEATHER WAS OBSERVED.


RELATIVE HUMIDITY (PERCENT)
 HIGHEST    80           300 AM
 LOWEST     20           200 PM
 AVERAGE    50

..........................................................


THE ALAMOSA CO CLIMATE NORMALS FOR TODAY
                         NORMAL    RECORD    YEAR
 MAXIMUM TEMPERATURE (F)   48        63      2007
                                             1999
                                             1973
 MINIMUM TEMPERATURE (F)   13       -12      1940


SUNRISE AND SUNSET
NOVEMBER 13 2017......SUNRISE   641 AM MST   SUNSET   454 PM MST
NOVEMBER 14 2017......SUNRISE   642 AM MST   SUNSET   453 PM MST


-  INDICATES NEGATIVE NUMBERS.
R  INDICATES RECORD WAS SET OR TIED.
MM INDICATES DATA IS MISSING.
T  INDICATES TRACE AMOUNT.




$$
