000
CDUS45 KPUB 061125
CLIALS


CLIMATE REPORT
NATIONAL WEATHER SERVICE PUEBLO
425 AM MST SAT JAN 6 2018


...................................

...THE ALAMOSA CO CLIMATE SUMMARY FOR JANUARY 5 2018...

CLIMATE NORMAL PERIOD 1981 TO 2010
CLIMATE RECORD PERIOD 1932 TO 2018


WEATHER ITEM   OBSERVED TIME   RECORD YEAR NORMAL DEPARTURE LAST
                VALUE   (LST)  VALUE       VALUE  FROM      YEAR
                                                  NORMAL
..................................................................
TEMPERATURE (F)
 YESTERDAY
  MAXIMUM         45    340 PM  57    1956  34     11       42
  MINIMUM          1    611 AM -33    1971  -2      3       10
  AVERAGE         23                        16      7       26

PRECIPITATION (IN)
  YESTERDAY        0.00          0.27 2017   0.01  -0.01     0.27
  MONTH TO DATE    0.00                      0.04  -0.04     0.27
  SINCE DEC 1      0.14                      0.39  -0.25     1.35
  SINCE JAN 1      0.00                      0.04  -0.04     0.27

SNOWFALL (IN)
  YESTERDAY        0.0           6.3  2017   0.1   -0.1      6.3
  MONTH TO DATE    0.0                       0.6   -0.6      6.3
  SINCE DEC 1      1.3                       5.1   -3.8     16.5
  SINCE JUL 1      1.7                      10.9   -9.2     17.5
  SNOW DEPTH       0

DEGREE DAYS
 HEATING
  YESTERDAY       42                        49     -7       39
  MONTH TO DATE  213                       245    -32      216
  SINCE DEC 1   1432                      1707   -275     1660
  SINCE JUL 1   3198                      3882   -684     3524

 COOLING
  YESTERDAY        0                         0      0        0
  MONTH TO DATE    0                         0      0        0
  SINCE DEC 1      0                         0      0        0
  SINCE JAN 1      0                         0      0        0
..................................................................


WIND (MPH)
  HIGHEST WIND SPEED     7   HIGHEST WIND DIRECTION     W (270)
  HIGHEST GUST SPEED     8   HIGHEST GUST DIRECTION    NE (30)
  AVERAGE WIND SPEED     1.7


SKY COVER
  POSSIBLE SUNSHINE  MM
  AVERAGE SKY COVER 0.0


WEATHER CONDITIONS
 THE FOLLOWING WEATHER WAS RECORDED YESTERDAY.
  NO SIGNIFICANT WEATHER WAS OBSERVED.


RELATIVE HUMIDITY (PERCENT)
 HIGHEST    75           600 AM
 LOWEST     14           300 PM
 AVERAGE    45

..........................................................


THE ALAMOSA CO CLIMATE NORMALS FOR TODAY
                         NORMAL    RECORD    YEAR
 MAXIMUM TEMPERATURE (F)   34        53      1956
 MINIMUM TEMPERATURE (F)   -2       -40      1971


SUNRISE AND SUNSET
JANUARY  6 2018.......SUNRISE   718 AM MST   SUNSET   501 PM MST
JANUARY  7 2018.......SUNRISE   718 AM MST   SUNSET   502 PM MST


-  INDICATES NEGATIVE NUMBERS.
R  INDICATES RECORD WAS SET OR TIED.
MM INDICATES DATA IS MISSING.
T  INDICATES TRACE AMOUNT.




$$
