000
CDUS45 KPUB 161029
CLIALS


CLIMATE REPORT
NATIONAL WEATHER SERVICE PUEBLO
429 AM MDT SAT AUG 16 2014


...................................

...THE ALAMOSA CO CLIMATE SUMMARY FOR AUGUST 15 2014...

CLIMATE NORMAL PERIOD 1981 TO 2010
CLIMATE RECORD PERIOD 1932 TO 2014


WEATHER ITEM   OBSERVED TIME   RECORD YEAR NORMAL DEPARTURE LAST
                VALUE   (LST)  VALUE       VALUE  FROM      YEAR
                                                  NORMAL
..................................................................
TEMPERATURE (F)
 YESTERDAY
  MAXIMUM         83    151 PM  89    1944  80      3       83
  MINIMUM         44    542 AM  35    1978  46     -2       42
  AVERAGE         64                        63      1       63

PRECIPITATION (IN)
  YESTERDAY        0.00          0.35 2001   0.04  -0.04     0.00
                                      1979
  MONTH TO DATE    T                         0.61  -0.61     2.16
  SINCE JUN 1      1.54                      2.07  -0.53     3.50
  SINCE JAN 1      3.35                      4.29  -0.94     4.56

SNOWFALL (IN)
  YESTERDAY        0.0           0.0  2002   0.0    0.0      0.0
  MONTH TO DATE    0.0                       0.0    0.0      0.0
  SINCE JUN 1      0.0                       0.0    0.0      0.0
  SINCE JUL 1      0.0                       0.0    0.0      0.0
  SNOW DEPTH       0

DEGREE DAYS
 HEATING
  YESTERDAY        1                         2     -1        2
  MONTH TO DATE   33                        27      6       44
  SINCE JUN 1    181                       240    -59      174
  SINCE JUL 1     55                        72    -17       72

 COOLING
  YESTERDAY        0                         0      0        0
  MONTH TO DATE    1                        12    -11        8
  SINCE JUN 1     58                        50      8       73
  SINCE JAN 1     58                        50      8       73
..................................................................


WIND (MPH)
  HIGHEST WIND SPEED    28   HIGHEST WIND DIRECTION     W (250)
  HIGHEST GUST SPEED    38   HIGHEST GUST DIRECTION     W (270)
  AVERAGE WIND SPEED     6.6


SKY COVER
  POSSIBLE SUNSHINE  MM
  AVERAGE SKY COVER 0.1


WEATHER CONDITIONS
 THE FOLLOWING WEATHER WAS RECORDED YESTERDAY.
  NO SIGNIFICANT WEATHER WAS OBSERVED.


RELATIVE HUMIDITY (PERCENT)
 HIGHEST    93           300 AM
 LOWEST     18           200 PM
 AVERAGE    56

..........................................................


THE ALAMOSA CO CLIMATE NORMALS FOR TODAY
                         NORMAL    RECORD    YEAR
 MAXIMUM TEMPERATURE (F)   80        89      2002
 MINIMUM TEMPERATURE (F)   46        34      1978


SUNRISE AND SUNSET
AUGUST 16 2014........SUNRISE   620 AM MDT   SUNSET   754 PM MDT
AUGUST 17 2014........SUNRISE   621 AM MDT   SUNSET   753 PM MDT


-  INDICATES NEGATIVE NUMBERS.
R  INDICATES RECORD WAS SET OR TIED.
MM INDICATES DATA IS MISSING.
T  INDICATES TRACE AMOUNT.




$$
