000
CDUS45 KPUB 140031
CLIALS


CLIMATE REPORT
NATIONAL WEATHER SERVICE PUEBLO
631 PM MDT MON MAR 13 2017


...................................

...THE ALAMOSA CO CLIMATE SUMMARY FOR MARCH 13 2017...
VALID TODAY AS OF 0500 PM LOCAL TIME.

CLIMATE NORMAL PERIOD 1981 TO 2010
CLIMATE RECORD PERIOD 1932 TO 2017


WEATHER ITEM   OBSERVED TIME   RECORD YEAR NORMAL DEPARTURE LAST
                VALUE   (LST)  VALUE       VALUE  FROM      YEAR
                                                  NORMAL
..................................................................
TEMPERATURE (F)
 TODAY
  MAXIMUM         63    329 PM  70    2007  49     14       58
  MINIMUM         20    556 AM  -2    1962  16      4       20
                                      1950
  AVERAGE         42                        33      9       39

PRECIPITATION (IN)
  TODAY            0.00          0.24 1982   0.02  -0.02     0.00
  MONTH TO DATE    0.02                      0.19  -0.17      T
  SINCE MAR 1      0.02                      0.19  -0.17      T
  SINCE JAN 1      1.67                      0.71   0.96     0.98

SNOWFALL (IN)
  TODAY            0.0           3.8  1973   0.1   -0.1      0.0
  MONTH TO DATE    T                         1.9   -1.9      0.0
  SINCE MAR 1      T                         1.9   -1.9      0.0
  SINCE JUL 1     35.5                      20.0   15.5     18.8
  SNOW DEPTH       0

DEGREE DAYS
 HEATING
  TODAY           23                        32     -9       26
  MONTH TO DATE  380                       444    -64      347
  SINCE MAR 1    380                       444    -64      347
  SINCE JUL 1   6169                      6773   -604     6113

 COOLING
  TODAY            0                         0      0        0
  MONTH TO DATE    0                         0      0        0
  SINCE MAR 1      0                         0      0        0
  SINCE JAN 1      0                         0      0        0
..................................................................


WIND (MPH)
  HIGHEST WIND SPEED    28   HIGHEST WIND DIRECTION     N (340)
  HIGHEST GUST SPEED    33   HIGHEST GUST DIRECTION     N (350)
  AVERAGE WIND SPEED     6.1


SKY COVER
  POSSIBLE SUNSHINE  MM
  AVERAGE SKY COVER 0.1


WEATHER CONDITIONS
 THE FOLLOWING WEATHER WAS RECORDED TODAY.
  NO SIGNIFICANT WEATHER WAS OBSERVED.


RELATIVE HUMIDITY (PERCENT)
 HIGHEST    84           600 AM
 LOWEST     17           300 PM
 AVERAGE    51

..........................................................


THE ALAMOSA CO CLIMATE NORMALS FOR TOMORROW
                         NORMAL    RECORD    YEAR
 MAXIMUM TEMPERATURE (F)   50        65      2007
                                             1935
 MINIMUM TEMPERATURE (F)   17       -10      1962


SUNRISE AND SUNSET
MARCH 13 2017.........SUNRISE   717 AM MDT   SUNSET   709 PM MDT
MARCH 14 2017.........SUNRISE   715 AM MDT   SUNSET   710 PM MDT


-  INDICATES NEGATIVE NUMBERS.
R  INDICATES RECORD WAS SET OR TIED.
MM INDICATES DATA IS MISSING.
T  INDICATES TRACE AMOUNT.




$$
