000
CDUS45 KPUB 292325
CLIALS


CLIMATE REPORT
NATIONAL WEATHER SERVICE PUEBLO
525 PM MDT MON JUN 29 2015


...................................

...THE ALAMOSA CO CLIMATE SUMMARY FOR JUNE 29 2015...
VALID TODAY AS OF 0500 PM LOCAL TIME.

CLIMATE NORMAL PERIOD 1981 TO 2010
CLIMATE RECORD PERIOD 1932 TO 2015


WEATHER ITEM   OBSERVED TIME   RECORD YEAR NORMAL DEPARTURE LAST
                VALUE   (LST)  VALUE       VALUE  FROM      YEAR
                                                  NORMAL
..................................................................
TEMPERATURE (F)
 TODAY
  MAXIMUM         85    319 PM  93    1990  82      3       90
  MINIMUM         47    500 AM  28    1945  44      3       40
  AVERAGE         66                        63      3       65

PRECIPITATION (IN)
  TODAY            0.00          0.92 1978   0.02  -0.02     0.00
  MONTH TO DATE    1.17                      0.47   0.70     0.01
  SINCE JUN 1      1.17                      0.47   0.70     0.01
  SINCE JAN 1      5.11                      2.69   2.42     1.82

SNOWFALL (IN)
  TODAY            0.0           0.0  2002   0.0    0.0      0.0
  MONTH TO DATE    0.0                       0.0    0.0      0.0
  SINCE JUN 1      0.0                       0.0    0.0      0.0
  SINCE JUL 1     23.8                      27.6   -3.8     39.8
  SNOW DEPTH       0

DEGREE DAYS
 HEATING
  TODAY            0                         3     -3        0
  MONTH TO DATE   76                       166    -90      126
  SINCE JUN 1     76                       166    -90      126
  SINCE JUL 1   7457                      8592  -1135     8672

 COOLING
  TODAY            1                         1      0        0
  MONTH TO DATE   21                         2     19        0
  SINCE JUN 1     21                         2     19        0
  SINCE JAN 1     21                         2     19        0
..................................................................


WIND (MPH)
  HIGHEST WIND SPEED    14   HIGHEST WIND DIRECTION     E (90)
  HIGHEST GUST SPEED    18   HIGHEST GUST DIRECTION     E (80)
  AVERAGE WIND SPEED     4.8


SKY COVER
  POSSIBLE SUNSHINE  MM
  AVERAGE SKY COVER 0.1


WEATHER CONDITIONS
 THE FOLLOWING WEATHER WAS RECORDED TODAY.
  NO SIGNIFICANT WEATHER WAS OBSERVED.


RELATIVE HUMIDITY (PERCENT)
 HIGHEST    93           400 AM
 LOWEST     19           300 PM
 AVERAGE    56

..........................................................


THE ALAMOSA CO CLIMATE NORMALS FOR TOMORROW
                         NORMAL    RECORD    YEAR
 MAXIMUM TEMPERATURE (F)   82        91      2012
                                             2002
 MINIMUM TEMPERATURE (F)   44        34      1935


SUNRISE AND SUNSET
JUNE 29 2015..........SUNRISE   545 AM MDT   SUNSET   828 PM MDT
JUNE 30 2015..........SUNRISE   546 AM MDT   SUNSET   828 PM MDT


-  INDICATES NEGATIVE NUMBERS.
R  INDICATES RECORD WAS SET OR TIED.
MM INDICATES DATA IS MISSING.
T  INDICATES TRACE AMOUNT.




$$
