000
CDUS45 KPUB 141054
CLIALS


CLIMATE REPORT
NATIONAL WEATHER SERVICE PUEBLO
454 AM MDT SAT OCT 14 2017


...................................

...THE ALAMOSA CO CLIMATE SUMMARY FOR OCTOBER 13 2017...

CLIMATE NORMAL PERIOD 1981 TO 2010
CLIMATE RECORD PERIOD 1932 TO 2017


WEATHER ITEM   OBSERVED TIME   RECORD YEAR NORMAL DEPARTURE LAST
                VALUE   (LST)  VALUE       VALUE  FROM      YEAR
                                                  NORMAL
..................................................................
TEMPERATURE (F)
 YESTERDAY
  MAXIMUM         70   1240 PM  77    2015  63      7       70
  MINIMUM         29    336 AM   0    1969  26      3       31
  AVERAGE         50                        44      6       51

PRECIPITATION (IN)
  YESTERDAY        0.00          0.26 2009   0.02  -0.02     0.00
  MONTH TO DATE    0.05                      0.28  -0.23     0.02
  SINCE SEP 1      1.80                      1.19   0.61     0.30
  SINCE JAN 1     10.49                      6.14   4.35     7.65

SNOWFALL (IN)
  YESTERDAY        0.0           0.2  2004   0.1   -0.1      0.0
  MONTH TO DATE    T                         0.4   -0.4      0.0
  SINCE SEP 1      T                         0.4   -0.4      0.0
  SINCE JUL 1      T                         0.4   -0.4      0.0
  SNOW DEPTH       0

DEGREE DAYS
 HEATING
  YESTERDAY       15                        21     -6       14
  MONTH TO DATE  218                       239    -21      238
  SINCE SEP 1    463                       541    -78      489
  SINCE JUL 1    562                       670   -108      633

 COOLING
  YESTERDAY        0                         0      0        0
  MONTH TO DATE    0                         0      0        0
  SINCE SEP 1      0                         0      0        0
  SINCE JAN 1     76                        51     25      115
..................................................................


WIND (MPH)
  HIGHEST WIND SPEED    32   HIGHEST WIND DIRECTION    SW (230)
  HIGHEST GUST SPEED    43   HIGHEST GUST DIRECTION    SW (240)
  AVERAGE WIND SPEED    11.3


SKY COVER
  POSSIBLE SUNSHINE  MM
  AVERAGE SKY COVER 0.0


WEATHER CONDITIONS
 THE FOLLOWING WEATHER WAS RECORDED YESTERDAY.
  NO SIGNIFICANT WEATHER WAS OBSERVED.


RELATIVE HUMIDITY (PERCENT)
 HIGHEST    82          1200 AM
 LOWEST     14          1100 AM
 AVERAGE    48

..........................................................


THE ALAMOSA CO CLIMATE NORMALS FOR TODAY
                         NORMAL    RECORD    YEAR
 MAXIMUM TEMPERATURE (F)   63        77      2016
 MINIMUM TEMPERATURE (F)   25        13      1951


SUNRISE AND SUNSET
OCTOBER 14 2017.......SUNRISE   711 AM MDT   SUNSET   627 PM MDT
OCTOBER 15 2017.......SUNRISE   712 AM MDT   SUNSET   626 PM MDT


-  INDICATES NEGATIVE NUMBERS.
R  INDICATES RECORD WAS SET OR TIED.
MM INDICATES DATA IS MISSING.
T  INDICATES TRACE AMOUNT.




$$
