040
CDUS45 KPUB 130025
CLIALS


CLIMATE REPORT
NATIONAL WEATHER SERVICE PUEBLO
525 PM MST THU JAN 12 2017


...................................

...THE ALAMOSA CO CLIMATE SUMMARY FOR JANUARY 12 2017...
VALID TODAY AS OF 0500 PM LOCAL TIME.

CLIMATE NORMAL PERIOD 1981 TO 2010
CLIMATE RECORD PERIOD 1932 TO 2017


WEATHER ITEM   OBSERVED TIME   RECORD YEAR NORMAL DEPARTURE LAST
                VALUE   (LST)  VALUE       VALUE  FROM      YEAR
                                                  NORMAL
..................................................................
TEMPERATURE (F)
 TODAY
  MAXIMUM         39    239 PM  52    2000  34      5       22
  MINIMUM         17    342 AM -37    1963  -2     19      -22
  AVERAGE         28                        16     12        0

PRECIPITATION (IN)
  TODAY            0.00          0.21 2005   0.00   0.00     0.00
  MONTH TO DATE    0.66                      0.09   0.57     0.55
  SINCE DEC 1      1.74                      0.44   1.30     0.80
  SINCE JAN 1      0.66                      0.09   0.57     0.55

SNOWFALL (IN)
  TODAY            0.0           2.6  1979   0.1   -0.1      0.0
  MONTH TO DATE   11.3                       1.4    9.9      6.4
  SINCE DEC 1     21.5                       5.9   15.6      9.8
  SINCE JUL 1     22.5                      11.7   10.8     14.1
  SNOW DEPTH       3

DEGREE DAYS
 HEATING
  TODAY           37                        49    -12       65
  MONTH TO DATE  584                       588     -4      643
  SINCE DEC 1   2028                      2050    -22     1976
  SINCE JUL 1   3892                      4225   -333     3754

 COOLING
  TODAY            0                         0      0        0
  MONTH TO DATE    0                         0      0        0
  SINCE DEC 1      0                         0      0        0
  SINCE JAN 1      0                         0      0        0
..................................................................


WIND (MPH)
  HIGHEST WIND SPEED    18   HIGHEST WIND DIRECTION     S (180)
  HIGHEST GUST SPEED    26   HIGHEST GUST DIRECTION     S (190)
  AVERAGE WIND SPEED    11.0


SKY COVER
  POSSIBLE SUNSHINE  MM
  AVERAGE SKY COVER 0.0


WEATHER CONDITIONS
 THE FOLLOWING WEATHER WAS RECORDED TODAY.
  NO SIGNIFICANT WEATHER WAS OBSERVED.


RELATIVE HUMIDITY (PERCENT)
 HIGHEST    81           800 AM
 LOWEST     54           100 PM
 AVERAGE    68

..........................................................


THE ALAMOSA CO CLIMATE NORMALS FOR TOMORROW
                         NORMAL    RECORD    YEAR
 MAXIMUM TEMPERATURE (F)   34        52      2000
                                             1980
 MINIMUM TEMPERATURE (F)   -2       -41      1963


SUNRISE AND SUNSET
JANUARY 12 2017.......SUNRISE   718 AM MST   SUNSET   507 PM MST
JANUARY 13 2017.......SUNRISE   717 AM MST   SUNSET   508 PM MST


-  INDICATES NEGATIVE NUMBERS.
R  INDICATES RECORD WAS SET OR TIED.
MM INDICATES DATA IS MISSING.
T  INDICATES TRACE AMOUNT.




$$
