000
CDUS45 KPUB 071155
CLIALS


CLIMATE REPORT
NATIONAL WEATHER SERVICE PUEBLO
454 AM MST SUN FEB 7 2016


...................................

...THE ALAMOSA CO CLIMATE SUMMARY FOR FEBRUARY 6 2016...

CLIMATE NORMAL PERIOD 1981 TO 2010
CLIMATE RECORD PERIOD 1932 TO 2016


WEATHER ITEM   OBSERVED TIME   RECORD YEAR NORMAL DEPARTURE LAST
                VALUE   (LST)  VALUE       VALUE  FROM      YEAR
                                                  NORMAL
..................................................................
TEMPERATURE (F)
 YESTERDAY
  MAXIMUM         35    321 PM  61    1963  37     -2       55
  MINIMUM        -10    636 AM -25    1989   2    -12       10
                                      1982
  AVERAGE         13                        20     -7       33

PRECIPITATION (IN)
  YESTERDAY        0.00          0.10 2003   0.01  -0.01     0.00
  MONTH TO DATE    0.15                      0.05   0.10     0.00
  SINCE DEC 1      0.98                      0.66   0.32     0.54
  SINCE JAN 1      0.73                      0.31   0.42     0.33

SNOWFALL (IN)
  YESTERDAY        0.0           3.1  2003   0.1   -0.1      0.0
  MONTH TO DATE    2.0                       0.8    1.2      0.0
  SINCE DEC 1     12.4                       9.3    3.1      5.6
  SINCE JUL 1     16.7                      15.1    1.6      7.2
  SNOW DEPTH       T

DEGREE DAYS
 HEATING
  YESTERDAY       52                        45      7       32
  MONTH TO DATE  326                       276     50      205
  SINCE DEC 1   3262                      3248     14     2822
  SINCE JUL 1   5040                      5423   -383     4665

 COOLING
  YESTERDAY        0                         0      0        0
  MONTH TO DATE    0                         0      0        0
  SINCE DEC 1      0                         0      0        0
  SINCE JAN 1      0                         0      0        0
..................................................................


WIND (MPH)
  HIGHEST WIND SPEED     9   HIGHEST WIND DIRECTION    NW (320)
  HIGHEST GUST SPEED    11   HIGHEST GUST DIRECTION    NW (300)
  AVERAGE WIND SPEED     4.1


SKY COVER
  POSSIBLE SUNSHINE  MM
  AVERAGE SKY COVER 0.0


WEATHER CONDITIONS
 THE FOLLOWING WEATHER WAS RECORDED YESTERDAY.
  NO SIGNIFICANT WEATHER WAS OBSERVED.


RELATIVE HUMIDITY (PERCENT)
 HIGHEST    87          1100 PM
 LOWEST     32           200 PM
 AVERAGE    60

..........................................................


THE ALAMOSA CO CLIMATE NORMALS FOR TODAY
                         NORMAL    RECORD    YEAR
 MAXIMUM TEMPERATURE (F)   37        57      2015
 MINIMUM TEMPERATURE (F)    2       -30      1989


SUNRISE AND SUNSET
FEBRUARY  7 2016......SUNRISE   702 AM MST   SUNSET   534 PM MST
FEBRUARY  8 2016......SUNRISE   701 AM MST   SUNSET   535 PM MST


-  INDICATES NEGATIVE NUMBERS.
R  INDICATES RECORD WAS SET OR TIED.
MM INDICATES DATA IS MISSING.
T  INDICATES TRACE AMOUNT.




$$
