000
CDUS45 KPUB 150025
CLIALS


CLIMATE REPORT
NATIONAL WEATHER SERVICE PUEBLO
625 PM MDT FRI APR 14 2017


...................................

...THE ALAMOSA CO CLIMATE SUMMARY FOR APRIL 14 2017...
VALID TODAY AS OF 0500 PM LOCAL TIME.

CLIMATE NORMAL PERIOD 1981 TO 2010
CLIMATE RECORD PERIOD 1932 TO 2017


WEATHER ITEM   OBSERVED TIME   RECORD YEAR NORMAL DEPARTURE LAST
                VALUE   (LST)  VALUE       VALUE  FROM      YEAR
                                                  NORMAL
..................................................................
TEMPERATURE (F)
 TODAY
  MAXIMUM         70    313 PM  76    2002  59     11       68
  MINIMUM         33    453 AM  -4    1933  24      9       28
  AVERAGE         52                        41     11       48

PRECIPITATION (IN)
  TODAY            0.00          0.28 1945   0.02  -0.02     0.00
  MONTH TO DATE    0.35                      0.26   0.09      T
  SINCE MAR 1      1.08                      0.79   0.29     0.52
  SINCE JAN 1      2.73                      1.31   1.42     1.50

SNOWFALL (IN)
  TODAY            0.0           3.5  1945   0.1   -0.1      0.0
  MONTH TO DATE    3.2                       1.9    1.3      0.0
  SINCE MAR 1      3.9                       6.9   -3.0      8.2
  SINCE JUL 1     39.4                      25.0   14.4     27.0
  SNOW DEPTH       0

DEGREE DAYS
 HEATING
  TODAY           13                        24    -11       17
  MONTH TO DATE  305                       357    -52      304
  SINCE MAR 1   1044                      1334   -290     1221
  SINCE JUL 1   6833                      7663   -830     6987

 COOLING
  TODAY            0                         0      0        0
  MONTH TO DATE    0                         0      0        0
  SINCE MAR 1      0                         0      0        0
  SINCE JAN 1      0                         0      0        0
..................................................................


WIND (MPH)
  HIGHEST WIND SPEED    26   HIGHEST WIND DIRECTION    SW (230)
  HIGHEST GUST SPEED    34   HIGHEST GUST DIRECTION    SW (230)
  AVERAGE WIND SPEED    11.9


SKY COVER
  POSSIBLE SUNSHINE  MM
  AVERAGE SKY COVER 0.0


WEATHER CONDITIONS
 THE FOLLOWING WEATHER WAS RECORDED TODAY.
  NO SIGNIFICANT WEATHER WAS OBSERVED.


RELATIVE HUMIDITY (PERCENT)
 HIGHEST    56           500 AM
 LOWEST      8           200 PM
 AVERAGE    32

..........................................................


THE ALAMOSA CO CLIMATE NORMALS FOR TOMORROW
                         NORMAL    RECORD    YEAR
 MAXIMUM TEMPERATURE (F)   59        76      1937
 MINIMUM TEMPERATURE (F)   24        10      1974
                                             1944


SUNRISE AND SUNSET
APRIL 14 2017.........SUNRISE   630 AM MDT   SUNSET   738 PM MDT
APRIL 15 2017.........SUNRISE   628 AM MDT   SUNSET   739 PM MDT


-  INDICATES NEGATIVE NUMBERS.
R  INDICATES RECORD WAS SET OR TIED.
MM INDICATES DATA IS MISSING.
T  INDICATES TRACE AMOUNT.




$$
