843
CDUS45 KPUB 181039
CLIALS


CLIMATE REPORT
NATIONAL WEATHER SERVICE PUEBLO
439 AM MDT TUE JUL 18 2017


...................................

...THE ALAMOSA CO CLIMATE SUMMARY FOR JULY 17 2017...

CLIMATE NORMAL PERIOD 1981 TO 2010
CLIMATE RECORD PERIOD 1932 TO 2017


WEATHER ITEM   OBSERVED TIME   RECORD YEAR NORMAL DEPARTURE LAST
                VALUE   (LST)  VALUE       VALUE  FROM      YEAR
                                                  NORMAL
..................................................................
TEMPERATURE (F)
 YESTERDAY
  MAXIMUM         84    337 PM  92    2005  83      1       89
  MINIMUM         52    524 AM  39    1939  47      5       43
  AVERAGE         68                        65      3       66

PRECIPITATION (IN)
  YESTERDAY        T             0.73 1969   0.03  -0.03     0.00
  MONTH TO DATE    1.82                      0.49   1.33     0.29
  SINCE JUN 1      2.01                      0.98   1.03     0.80
  SINCE JAN 1      6.26                      3.20   3.06     5.17

SNOWFALL (IN)
  YESTERDAY        0.0           0.0  2002   0.0    0.0      0.0
                                      2001
  MONTH TO DATE    T                         0.0    0.0      0.0
  SINCE JUN 1      T                         0.0    0.0      0.0
  SINCE JUL 1      T                         0.0    0.0      0.0
  SNOW DEPTH       0

DEGREE DAYS
 HEATING
  YESTERDAY        0                         1     -1        0
  MONTH TO DATE    8                        26    -18       13
  SINCE JUN 1     99                       194    -95       69
  SINCE JUL 1      8                        26    -18       13

 COOLING
  YESTERDAY        3                         1      2        1
  MONTH TO DATE   21                        17      4       14
  SINCE JUN 1     39                        23     16       43
  SINCE JAN 1     39                        23     16       43
..................................................................


WIND (MPH)
  HIGHEST WIND SPEED    21   HIGHEST WIND DIRECTION     S (190)
  HIGHEST GUST SPEED    27   HIGHEST GUST DIRECTION     S (190)
  AVERAGE WIND SPEED     5.2


SKY COVER
  POSSIBLE SUNSHINE  MM
  AVERAGE SKY COVER 0.1


WEATHER CONDITIONS
 THE FOLLOWING WEATHER WAS RECORDED YESTERDAY.
  THUNDERSTORM
  LIGHT RAIN


RELATIVE HUMIDITY (PERCENT)
 HIGHEST    93           100 AM
 LOWEST     26           400 PM
 AVERAGE    60

..........................................................


THE ALAMOSA CO CLIMATE NORMALS FOR TODAY
                         NORMAL    RECORD    YEAR
 MAXIMUM TEMPERATURE (F)   83        92      1989
 MINIMUM TEMPERATURE (F)   48        38      1987


SUNRISE AND SUNSET
JULY 18 2017..........SUNRISE   557 AM MDT   SUNSET   822 PM MDT
JULY 19 2017..........SUNRISE   558 AM MDT   SUNSET   822 PM MDT


-  INDICATES NEGATIVE NUMBERS.
R  INDICATES RECORD WAS SET OR TIED.
MM INDICATES DATA IS MISSING.
T  INDICATES TRACE AMOUNT.




$$
