000
CDUS45 KPUB 172325
CLIALS


CLIMATE REPORT
NATIONAL WEATHER SERVICE PUEBLO
525 PM MDT FRI MAR 17 2017


...................................

...THE ALAMOSA CO CLIMATE SUMMARY FOR MARCH 17 2017...
VALID TODAY AS OF 0500 PM LOCAL TIME.

CLIMATE NORMAL PERIOD 1981 TO 2010
CLIMATE RECORD PERIOD 1932 TO 2017


WEATHER ITEM   OBSERVED TIME   RECORD YEAR NORMAL DEPARTURE LAST
                VALUE   (LST)  VALUE       VALUE  FROM      YEAR
                                                  NORMAL
..................................................................
TEMPERATURE (F)
 TODAY
  MAXIMUM         70R   400 PM  70    2007  51     19       59
  MINIMUM         24        MM  -5    1980  18      6        8
  AVERAGE         47                        34     13       34

PRECIPITATION (IN)
  TODAY            0.00          0.16 1986   0.02  -0.02     0.00
  MONTH TO DATE    0.02                      0.27  -0.25      T
  SINCE MAR 1      0.02                      0.27  -0.25      T
  SINCE JAN 1      1.67                      0.79   0.88     0.98

SNOWFALL (IN)
  TODAY            0.0           1.6  1986   0.2   -0.2      0.0
                                      1970
  MONTH TO DATE    T                         2.6   -2.6      0.0
  SINCE MAR 1      T                         2.6   -2.6      0.0
  SINCE JUL 1     35.5                      20.7   14.8     18.8
  SNOW DEPTH      MM

DEGREE DAYS
 HEATING
  TODAY           18                        31    -13       31
  MONTH TO DATE  458                       570   -112      459
  SINCE MAR 1    458                       570   -112      459
  SINCE JUL 1   6247                      6899   -652     6225

 COOLING
  TODAY            0                         0      0        0
  MONTH TO DATE    0                         0      0        0
  SINCE MAR 1      0                         0      0        0
  SINCE JAN 1      0                         0      0        0
..................................................................


WIND (MPH)
  HIGHEST WIND SPEED    14   HIGHEST WIND DIRECTION    SW (210)
  HIGHEST GUST SPEED    MM   HIGHEST GUST DIRECTION    MM
  AVERAGE WIND SPEED     3.7


SKY COVER
  POSSIBLE SUNSHINE  MM
  AVERAGE SKY COVER 0.0


WEATHER CONDITIONS
 THE FOLLOWING WEATHER WAS RECORDED TODAY.
  NO SIGNIFICANT WEATHER WAS OBSERVED.


RELATIVE HUMIDITY (PERCENT)
 HIGHEST    75           400 AM
 LOWEST     11           400 PM
 AVERAGE    43

..........................................................


THE ALAMOSA CO CLIMATE NORMALS FOR TOMORROW
                         NORMAL    RECORD    YEAR
 MAXIMUM TEMPERATURE (F)   51        69      2007
 MINIMUM TEMPERATURE (F)   18        -3      1970


SUNRISE AND SUNSET
MARCH 17 2017.........SUNRISE   711 AM MDT   SUNSET   713 PM MDT
MARCH 18 2017.........SUNRISE   710 AM MDT   SUNSET   714 PM MDT


-  INDICATES NEGATIVE NUMBERS.
R  INDICATES RECORD WAS SET OR TIED.
MM INDICATES DATA IS MISSING.
T  INDICATES TRACE AMOUNT.




$$
