000
CDUS45 KPUB 191035
CLIALS


CLIMATE REPORT
NATIONAL WEATHER SERVICE PUEBLO
434 AM MDT THU MAY 19 2016


...................................

...THE ALAMOSA CO CLIMATE SUMMARY FOR MAY 18 2016...

CLIMATE NORMAL PERIOD 1981 TO 2010
CLIMATE RECORD PERIOD 1932 TO 2016


WEATHER ITEM   OBSERVED TIME   RECORD YEAR NORMAL DEPARTURE LAST
                VALUE   (LST)  VALUE       VALUE  FROM      YEAR
                                                  NORMAL
..................................................................
TEMPERATURE (F)
 YESTERDAY
  MAXIMUM         58    310 PM  85    1970  70    -12       68
  MINIMUM         40    244 AM  21    2000  34      6       32
                                      1978
  AVERAGE         49                        52     -3       50

PRECIPITATION (IN)
  YESTERDAY        0.14          1.16 1935   0.02   0.12     0.07
  MONTH TO DATE    0.59                      0.36   0.23     0.68
  SINCE MAR 1      2.86                      1.48   1.38     1.51
  SINCE JAN 1      3.84                      2.00   1.84     2.85

SNOWFALL (IN)
  YESTERDAY        0.0           7.1  1971   0.0    0.0      0.0
  MONTH TO DATE    0.8                       0.8    0.0       T
  SINCE MAR 1     24.2                       9.4   14.8      0.7
  SINCE JUL 1     43.0                      27.5   15.5     23.8
  SNOW DEPTH       0

DEGREE DAYS
 HEATING
  YESTERDAY       16                        13      3       15
  MONTH TO DATE  289                       281      8      284
  SINCE MAR 1   1891                      1952    -61     1709
  SINCE JUL 1   7657                      8281   -624     7201

 COOLING
  YESTERDAY        0                         0      0        0
  MONTH TO DATE    0                         0      0        0
  SINCE MAR 1      0                         0      0        0
  SINCE JAN 1      0                         0      0        0
..................................................................


WIND (MPH)
  HIGHEST WIND SPEED    20   HIGHEST WIND DIRECTION    NE (50)
  HIGHEST GUST SPEED    24   HIGHEST GUST DIRECTION     E (90)
  AVERAGE WIND SPEED     6.3


SKY COVER
  POSSIBLE SUNSHINE  MM
  AVERAGE SKY COVER 0.7


WEATHER CONDITIONS
 THE FOLLOWING WEATHER WAS RECORDED YESTERDAY.
  THUNDERSTORM
  HEAVY RAIN
  RAIN
  LIGHT RAIN
  FOG


RELATIVE HUMIDITY (PERCENT)
 HIGHEST   100           100 AM
 LOWEST     43           200 PM
 AVERAGE    72

..........................................................


THE ALAMOSA CO CLIMATE NORMALS FOR TODAY
                         NORMAL    RECORD    YEAR
 MAXIMUM TEMPERATURE (F)   70        82      2008
 MINIMUM TEMPERATURE (F)   34        17      1971


SUNRISE AND SUNSET
MAY 19 2016...........SUNRISE   551 AM MDT   SUNSET   810 PM MDT
MAY 20 2016...........SUNRISE   550 AM MDT   SUNSET   810 PM MDT


-  INDICATES NEGATIVE NUMBERS.
R  INDICATES RECORD WAS SET OR TIED.
MM INDICATES DATA IS MISSING.
T  INDICATES TRACE AMOUNT.




$$
