566
CDUS45 KPUB 181142
CLIALS


CLIMATE REPORT
NATIONAL WEATHER SERVICE PUEBLO
442 AM MST WED JAN 18 2017


...................................

...THE ALAMOSA CO CLIMATE SUMMARY FOR JANUARY 17 2017...

CLIMATE NORMAL PERIOD 1981 TO 2010
CLIMATE RECORD PERIOD 1932 TO 2017


WEATHER ITEM   OBSERVED TIME   RECORD YEAR NORMAL DEPARTURE LAST
                VALUE   (LST)  VALUE       VALUE  FROM      YEAR
                                                  NORMAL
..................................................................
TEMPERATURE (F)
 YESTERDAY
  MAXIMUM         34    244 PM  55    2000  34      0       34
  MINIMUM         16    732 AM -32    2008  -2     18      -11
  AVERAGE         25                        16      9       12

PRECIPITATION (IN)
  YESTERDAY        0.05          0.21 1956   0.01   0.04     0.00
  MONTH TO DATE    1.19                      0.13   1.06     0.55
  SINCE DEC 1      2.27                      0.48   1.79     0.80
  SINCE JAN 1      1.19                      0.13   1.06     0.55

SNOWFALL (IN)
  YESTERDAY        1.1           3.2  1956   0.2    0.9      0.0
  MONTH TO DATE   17.5                       2.0   15.5      6.4
  SINCE DEC 1     27.7                       6.5   21.2      9.8
  SINCE JUL 1     28.7                      12.3   16.4     14.1
  SNOW DEPTH       6

DEGREE DAYS
 HEATING
  YESTERDAY       40                        49     -9       53
  MONTH TO DATE  770                       833    -63      938
  SINCE DEC 1   2214                      2295    -81     2271
  SINCE JUL 1   4078                      4470   -392     4049

 COOLING
  YESTERDAY        0                         0      0        0
  MONTH TO DATE    0                         0      0        0
  SINCE DEC 1      0                         0      0        0
  SINCE JAN 1      0                         0      0        0
..................................................................


WIND (MPH)
  HIGHEST WIND SPEED     8   HIGHEST WIND DIRECTION    SW (240)
  HIGHEST GUST SPEED     9   HIGHEST GUST DIRECTION    SW (230)
  AVERAGE WIND SPEED     2.6


SKY COVER
  POSSIBLE SUNSHINE  MM
  AVERAGE SKY COVER 0.9


WEATHER CONDITIONS
 THE FOLLOWING WEATHER WAS RECORDED YESTERDAY.
  LIGHT SNOW
  FOG
  FOG W/VISIBILITY <= 1/4 MILE


RELATIVE HUMIDITY (PERCENT)
 HIGHEST   100           100 AM
 LOWEST     82           200 PM
 AVERAGE    91

..........................................................


THE ALAMOSA CO CLIMATE NORMALS FOR TODAY
                         NORMAL    RECORD    YEAR
 MAXIMUM TEMPERATURE (F)   34        58      1971
 MINIMUM TEMPERATURE (F)   -2       -30      1984


SUNRISE AND SUNSET
JANUARY 18 2017.......SUNRISE   716 AM MST   SUNSET   513 PM MST
JANUARY 19 2017.......SUNRISE   715 AM MST   SUNSET   514 PM MST


-  INDICATES NEGATIVE NUMBERS.
R  INDICATES RECORD WAS SET OR TIED.
MM INDICATES DATA IS MISSING.
T  INDICATES TRACE AMOUNT.




$$
