000
CDUS45 KPUB 182332
CLIALS


CLIMATE REPORT
NATIONAL WEATHER SERVICE PUEBLO
532 PM MDT FRI APR 18 2014


...................................

...THE ALAMOSA CO CLIMATE SUMMARY FOR APRIL 18 2014...
VALID TODAY AS OF 0500 PM LOCAL TIME.

CLIMATE NORMAL PERIOD 1981 TO 2010
CLIMATE RECORD PERIOD 1932 TO 2014


WEATHER ITEM   OBSERVED TIME   RECORD YEAR NORMAL DEPARTURE LAST
                VALUE   (LST)  VALUE       VALUE  FROM      YEAR
                                                  NORMAL
..................................................................
TEMPERATURE (F)
 TODAY
  MAXIMUM         69    236 PM  74    2001  60      9       38
  MINIMUM         30    535 AM   8    2013  25      5        8
  AVERAGE         50                        42      8       23

PRECIPITATION (IN)
  TODAY            0.00          0.42 1942   0.02  -0.02     0.04
  MONTH TO DATE    0.98                      0.34   0.64     0.32
  SINCE MAR 1      1.38                      0.87   0.51     0.66
  SINCE JAN 1      1.50                      1.39   0.11     0.88

SNOWFALL (IN)
  TODAY            0.0           4.8  1998   0.1   -0.1      0.7
  MONTH TO DATE    6.6                       2.4    4.2      2.2
  SINCE MAR 1     10.0                       7.4    2.6      5.6
  SINCE JUL 1     38.1                      25.5   12.6     21.1
  SNOW DEPTH       0

DEGREE DAYS
 HEATING
  TODAY           15                        23     -8       42
  MONTH TO DATE  431                       449    -18      434
  SINCE MAR 1   1306                      1426   -120     1393
  SINCE JUL 1   7874                      7755    119     8180

 COOLING
  TODAY            0                         0      0        0
  MONTH TO DATE    0                         0      0        0
  SINCE MAR 1      0                         0      0        0
  SINCE JAN 1      0                         0      0        0
..................................................................


WIND (MPH)
  HIGHEST WIND SPEED    21   HIGHEST WIND DIRECTION     W (260)
  HIGHEST GUST SPEED    27   HIGHEST GUST DIRECTION     W (250)
  AVERAGE WIND SPEED     6.1


SKY COVER
  POSSIBLE SUNSHINE  MM
  AVERAGE SKY COVER 0.2


WEATHER CONDITIONS
 THE FOLLOWING WEATHER WAS RECORDED TODAY.
  NO SIGNIFICANT WEATHER WAS OBSERVED.


RELATIVE HUMIDITY (PERCENT)
 HIGHEST    85           600 AM
 LOWEST     18           200 PM
 AVERAGE    52

..........................................................


THE ALAMOSA CO CLIMATE NORMALS FOR TOMORROW
                         NORMAL    RECORD    YEAR
 MAXIMUM TEMPERATURE (F)   60        74      1989
                                             1962
 MINIMUM TEMPERATURE (F)   25         6      2013


SUNRISE AND SUNSET
APRIL 18 2014.........SUNRISE   625 AM MDT   SUNSET   742 PM MDT
APRIL 19 2014.........SUNRISE   623 AM MDT   SUNSET   742 PM MDT


-  INDICATES NEGATIVE NUMBERS.
R  INDICATES RECORD WAS SET OR TIED.
MM INDICATES DATA IS MISSING.
T  INDICATES TRACE AMOUNT.




$$
