000
CDUS45 KPUB 281158
CLIALS


CLIMATE REPORT
NATIONAL WEATHER SERVICE PUEBLO
458 AM MST SAT FEB 28 2015


...................................

...THE ALAMOSA CO CLIMATE SUMMARY FOR FEBRUARY 27 2015...

CLIMATE NORMAL PERIOD 1981 TO 2010
CLIMATE RECORD PERIOD 1932 TO 2015


WEATHER ITEM   OBSERVED TIME   RECORD YEAR NORMAL DEPARTURE LAST
                VALUE   (LST)  VALUE       VALUE  FROM      YEAR
                                                  NORMAL
..................................................................
TEMPERATURE (F)
 YESTERDAY
  MAXIMUM         30    239 PM  60    2006  44    -14       53
  MINIMUM         14    740 AM -17    1984  11      3       18
  AVERAGE         22                        28     -6       36

PRECIPITATION (IN)
  YESTERDAY        0.05          0.23 1968   0.01   0.04     0.01
  MONTH TO DATE    0.97                      0.25   0.72     0.05
  SINCE DEC 1      1.51                      0.86   0.65     0.29
  SINCE JAN 1      1.30                      0.51   0.79     0.12

SNOWFALL (IN)
  YESTERDAY        0.9           2.8  1968   0.2    0.7      0.0
  MONTH TO DATE   15.3                       3.7   11.6      1.6
  SINCE DEC 1     20.9                      12.2    8.7      6.5
  SINCE JUL 1     22.5                      18.0    4.5     28.1
  SNOW DEPTH       4

DEGREE DAYS
 HEATING
  YESTERDAY       43                        37      6       29
  MONTH TO DATE  987                      1144   -157      995
  SINCE DEC 1   3604                      4116   -512     4440
  SINCE JUL 1   5447                      6291   -844     6540

 COOLING
  YESTERDAY        0                         0      0        0
  MONTH TO DATE    0                         0      0        0
  SINCE DEC 1      0                         0      0        0
  SINCE JAN 1      0                         0      0        0
..................................................................


WIND (MPH)
  HIGHEST WIND SPEED    18   HIGHEST WIND DIRECTION     S (180)
  HIGHEST GUST SPEED    21   HIGHEST GUST DIRECTION     S (190)
  AVERAGE WIND SPEED     8.6


SKY COVER
  POSSIBLE SUNSHINE  MM
  AVERAGE SKY COVER 0.7


WEATHER CONDITIONS
 THE FOLLOWING WEATHER WAS RECORDED YESTERDAY.
  LIGHT SNOW
  FOG
  HAZE


RELATIVE HUMIDITY (PERCENT)
 HIGHEST    88           800 PM
 LOWEST     63           200 PM
 AVERAGE    76

..........................................................


THE ALAMOSA CO CLIMATE NORMALS FOR TODAY
                         NORMAL    RECORD    YEAR
 MAXIMUM TEMPERATURE (F)   45        64      2006
 MINIMUM TEMPERATURE (F)   12       -17      1984


SUNRISE AND SUNSET
FEBRUARY 28 2015......SUNRISE   636 AM MST   SUNSET   556 PM MST
MARCH  1 2015.........SUNRISE   635 AM MST   SUNSET   557 PM MST


-  INDICATES NEGATIVE NUMBERS.
R  INDICATES RECORD WAS SET OR TIED.
MM INDICATES DATA IS MISSING.
T  INDICATES TRACE AMOUNT.




$$
