000
CDUS45 KPUB 211136
CLIALS


CLIMATE REPORT
NATIONAL WEATHER SERVICE PUEBLO
435 AM MST WED FEB 21 2018


...................................

...THE ALAMOSA CO CLIMATE SUMMARY FOR FEBRUARY 20 2018...

CLIMATE NORMAL PERIOD 1981 TO 2010
CLIMATE RECORD PERIOD 1932 TO 2018


WEATHER ITEM   OBSERVED TIME   RECORD YEAR NORMAL DEPARTURE LAST
                VALUE   (LST)  VALUE       VALUE  FROM      YEAR
                                                  NORMAL
..................................................................
TEMPERATURE (F)
 YESTERDAY
  MAXIMUM         31    140 PM  64    1935  42    -11       49
  MINIMUM          7   1159 PM -19    1955   8     -1       25
  AVERAGE         19                        25     -6       37

PRECIPITATION (IN)
  YESTERDAY        0.00          0.16 1938   0.01  -0.01     0.00
  MONTH TO DATE    0.23                      0.18   0.05     0.27
  SINCE DEC 1      0.45                      0.79  -0.34     2.71
  SINCE JAN 1      0.31                      0.44  -0.13     1.63

SNOWFALL (IN)
  YESTERDAY        0.0           2.7  1938   0.2   -0.2      0.0
  MONTH TO DATE    3.5                       2.8    0.7      2.1
  SINCE DEC 1      6.3                      11.3   -5.0     34.2
  SINCE JUL 1      6.7                      17.1  -10.4     35.2
  SNOW DEPTH       0

DEGREE DAYS
 HEATING
  YESTERDAY       46                        40      6       28
  MONTH TO DATE  685                       874   -189      708
  SINCE DEC 1   3180                      3846   -666     3645
  SINCE JUL 1   4946                      6021  -1075     5509

 COOLING
  YESTERDAY        0                         0      0        0
  MONTH TO DATE    0                         0      0        0
  SINCE DEC 1      0                         0      0        0
  SINCE JAN 1      0                         0      0        0
..................................................................


WIND (MPH)
  HIGHEST WIND SPEED    29   HIGHEST WIND DIRECTION    SW (230)
  HIGHEST GUST SPEED    41   HIGHEST GUST DIRECTION    SW (240)
  AVERAGE WIND SPEED    14.2


SKY COVER
  POSSIBLE SUNSHINE  MM
  AVERAGE SKY COVER 0.2


WEATHER CONDITIONS
 THE FOLLOWING WEATHER WAS RECORDED YESTERDAY.
  NO SIGNIFICANT WEATHER WAS OBSERVED.


RELATIVE HUMIDITY (PERCENT)
 HIGHEST    80           400 AM
 LOWEST     21           200 PM
 AVERAGE    51

..........................................................


THE ALAMOSA CO CLIMATE NORMALS FOR TODAY
                         NORMAL    RECORD    YEAR
 MAXIMUM TEMPERATURE (F)   42        59      1935
 MINIMUM TEMPERATURE (F)    8       -20      1939


SUNRISE AND SUNSET
FEBRUARY 21 2018......SUNRISE   645 AM MST   SUNSET   549 PM MST
FEBRUARY 22 2018......SUNRISE   644 AM MST   SUNSET   550 PM MST


-  INDICATES NEGATIVE NUMBERS.
R  INDICATES RECORD WAS SET OR TIED.
MM INDICATES DATA IS MISSING.
T  INDICATES TRACE AMOUNT.




$$
