000
CDUS45 KPUB 012322
CLIALS


CLIMATE REPORT
NATIONAL WEATHER SERVICE PUEBLO
522 PM MDT SAT AUG 1 2015


...................................

...THE ALAMOSA CO CLIMATE SUMMARY FOR AUGUST 1 2015...
VALID TODAY AS OF 0500 PM LOCAL TIME.

CLIMATE NORMAL PERIOD 1981 TO 2010
CLIMATE RECORD PERIOD 1932 TO 2015


WEATHER ITEM   OBSERVED TIME   RECORD YEAR NORMAL DEPARTURE LAST
                VALUE   (LST)  VALUE       VALUE  FROM      YEAR
                                                  NORMAL
..................................................................
TEMPERATURE (F)
 TODAY
  MAXIMUM         77    130 PM  89    2005  81     -4       72
  MINIMUM         54    541 AM  37    2009  48      6       50
  AVERAGE         66                        64      2       61

PRECIPITATION (IN)
  TODAY            0.00          0.87 1966   0.04  -0.04      T
  MONTH TO DATE    0.00                      0.04  -0.04      T
  SINCE JUN 1      2.53                      1.50   1.03     1.54
  SINCE JAN 1      6.47                      3.72   2.75     3.35

SNOWFALL (IN)
  TODAY            0.0           0.0  2002   0.0    0.0      0.0
  MONTH TO DATE    0.0                       0.0    0.0      0.0
  SINCE JUN 1      0.0                       0.0    0.0      0.0
  SINCE JUL 1      0.0                       0.0    0.0      0.0
  SNOW DEPTH       0

DEGREE DAYS
 HEATING
  TODAY            0                         1     -1        4
  MONTH TO DATE    0                         1     -1        4
  SINCE JUN 1    120                       214    -94      152
  SINCE JUL 1     44                        46     -2       26

 COOLING
  TODAY            1                         1      0        0
  MONTH TO DATE    1                         1      0        0
  SINCE JUN 1     50                        39     11       57
  SINCE JAN 1     50                        39     11       57
..................................................................


WIND (MPH)
  HIGHEST WIND SPEED    20   HIGHEST WIND DIRECTION    SW (240)
  HIGHEST GUST SPEED    24   HIGHEST GUST DIRECTION     W (250)
  AVERAGE WIND SPEED     5.7


SKY COVER
  POSSIBLE SUNSHINE  MM
  AVERAGE SKY COVER 0.2


WEATHER CONDITIONS
 THE FOLLOWING WEATHER WAS RECORDED TODAY.
  NO SIGNIFICANT WEATHER WAS OBSERVED.


RELATIVE HUMIDITY (PERCENT)
 HIGHEST    93           400 AM
 LOWEST     33           300 PM
 AVERAGE    63

..........................................................


THE ALAMOSA CO CLIMATE NORMALS FOR TOMORROW
                         NORMAL    RECORD    YEAR
 MAXIMUM TEMPERATURE (F)   81        89      2008
                                             1969
 MINIMUM TEMPERATURE (F)   48        39      2009
                                             2002
                                             1986


SUNRISE AND SUNSET
AUGUST  1 2015........SUNRISE   608 AM MDT   SUNSET   812 PM MDT
AUGUST  2 2015........SUNRISE   608 AM MDT   SUNSET   811 PM MDT


-  INDICATES NEGATIVE NUMBERS.
R  INDICATES RECORD WAS SET OR TIED.
MM INDICATES DATA IS MISSING.
T  INDICATES TRACE AMOUNT.




$$
