548
CDUS45 KPUB 050020
CLIALS


CLIMATE REPORT
NATIONAL WEATHER SERVICE PUEBLO
520 PM MST THU FEB 4 2016


...................................

...THE ALAMOSA CO CLIMATE SUMMARY FOR FEBRUARY 4 2016...
VALID TODAY AS OF 0500 PM LOCAL TIME.

CLIMATE NORMAL PERIOD 1981 TO 2010
CLIMATE RECORD PERIOD 1932 TO 2016


WEATHER ITEM   OBSERVED TIME   RECORD YEAR NORMAL DEPARTURE LAST
                VALUE   (LST)  VALUE       VALUE  FROM      YEAR
                                                  NORMAL
..................................................................
TEMPERATURE (F)
 TODAY
  MAXIMUM         19    442 PM  58    1963  37    -18       51
  MINIMUM        -20    550 AM -30    1979   1    -21       15
  AVERAGE          0                        19    -19       33

PRECIPITATION (IN)
  TODAY            0.00          0.11 2008   0.00   0.00     0.00
  MONTH TO DATE    0.15                      0.03   0.12     0.00
  SINCE DEC 1      0.98                      0.64   0.34     0.54
  SINCE JAN 1      0.73                      0.29   0.44     0.33

SNOWFALL (IN)
  TODAY            0.0           1.3  2008   0.1   -0.1      0.0
  MONTH TO DATE    2.0                       0.5    1.5      0.0
  SINCE DEC 1     12.4                       9.0    3.4      5.6
  SINCE JUL 1     16.7                      14.8    1.9      7.2
  SNOW DEPTH       T

DEGREE DAYS
 HEATING
  TODAY           65                        46     19       32
  MONTH TO DATE  219                       185     34      142
  SINCE DEC 1   3155                      3157     -2     2759
  SINCE JUL 1   4933                      5332   -399     4602

 COOLING
  TODAY            0                         0      0        0
  MONTH TO DATE    0                         0      0        0
  SINCE DEC 1      0                         0      0        0
  SINCE JAN 1      0                         0      0        0
..................................................................


WIND (MPH)
  HIGHEST WIND SPEED     9   HIGHEST WIND DIRECTION    NW (320)
  HIGHEST GUST SPEED    12   HIGHEST GUST DIRECTION     W (290)
  AVERAGE WIND SPEED     4.7


SKY COVER
  POSSIBLE SUNSHINE  MM
  AVERAGE SKY COVER 0.1


WEATHER CONDITIONS
 THE FOLLOWING WEATHER WAS RECORDED TODAY.
  NO SIGNIFICANT WEATHER WAS OBSERVED.


RELATIVE HUMIDITY (PERCENT)
 HIGHEST    87           100 AM
 LOWEST     36          1200 PM
 AVERAGE    62

..........................................................


THE ALAMOSA CO CLIMATE NORMALS FOR TOMORROW
                         NORMAL    RECORD    YEAR
 MAXIMUM TEMPERATURE (F)   37        59      1963
 MINIMUM TEMPERATURE (F)    2       -22      1979


SUNRISE AND SUNSET
FEBRUARY  4 2016......SUNRISE   705 AM MST   SUNSET   531 PM MST
FEBRUARY  5 2016......SUNRISE   704 AM MST   SUNSET   532 PM MST


-  INDICATES NEGATIVE NUMBERS.
R  INDICATES RECORD WAS SET OR TIED.
MM INDICATES DATA IS MISSING.
T  INDICATES TRACE AMOUNT.




$$
