000
CDUS45 KPUB 181150
CLIALS


CLIMATE REPORT
NATIONAL WEATHER SERVICE PUEBLO
437 AM MST FRI NOV 18 2016


...................................

...THE ALAMOSA CO CLIMATE SUMMARY FOR NOVEMBER 17 2016...

CLIMATE NORMAL PERIOD 1981 TO 2010
CLIMATE RECORD PERIOD 1932 TO 2016


WEATHER ITEM   OBSERVED TIME   RECORD YEAR NORMAL DEPARTURE LAST
                VALUE   (LST)  VALUE       VALUE  FROM      YEAR
                                                  NORMAL
..................................................................
TEMPERATURE (F)
 YESTERDAY
  MAXIMUM         48    441 AM  65    1999  46      2       40
                                      1975
  MINIMUM         12   1159 PM -10    1958  12      0       13
  AVERAGE         30                        29      1       27

PRECIPITATION (IN)
  YESTERDAY        T             0.31 1971   0.02  -0.02     0.01
  MONTH TO DATE    0.17                      0.27  -0.10     0.32
  SINCE SEP 1      0.47                      1.86  -1.39     2.08
  SINCE JAN 1      7.82                      6.81   1.01     9.05

SNOWFALL (IN)
  YESTERDAY        T             5.1  1971   0.1   -0.1      0.2
  MONTH TO DATE    T                         2.0   -2.0      3.5
  SINCE SEP 1      T                         4.1   -4.1      3.5
  SINCE JUL 1      T                         4.1   -4.1      3.5
  SNOW DEPTH       0

DEGREE DAYS
 HEATING
  YESTERDAY       35                        36     -1       38
  MONTH TO DATE  431                       548   -117      549
  SINCE SEP 1   1210                      1529   -319     1224
  SINCE JUL 1   1354                      1658   -304     1316

 COOLING
  YESTERDAY        0                         0      0        0
  MONTH TO DATE    0                         0      0        0
  SINCE SEP 1      0                         0      0        0
  SINCE JAN 1    115                        51     64       74
..................................................................


WIND (MPH)
  HIGHEST WIND SPEED    48   HIGHEST WIND DIRECTION    SW (220)
  HIGHEST GUST SPEED    58   HIGHEST GUST DIRECTION    SW (220)
  AVERAGE WIND SPEED    16.8


SKY COVER
  POSSIBLE SUNSHINE  MM
  AVERAGE SKY COVER 0.3


WEATHER CONDITIONS
 THE FOLLOWING WEATHER WAS RECORDED YESTERDAY.
  LIGHT RAIN
  LIGHT SNOW
  FOG
  HAZE


RELATIVE HUMIDITY (PERCENT)
 HIGHEST    62          1100 PM
 LOWEST     33           100 PM
 AVERAGE    48

..........................................................


THE ALAMOSA CO CLIMATE NORMALS FOR TODAY
                         NORMAL    RECORD    YEAR
 MAXIMUM TEMPERATURE (F)   45        62      1949
 MINIMUM TEMPERATURE (F)   11       -22      1958


SUNRISE AND SUNSET
NOVEMBER 18 2016......SUNRISE   647 AM MST   SUNSET   450 PM MST
NOVEMBER 19 2016......SUNRISE   648 AM MST   SUNSET   450 PM MST


-  INDICATES NEGATIVE NUMBERS.
R  INDICATES RECORD WAS SET OR TIED.
MM INDICATES DATA IS MISSING.
T  INDICATES TRACE AMOUNT.




$$
