000
CDUS45 KPUB 190035
CLIALS


CLIMATE REPORT
NATIONAL WEATHER SERVICE PUEBLO
632 PM MDT THU AUG 18 2016


...................................

...THE ALAMOSA CO CLIMATE SUMMARY FOR AUGUST 18 2016...
VALID TODAY AS OF 0500 PM LOCAL TIME.

CLIMATE NORMAL PERIOD 1981 TO 2010
CLIMATE RECORD PERIOD 1932 TO 2016


WEATHER ITEM   OBSERVED TIME   RECORD YEAR NORMAL DEPARTURE LAST
                VALUE   (LST)  VALUE       VALUE  FROM      YEAR
                                                  NORMAL
..................................................................
TEMPERATURE (F)
 TODAY
  MAXIMUM         75   1222 PM  90    2002  79     -4       85
  MINIMUM         47    549 AM  35    1960  46      1       41
  AVERAGE         61                        63     -2       63

PRECIPITATION (IN)
  TODAY            T             0.75 1999   0.05  -0.05     0.00
  MONTH TO DATE    1.89                      0.74   1.15     0.16
  SINCE JUN 1      2.71                      2.20   0.51     2.69
  SINCE JAN 1      7.08                      4.42   2.66     6.63

SNOWFALL (IN)
  TODAY            0.0           0.0  2002   0.0    0.0      0.0
  MONTH TO DATE    0.0                       0.0    0.0      0.0
  SINCE JUN 1      0.0                       0.0    0.0      0.0
  SINCE JUL 1      0.0                       0.0    0.0      0.0
  SNOW DEPTH       0

DEGREE DAYS
 HEATING
  TODAY            4                         3      1        2
  MONTH TO DATE   29                        35     -6       14
  SINCE JUN 1     98                       248   -150      134
  SINCE JUL 1     42                        80    -38       58

 COOLING
  TODAY            0                         0      0        0
  MONTH TO DATE    9                        12     -3       24
  SINCE JUN 1    115                        50     65       73
  SINCE JAN 1    115                        50     65       73
..................................................................


WIND (MPH)
  HIGHEST WIND SPEED    23   HIGHEST WIND DIRECTION    NW (300)
  HIGHEST GUST SPEED    30   HIGHEST GUST DIRECTION    NW (300)
  AVERAGE WIND SPEED     5.7


SKY COVER
  POSSIBLE SUNSHINE  MM
  AVERAGE SKY COVER 0.4


WEATHER CONDITIONS
 THE FOLLOWING WEATHER WAS RECORDED TODAY.
  LIGHT RAIN


RELATIVE HUMIDITY (PERCENT)
 HIGHEST    93          1200 AM
 LOWEST     33          1200 PM
 AVERAGE    63

..........................................................


THE ALAMOSA CO CLIMATE NORMALS FOR TOMORROW
                         NORMAL    RECORD    YEAR
 MAXIMUM TEMPERATURE (F)   79        88      1945
 MINIMUM TEMPERATURE (F)   46        33      1978
                                             1954


SUNRISE AND SUNSET
AUGUST 18 2016........SUNRISE   623 AM MDT   SUNSET   751 PM MDT
AUGUST 19 2016........SUNRISE   623 AM MDT   SUNSET   750 PM MDT


-  INDICATES NEGATIVE NUMBERS.
R  INDICATES RECORD WAS SET OR TIED.
MM INDICATES DATA IS MISSING.
T  INDICATES TRACE AMOUNT.




$$
