000
CDUS45 KPUB 111021
CLIALS


CLIMATE REPORT
NATIONAL WEATHER SERVICE PUEBLO
419 AM MDT FRI APR 11 2014


...................................

...THE ALAMOSA CO CLIMATE SUMMARY FOR APRIL 10 2014...

CLIMATE NORMAL PERIOD 1981 TO 2010
CLIMATE RECORD PERIOD 1932 TO 2014


WEATHER ITEM   OBSERVED TIME   RECORD YEAR NORMAL DEPARTURE LAST
                VALUE   (LST)  VALUE       VALUE  FROM      YEAR
                                                  NORMAL
..................................................................
TEMPERATURE (F)
 YESTERDAY
  MAXIMUM         71    129 PM  75    2012  58     13       40
  MINIMUM         26    437 AM   9    1959  23      3       23
                                      1951
  AVERAGE         49                        40      9       32

PRECIPITATION (IN)
  YESTERDAY        0.00          0.45 2005   0.02  -0.02     0.04
  MONTH TO DATE    0.43                      0.19   0.24     0.20
  SINCE MAR 1      0.83                      0.72   0.11     0.54
  SINCE JAN 1      0.95                      1.24  -0.29     0.76

SNOWFALL (IN)
  YESTERDAY        0.0           3.7  2005   0.1   -0.1       T
  MONTH TO DATE    3.2                       1.5    1.7      1.5
  SINCE MAR 1      6.6                       6.5    0.1      4.9
  SINCE JUL 1     34.7                      24.6   10.1     20.4
  SNOW DEPTH       0

DEGREE DAYS
 HEATING
  YESTERDAY       16                        25     -9       33
  MONTH TO DATE  253                       260     -7      236
  SINCE MAR 1   1128                      1237   -109     1195
  SINCE JUL 1   7696                      7566    130     7982

 COOLING
  YESTERDAY        0                         0      0        0
  MONTH TO DATE    0                         0      0        0
  SINCE MAR 1      0                         0      0        0
  SINCE JAN 1      0                         0      0        0
..................................................................


WIND (MPH)
  HIGHEST WIND SPEED    28   HIGHEST WIND DIRECTION     W (290)
  HIGHEST GUST SPEED    37   HIGHEST GUST DIRECTION    NW (330)
  AVERAGE WIND SPEED     8.6


SKY COVER
  POSSIBLE SUNSHINE  MM
  AVERAGE SKY COVER 0.1


WEATHER CONDITIONS
 THE FOLLOWING WEATHER WAS RECORDED YESTERDAY.
  NO SIGNIFICANT WEATHER WAS OBSERVED.


RELATIVE HUMIDITY (PERCENT)
 HIGHEST    63           400 AM
 LOWEST      7           200 PM
 AVERAGE    35

..........................................................


THE ALAMOSA CO CLIMATE NORMALS FOR TODAY
                         NORMAL    RECORD    YEAR
 MAXIMUM TEMPERATURE (F)   58        73      2012
                                             1971
                                             1934
 MINIMUM TEMPERATURE (F)   23         2      1951


SUNRISE AND SUNSET
APRIL 11 2014.........SUNRISE   634 AM MDT   SUNSET   735 PM MDT
APRIL 12 2014.........SUNRISE   633 AM MDT   SUNSET   736 PM MDT


-  INDICATES NEGATIVE NUMBERS.
R  INDICATES RECORD WAS SET OR TIED.
MM INDICATES DATA IS MISSING.
T  INDICATES TRACE AMOUNT.




$$
