000
CDUS45 KPUB 152332
CLIALS


CLIMATE REPORT
NATIONAL WEATHER SERVICE PUEBLO
532 PM MDT THU SEP 15 2016


...................................

...THE ALAMOSA CO CLIMATE SUMMARY FOR SEPTEMBER 15 2016...
VALID TODAY AS OF 0500 PM LOCAL TIME.

CLIMATE NORMAL PERIOD 1981 TO 2010
CLIMATE RECORD PERIOD 1932 TO 2016


WEATHER ITEM   OBSERVED TIME   RECORD YEAR NORMAL DEPARTURE LAST
                VALUE   (LST)  VALUE       VALUE  FROM      YEAR
                                                  NORMAL
..................................................................
TEMPERATURE (F)
 TODAY
  MAXIMUM         75    300 PM  83    2000  73      2       76
                                      1990
                                      1956
  MINIMUM         29    602 AM  24    1987  37     -8       44
  AVERAGE         52                        55     -3       60

PRECIPITATION (IN)
  TODAY            0.00          0.33 1999   0.03  -0.03     0.00
  MONTH TO DATE    0.15                      0.52  -0.37     0.03
  SINCE SEP 1      0.15                      0.52  -0.37     0.03
  SINCE JAN 1      7.50                      5.47   2.03     7.00

SNOWFALL (IN)
  TODAY            0.0           0.0  2002   0.0    0.0      0.0
  MONTH TO DATE    0.0                       0.0    0.0      0.0
  SINCE SEP 1      0.0                       0.0    0.0      0.0
  SINCE JUL 1      0.0                       0.0    0.0      0.0
  SNOW DEPTH       0

DEGREE DAYS
 HEATING
  TODAY           13                        10      3        5
  MONTH TO DATE   85                       110    -25       78
  SINCE SEP 1     85                       110    -25       78
  SINCE JUL 1    229                       239    -10      170

 COOLING
  TODAY            0                         0      0        0
  MONTH TO DATE    0                         0      0        0
  SINCE SEP 1      0                         0      0        0
  SINCE JAN 1    115                        51     64       74
..................................................................


WIND (MPH)
  HIGHEST WIND SPEED    24   HIGHEST WIND DIRECTION    SW (240)
  HIGHEST GUST SPEED    40   HIGHEST GUST DIRECTION    SW (230)
  AVERAGE WIND SPEED     8.9


SKY COVER
  POSSIBLE SUNSHINE  MM
  AVERAGE SKY COVER 0.0


WEATHER CONDITIONS
 THE FOLLOWING WEATHER WAS RECORDED TODAY.
  FOG


RELATIVE HUMIDITY (PERCENT)
 HIGHEST   100           500 AM
 LOWEST      9           400 PM
 AVERAGE    55

..........................................................


THE ALAMOSA CO CLIMATE NORMALS FOR TOMORROW
                         NORMAL    RECORD    YEAR
 MAXIMUM TEMPERATURE (F)   73        85      1956
 MINIMUM TEMPERATURE (F)   37        22      1951


SUNRISE AND SUNSET
SEPTEMBER 15 2016.....SUNRISE   646 AM MDT   SUNSET   710 PM MDT
SEPTEMBER 16 2016.....SUNRISE   647 AM MDT   SUNSET   709 PM MDT


-  INDICATES NEGATIVE NUMBERS.
R  INDICATES RECORD WAS SET OR TIED.
MM INDICATES DATA IS MISSING.
T  INDICATES TRACE AMOUNT.




$$
