000
CDUS45 KPUB 060029
CLIALS


CLIMATE REPORT
NATIONAL WEATHER SERVICE PUEBLO
529 PM MST THU JAN 5 2017


...................................

...THE ALAMOSA CO CLIMATE SUMMARY FOR JANUARY 5 2017...
VALID TODAY AS OF 0500 PM LOCAL TIME.

CLIMATE NORMAL PERIOD 1981 TO 2010
CLIMATE RECORD PERIOD 1932 TO 2017


WEATHER ITEM   OBSERVED TIME   RECORD YEAR NORMAL DEPARTURE LAST
                VALUE   (LST)  VALUE       VALUE  FROM      YEAR
                                                  NORMAL
..................................................................
TEMPERATURE (F)
 TODAY
  MAXIMUM         42    105 PM  57    1956  34      8       35
  MINIMUM         23   1247 AM -33    1971  -2     25       13
  AVERAGE         33                        16     17       24

PRECIPITATION (IN)
  TODAY            0.00          0.19 1974   0.01  -0.01     0.01
  MONTH TO DATE    0.00                      0.04  -0.04     0.01
  SINCE DEC 1      1.08                      0.39   0.69     0.26
  SINCE JAN 1      0.00                      0.04  -0.04     0.01

SNOWFALL (IN)
  TODAY            0.0           3.1  1974   0.1   -0.1      0.2
  MONTH TO DATE    0.0                       0.6   -0.6      0.2
  SINCE DEC 1     10.2                       5.1    5.1      3.6
  SINCE JUL 1     11.2                      10.9    0.3      7.9
  SNOW DEPTH       2

DEGREE DAYS
 HEATING
  TODAY           32                        49    -17       41
  MONTH TO DATE  209                       245    -36      241
  SINCE DEC 1   1653                      1707    -54     1574
  SINCE JUL 1   3517                      3882   -365     3352

 COOLING
  TODAY            0                         0      0        0
  MONTH TO DATE    0                         0      0        0
  SINCE DEC 1      0                         0      0        0
  SINCE JAN 1      0                         0      0        0
..................................................................


WIND (MPH)
  HIGHEST WIND SPEED    35   HIGHEST WIND DIRECTION    SW (240)
  HIGHEST GUST SPEED    41   HIGHEST GUST DIRECTION    SW (240)
  AVERAGE WIND SPEED    13.9


SKY COVER
  POSSIBLE SUNSHINE  MM
  AVERAGE SKY COVER 0.1


WEATHER CONDITIONS
 THE FOLLOWING WEATHER WAS RECORDED TODAY.
  NO SIGNIFICANT WEATHER WAS OBSERVED.


RELATIVE HUMIDITY (PERCENT)
 HIGHEST    88           100 AM
 LOWEST     57          1200 PM
 AVERAGE    73

..........................................................


THE ALAMOSA CO CLIMATE NORMALS FOR TOMORROW
                         NORMAL    RECORD    YEAR
 MAXIMUM TEMPERATURE (F)   34        53      1956
 MINIMUM TEMPERATURE (F)   -2       -40      1971


SUNRISE AND SUNSET
JANUARY  5 2017.......SUNRISE   718 AM MST   SUNSET   500 PM MST
JANUARY  6 2017.......SUNRISE   718 AM MST   SUNSET   501 PM MST


-  INDICATES NEGATIVE NUMBERS.
R  INDICATES RECORD WAS SET OR TIED.
MM INDICATES DATA IS MISSING.
T  INDICATES TRACE AMOUNT.




$$
