000
CDUS45 KPUB 132339
CLIALS


CLIMATE REPORT
NATIONAL WEATHER SERVICE PUEBLO
538 PM MDT TUE JUN 13 2017


...................................

...THE ALAMOSA CO CLIMATE SUMMARY FOR JUNE 13 2017...
VALID TODAY AS OF 0500 PM LOCAL TIME.

CLIMATE NORMAL PERIOD 1981 TO 2010
CLIMATE RECORD PERIOD 1932 TO 2017


WEATHER ITEM   OBSERVED TIME   RECORD YEAR NORMAL DEPARTURE LAST
                VALUE   (LST)  VALUE       VALUE  FROM      YEAR
                                                  NORMAL
..................................................................
TEMPERATURE (F)
 TODAY
  MAXIMUM         72    357 PM  88    2013  78     -6       82
                                      1946
  MINIMUM         48    511 AM  26    2008  40      8       48
  AVERAGE         60                        59      1       65

PRECIPITATION (IN)
  TODAY            0.00          0.57 1969   0.02  -0.02     0.00
  MONTH TO DATE    0.15                      0.19  -0.04      T
  SINCE JUN 1      0.15                      0.19  -0.04      T
  SINCE JAN 1      4.40                      2.41   1.99     4.37

SNOWFALL (IN)
  TODAY            0.0           0.2  1983   0.0    0.0      0.0
  MONTH TO DATE    0.0                       0.0    0.0      0.0
  SINCE JUN 1      0.0                       0.0    0.0      0.0
  SINCE JUL 1     42.2                      27.6   14.6     43.0
  SNOW DEPTH      MM

DEGREE DAYS
 HEATING
  TODAY            5                         6     -1        0
  MONTH TO DATE   55                       100    -45       32
  SINCE JUN 1     55                       100    -45       32
  SINCE JUL 1   7664                      8526   -862     7844

 COOLING
  TODAY            0                         0      0        0
  MONTH TO DATE    1                         0      1        2
  SINCE JUN 1      1                         0      1        2
  SINCE JAN 1      1                         0      1        2
..................................................................


WIND (MPH)
  HIGHEST WIND SPEED    26   HIGHEST WIND DIRECTION    SW (230)
  HIGHEST GUST SPEED    37   HIGHEST GUST DIRECTION    NW (310)
  AVERAGE WIND SPEED    17.8


SKY COVER
  POSSIBLE SUNSHINE  MM
  AVERAGE SKY COVER 0.0


WEATHER CONDITIONS
 THE FOLLOWING WEATHER WAS RECORDED TODAY.
  NO SIGNIFICANT WEATHER WAS OBSERVED.


RELATIVE HUMIDITY (PERCENT)
 HIGHEST    29           400 AM
 LOWEST      8          1200 PM
 AVERAGE    19

..........................................................


THE ALAMOSA CO CLIMATE NORMALS FOR TOMORROW
                         NORMAL    RECORD    YEAR
 MAXIMUM TEMPERATURE (F)   78        88      2004
                                             1952
 MINIMUM TEMPERATURE (F)   40        24      1944


SUNRISE AND SUNSET
JUNE 13 2017..........SUNRISE   542 AM MDT   SUNSET   825 PM MDT
JUNE 14 2017..........SUNRISE   542 AM MDT   SUNSET   826 PM MDT


-  INDICATES NEGATIVE NUMBERS.
R  INDICATES RECORD WAS SET OR TIED.
MM INDICATES DATA IS MISSING.
T  INDICATES TRACE AMOUNT.




$$
