000
CDUS45 KPUB 050018
CLIALS


CLIMATE REPORT
NATIONAL WEATHER SERVICE PUEBLO
618 PM MDT SAT NOV 4 2017


...................................

...THE ALAMOSA CO CLIMATE SUMMARY FOR NOVEMBER 4 2017...
VALID TODAY AS OF 0500 PM LOCAL TIME.

CLIMATE NORMAL PERIOD 1981 TO 2010
CLIMATE RECORD PERIOD 1932 TO 2017


WEATHER ITEM   OBSERVED TIME   RECORD YEAR NORMAL DEPARTURE LAST
                VALUE   (LST)  VALUE       VALUE  FROM      YEAR
                                                  NORMAL
..................................................................
TEMPERATURE (F)
 TODAY
  MAXIMUM         57    135 PM  67    1977  53      4       62
  MINIMUM         40    343 AM -13    1991  17     23       21
  AVERAGE         49                        35     14       42

PRECIPITATION (IN)
  TODAY            0.00          0.10 1957   0.01  -0.01     0.01
  MONTH TO DATE    0.00                      0.07  -0.07     0.01
  SINCE SEP 1      1.81                      1.66   0.15     0.31
  SINCE JAN 1     10.50                      6.61   3.89     7.66

SNOWFALL (IN)
  TODAY            0.0           2.1  1959   0.1   -0.1      0.0
  MONTH TO DATE    0.0                       0.4   -0.4      0.0
  SINCE SEP 1      T                         2.5   -2.5      0.0
  SINCE JUL 1      T                         2.5   -2.5      0.0
  SNOW DEPTH       0

DEGREE DAYS
 HEATING
  TODAY           16                        30    -14       23
  MONTH TO DATE   77                       116    -39       91
  SINCE SEP 1    953                      1097   -144      870
  SINCE JUL 1   1052                      1226   -174     1014

 COOLING
  TODAY            0                         0      0        0
  MONTH TO DATE    0                         0      0        0
  SINCE SEP 1      0                         0      0        0
  SINCE JAN 1     76                        51     25      115
..................................................................


WIND (MPH)
  HIGHEST WIND SPEED    32   HIGHEST WIND DIRECTION    SW (220)
  HIGHEST GUST SPEED    40   HIGHEST GUST DIRECTION    SW (230)
  AVERAGE WIND SPEED    16.9


SKY COVER
  POSSIBLE SUNSHINE  MM
  AVERAGE SKY COVER 0.1


WEATHER CONDITIONS
 THE FOLLOWING WEATHER WAS RECORDED TODAY.
  NO SIGNIFICANT WEATHER WAS OBSERVED.


RELATIVE HUMIDITY (PERCENT)
 HIGHEST    60           400 AM
 LOWEST     30           300 PM
 AVERAGE    45

..........................................................


THE ALAMOSA CO CLIMATE NORMALS FOR TOMORROW
                         NORMAL    RECORD    YEAR
 MAXIMUM TEMPERATURE (F)   53        66      1977
                                             1944
 MINIMUM TEMPERATURE (F)   17        -4      1991


SUNRISE AND SUNSET
NOVEMBER  4 2017......SUNRISE   732 AM MDT   SUNSET   602 PM MDT
NOVEMBER  5 2017......SUNRISE   633 AM MST   SUNSET   501 PM MST


-  INDICATES NEGATIVE NUMBERS.
R  INDICATES RECORD WAS SET OR TIED.
MM INDICATES DATA IS MISSING.
T  INDICATES TRACE AMOUNT.




$$
