898
CDUS45 KPUB 111053
CLIALS


CLIMATE REPORT
NATIONAL WEATHER SERVICE PUEBLO
452 AM MDT FRI AUG 11 2017


...................................

...THE ALAMOSA CO CLIMATE SUMMARY FOR AUGUST 10 2017...

CLIMATE NORMAL PERIOD 1981 TO 2010
CLIMATE RECORD PERIOD 1932 TO 2017


WEATHER ITEM   OBSERVED TIME   RECORD YEAR NORMAL DEPARTURE LAST
                VALUE   (LST)  VALUE       VALUE  FROM      YEAR
                                                  NORMAL
..................................................................
TEMPERATURE (F)
 YESTERDAY
  MAXIMUM         84    319 PM  89    2011  80      4       80
                                      2003
                                      1937
  MINIMUM         45    511 AM  32    2009  47     -2       52
  AVERAGE         65                        64      1       66

PRECIPITATION (IN)
  YESTERDAY        T             0.91 1979   0.04  -0.04     0.04
  MONTH TO DATE    0.54                      0.40   0.14     1.86
  SINCE JUN 1      4.25                      1.86   2.39     2.68
  SINCE JAN 1      8.50                      4.08   4.42     7.05

SNOWFALL (IN)
  YESTERDAY        0.0           0.0  2002   0.0    0.0      0.0
  MONTH TO DATE    0.0                       0.0    0.0      0.0
  SINCE JUN 1      T                         0.0    0.0      0.0
  SINCE JUL 1      T                         0.0    0.0      0.0
  SNOW DEPTH       0

DEGREE DAYS
 HEATING
  YESTERDAY        0                         2     -2        0
  MONTH TO DATE   30                        17     13        7
  SINCE JUN 1    130                       230   -100       76
  SINCE JUL 1     39                        62    -23       20

 COOLING
  YESTERDAY        0                         1     -1        1
  MONTH TO DATE    0                        10    -10        6
  SINCE JUN 1     76                        48     28      112
  SINCE JAN 1     76                        48     28      112
..................................................................


WIND (MPH)
  HIGHEST WIND SPEED    30   HIGHEST WIND DIRECTION     N (340)
  HIGHEST GUST SPEED    37   HIGHEST GUST DIRECTION     N (340)
  AVERAGE WIND SPEED     8.5


SKY COVER
  POSSIBLE SUNSHINE  MM
  AVERAGE SKY COVER 0.2


WEATHER CONDITIONS
 THE FOLLOWING WEATHER WAS RECORDED YESTERDAY.
  THUNDERSTORM
  LIGHT RAIN
  HAZE


RELATIVE HUMIDITY (PERCENT)
 HIGHEST    93           300 AM
 LOWEST     24           300 PM
 AVERAGE    59

..........................................................


THE ALAMOSA CO CLIMATE NORMALS FOR TODAY
                         NORMAL    RECORD    YEAR
 MAXIMUM TEMPERATURE (F)   80        88      1995
                                             1937
 MINIMUM TEMPERATURE (F)   47        36      1996
                                             1974
                                             1951


SUNRISE AND SUNSET
AUGUST 11 2017........SUNRISE   616 AM MDT   SUNSET   800 PM MDT
AUGUST 12 2017........SUNRISE   617 AM MDT   SUNSET   759 PM MDT


-  INDICATES NEGATIVE NUMBERS.
R  INDICATES RECORD WAS SET OR TIED.
MM INDICATES DATA IS MISSING.
T  INDICATES TRACE AMOUNT.




$$
