000
CDUS45 KPUB 141050
CLIALS


CLIMATE REPORT
NATIONAL WEATHER SERVICE PUEBLO
450 AM MDT MON APR 14 2014


...................................

...THE ALAMOSA CO CLIMATE SUMMARY FOR APRIL 13 2014...

CLIMATE NORMAL PERIOD 1981 TO 2010
CLIMATE RECORD PERIOD 1932 TO 2014


WEATHER ITEM   OBSERVED TIME   RECORD YEAR NORMAL DEPARTURE LAST
                VALUE   (LST)  VALUE       VALUE  FROM      YEAR
                                                  NORMAL
..................................................................
TEMPERATURE (F)
 YESTERDAY
  MAXIMUM         61   1112 AM  75    2006  59      2       61
  MINIMUM         17   1147 PM   6    2007  24     -7       21
  AVERAGE         39                        41     -2       41

PRECIPITATION (IN)
  YESTERDAY        0.18          0.56 1967   0.02   0.16     0.00
  MONTH TO DATE    0.61                      0.24   0.37     0.20
  SINCE MAR 1      1.01                      0.77   0.24     0.54
  SINCE JAN 1      1.13                      1.29  -0.16     0.76

SNOWFALL (IN)
  YESTERDAY       MM             6.4  1967   0.1   MM        0.0
  MONTH TO DATE    3.2                       1.8    1.4      1.5
  SINCE MAR 1      6.6                       6.8   -0.2      4.9
  SINCE JUL 1     34.7                      24.9    9.8     20.4
  SNOW DEPTH       0

DEGREE DAYS
 HEATING
  YESTERDAY       26                        24      2       24
  MONTH TO DATE  313                       333    -20      315
  SINCE MAR 1   1188                      1310   -122     1274
  SINCE JUL 1   7756                      7639    117     8061

 COOLING
  YESTERDAY        0                         0      0        0
  MONTH TO DATE    0                         0      0        0
  SINCE MAR 1      0                         0      0        0
  SINCE JAN 1      0                         0      0        0
..................................................................


WIND (MPH)
  HIGHEST WIND SPEED    45   HIGHEST WIND DIRECTION    SW (230)
  HIGHEST GUST SPEED    56   HIGHEST GUST DIRECTION    SW (230)
  AVERAGE WIND SPEED    15.8


SKY COVER
  POSSIBLE SUNSHINE  MM
  AVERAGE SKY COVER 0.5


WEATHER CONDITIONS
 THE FOLLOWING WEATHER WAS RECORDED YESTERDAY.
  LIGHT RAIN
  HEAVY SNOW
  SNOW
  LIGHT SNOW
  FOG
  FOG W/VISIBILITY <= 1/4 MILE
  HAZE


RELATIVE HUMIDITY (PERCENT)
 HIGHEST    96           900 PM
 LOWEST     22          1200 PM
 AVERAGE    59

..........................................................


THE ALAMOSA CO CLIMATE NORMALS FOR TODAY
                         NORMAL    RECORD    YEAR
 MAXIMUM TEMPERATURE (F)   59        76      2002
 MINIMUM TEMPERATURE (F)   24        -4      1933


SUNRISE AND SUNSET
APRIL 14 2014.........SUNRISE   630 AM MDT   SUNSET   738 PM MDT
APRIL 15 2014.........SUNRISE   629 AM MDT   SUNSET   739 PM MDT


-  INDICATES NEGATIVE NUMBERS.
R  INDICATES RECORD WAS SET OR TIED.
MM INDICATES DATA IS MISSING.
T  INDICATES TRACE AMOUNT.




$$
