000
CDUS45 KPUB 201051
CLIALS


CLIMATE REPORT
NATIONAL WEATHER SERVICE PUEBLO
451 AM MDT THU APR 20 2017


...................................

...THE ALAMOSA CO CLIMATE SUMMARY FOR APRIL 19 2017...

CLIMATE NORMAL PERIOD 1981 TO 2010
CLIMATE RECORD PERIOD 1932 TO 2017


WEATHER ITEM   OBSERVED TIME   RECORD YEAR NORMAL DEPARTURE LAST
                VALUE   (LST)  VALUE       VALUE  FROM      YEAR
                                                  NORMAL
..................................................................
TEMPERATURE (F)
 YESTERDAY
  MAXIMUM         72    238 PM  74    1989  60     12       45
                                      1962
  MINIMUM         36   1159 PM   6    2013  25     11       22
  AVERAGE         54                        43     11       34

PRECIPITATION (IN)
  YESTERDAY        0.00          0.68 1947   0.02  -0.02     0.00
  MONTH TO DATE    0.35                      0.36  -0.01     1.28
  SINCE MAR 1      1.08                      0.89   0.19     1.80
  SINCE JAN 1      2.73                      1.41   1.32     2.78

SNOWFALL (IN)
  YESTERDAY        0.0           5.2  1947   0.1   -0.1      0.0
  MONTH TO DATE    3.2                       2.5    0.7     12.6
  SINCE MAR 1      3.9                       7.5   -3.6     20.8
  SINCE JUL 1     39.4                      25.6   13.8     39.6
  SNOW DEPTH       0

DEGREE DAYS
 HEATING
  YESTERDAY       11                        22    -11       31
  MONTH TO DATE  380                       471    -91      458
  SINCE MAR 1   1119                      1448   -329     1375
  SINCE JUL 1   6908                      7777   -869     7141

 COOLING
  YESTERDAY        0                         0      0        0
  MONTH TO DATE    0                         0      0        0
  SINCE MAR 1      0                         0      0        0
  SINCE JAN 1      0                         0      0        0
..................................................................


WIND (MPH)
  HIGHEST WIND SPEED    26   HIGHEST WIND DIRECTION     W (270)
  HIGHEST GUST SPEED    33   HIGHEST GUST DIRECTION     W (270)
  AVERAGE WIND SPEED    11.9


SKY COVER
  POSSIBLE SUNSHINE  MM
  AVERAGE SKY COVER 0.0


WEATHER CONDITIONS
 THE FOLLOWING WEATHER WAS RECORDED YESTERDAY.
  NO SIGNIFICANT WEATHER WAS OBSERVED.


RELATIVE HUMIDITY (PERCENT)
 HIGHEST    54          1100 PM
 LOWEST     12           300 PM
 AVERAGE    33

..........................................................


THE ALAMOSA CO CLIMATE NORMALS FOR TODAY
                         NORMAL    RECORD    YEAR
 MAXIMUM TEMPERATURE (F)   61        80      1989
 MINIMUM TEMPERATURE (F)   26        11      1982


SUNRISE AND SUNSET
APRIL 20 2017.........SUNRISE   622 AM MDT   SUNSET   744 PM MDT
APRIL 21 2017.........SUNRISE   620 AM MDT   SUNSET   745 PM MDT


-  INDICATES NEGATIVE NUMBERS.
R  INDICATES RECORD WAS SET OR TIED.
MM INDICATES DATA IS MISSING.
T  INDICATES TRACE AMOUNT.




$$
