000
CDUS45 KPUB 261114
CLIALS


CLIMATE REPORT
NATIONAL WEATHER SERVICE PUEBLO
514 AM MDT FRI SEP 26 2014


...................................

...THE ALAMOSA CO CLIMATE SUMMARY FOR SEPTEMBER 25 2014...

CLIMATE NORMAL PERIOD 1981 TO 2010
CLIMATE RECORD PERIOD 1932 TO 2014


WEATHER ITEM   OBSERVED TIME   RECORD YEAR NORMAL DEPARTURE LAST
                VALUE   (LST)  VALUE       VALUE  FROM      YEAR
                                                  NORMAL
..................................................................
TEMPERATURE (F)
 YESTERDAY
  MAXIMUM         81R   347 PM  80    2001  70     11       72
  MINIMUM         40    608 AM  16    2000  33      7       34
  AVERAGE         61                        51     10       53

PRECIPITATION (IN)
  YESTERDAY        T             0.35 1954   0.03  -0.03     0.00
  MONTH TO DATE    0.09                      0.80  -0.71     2.98
  SINCE SEP 1      0.09                      0.80  -0.71     2.98
  SINCE JAN 1      3.97                      5.75  -1.78     7.85

SNOWFALL (IN)
  YESTERDAY        0.0           0.0  2002   0.0    0.0      0.0
  MONTH TO DATE    0.0                       0.0    0.0      0.0
  SINCE SEP 1      0.0                       0.0    0.0      0.0
  SINCE JUL 1      0.0                       0.0    0.0      0.0
  SNOW DEPTH       0

DEGREE DAYS
 HEATING
  YESTERDAY        4                        14    -10       12
  MONTH TO DATE  132                       228    -96      139
  SINCE SEP 1    132                       228    -96      139
  SINCE JUL 1    253                       357   -104      214

 COOLING
  YESTERDAY        0                         0      0        0
  MONTH TO DATE    0                         0      0       14
  SINCE SEP 1      0                         0      0       14
  SINCE JAN 1     60                        51      9      113
..................................................................


WIND (MPH)
  HIGHEST WIND SPEED    18   HIGHEST WIND DIRECTION    SE (120)
  HIGHEST GUST SPEED    22   HIGHEST GUST DIRECTION    SE (120)
  AVERAGE WIND SPEED     5.0


SKY COVER
  POSSIBLE SUNSHINE  MM
  AVERAGE SKY COVER 0.1


WEATHER CONDITIONS
 THE FOLLOWING WEATHER WAS RECORDED YESTERDAY.
  LIGHT RAIN


RELATIVE HUMIDITY (PERCENT)
 HIGHEST    79           600 AM
 LOWEST     19           500 PM
 AVERAGE    49

..........................................................


THE ALAMOSA CO CLIMATE NORMALS FOR TODAY
                         NORMAL    RECORD    YEAR
 MAXIMUM TEMPERATURE (F)   70        81      1999
 MINIMUM TEMPERATURE (F)   32        19      1970


SUNRISE AND SUNSET
SEPTEMBER 26 2014.....SUNRISE   655 AM MDT   SUNSET   654 PM MDT
SEPTEMBER 27 2014.....SUNRISE   656 AM MDT   SUNSET   653 PM MDT


-  INDICATES NEGATIVE NUMBERS.
R  INDICATES RECORD WAS SET OR TIED.
MM INDICATES DATA IS MISSING.
T  INDICATES TRACE AMOUNT.




$$
