000
CDUS45 KPUB 090021
CLIALS


CLIMATE REPORT
NATIONAL WEATHER SERVICE PUEBLO
521 PM MST WED FEB 8 2017


...................................

...THE ALAMOSA CO CLIMATE SUMMARY FOR FEBRUARY 8 2017...
VALID TODAY AS OF 0500 PM LOCAL TIME.

CLIMATE NORMAL PERIOD 1981 TO 2010
CLIMATE RECORD PERIOD 1932 TO 2017


WEATHER ITEM   OBSERVED TIME   RECORD YEAR NORMAL DEPARTURE LAST
                VALUE   (LST)  VALUE       VALUE  FROM      YEAR
                                                  NORMAL
..................................................................
TEMPERATURE (F)
 TODAY
  MAXIMUM         48    149 PM  59    2015  38     10       46
  MINIMUM         22    655 AM -32    1933   3     19        7
  AVERAGE         35                        20     15       27

PRECIPITATION (IN)
  TODAY            0.00          0.20 2011   0.01  -0.01     0.00
  MONTH TO DATE    0.00                      0.07  -0.07     0.15
  SINCE DEC 1      2.44                      0.68   1.76     0.98
  SINCE JAN 1      1.36                      0.33   1.03     0.73

SNOWFALL (IN)
  TODAY            0.0           3.0  2011   0.1   -0.1      0.0
  MONTH TO DATE    0.0                       1.1   -1.1      1.7
  SINCE DEC 1     32.1                       9.6   22.5     12.1
  SINCE JUL 1     33.1                      15.4   17.7     16.4
  SNOW DEPTH       1

DEGREE DAYS
 HEATING
  TODAY           30                        45    -15       38
  MONTH TO DATE  327                       366    -39      408
  SINCE DEC 1   3264                      3338    -74     3344
  SINCE JUL 1   5128                      5513   -385     5122

 COOLING
  TODAY            0                         0      0        0
  MONTH TO DATE    0                         0      0        0
  SINCE DEC 1      0                         0      0        0
  SINCE JAN 1      0                         0      0        0
..................................................................


WIND (MPH)
  HIGHEST WIND SPEED    13   HIGHEST WIND DIRECTION     E (90)
  HIGHEST GUST SPEED    15   HIGHEST GUST DIRECTION     E (90)
  AVERAGE WIND SPEED     6.4


SKY COVER
  POSSIBLE SUNSHINE  MM
  AVERAGE SKY COVER 0.0


WEATHER CONDITIONS
 THE FOLLOWING WEATHER WAS RECORDED TODAY.
  NO SIGNIFICANT WEATHER WAS OBSERVED.


RELATIVE HUMIDITY (PERCENT)
 HIGHEST    92           300 AM
 LOWEST     42           200 PM
 AVERAGE    67

..........................................................


THE ALAMOSA CO CLIMATE NORMALS FOR TOMORROW
                         NORMAL    RECORD    YEAR
 MAXIMUM TEMPERATURE (F)   38        58      2015
                                             1999
 MINIMUM TEMPERATURE (F)    3       -24      2011


SUNRISE AND SUNSET
FEBRUARY  8 2017......SUNRISE   700 AM MST   SUNSET   536 PM MST
FEBRUARY  9 2017......SUNRISE   659 AM MST   SUNSET   537 PM MST


-  INDICATES NEGATIVE NUMBERS.
R  INDICATES RECORD WAS SET OR TIED.
MM INDICATES DATA IS MISSING.
T  INDICATES TRACE AMOUNT.




$$
