000
CDUS45 KPUB 150035
CLIALS


CLIMATE REPORT
NATIONAL WEATHER SERVICE PUEBLO
635 PM MDT THU AUG 14 2014


...................................

...THE ALAMOSA CO CLIMATE SUMMARY FOR AUGUST 14 2014...
VALID TODAY AS OF 0500 PM LOCAL TIME.

CLIMATE NORMAL PERIOD 1981 TO 2010
CLIMATE RECORD PERIOD 1932 TO 2014


WEATHER ITEM   OBSERVED TIME   RECORD YEAR NORMAL DEPARTURE LAST
                VALUE   (LST)  VALUE       VALUE  FROM      YEAR
                                                  NORMAL
..................................................................
TEMPERATURE (F)
 TODAY
  MAXIMUM         80    141 PM  88    1958  80      0       79
                                      1951
  MINIMUM         56    350 AM  36    2002  47      9       48
                                      1974
  AVERAGE         68                        63      5       64

PRECIPITATION (IN)
  TODAY            T             0.65 2009   0.05  -0.05      T
  MONTH TO DATE    T                         0.57  -0.57     2.16
  SINCE JUN 1      1.54                      2.03  -0.49     3.50
  SINCE JAN 1      3.35                      4.25  -0.90     4.56

SNOWFALL (IN)
  TODAY            0.0           0.0  2002   0.0    0.0      0.0
  MONTH TO DATE    0.0                       0.0    0.0      0.0
  SINCE JUN 1      0.0                       0.0    0.0      0.0
  SINCE JUL 1      0.0                       0.0    0.0      0.0
  SNOW DEPTH       0

DEGREE DAYS
 HEATING
  TODAY            0                         2     -2        1
  MONTH TO DATE   32                        25      7       42
  SINCE JUN 1    180                       238    -58      172
  SINCE JUL 1     54                        70    -16       70

 COOLING
  TODAY            3                         0      3        0
  MONTH TO DATE    3                        12     -9        8
  SINCE JUN 1     60                        50     10       73
  SINCE JAN 1     60                        50     10       73
..................................................................


WIND (MPH)
  HIGHEST WIND SPEED    25   HIGHEST WIND DIRECTION     N (360)
  HIGHEST GUST SPEED    31   HIGHEST GUST DIRECTION     N (350)
  AVERAGE WIND SPEED    11.4


SKY COVER
  POSSIBLE SUNSHINE  MM
  AVERAGE SKY COVER 0.6


WEATHER CONDITIONS
 THE FOLLOWING WEATHER WAS RECORDED TODAY.
  LIGHT RAIN


RELATIVE HUMIDITY (PERCENT)
 HIGHEST    80           400 AM
 LOWEST     35           200 PM
 AVERAGE    58

..........................................................


THE ALAMOSA CO CLIMATE NORMALS FOR TOMORROW
                         NORMAL    RECORD    YEAR
 MAXIMUM TEMPERATURE (F)   80        89      1944
 MINIMUM TEMPERATURE (F)   46        35      1978


SUNRISE AND SUNSET
AUGUST 14 2014........SUNRISE   619 AM MDT   SUNSET   757 PM MDT
AUGUST 15 2014........SUNRISE   620 AM MDT   SUNSET   756 PM MDT


-  INDICATES NEGATIVE NUMBERS.
R  INDICATES RECORD WAS SET OR TIED.
MM INDICATES DATA IS MISSING.
T  INDICATES TRACE AMOUNT.




$$
