554
CDUS45 KPUB 192318
CLIALS


CLIMATE REPORT
NATIONAL WEATHER SERVICE PUEBLO
518 PM MDT FRI MAY 19 2017


...................................

...THE ALAMOSA CO CLIMATE SUMMARY FOR MAY 19 2017...
VALID TODAY AS OF 0500 PM LOCAL TIME.

CLIMATE NORMAL PERIOD 1981 TO 2010
CLIMATE RECORD PERIOD 1932 TO 2017


WEATHER ITEM   OBSERVED TIME   RECORD YEAR NORMAL DEPARTURE LAST
                VALUE   (LST)  VALUE       VALUE  FROM      YEAR
                                                  NORMAL
..................................................................
TEMPERATURE (F)
 TODAY
  MAXIMUM         52    238 PM  82    2008  70    -18       65
  MINIMUM         24    249 AM  17    1971  34    -10       40
  AVERAGE         38                        52    -14       53

PRECIPITATION (IN)
  TODAY            0.00          0.89 2015   0.01  -0.01     0.00
  MONTH TO DATE    1.23                      0.37   0.86     0.59
  SINCE MAR 1      2.59                      1.49   1.10     2.86
  SINCE JAN 1      4.24                      2.01   2.23     3.84

SNOWFALL (IN)
  TODAY            0.0           T    1972   0.0    0.0      0.0
  MONTH TO DATE    1.1                       0.8    0.3      0.8
  SINCE MAR 1      6.7                       9.4   -2.7     24.2
  SINCE JUL 1     42.2                      27.5   14.7     43.0
  SNOW DEPTH      MM

DEGREE DAYS
 HEATING
  TODAY           27                        13     14       12
  MONTH TO DATE  297                       294      3      301
  SINCE MAR 1   1672                      1965   -293     1903
  SINCE JUL 1   7461                      8294   -833     7669

 COOLING
  TODAY            0                         0      0        0
  MONTH TO DATE    0                         0      0        0
  SINCE MAR 1      0                         0      0        0
  SINCE JAN 1      0                         0      0        0
..................................................................


WIND (MPH)
  HIGHEST WIND SPEED    20   HIGHEST WIND DIRECTION     W (250)
  HIGHEST GUST SPEED    27   HIGHEST GUST DIRECTION     S (170)
  AVERAGE WIND SPEED     7.1


SKY COVER
  POSSIBLE SUNSHINE  MM
  AVERAGE SKY COVER 0.3


WEATHER CONDITIONS
 THE FOLLOWING WEATHER WAS RECORDED TODAY.
  NO SIGNIFICANT WEATHER WAS OBSERVED.


RELATIVE HUMIDITY (PERCENT)
 HIGHEST    81           200 AM
 LOWEST     20           200 PM
 AVERAGE    51

..........................................................


THE ALAMOSA CO CLIMATE NORMALS FOR TOMORROW
                         NORMAL    RECORD    YEAR
 MAXIMUM TEMPERATURE (F)   70        87      2005
 MINIMUM TEMPERATURE (F)   35        20      1960


SUNRISE AND SUNSET
MAY 19 2017...........SUNRISE   551 AM MDT   SUNSET   809 PM MDT
MAY 20 2017...........SUNRISE   550 AM MDT   SUNSET   810 PM MDT


-  INDICATES NEGATIVE NUMBERS.
R  INDICATES RECORD WAS SET OR TIED.
MM INDICATES DATA IS MISSING.
T  INDICATES TRACE AMOUNT.




$$
