000
CDUS45 KPUB 300026
CLIALS


CLIMATE REPORT
NATIONAL WEATHER SERVICE PUEBLO
526 PM MST TUE NOV 29 2016


...................................

...THE ALAMOSA CO CLIMATE SUMMARY FOR NOVEMBER 29 2016...
VALID TODAY AS OF 0500 PM LOCAL TIME.

CLIMATE NORMAL PERIOD 1981 TO 2010
CLIMATE RECORD PERIOD 1932 TO 2016


WEATHER ITEM   OBSERVED TIME   RECORD YEAR NORMAL DEPARTURE LAST
                VALUE   (LST)  VALUE       VALUE  FROM      YEAR
                                                  NORMAL
..................................................................
TEMPERATURE (F)
 TODAY
  MAXIMUM         33    315 PM  62    1942  40     -7       41
  MINIMUM          2    718 AM -27    1952   6     -4       21
  AVERAGE         18                        23     -5       31

PRECIPITATION (IN)
  TODAY            0.00          0.10 2006   0.01  -0.01     0.00
                                      1991
  MONTH TO DATE    0.44                      0.41   0.03     0.44
  SINCE SEP 1      0.74                      2.00  -1.26     2.20
  SINCE JAN 1      8.09                      6.95   1.14     9.17

SNOWFALL (IN)
  TODAY            0.0           2.0  1992   0.2   -0.2      0.0
  MONTH TO DATE    1.0                       3.6   -2.6      4.3
  SINCE SEP 1      1.0                       5.7   -4.7      4.3
  SINCE JUL 1      1.0                       5.7   -4.7      4.3
  SNOW DEPTH       0

DEGREE DAYS
 HEATING
  TODAY           47                        42      5       34
  MONTH TO DATE  888                      1022   -134      966
  SINCE SEP 1   1667                      2003   -336     1641
  SINCE JUL 1   1811                      2132   -321     1733

 COOLING
  TODAY            0                         0      0        0
  MONTH TO DATE    0                         0      0        0
  SINCE SEP 1      0                         0      0        0
  SINCE JAN 1    115                        51     64       74
..................................................................


WIND (MPH)
  HIGHEST WIND SPEED    16   HIGHEST WIND DIRECTION    NW (320)
  HIGHEST GUST SPEED    19   HIGHEST GUST DIRECTION    NW (320)
  AVERAGE WIND SPEED     6.2


SKY COVER
  POSSIBLE SUNSHINE  MM
  AVERAGE SKY COVER 0.1


WEATHER CONDITIONS
 THE FOLLOWING WEATHER WAS RECORDED TODAY.
  NO SIGNIFICANT WEATHER WAS OBSERVED.


RELATIVE HUMIDITY (PERCENT)
 HIGHEST    91           500 AM
 LOWEST     28           300 PM
 AVERAGE    60

..........................................................


THE ALAMOSA CO CLIMATE NORMALS FOR TOMORROW
                         NORMAL    RECORD    YEAR
 MAXIMUM TEMPERATURE (F)   39        58      1980
 MINIMUM TEMPERATURE (F)    5       -21      2006


SUNRISE AND SUNSET
NOVEMBER 29 2016......SUNRISE   658 AM MST   SUNSET   446 PM MST
NOVEMBER 30 2016......SUNRISE   659 AM MST   SUNSET   446 PM MST


-  INDICATES NEGATIVE NUMBERS.
R  INDICATES RECORD WAS SET OR TIED.
MM INDICATES DATA IS MISSING.
T  INDICATES TRACE AMOUNT.




$$
