000
CDUS45 KPUB 300052
CLIALS


CLIMATE REPORT
NATIONAL WEATHER SERVICE PUEBLO
552 PM MST WED NOV 29 2017


...................................

...THE ALAMOSA CO CLIMATE SUMMARY FOR NOVEMBER 29 2017...
VALID TODAY AS OF 0500 PM LOCAL TIME.

CLIMATE NORMAL PERIOD 1981 TO 2010
CLIMATE RECORD PERIOD 1932 TO 2017


WEATHER ITEM   OBSERVED TIME   RECORD YEAR NORMAL DEPARTURE LAST
                VALUE   (LST)  VALUE       VALUE  FROM      YEAR
                                                  NORMAL
..................................................................
TEMPERATURE (F)
 TODAY
  MAXIMUM         50    336 PM  62    1942  40     10       33
  MINIMUM         13    421 AM -27    1952   6      7        2
  AVERAGE         32                        23      9       18

PRECIPITATION (IN)
  TODAY            0.00          0.10 2006   0.01  -0.01     0.00
                                      1991
  MONTH TO DATE    0.05                      0.41  -0.36     0.44
  SINCE SEP 1      1.86                      2.00  -0.14     0.74
  SINCE JAN 1     10.55                      6.95   3.60     8.09

SNOWFALL (IN)
  TODAY            0.0           2.0  1992   0.2   -0.2      0.0
  MONTH TO DATE    0.2                       3.6   -3.4      1.0
  SINCE SEP 1      0.2                       5.7   -5.5      1.0
  SINCE JUL 1      0.2                       5.7   -5.5      1.0
  SNOW DEPTH       0

DEGREE DAYS
 HEATING
  TODAY           33                        42     -9       47
  MONTH TO DATE  758                      1022   -264      888
  SINCE SEP 1   1634                      2003   -369     1667
  SINCE JUL 1   1733                      2132   -399     1811

 COOLING
  TODAY            0                         0      0        0
  MONTH TO DATE    0                         0      0        0
  SINCE SEP 1      0                         0      0        0
  SINCE JAN 1     76                        51     25      115
..................................................................


WIND (MPH)
  HIGHEST WIND SPEED     8   HIGHEST WIND DIRECTION    NW (320)
  HIGHEST GUST SPEED     9   HIGHEST GUST DIRECTION    NE (60)
  AVERAGE WIND SPEED     2.3


SKY COVER
  POSSIBLE SUNSHINE  MM
  AVERAGE SKY COVER 0.0


WEATHER CONDITIONS
 THE FOLLOWING WEATHER WAS RECORDED TODAY.
  FOG


RELATIVE HUMIDITY (PERCENT)
 HIGHEST    96           400 AM
 LOWEST     29           300 PM
 AVERAGE    63

..........................................................


THE ALAMOSA CO CLIMATE NORMALS FOR TOMORROW
                         NORMAL    RECORD    YEAR
 MAXIMUM TEMPERATURE (F)   39        58      1980
 MINIMUM TEMPERATURE (F)    5       -21      2006


SUNRISE AND SUNSET
NOVEMBER 29 2017......SUNRISE   658 AM MST   SUNSET   446 PM MST
NOVEMBER 30 2017......SUNRISE   659 AM MST   SUNSET   446 PM MST


-  INDICATES NEGATIVE NUMBERS.
R  INDICATES RECORD WAS SET OR TIED.
MM INDICATES DATA IS MISSING.
T  INDICATES TRACE AMOUNT.




$$
