241
CDUS45 KPUB 181028
CLIALS


CLIMATE REPORT
NATIONAL WEATHER SERVICE PUEBLO
428 AM MDT MON JUL 18 2016


...................................

...THE ALAMOSA CO CLIMATE SUMMARY FOR JULY 17 2016...

CLIMATE NORMAL PERIOD 1981 TO 2010
CLIMATE RECORD PERIOD 1932 TO 2016


WEATHER ITEM   OBSERVED TIME   RECORD YEAR NORMAL DEPARTURE LAST
                VALUE   (LST)  VALUE       VALUE  FROM      YEAR
                                                  NORMAL
..................................................................
TEMPERATURE (F)
 YESTERDAY
  MAXIMUM         89    340 PM  92    2005  83      6       80
  MINIMUM         43    523 AM  39    1939  47     -4       42
  AVERAGE         66                        65      1       61

PRECIPITATION (IN)
  YESTERDAY        0.00          0.73 1969   0.03  -0.03     0.18
  MONTH TO DATE    0.29                      0.49  -0.20     0.79
  SINCE JUN 1      0.80                      0.98  -0.18     1.98
  SINCE JAN 1      5.17                      3.20   1.97     5.92

SNOWFALL (IN)
  YESTERDAY        0.0           0.0  2002   0.0    0.0      0.0
                                      2001
  MONTH TO DATE    0.0                       0.0    0.0      0.0
  SINCE JUN 1      0.0                       0.0    0.0      0.0
  SINCE JUL 1      0.0                       0.0    0.0      0.0
  SNOW DEPTH       0

DEGREE DAYS
 HEATING
  YESTERDAY        0                         1     -1        4
  MONTH TO DATE   13                        26    -13       38
  SINCE JUN 1     69                       194   -125      114
  SINCE JUL 1     13                        26    -13       38

 COOLING
  YESTERDAY        1                         1      0        0
  MONTH TO DATE   14                        17     -3       12
  SINCE JUN 1     43                        23     20       36
  SINCE JAN 1     43                        23     20       36
..................................................................


WIND (MPH)
  HIGHEST WIND SPEED    24   HIGHEST WIND DIRECTION     N (350)
  HIGHEST GUST SPEED    29   HIGHEST GUST DIRECTION     N (360)
  AVERAGE WIND SPEED     6.0


SKY COVER
  POSSIBLE SUNSHINE  MM
  AVERAGE SKY COVER 0.0


WEATHER CONDITIONS
 THE FOLLOWING WEATHER WAS RECORDED YESTERDAY.
  NO SIGNIFICANT WEATHER WAS OBSERVED.


RELATIVE HUMIDITY (PERCENT)
 HIGHEST    62           500 AM
 LOWEST     12           300 PM
 AVERAGE    37

..........................................................


THE ALAMOSA CO CLIMATE NORMALS FOR TODAY
                         NORMAL    RECORD    YEAR
 MAXIMUM TEMPERATURE (F)   83        92      1989
 MINIMUM TEMPERATURE (F)   48        38      1987


SUNRISE AND SUNSET
JULY 18 2016..........SUNRISE   557 AM MDT   SUNSET   822 PM MDT
JULY 19 2016..........SUNRISE   558 AM MDT   SUNSET   821 PM MDT


-  INDICATES NEGATIVE NUMBERS.
R  INDICATES RECORD WAS SET OR TIED.
MM INDICATES DATA IS MISSING.
T  INDICATES TRACE AMOUNT.




$$
