000
CDUS45 KPUB 162335
CLIALS


CLIMATE REPORT
NATIONAL WEATHER SERVICE PUEBLO
535 PM MDT WED JUL 16 2014


...................................

...THE ALAMOSA CO CLIMATE SUMMARY FOR JULY 16 2014...
VALID TODAY AS OF 0500 PM LOCAL TIME.

CLIMATE NORMAL PERIOD 1981 TO 2010
CLIMATE RECORD PERIOD 1932 TO 2014


WEATHER ITEM   OBSERVED TIME   RECORD YEAR NORMAL DEPARTURE LAST
                VALUE   (LST)  VALUE       VALUE  FROM      YEAR
                                                  NORMAL
..................................................................
TEMPERATURE (F)
 TODAY
  MAXIMUM         71    201 PM  92    2011  83    -12       75
                                      2010
  MINIMUM         49    535 AM  35    1994  47      2       47
  AVERAGE         60                        65     -5       61

PRECIPITATION (IN)
  TODAY            0.01          0.51 1967   0.03  -0.02     0.00
  MONTH TO DATE    0.59                      0.46   0.13     0.27
  SINCE JUN 1      0.61                      0.95  -0.34     0.81
  SINCE JAN 1      2.42                      3.17  -0.75     1.87

SNOWFALL (IN)
  TODAY            0.0           0.0  2002   0.0    0.0      0.0
                                      2001
  MONTH TO DATE    0.0                       0.0    0.0      0.0
  SINCE JUN 1      0.0                       0.0    0.0      0.0
  SINCE JUL 1      0.0                       0.0    0.0      0.0
  SNOW DEPTH       0

DEGREE DAYS
 HEATING
  TODAY            5                         1      4        4
  MONTH TO DATE   12                        25    -13       15
  SINCE JUN 1    138                       193    -55      117
  SINCE JUL 1     12                        25    -13       15

 COOLING
  TODAY            0                         1     -1        0
  MONTH TO DATE   25                        16      9       25
  SINCE JUN 1     26                        22      4       41
  SINCE JAN 1     26                        22      4       41
..................................................................


WIND (MPH)
  HIGHEST WIND SPEED    21   HIGHEST WIND DIRECTION    NW (330)
  HIGHEST GUST SPEED    25   HIGHEST GUST DIRECTION    NW (330)
  AVERAGE WIND SPEED     5.0


SKY COVER
  POSSIBLE SUNSHINE  MM
  AVERAGE SKY COVER 0.1


WEATHER CONDITIONS
 THE FOLLOWING WEATHER WAS RECORDED TODAY.
  THUNDERSTORM
  LIGHT RAIN
  FOG


RELATIVE HUMIDITY (PERCENT)
 HIGHEST   100           400 AM
 LOWEST     44           200 PM
 AVERAGE    72

..........................................................


THE ALAMOSA CO CLIMATE NORMALS FOR TOMORROW
                         NORMAL    RECORD    YEAR
 MAXIMUM TEMPERATURE (F)   83        92      2005
 MINIMUM TEMPERATURE (F)   47        39      1939


SUNRISE AND SUNSET
JULY 16 2014..........SUNRISE   555 AM MDT   SUNSET   824 PM MDT
JULY 17 2014..........SUNRISE   556 AM MDT   SUNSET   823 PM MDT


-  INDICATES NEGATIVE NUMBERS.
R  INDICATES RECORD WAS SET OR TIED.
MM INDICATES DATA IS MISSING.
T  INDICATES TRACE AMOUNT.




$$
