000
CDUS45 KPUB 152327
CLIALS


CLIMATE REPORT
NATIONAL WEATHER SERVICE PUEBLO
527 PM MDT WED MAR 15 2017


...................................

...THE ALAMOSA CO CLIMATE SUMMARY FOR MARCH 15 2017...
VALID TODAY AS OF 0500 PM LOCAL TIME.

CLIMATE NORMAL PERIOD 1981 TO 2010
CLIMATE RECORD PERIOD 1932 TO 2017


WEATHER ITEM   OBSERVED TIME   RECORD YEAR NORMAL DEPARTURE LAST
                VALUE   (LST)  VALUE       VALUE  FROM      YEAR
                                                  NORMAL
..................................................................
TEMPERATURE (F)
 TODAY
  MAXIMUM         68    359 PM  70    2013  50     18       50
  MINIMUM         19    626 AM  -1    1962  17      2       22
  AVERAGE         44                        34     10       36

PRECIPITATION (IN)
  TODAY            0.00          0.27 1983   0.02  -0.02     0.00
  MONTH TO DATE    0.02                      0.23  -0.21      T
  SINCE MAR 1      0.02                      0.23  -0.21      T
  SINCE JAN 1      1.67                      0.75   0.92     0.98

SNOWFALL (IN)
  TODAY            0.0           1.6  1983   0.2   -0.2      0.0
  MONTH TO DATE    T                         2.3   -2.3      0.0
  SINCE MAR 1      T                         2.3   -2.3      0.0
  SINCE JUL 1     35.5                      20.4   15.1     18.8
  SNOW DEPTH       0

DEGREE DAYS
 HEATING
  TODAY           21                        32    -11       29
  MONTH TO DATE  421                       508    -87      398
  SINCE MAR 1    421                       508    -87      398
  SINCE JUL 1   6210                      6837   -627     6164

 COOLING
  TODAY            0                         0      0        0
  MONTH TO DATE    0                         0      0        0
  SINCE MAR 1      0                         0      0        0
  SINCE JAN 1      0                         0      0        0
..................................................................


WIND (MPH)
  HIGHEST WIND SPEED    12   HIGHEST WIND DIRECTION    SE (150)
  HIGHEST GUST SPEED    16   HIGHEST GUST DIRECTION    SE (150)
  AVERAGE WIND SPEED     4.5


SKY COVER
  POSSIBLE SUNSHINE  MM
  AVERAGE SKY COVER 0.0


WEATHER CONDITIONS
 THE FOLLOWING WEATHER WAS RECORDED TODAY.
  NO SIGNIFICANT WEATHER WAS OBSERVED.


RELATIVE HUMIDITY (PERCENT)
 HIGHEST    81           700 AM
 LOWEST      8           400 PM
 AVERAGE    45

..........................................................


THE ALAMOSA CO CLIMATE NORMALS FOR TOMORROW
                         NORMAL    RECORD    YEAR
 MAXIMUM TEMPERATURE (F)   50        69      2015
 MINIMUM TEMPERATURE (F)   17        -2      2005


SUNRISE AND SUNSET
MARCH 15 2017.........SUNRISE   714 AM MDT   SUNSET   711 PM MDT
MARCH 16 2017.........SUNRISE   713 AM MDT   SUNSET   712 PM MDT


-  INDICATES NEGATIVE NUMBERS.
R  INDICATES RECORD WAS SET OR TIED.
MM INDICATES DATA IS MISSING.
T  INDICATES TRACE AMOUNT.




$$
