000
CDUS45 KPUB 090050
CLIALS


CLIMATE REPORT
NATIONAL WEATHER SERVICE PUEBLO
550 PM MST SUN JAN 8 2017


...................................

...THE ALAMOSA CO CLIMATE SUMMARY FOR JANUARY 8 2017...
VALID TODAY AS OF 0500 PM LOCAL TIME.

CLIMATE NORMAL PERIOD 1981 TO 2010
CLIMATE RECORD PERIOD 1932 TO 2017


WEATHER ITEM   OBSERVED TIME   RECORD YEAR NORMAL DEPARTURE LAST
                VALUE   (LST)  VALUE       VALUE  FROM      YEAR
                                                  NORMAL
..................................................................
TEMPERATURE (F)
 TODAY
  MAXIMUM         16    250 PM  57    1956  34    -18       25
  MINIMUM        -18    707 AM -36    1944  -2    -16        6
  AVERAGE         -1                        16    -17       16

PRECIPITATION (IN)
  TODAY            0.00          0.47 2016   0.00   0.00     0.47
  MONTH TO DATE    0.61                      0.06   0.55     0.55
  SINCE DEC 1      1.69                      0.41   1.28     0.80
  SINCE JAN 1      0.61                      0.06   0.55     0.55

SNOWFALL (IN)
  TODAY            0.0           5.3  2016   0.1   -0.1      5.3
  MONTH TO DATE   10.7                       0.9    9.8      6.4
  SINCE DEC 1     20.9                       5.4   15.5      9.8
  SINCE JUL 1     21.9                      11.2   10.7     14.1
  SNOW DEPTH       9

DEGREE DAYS
 HEATING
  TODAY           66                        49     17       49
  MONTH TO DATE  435                       392     43      382
  SINCE DEC 1   1879                      1854     25     1715
  SINCE JUL 1   3743                      4029   -286     3493

 COOLING
  TODAY            0                         0      0        0
  MONTH TO DATE    0                         0      0        0
  SINCE DEC 1      0                         0      0        0
  SINCE JAN 1      0                         0      0        0
..................................................................


WIND (MPH)
  HIGHEST WIND SPEED     7   HIGHEST WIND DIRECTION     W (250)
  HIGHEST GUST SPEED     9   HIGHEST GUST DIRECTION    SW (210)
  AVERAGE WIND SPEED     1.0


SKY COVER
  POSSIBLE SUNSHINE  MM
  AVERAGE SKY COVER 0.0


WEATHER CONDITIONS
 THE FOLLOWING WEATHER WAS RECORDED TODAY.
  FOG


RELATIVE HUMIDITY (PERCENT)
 HIGHEST    91           500 AM
 LOWEST     59           100 PM
 AVERAGE    75

..........................................................


THE ALAMOSA CO CLIMATE NORMALS FOR TOMORROW
                         NORMAL    RECORD    YEAR
 MAXIMUM TEMPERATURE (F)   34        51      1978
                                             1945
 MINIMUM TEMPERATURE (F)   -2       -30      1944


SUNRISE AND SUNSET
JANUARY  8 2017.......SUNRISE   718 AM MST   SUNSET   503 PM MST
JANUARY  9 2017.......SUNRISE   718 AM MST   SUNSET   504 PM MST


-  INDICATES NEGATIVE NUMBERS.
R  INDICATES RECORD WAS SET OR TIED.
MM INDICATES DATA IS MISSING.
T  INDICATES TRACE AMOUNT.




$$
