000
CDUS45 KPUB 121127
CLIALS


CLIMATE REPORT
NATIONAL WEATHER SERVICE PUEBLO
427 AM MST FRI DEC 12 2014


...................................

...THE ALAMOSA CO CLIMATE SUMMARY FOR DECEMBER 11 2014...

CLIMATE NORMAL PERIOD 1981 TO 2010
CLIMATE RECORD PERIOD 1932 TO 2014


WEATHER ITEM   OBSERVED TIME   RECORD YEAR NORMAL DEPARTURE LAST
                VALUE   (LST)  VALUE       VALUE  FROM      YEAR
                                                  NORMAL
..................................................................
TEMPERATURE (F)
 YESTERDAY
  MAXIMUM         50    343 PM  55    1950  36     14       15
  MINIMUM          3    650 AM -28    1961   1      2      -16
  AVERAGE         27                        18      9        0

PRECIPITATION (IN)
  YESTERDAY        0.00          0.62 1991   0.01  -0.01     0.00
  MONTH TO DATE    0.01                      0.13  -0.12     0.03
  SINCE DEC 1      0.01                      0.13  -0.12     0.03
  SINCE JAN 1      5.34                      7.09  -1.75    10.04

SNOWFALL (IN)
  YESTERDAY        0.0           5.3  1991   0.1   -0.1      0.0
  MONTH TO DATE    0.0                       1.6   -1.6      0.7
  SINCE DEC 1      0.0                       1.6   -1.6      0.7
  SINCE JUL 1      1.6                       7.4   -5.8     22.3
  SNOW DEPTH       0

DEGREE DAYS
 HEATING
  YESTERDAY       38                        47     -9       65
  MONTH TO DATE  385                       494   -109      647
  SINCE DEC 1    385                       494   -109      647
  SINCE JUL 1   2228                      2669   -441     2747

 COOLING
  YESTERDAY        0                         0      0        0
  MONTH TO DATE    0                         0      0        0
  SINCE DEC 1      0                         0      0        0
  SINCE JAN 1     60                        51      9      113
..................................................................


WIND (MPH)
  HIGHEST WIND SPEED     9   HIGHEST WIND DIRECTION     W (250)
  HIGHEST GUST SPEED    10   HIGHEST GUST DIRECTION     E (70)
  AVERAGE WIND SPEED     2.5


SKY COVER
  POSSIBLE SUNSHINE  MM
  AVERAGE SKY COVER 0.0


WEATHER CONDITIONS
 THE FOLLOWING WEATHER WAS RECORDED YESTERDAY.
  NO SIGNIFICANT WEATHER WAS OBSERVED.


RELATIVE HUMIDITY (PERCENT)
 HIGHEST    80           500 AM
 LOWEST     16           300 PM
 AVERAGE    48

..........................................................


THE ALAMOSA CO CLIMATE NORMALS FOR TODAY
                         NORMAL    RECORD    YEAR
 MAXIMUM TEMPERATURE (F)   35        56      2004
                                             1948
 MINIMUM TEMPERATURE (F)    1       -41      1961


SUNRISE AND SUNSET
DECEMBER 12 2014......SUNRISE   709 AM MST   SUNSET   446 PM MST
DECEMBER 13 2014......SUNRISE   709 AM MST   SUNSET   446 PM MST


-  INDICATES NEGATIVE NUMBERS.
R  INDICATES RECORD WAS SET OR TIED.
MM INDICATES DATA IS MISSING.
T  INDICATES TRACE AMOUNT.




$$
