000
CDUS45 KPUB 191036
CLIALS


CLIMATE REPORT
NATIONAL WEATHER SERVICE PUEBLO
436 AM MDT TUE MAY 19 2015


...................................

...THE ALAMOSA CO CLIMATE SUMMARY FOR MAY 18 2015...

CLIMATE NORMAL PERIOD 1981 TO 2010
CLIMATE RECORD PERIOD 1932 TO 2015


WEATHER ITEM   OBSERVED TIME   RECORD YEAR NORMAL DEPARTURE LAST
                VALUE   (LST)  VALUE       VALUE  FROM      YEAR
                                                  NORMAL
..................................................................
TEMPERATURE (F)
 YESTERDAY
  MAXIMUM         68   1245 PM  85    1970  70     -2       77
  MINIMUM         32    445 AM  21    2000  34     -2       36
                                      1978
  AVERAGE         50                        52     -2       57

PRECIPITATION (IN)
  YESTERDAY        0.07          1.16 1935   0.02   0.05     0.00
  MONTH TO DATE    0.68                      0.36   0.32     0.10
  SINCE MAR 1      1.51                      1.48   0.03     1.56
  SINCE JAN 1      2.85                      2.00   0.85     1.68

SNOWFALL (IN)
  YESTERDAY        0.0           7.1  1971   0.0    0.0      0.0
  MONTH TO DATE    T                         0.8   -0.8      1.3
  SINCE MAR 1      0.7                       9.4   -8.7     11.7
  SINCE JUL 1     23.8                      27.5   -3.7     39.8
  SNOW DEPTH       0

DEGREE DAYS
 HEATING
  YESTERDAY       15                        13      2        8
  MONTH TO DATE  284                       281      3      325
  SINCE MAR 1   1709                      1952   -243     1866
  SINCE JUL 1   7201                      8281  -1080     8434

 COOLING
  YESTERDAY        0                         0      0        0
  MONTH TO DATE    0                         0      0        0
  SINCE MAR 1      0                         0      0        0
  SINCE JAN 1      0                         0      0        0
..................................................................


WIND (MPH)
  HIGHEST WIND SPEED    32   HIGHEST WIND DIRECTION     S (200)
  HIGHEST GUST SPEED    42   HIGHEST GUST DIRECTION     S (200)
  AVERAGE WIND SPEED    10.5


SKY COVER
  POSSIBLE SUNSHINE  MM
  AVERAGE SKY COVER 0.4


WEATHER CONDITIONS
 THE FOLLOWING WEATHER WAS RECORDED YESTERDAY.
  THUNDERSTORM
  RAIN
  LIGHT RAIN
  FOG


RELATIVE HUMIDITY (PERCENT)
 HIGHEST    89           300 AM
 LOWEST     18           100 PM
 AVERAGE    54

..........................................................


THE ALAMOSA CO CLIMATE NORMALS FOR TODAY
                         NORMAL    RECORD    YEAR
 MAXIMUM TEMPERATURE (F)   70        82      2008
 MINIMUM TEMPERATURE (F)   34        17      1971


SUNRISE AND SUNSET
MAY 19 2015...........SUNRISE   551 AM MDT   SUNSET   809 PM MDT
MAY 20 2015...........SUNRISE   551 AM MDT   SUNSET   810 PM MDT


-  INDICATES NEGATIVE NUMBERS.
R  INDICATES RECORD WAS SET OR TIED.
MM INDICATES DATA IS MISSING.
T  INDICATES TRACE AMOUNT.




$$
