000
CDUS45 KPUB 171149
CLIALS


CLIMATE REPORT
NATIONAL WEATHER SERVICE PUEBLO
449 AM MST SAT FEB 17 2018


...................................

...THE ALAMOSA CO CLIMATE SUMMARY FOR FEBRUARY 16 2018...

CLIMATE NORMAL PERIOD 1981 TO 2010
CLIMATE RECORD PERIOD 1932 TO 2018


WEATHER ITEM   OBSERVED TIME   RECORD YEAR NORMAL DEPARTURE LAST
                VALUE   (LST)  VALUE       VALUE  FROM      YEAR
                                                  NORMAL
..................................................................
TEMPERATURE (F)
 YESTERDAY
  MAXIMUM         45    331 PM  57    2000  40      5       42
                                      1958
                                      1947
  MINIMUM         10    713 AM -17    2004   6      4       11
  AVERAGE         28                        23      5       27

PRECIPITATION (IN)
  YESTERDAY        0.00          0.09 1987   0.01  -0.01     0.00
  MONTH TO DATE    0.21                      0.14   0.07     0.27
  SINCE DEC 1      0.43                      0.75  -0.32     2.71
  SINCE JAN 1      0.29                      0.40  -0.11     1.63

SNOWFALL (IN)
  YESTERDAY        0.0           1.1  1963   0.1   -0.1      0.0
  MONTH TO DATE    3.0                       2.2    0.8      2.1
  SINCE DEC 1      5.8                      10.7   -4.9     34.2
  SINCE JUL 1      6.2                      16.5  -10.3     35.2
  SNOW DEPTH       0

DEGREE DAYS
 HEATING
  YESTERDAY       37                        42     -5       38
  MONTH TO DATE  550                       711   -161      591
  SINCE DEC 1   3045                      3683   -638     3528
  SINCE JUL 1   4811                      5858  -1047     5392

 COOLING
  YESTERDAY        0                         0      0        0
  MONTH TO DATE    0                         0      0        0
  SINCE DEC 1      0                         0      0        0
  SINCE JAN 1      0                         0      0        0
..................................................................


WIND (MPH)
  HIGHEST WIND SPEED    22   HIGHEST WIND DIRECTION     S (190)
  HIGHEST GUST SPEED    27   HIGHEST GUST DIRECTION     S (180)
  AVERAGE WIND SPEED     8.3


SKY COVER
  POSSIBLE SUNSHINE  MM
  AVERAGE SKY COVER 0.0


WEATHER CONDITIONS
 THE FOLLOWING WEATHER WAS RECORDED YESTERDAY.
  NO SIGNIFICANT WEATHER WAS OBSERVED.


RELATIVE HUMIDITY (PERCENT)
 HIGHEST    84           600 AM
 LOWEST     27           300 PM
 AVERAGE    56

..........................................................


THE ALAMOSA CO CLIMATE NORMALS FOR TODAY
                         NORMAL    RECORD    YEAR
 MAXIMUM TEMPERATURE (F)   41        60      2016
 MINIMUM TEMPERATURE (F)    7       -18      1939


SUNRISE AND SUNSET
FEBRUARY 17 2018......SUNRISE   650 AM MST   SUNSET   545 PM MST
FEBRUARY 18 2018......SUNRISE   649 AM MST   SUNSET   546 PM MST


-  INDICATES NEGATIVE NUMBERS.
R  INDICATES RECORD WAS SET OR TIED.
MM INDICATES DATA IS MISSING.
T  INDICATES TRACE AMOUNT.




$$
