540
CDUS45 KPUB 182321
CLIALS


CLIMATE REPORT
NATIONAL WEATHER SERVICE PUEBLO
521 PM MDT TUE APR 18 2017


...................................

...THE ALAMOSA CO CLIMATE SUMMARY FOR APRIL 18 2017...
VALID TODAY AS OF 0500 PM LOCAL TIME.

CLIMATE NORMAL PERIOD 1981 TO 2010
CLIMATE RECORD PERIOD 1932 TO 2017


WEATHER ITEM   OBSERVED TIME   RECORD YEAR NORMAL DEPARTURE LAST
                VALUE   (LST)  VALUE       VALUE  FROM      YEAR
                                                  NORMAL
..................................................................
TEMPERATURE (F)
 TODAY
  MAXIMUM         74R   308 PM  74    2001  60     14       37
  MINIMUM         28    333 AM   8    2013  25      3       27
  AVERAGE         51                        42      9       32

PRECIPITATION (IN)
  TODAY            0.00          0.42 1942   0.02  -0.02     0.29
  MONTH TO DATE    0.35                      0.34   0.01     1.28
  SINCE MAR 1      1.08                      0.87   0.21     1.80
  SINCE JAN 1      2.73                      1.39   1.34     2.78

SNOWFALL (IN)
  TODAY            0.0           4.8  1998   0.1   -0.1      3.1
  MONTH TO DATE    3.2                       2.4    0.8     12.6
  SINCE MAR 1      3.9                       7.4   -3.5     20.8
  SINCE JUL 1     39.4                      25.5   13.9     39.6
  SNOW DEPTH      MM

DEGREE DAYS
 HEATING
  TODAY           14                        23     -9       33
  MONTH TO DATE  369                       449    -80      427
  SINCE MAR 1   1108                      1426   -318     1344
  SINCE JUL 1   6897                      7755   -858     7110

 COOLING
  TODAY            0                         0      0        0
  MONTH TO DATE    0                         0      0        0
  SINCE MAR 1      0                         0      0        0
  SINCE JAN 1      0                         0      0        0
..................................................................


WIND (MPH)
  HIGHEST WIND SPEED    24   HIGHEST WIND DIRECTION    SW (240)
  HIGHEST GUST SPEED    31   HIGHEST GUST DIRECTION     S (180)
  AVERAGE WIND SPEED     9.5


SKY COVER
  POSSIBLE SUNSHINE  MM
  AVERAGE SKY COVER 0.0


WEATHER CONDITIONS
 THE FOLLOWING WEATHER WAS RECORDED TODAY.
  NO SIGNIFICANT WEATHER WAS OBSERVED.


RELATIVE HUMIDITY (PERCENT)
 HIGHEST    78           300 AM
 LOWEST     12           400 PM
 AVERAGE    45

..........................................................


THE ALAMOSA CO CLIMATE NORMALS FOR TOMORROW
                         NORMAL    RECORD    YEAR
 MAXIMUM TEMPERATURE (F)   60        74      1989
                                             1962
 MINIMUM TEMPERATURE (F)   25         6      2013


SUNRISE AND SUNSET
APRIL 18 2017.........SUNRISE   624 AM MDT   SUNSET   742 PM MDT
APRIL 19 2017.........SUNRISE   623 AM MDT   SUNSET   743 PM MDT


-  INDICATES NEGATIVE NUMBERS.
R  INDICATES RECORD WAS SET OR TIED.
MM INDICATES DATA IS MISSING.
T  INDICATES TRACE AMOUNT.




$$
