000
CDUS45 KPUB 241138
CLIALS


CLIMATE REPORT
NATIONAL WEATHER SERVICE PUEBLO
437 AM MST THU NOV 24 2016


...................................

...THE ALAMOSA CO CLIMATE SUMMARY FOR NOVEMBER 23 2016...

CLIMATE NORMAL PERIOD 1981 TO 2010
CLIMATE RECORD PERIOD 1932 TO 2016


WEATHER ITEM   OBSERVED TIME   RECORD YEAR NORMAL DEPARTURE LAST
                VALUE   (LST)  VALUE       VALUE  FROM      YEAR
                                                  NORMAL
..................................................................
TEMPERATURE (F)
 YESTERDAY
  MAXIMUM         49    352 PM  64    1954  43      6       47
  MINIMUM         12    638 AM -15    1979   9      3        6
  AVERAGE         31                        26      5       27

PRECIPITATION (IN)
  YESTERDAY        0.00          0.35 2007   0.01  -0.01     0.00
  MONTH TO DATE    0.28                      0.34  -0.06     0.32
  SINCE SEP 1      0.58                      1.93  -1.35     2.08
  SINCE JAN 1      7.93                      6.88   1.05     9.05

SNOWFALL (IN)
  YESTERDAY        0.0           3.3  2007   0.1   -0.1      0.0
  MONTH TO DATE    T                         2.8   -2.8      3.5
  SINCE SEP 1      T                         4.9   -4.9      3.5
  SINCE JUL 1      T                         4.9   -4.9      3.5
  SNOW DEPTH       0

DEGREE DAYS
 HEATING
  YESTERDAY       34                        39     -5       38
  MONTH TO DATE  625                       776   -151      779
  SINCE SEP 1   1404                      1757   -353     1454
  SINCE JUL 1   1548                      1886   -338     1546

 COOLING
  YESTERDAY        0                         0      0        0
  MONTH TO DATE    0                         0      0        0
  SINCE SEP 1      0                         0      0        0
  SINCE JAN 1    115                        51     64       74
..................................................................


WIND (MPH)
  HIGHEST WIND SPEED    18   HIGHEST WIND DIRECTION     S (180)
  HIGHEST GUST SPEED    23   HIGHEST GUST DIRECTION     S (180)
  AVERAGE WIND SPEED     6.5


SKY COVER
  POSSIBLE SUNSHINE  MM
  AVERAGE SKY COVER 0.1


WEATHER CONDITIONS
 THE FOLLOWING WEATHER WAS RECORDED YESTERDAY.
  NO SIGNIFICANT WEATHER WAS OBSERVED.


RELATIVE HUMIDITY (PERCENT)
 HIGHEST    92           400 AM
 LOWEST     19           400 PM
 AVERAGE    56

..........................................................


THE ALAMOSA CO CLIMATE NORMALS FOR TODAY
                         NORMAL    RECORD    YEAR
 MAXIMUM TEMPERATURE (F)   42        65      1981
 MINIMUM TEMPERATURE (F)    8       -16      1979


SUNRISE AND SUNSET
NOVEMBER 24 2016......SUNRISE   653 AM MST   SUNSET   448 PM MST
NOVEMBER 25 2016......SUNRISE   654 AM MST   SUNSET   447 PM MST


-  INDICATES NEGATIVE NUMBERS.
R  INDICATES RECORD WAS SET OR TIED.
MM INDICATES DATA IS MISSING.
T  INDICATES TRACE AMOUNT.




$$
