000
CDUS45 KPUB 071140
CLIALS


CLIMATE REPORT
NATIONAL WEATHER SERVICE PUEBLO
440 AM MST TUE NOV 7 2017


...................................

...THE ALAMOSA CO CLIMATE SUMMARY FOR NOVEMBER 6 2017...

CLIMATE NORMAL PERIOD 1981 TO 2010
CLIMATE RECORD PERIOD 1932 TO 2017


WEATHER ITEM   OBSERVED TIME   RECORD YEAR NORMAL DEPARTURE LAST
                VALUE   (LST)  VALUE       VALUE  FROM      YEAR
                                                  NORMAL
..................................................................
TEMPERATURE (F)
 YESTERDAY
  MAXIMUM         58    227 PM  67    1945  52      6       57
  MINIMUM         33   1115 PM  -1    2008  17     16       29
  AVERAGE         46                        34     12       43

PRECIPITATION (IN)
  YESTERDAY        0.00          0.23 1938   0.02  -0.02     0.00
  MONTH TO DATE    0.00                      0.11  -0.11     0.17
  SINCE SEP 1      1.81                      1.70   0.11     0.47
  SINCE JAN 1     10.50                      6.65   3.85     7.82

SNOWFALL (IN)
  YESTERDAY        0.0           4.0  1938   0.1   -0.1      0.0
  MONTH TO DATE    0.0                       0.7   -0.7      0.0
  SINCE SEP 1      T                         2.8   -2.8      0.0
  SINCE JUL 1      T                         2.8   -2.8      0.0
  SNOW DEPTH       0

DEGREE DAYS
 HEATING
  YESTERDAY       19                        31    -12       22
  MONTH TO DATE  120                       177    -57      135
  SINCE SEP 1    996                      1158   -162      914
  SINCE JUL 1   1095                      1287   -192     1058

 COOLING
  YESTERDAY        0                         0      0        0
  MONTH TO DATE    0                         0      0        0
  SINCE SEP 1      0                         0      0        0
  SINCE JAN 1     76                        51     25      115
..................................................................


WIND (MPH)
  HIGHEST WIND SPEED    31   HIGHEST WIND DIRECTION     W (250)
  HIGHEST GUST SPEED    37   HIGHEST GUST DIRECTION    SW (240)
  AVERAGE WIND SPEED    11.6


SKY COVER
  POSSIBLE SUNSHINE  MM
  AVERAGE SKY COVER 0.3


WEATHER CONDITIONS
 THE FOLLOWING WEATHER WAS RECORDED YESTERDAY.
  NO SIGNIFICANT WEATHER WAS OBSERVED.


RELATIVE HUMIDITY (PERCENT)
 HIGHEST    75           700 AM
 LOWEST     21           200 PM
 AVERAGE    48

..........................................................


THE ALAMOSA CO CLIMATE NORMALS FOR TODAY
                         NORMAL    RECORD    YEAR
 MAXIMUM TEMPERATURE (F)   52        69      2009
 MINIMUM TEMPERATURE (F)   16        -8      1938


SUNRISE AND SUNSET
NOVEMBER  7 2017......SUNRISE   635 AM MST   SUNSET   459 PM MST
NOVEMBER  8 2017......SUNRISE   636 AM MST   SUNSET   458 PM MST


-  INDICATES NEGATIVE NUMBERS.
R  INDICATES RECORD WAS SET OR TIED.
MM INDICATES DATA IS MISSING.
T  INDICATES TRACE AMOUNT.




$$
