000
CDUS45 KPUB 071102
CLIALS


CLIMATE REPORT
NATIONAL WEATHER SERVICE PUEBLO
502 AM MDT MON APR 7 2014


...................................

...THE ALAMOSA CO CLIMATE SUMMARY FOR APRIL 6 2014...

CLIMATE NORMAL PERIOD 1981 TO 2010
CLIMATE RECORD PERIOD 1932 TO 2014


WEATHER ITEM   OBSERVED TIME   RECORD YEAR NORMAL DEPARTURE LAST
                VALUE   (LST)  VALUE       VALUE  FROM      YEAR
                                                  NORMAL
..................................................................
TEMPERATURE (F)
 YESTERDAY
  MAXIMUM         50    221 PM  76    1991  56     -6       64
  MINIMUM         18    521 AM   2    1936  22     -4       26
  AVERAGE         34                        39     -5       45

PRECIPITATION (IN)
  YESTERDAY        T             0.21 1936   0.02  -0.02     0.00
  MONTH TO DATE    0.43                      0.12   0.31     0.01
  SINCE MAR 1      0.83                      0.65   0.18     0.35
  SINCE JAN 1      0.95                      1.17  -0.22     0.57

SNOWFALL (IN)
  YESTERDAY        T             4.0  1939   0.1   -0.1      0.0
                                      1936
  MONTH TO DATE    3.2                       0.9    2.3       T
  SINCE MAR 1      6.6                       5.9    0.7      3.4
  SINCE JUL 1     34.7                      24.0   10.7     18.9
  SNOW DEPTH       2

DEGREE DAYS
 HEATING
  YESTERDAY       31                        26      5       20
  MONTH TO DATE  173                       159     14      128
  SINCE MAR 1   1048                      1136    -88     1087
  SINCE JUL 1   7616                      7465    151     7874

 COOLING
  YESTERDAY        0                         0      0        0
  MONTH TO DATE    0                         0      0        0
  SINCE MAR 1      0                         0      0        0
  SINCE JAN 1      0                         0      0        0
..................................................................


WIND (MPH)
  HIGHEST WIND SPEED    25   HIGHEST WIND DIRECTION     N (340)
  HIGHEST GUST SPEED    42   HIGHEST GUST DIRECTION    NW (320)
  AVERAGE WIND SPEED     8.3


SKY COVER
  POSSIBLE SUNSHINE  MM
  AVERAGE SKY COVER 0.4


WEATHER CONDITIONS
 THE FOLLOWING WEATHER WAS RECORDED YESTERDAY.
  LIGHT SNOW
  FOG


RELATIVE HUMIDITY (PERCENT)
 HIGHEST   100          1200 AM
 LOWEST     28           500 PM
 AVERAGE    64

..........................................................


THE ALAMOSA CO CLIMATE NORMALS FOR TODAY
                         NORMAL    RECORD    YEAR
 MAXIMUM TEMPERATURE (F)   57        73      1989
                                             1988
 MINIMUM TEMPERATURE (F)   22         2      1938


SUNRISE AND SUNSET
APRIL  7 2014.........SUNRISE   640 AM MDT   SUNSET   732 PM MDT
APRIL  8 2014.........SUNRISE   639 AM MDT   SUNSET   733 PM MDT


-  INDICATES NEGATIVE NUMBERS.
R  INDICATES RECORD WAS SET OR TIED.
MM INDICATES DATA IS MISSING.
T  INDICATES TRACE AMOUNT.




$$
