000
CDUS45 KPUB 101133
CLIALS


CLIMATE REPORT
NATIONAL WEATHER SERVICE PUEBLO
433 AM MST FRI FEB 10 2017


...................................

...THE ALAMOSA CO CLIMATE SUMMARY FOR FEBRUARY 9 2017...

CLIMATE NORMAL PERIOD 1981 TO 2010
CLIMATE RECORD PERIOD 1932 TO 2017


WEATHER ITEM   OBSERVED TIME   RECORD YEAR NORMAL DEPARTURE LAST
                VALUE   (LST)  VALUE       VALUE  FROM      YEAR
                                                  NORMAL
..................................................................
TEMPERATURE (F)
 YESTERDAY
  MAXIMUM         47    357 PM  58    2015  38      9       46
                                      1999
  MINIMUM         15    718 AM -24    2011   3     12        8
  AVERAGE         31                        21     10       27

PRECIPITATION (IN)
  YESTERDAY        0.00          0.28 1963   0.01  -0.01     0.00
  MONTH TO DATE    0.00                      0.08  -0.08     0.15
  SINCE DEC 1      2.44                      0.69   1.75     0.98
  SINCE JAN 1      1.36                      0.34   1.02     0.73

SNOWFALL (IN)
  YESTERDAY        0.0           2.8  1963   0.2   -0.2      0.0
  MONTH TO DATE    0.0                       1.3   -1.3      1.7
  SINCE DEC 1     32.1                       9.8   22.3     12.1
  SINCE JUL 1     33.1                      15.6   17.5     16.4
  SNOW DEPTH       1

DEGREE DAYS
 HEATING
  YESTERDAY       34                        44    -10       38
  MONTH TO DATE  361                       410    -49      446
  SINCE DEC 1   3298                      3382    -84     3382
  SINCE JUL 1   5162                      5557   -395     5160

 COOLING
  YESTERDAY        0                         0      0        0
  MONTH TO DATE    0                         0      0        0
  SINCE DEC 1      0                         0      0        0
  SINCE JAN 1      0                         0      0        0
..................................................................


WIND (MPH)
  HIGHEST WIND SPEED    14   HIGHEST WIND DIRECTION    SW (240)
  HIGHEST GUST SPEED    16   HIGHEST GUST DIRECTION     W (250)
  AVERAGE WIND SPEED     2.7


SKY COVER
  POSSIBLE SUNSHINE  MM
  AVERAGE SKY COVER 0.0


WEATHER CONDITIONS
 THE FOLLOWING WEATHER WAS RECORDED YESTERDAY.
  NO SIGNIFICANT WEATHER WAS OBSERVED.


RELATIVE HUMIDITY (PERCENT)
 HIGHEST   100           100 AM
 LOWEST     49           100 PM
 AVERAGE    75

..........................................................


THE ALAMOSA CO CLIMATE NORMALS FOR TODAY
                         NORMAL    RECORD    YEAR
 MAXIMUM TEMPERATURE (F)   38        60      1962
 MINIMUM TEMPERATURE (F)    4       -24      2011


SUNRISE AND SUNSET
FEBRUARY 10 2017......SUNRISE   658 AM MST   SUNSET   538 PM MST
FEBRUARY 11 2017......SUNRISE   657 AM MST   SUNSET   539 PM MST


-  INDICATES NEGATIVE NUMBERS.
R  INDICATES RECORD WAS SET OR TIED.
MM INDICATES DATA IS MISSING.
T  INDICATES TRACE AMOUNT.




$$
