000
CDUS45 KPUB 291026
CLIALS


CLIMATE REPORT
NATIONAL WEATHER SERVICE PUEBLO
425 AM MDT MON JUN 29 2015


...................................

...THE ALAMOSA CO CLIMATE SUMMARY FOR JUNE 28 2015...

CLIMATE NORMAL PERIOD 1981 TO 2010
CLIMATE RECORD PERIOD 1932 TO 2015


WEATHER ITEM   OBSERVED TIME   RECORD YEAR NORMAL DEPARTURE LAST
                VALUE   (LST)  VALUE       VALUE  FROM      YEAR
                                                  NORMAL
..................................................................
TEMPERATURE (F)
 YESTERDAY
  MAXIMUM         83    106 PM  91    2011  82      1       81
                                      1998
                                      1990
  MINIMUM         48    500 AM  35    1948  44      4       38
  AVERAGE         66                        63      3       60

PRECIPITATION (IN)
  YESTERDAY        0.01          0.28 1978   0.02  -0.01     0.00
  MONTH TO DATE    1.17                      0.45   0.72     0.01
  SINCE JUN 1      1.17                      0.45   0.72     0.01
  SINCE JAN 1      5.11                      2.67   2.44     1.82

SNOWFALL (IN)
  YESTERDAY        0.0           0.0  2002   0.0    0.0      0.0
  MONTH TO DATE    0.0                       0.0    0.0      0.0
  SINCE JUN 1      0.0                       0.0    0.0      0.0
  SINCE JUL 1     23.8                      27.6   -3.8     39.8
  SNOW DEPTH       0

DEGREE DAYS
 HEATING
  YESTERDAY        0                         3     -3        5
  MONTH TO DATE   76                       163    -87      126
  SINCE JUN 1     76                       163    -87      126
  SINCE JUL 1   7457                      8589  -1132     8672

 COOLING
  YESTERDAY        1                         1      0        0
  MONTH TO DATE   20                         1     19        0
  SINCE JUN 1     20                         1     19        0
  SINCE JAN 1     20                         1     19        0
..................................................................


WIND (MPH)
  HIGHEST WIND SPEED    25   HIGHEST WIND DIRECTION     E (110)
  HIGHEST GUST SPEED    33   HIGHEST GUST DIRECTION     E (110)
  AVERAGE WIND SPEED     6.2


SKY COVER
  POSSIBLE SUNSHINE  MM
  AVERAGE SKY COVER 0.1


WEATHER CONDITIONS
 THE FOLLOWING WEATHER WAS RECORDED YESTERDAY.
  THUNDERSTORM
  LIGHT RAIN


RELATIVE HUMIDITY (PERCENT)
 HIGHEST    93           400 AM
 LOWEST     20           100 PM
 AVERAGE    57

..........................................................


THE ALAMOSA CO CLIMATE NORMALS FOR TODAY
                         NORMAL    RECORD    YEAR
 MAXIMUM TEMPERATURE (F)   82        93      1990
 MINIMUM TEMPERATURE (F)   44        28      1945


SUNRISE AND SUNSET
JUNE 29 2015..........SUNRISE   545 AM MDT   SUNSET   828 PM MDT
JUNE 30 2015..........SUNRISE   546 AM MDT   SUNSET   828 PM MDT


-  INDICATES NEGATIVE NUMBERS.
R  INDICATES RECORD WAS SET OR TIED.
MM INDICATES DATA IS MISSING.
T  INDICATES TRACE AMOUNT.




$$
