000
CDUS45 KPUB 131131
CLIALS


CLIMATE REPORT
NATIONAL WEATHER SERVICE PUEBLO
431 AM MST SAT DEC 13 2014


...................................

...THE ALAMOSA CO CLIMATE SUMMARY FOR DECEMBER 12 2014...

CLIMATE NORMAL PERIOD 1981 TO 2010
CLIMATE RECORD PERIOD 1932 TO 2014


WEATHER ITEM   OBSERVED TIME   RECORD YEAR NORMAL DEPARTURE LAST
                VALUE   (LST)  VALUE       VALUE  FROM      YEAR
                                                  NORMAL
..................................................................
TEMPERATURE (F)
 YESTERDAY
  MAXIMUM         49    310 PM  56    2004  35     14       15
                                      1948
  MINIMUM          3    713 AM -41    1961   1      2      -16
  AVERAGE         26                        18      8        0

PRECIPITATION (IN)
  YESTERDAY        0.00          0.15 1964   0.01  -0.01     0.00
  MONTH TO DATE    0.01                      0.14  -0.13     0.03
  SINCE DEC 1      0.01                      0.14  -0.13     0.03
  SINCE JAN 1      5.34                      7.10  -1.76    10.04

SNOWFALL (IN)
  YESTERDAY        0.0           3.6  1964   0.2   -0.2      0.0
  MONTH TO DATE    0.0                       1.8   -1.8      0.7
  SINCE DEC 1      0.0                       1.8   -1.8      0.7
  SINCE JUL 1      1.6                       7.6   -6.0     22.3
  SNOW DEPTH       0

DEGREE DAYS
 HEATING
  YESTERDAY       39                        47     -8       65
  MONTH TO DATE  424                       541   -117      712
  SINCE DEC 1    424                       541   -117      712
  SINCE JUL 1   2267                      2716   -449     2812

 COOLING
  YESTERDAY        0                         0      0        0
  MONTH TO DATE    0                         0      0        0
  SINCE DEC 1      0                         0      0        0
  SINCE JAN 1     60                        51      9      113
..................................................................


WIND (MPH)
  HIGHEST WIND SPEED     7   HIGHEST WIND DIRECTION    NW (300)
  HIGHEST GUST SPEED     8   HIGHEST GUST DIRECTION     W (280)
  AVERAGE WIND SPEED     1.6


SKY COVER
  POSSIBLE SUNSHINE  MM
  AVERAGE SKY COVER 0.0


WEATHER CONDITIONS
 THE FOLLOWING WEATHER WAS RECORDED YESTERDAY.
  NO SIGNIFICANT WEATHER WAS OBSERVED.


RELATIVE HUMIDITY (PERCENT)
 HIGHEST    79           700 AM
 LOWEST     26           300 PM
 AVERAGE    53

..........................................................


THE ALAMOSA CO CLIMATE NORMALS FOR TODAY
                         NORMAL    RECORD    YEAR
 MAXIMUM TEMPERATURE (F)   35        56      1948
 MINIMUM TEMPERATURE (F)    1       -38      1961


SUNRISE AND SUNSET
DECEMBER 13 2014......SUNRISE   709 AM MST   SUNSET   446 PM MST
DECEMBER 14 2014......SUNRISE   710 AM MST   SUNSET   446 PM MST


-  INDICATES NEGATIVE NUMBERS.
R  INDICATES RECORD WAS SET OR TIED.
MM INDICATES DATA IS MISSING.
T  INDICATES TRACE AMOUNT.




$$
