000
CDUS45 KPUB 081133
CLIALS


CLIMATE REPORT
NATIONAL WEATHER SERVICE PUEBLO
432 AM MST SUN JAN 8 2017


...................................

...THE ALAMOSA CO CLIMATE SUMMARY FOR JANUARY 7 2017...

CLIMATE NORMAL PERIOD 1981 TO 2010
CLIMATE RECORD PERIOD 1932 TO 2017


WEATHER ITEM   OBSERVED TIME   RECORD YEAR NORMAL DEPARTURE LAST
                VALUE   (LST)  VALUE       VALUE  FROM      YEAR
                                                  NORMAL
..................................................................
TEMPERATURE (F)
 YESTERDAY
  MAXIMUM          5    354 PM  58    2006  34    -29       32
  MINIMUM        -36    158 AM -38    1971  -2    -34        8
  AVERAGE        -15                        16    -31       20

PRECIPITATION (IN)
  YESTERDAY        0.00          0.26 1952   0.01  -0.01     0.02
  MONTH TO DATE    0.61                      0.06   0.55     0.08
  SINCE DEC 1      1.69                      0.41   1.28     0.33
  SINCE JAN 1      0.61                      0.06   0.55     0.08

SNOWFALL (IN)
  YESTERDAY        0.0           4.1  1952   0.1   -0.1      0.1
  MONTH TO DATE   10.7                       0.8    9.9      1.1
  SINCE DEC 1     20.9                       5.3   15.6      4.5
  SINCE JUL 1     21.9                      11.1   10.8      8.8
  SNOW DEPTH      10

DEGREE DAYS
 HEATING
  YESTERDAY       80                        49     31       45
  MONTH TO DATE  369                       343     26      333
  SINCE DEC 1   1813                      1805      8     1666
  SINCE JUL 1   3677                      3980   -303     3444

 COOLING
  YESTERDAY        0                         0      0        0
  MONTH TO DATE    0                         0      0        0
  SINCE DEC 1      0                         0      0        0
  SINCE JAN 1      0                         0      0        0
..................................................................


WIND (MPH)
  HIGHEST WIND SPEED     7   HIGHEST WIND DIRECTION     W (280)
  HIGHEST GUST SPEED     9   HIGHEST GUST DIRECTION     W (280)
  AVERAGE WIND SPEED     1.9


SKY COVER
  POSSIBLE SUNSHINE  MM
  AVERAGE SKY COVER 0.3


WEATHER CONDITIONS
 THE FOLLOWING WEATHER WAS RECORDED YESTERDAY.
  FOG
  FOG W/VISIBILITY <= 1/4 MILE
  HAZE


RELATIVE HUMIDITY (PERCENT)
 HIGHEST    95          1000 AM
 LOWEST     75          1200 AM
 AVERAGE    85

..........................................................


THE ALAMOSA CO CLIMATE NORMALS FOR TODAY
                         NORMAL    RECORD    YEAR
 MAXIMUM TEMPERATURE (F)   34        57      1956
 MINIMUM TEMPERATURE (F)   -2       -36      1944


SUNRISE AND SUNSET
JANUARY  8 2017.......SUNRISE   718 AM MST   SUNSET   503 PM MST
JANUARY  9 2017.......SUNRISE   718 AM MST   SUNSET   504 PM MST


-  INDICATES NEGATIVE NUMBERS.
R  INDICATES RECORD WAS SET OR TIED.
MM INDICATES DATA IS MISSING.
T  INDICATES TRACE AMOUNT.




$$
