000
CDUS45 KPUB 050020
CLIALS


CLIMATE REPORT
NATIONAL WEATHER SERVICE PUEBLO
620 PM MDT FRI APR 4 2014


...................................

...THE ALAMOSA CO CLIMATE SUMMARY FOR APRIL 4 2014...
VALID TODAY AS OF 0500 PM LOCAL TIME.

CLIMATE NORMAL PERIOD 1981 TO 2010
CLIMATE RECORD PERIOD 1932 TO 2014


WEATHER ITEM   OBSERVED TIME   RECORD YEAR NORMAL DEPARTURE LAST
                VALUE   (LST)  VALUE       VALUE  FROM      YEAR
                                                  NORMAL
..................................................................
TEMPERATURE (F)
 TODAY
  MAXIMUM         50    321 PM  71    1943  56     -6       64
  MINIMUM         14    552 AM  -3    1945  21     -7       15
  AVERAGE         32                        39     -7       40

PRECIPITATION (IN)
  TODAY            0.00          0.54 1996   0.02  -0.02     0.00
  MONTH TO DATE    0.16                      0.08   0.08     0.01
  SINCE MAR 1      0.56                      0.61  -0.05     0.35
  SINCE JAN 1      0.68                      1.13  -0.45     0.57

SNOWFALL (IN)
  TODAY            0.0           4.7  1996   0.1   -0.1      0.0
  MONTH TO DATE    0.9                       0.6    0.3       T
  SINCE MAR 1      4.3                       5.6   -1.3      3.4
  SINCE JUL 1     32.4                      23.7    8.7     18.9
  SNOW DEPTH       0

DEGREE DAYS
 HEATING
  TODAY           33                        26      7       25
  MONTH TO DATE  112                       107      5       93
  SINCE MAR 1    987                      1084    -97     1052
  SINCE JUL 1   7555                      7413    142     7839

 COOLING
  TODAY            0                         0      0        0
  MONTH TO DATE    0                         0      0        0
  SINCE MAR 1      0                         0      0        0
  SINCE JAN 1      0                         0      0        0
..................................................................


WIND (MPH)
  HIGHEST WIND SPEED    26   HIGHEST WIND DIRECTION     S (200)
  HIGHEST GUST SPEED    35   HIGHEST GUST DIRECTION     S (180)
  AVERAGE WIND SPEED     5.9


SKY COVER
  POSSIBLE SUNSHINE  MM
  AVERAGE SKY COVER 0.4


WEATHER CONDITIONS
 THE FOLLOWING WEATHER WAS RECORDED TODAY.
  FOG


RELATIVE HUMIDITY (PERCENT)
 HIGHEST    96           800 AM
 LOWEST     21           400 PM
 AVERAGE    59

..........................................................


THE ALAMOSA CO CLIMATE NORMALS FOR TOMORROW
                         NORMAL    RECORD    YEAR
 MAXIMUM TEMPERATURE (F)   56        73      1943
 MINIMUM TEMPERATURE (F)   22        -4      1983


SUNRISE AND SUNSET
APRIL  4 2014.........SUNRISE   644 AM MDT   SUNSET   729 PM MDT
APRIL  5 2014.........SUNRISE   643 AM MDT   SUNSET   730 PM MDT


-  INDICATES NEGATIVE NUMBERS.
R  INDICATES RECORD WAS SET OR TIED.
MM INDICATES DATA IS MISSING.
T  INDICATES TRACE AMOUNT.




$$
