000
CDUS45 KPUB 230023
CLIALS


CLIMATE REPORT
NATIONAL WEATHER SERVICE PUEBLO
622 PM MDT THU SEP 22 2016


...................................

...THE ALAMOSA CO CLIMATE SUMMARY FOR SEPTEMBER 22 2016...
VALID TODAY AS OF 0500 PM LOCAL TIME.

CLIMATE NORMAL PERIOD 1981 TO 2010
CLIMATE RECORD PERIOD 1932 TO 2016


WEATHER ITEM   OBSERVED TIME   RECORD YEAR NORMAL DEPARTURE LAST
                VALUE   (LST)  VALUE       VALUE  FROM      YEAR
                                                  NORMAL
..................................................................
TEMPERATURE (F)
 TODAY
  MAXIMUM         79    315 PM  85    1944  71      8       74
  MINIMUM         49    420 AM  20    1983  34     15       49
  AVERAGE         64                        53     11       62

PRECIPITATION (IN)
  TODAY            T             1.06 2013   0.03  -0.03     0.19
  MONTH TO DATE    0.22                      0.72  -0.50     0.22
  SINCE SEP 1      0.22                      0.72  -0.50     0.22
  SINCE JAN 1      7.57                      5.67   1.90     7.19

SNOWFALL (IN)
  TODAY            0.0           0.0  2002   0.0    0.0      0.0
  MONTH TO DATE    0.0                       0.0    0.0      0.0
  SINCE SEP 1      0.0                       0.0    0.0      0.0
  SINCE JUL 1      0.0                       0.0    0.0      0.0
  SNOW DEPTH       0

DEGREE DAYS
 HEATING
  TODAY            1                        12    -11        3
  MONTH TO DATE  142                       188    -46      131
  SINCE SEP 1    142                       188    -46      131
  SINCE JUL 1    286                       317    -31      223

 COOLING
  TODAY            0                         0      0        0
  MONTH TO DATE    0                         0      0        0
  SINCE SEP 1      0                         0      0        0
  SINCE JAN 1    115                        51     64       74
..................................................................


WIND (MPH)
  HIGHEST WIND SPEED    29   HIGHEST WIND DIRECTION    SW (220)
  HIGHEST GUST SPEED    34   HIGHEST GUST DIRECTION    SW (220)
  AVERAGE WIND SPEED     8.7


SKY COVER
  POSSIBLE SUNSHINE  MM
  AVERAGE SKY COVER 0.7


WEATHER CONDITIONS
 THE FOLLOWING WEATHER WAS RECORDED TODAY.
  LIGHT RAIN


RELATIVE HUMIDITY (PERCENT)
 HIGHEST    96           200 AM
 LOWEST     29           100 PM
 AVERAGE    63

..........................................................


THE ALAMOSA CO CLIMATE NORMALS FOR TOMORROW
                         NORMAL    RECORD    YEAR
 MAXIMUM TEMPERATURE (F)   71        84      1944
 MINIMUM TEMPERATURE (F)   34        19      1946


SUNRISE AND SUNSET
SEPTEMBER 22 2016.....SUNRISE   652 AM MDT   SUNSET   659 PM MDT
SEPTEMBER 23 2016.....SUNRISE   653 AM MDT   SUNSET   658 PM MDT


-  INDICATES NEGATIVE NUMBERS.
R  INDICATES RECORD WAS SET OR TIED.
MM INDICATES DATA IS MISSING.
T  INDICATES TRACE AMOUNT.




$$
