000
CDUS45 KPUB 160022
CLIALS


CLIMATE REPORT
NATIONAL WEATHER SERVICE PUEBLO
521 PM MST MON DEC 15 2014


...................................

...THE ALAMOSA CO CLIMATE SUMMARY FOR DECEMBER 15 2014...
VALID TODAY AS OF 0500 PM LOCAL TIME.

CLIMATE NORMAL PERIOD 1981 TO 2010
CLIMATE RECORD PERIOD 1932 TO 2014


WEATHER ITEM   OBSERVED TIME   RECORD YEAR NORMAL DEPARTURE LAST
                VALUE   (LST)  VALUE       VALUE  FROM      YEAR
                                                  NORMAL
..................................................................
TEMPERATURE (F)
 TODAY
  MAXIMUM         35    308 PM  57    1977  35      0       31
  MINIMUM          5    715 AM -32    1964   0      5       -6
  AVERAGE         20                        18      2       13

PRECIPITATION (IN)
  TODAY            0.00          0.12 1967   0.01  -0.01     0.00
  MONTH TO DATE    0.13                      0.18  -0.05     0.03
  SINCE DEC 1      0.13                      0.18  -0.05     0.03
  SINCE JAN 1      5.46                      7.14  -1.68    10.04

SNOWFALL (IN)
  TODAY            0.0           2.9  1967   0.2   -0.2      0.0
  MONTH TO DATE    0.3                       2.3   -2.0      0.7
  SINCE DEC 1      0.3                       2.3   -2.0      0.7
  SINCE JUL 1      1.9                       8.1   -6.2     22.3
  SNOW DEPTH       0

DEGREE DAYS
 HEATING
  TODAY           45                        48     -3       52
  MONTH TO DATE  537                       683   -146      884
  SINCE DEC 1    537                       683   -146      884
  SINCE JUL 1   2380                      2858   -478     2984

 COOLING
  TODAY            0                         0      0        0
  MONTH TO DATE    0                         0      0        0
  SINCE DEC 1      0                         0      0        0
  SINCE JAN 1     60                        51      9      113
..................................................................


WIND (MPH)
  HIGHEST WIND SPEED    10   HIGHEST WIND DIRECTION     S (180)
  HIGHEST GUST SPEED    13   HIGHEST GUST DIRECTION     S (180)
  AVERAGE WIND SPEED     2.6


SKY COVER
  POSSIBLE SUNSHINE  MM
  AVERAGE SKY COVER 0.0


WEATHER CONDITIONS
 THE FOLLOWING WEATHER WAS RECORDED TODAY.
  NO SIGNIFICANT WEATHER WAS OBSERVED.


RELATIVE HUMIDITY (PERCENT)
 HIGHEST    88           100 AM
 LOWEST     38           200 PM
 AVERAGE    63

..........................................................


THE ALAMOSA CO CLIMATE NORMALS FOR TOMORROW
                         NORMAL    RECORD    YEAR
 MAXIMUM TEMPERATURE (F)   35        55      1980
                                             1946
 MINIMUM TEMPERATURE (F)    0       -27      1940


SUNRISE AND SUNSET
DECEMBER 15 2014......SUNRISE   711 AM MST   SUNSET   447 PM MST
DECEMBER 16 2014......SUNRISE   711 AM MST   SUNSET   447 PM MST


-  INDICATES NEGATIVE NUMBERS.
R  INDICATES RECORD WAS SET OR TIED.
MM INDICATES DATA IS MISSING.
T  INDICATES TRACE AMOUNT.




$$
