253
CDUS45 KPUB 311149
CLIALS


CLIMATE REPORT
NATIONAL WEATHER SERVICE PUEBLO
449 AM MST SUN JAN 31 2016


...................................

...THE ALAMOSA CO CLIMATE SUMMARY FOR JANUARY 30 2016...

CLIMATE NORMAL PERIOD 1981 TO 2010
CLIMATE RECORD PERIOD 1932 TO 2016


WEATHER ITEM   OBSERVED TIME   RECORD YEAR NORMAL DEPARTURE LAST
                VALUE   (LST)  VALUE       VALUE  FROM      YEAR
                                                  NORMAL
..................................................................
TEMPERATURE (F)
 YESTERDAY
  MAXIMUM         50    246 PM  59    1986  36     14       34
  MINIMUM          7    719 AM -32    1979   0      7       27
  AVERAGE         29                        18     11       31

PRECIPITATION (IN)
  YESTERDAY        0.00          0.24 2002   0.01  -0.01     0.19
  MONTH TO DATE    0.58                      0.25   0.33     0.29
  SINCE DEC 1      0.83                      0.60   0.23     0.50
  SINCE JAN 1      0.58                      0.25   0.33     0.29

SNOWFALL (IN)
  YESTERDAY        0.0           3.5  1941   0.2   -0.2      2.1
  MONTH TO DATE    7.0                       3.9    3.1      3.1
  SINCE DEC 1     10.4                       8.4    2.0      5.4
  SINCE JUL 1     14.7                      14.2    0.5      7.0
  SNOW DEPTH       0

DEGREE DAYS
 HEATING
  YESTERDAY       36                        47    -11       34
  MONTH TO DATE 1572                      1459    113     1274
  SINCE DEC 1   2905                      2921    -16     2583
  SINCE JUL 1   4683                      5096   -413     4426

 COOLING
  YESTERDAY        0                         0      0        0
  MONTH TO DATE    0                         0      0        0
  SINCE DEC 1      0                         0      0        0
  SINCE JAN 1      0                         0      0        0
..................................................................


WIND (MPH)
  HIGHEST WIND SPEED    32   HIGHEST WIND DIRECTION    SW (240)
  HIGHEST GUST SPEED    40   HIGHEST GUST DIRECTION    SW (230)
  AVERAGE WIND SPEED     9.2


SKY COVER
  POSSIBLE SUNSHINE  MM
  AVERAGE SKY COVER 0.1


WEATHER CONDITIONS
 THE FOLLOWING WEATHER WAS RECORDED YESTERDAY.
  NO SIGNIFICANT WEATHER WAS OBSERVED.


RELATIVE HUMIDITY (PERCENT)
 HIGHEST    84           100 AM
 LOWEST     39           700 PM
 AVERAGE    62

..........................................................


THE ALAMOSA CO CLIMATE NORMALS FOR TODAY
                         NORMAL    RECORD    YEAR
 MAXIMUM TEMPERATURE (F)   36        57      1971
 MINIMUM TEMPERATURE (F)    0       -39      1979


SUNRISE AND SUNSET
JANUARY 31 2016.......SUNRISE   708 AM MST   SUNSET   526 PM MST
FEBRUARY  1 2016......SUNRISE   707 AM MST   SUNSET   527 PM MST


-  INDICATES NEGATIVE NUMBERS.
R  INDICATES RECORD WAS SET OR TIED.
MM INDICATES DATA IS MISSING.
T  INDICATES TRACE AMOUNT.




$$
