683
CDUS45 KPUB 110026
CLIALS


CLIMATE REPORT
NATIONAL WEATHER SERVICE PUEBLO
525 PM MST SAT FEB 10 2018


...................................

...THE ALAMOSA CO CLIMATE SUMMARY FOR FEBRUARY 10 2018...
VALID TODAY AS OF 0500 PM LOCAL TIME.

CLIMATE NORMAL PERIOD 1981 TO 2010
CLIMATE RECORD PERIOD 1932 TO 2018


WEATHER ITEM   OBSERVED TIME   RECORD YEAR NORMAL DEPARTURE LAST
                VALUE   (LST)  VALUE       VALUE  FROM      YEAR
                                                  NORMAL
..................................................................
TEMPERATURE (F)
 TODAY
  MAXIMUM         49   1237 PM  60    1962  38     11       58
  MINIMUM         19    643 AM -24    2011   4     15       20
  AVERAGE         34                        21     13       39

PRECIPITATION (IN)
  TODAY            0.00          0.88 1963   0.01  -0.01     0.00
  MONTH TO DATE    0.06                      0.09  -0.03     0.00
  SINCE DEC 1      0.28                      0.70  -0.42     2.44
  SINCE JAN 1      0.14                      0.35  -0.21     1.36

SNOWFALL (IN)
  TODAY            0.0           9.8  1963   0.1   -0.1      0.0
  MONTH TO DATE    0.3                       1.4   -1.1      0.0
  SINCE DEC 1      3.1                       9.9   -6.8     32.1
  SINCE JUL 1      3.5                      15.7  -12.2     33.1
  SNOW DEPTH       0

DEGREE DAYS
 HEATING
  TODAY           31                        44    -13       26
  MONTH TO DATE  327                       454   -127      387
  SINCE DEC 1   2822                      3426   -604     3324
  SINCE JUL 1   4588                      5601  -1013     5188

 COOLING
  TODAY            0                         0      0        0
  MONTH TO DATE    0                         0      0        0
  SINCE DEC 1      0                         0      0        0
  SINCE JAN 1      0                         0      0        0
..................................................................


WIND (MPH)
  HIGHEST WIND SPEED    38   HIGHEST WIND DIRECTION    SW (230)
  HIGHEST GUST SPEED    46   HIGHEST GUST DIRECTION    SW (230)
  AVERAGE WIND SPEED    13.8


SKY COVER
  POSSIBLE SUNSHINE  MM
  AVERAGE SKY COVER 0.1


WEATHER CONDITIONS
 THE FOLLOWING WEATHER WAS RECORDED TODAY.
  NO SIGNIFICANT WEATHER WAS OBSERVED.


RELATIVE HUMIDITY (PERCENT)
 HIGHEST    68           100 AM
 LOWEST     23          1200 PM
 AVERAGE    46

..........................................................


THE ALAMOSA CO CLIMATE NORMALS FOR TOMORROW
                         NORMAL    RECORD    YEAR
 MAXIMUM TEMPERATURE (F)   39        64      1951
 MINIMUM TEMPERATURE (F)    4       -24      1939


SUNRISE AND SUNSET
FEBRUARY 10 2018......SUNRISE   658 AM MST   SUNSET   538 PM MST
FEBRUARY 11 2018......SUNRISE   657 AM MST   SUNSET   539 PM MST


-  INDICATES NEGATIVE NUMBERS.
R  INDICATES RECORD WAS SET OR TIED.
MM INDICATES DATA IS MISSING.
T  INDICATES TRACE AMOUNT.




$$
