000
CDUS45 KPUB 130026
CLIALS


CLIMATE REPORT
NATIONAL WEATHER SERVICE PUEBLO
626 PM MDT WED APR 12 2017


...................................

...THE ALAMOSA CO CLIMATE SUMMARY FOR APRIL 12 2017...
VALID TODAY AS OF 0500 PM LOCAL TIME.

CLIMATE NORMAL PERIOD 1981 TO 2010
CLIMATE RECORD PERIOD 1932 TO 2017


WEATHER ITEM   OBSERVED TIME   RECORD YEAR NORMAL DEPARTURE LAST
                VALUE   (LST)  VALUE       VALUE  FROM      YEAR
                                                  NORMAL
..................................................................
TEMPERATURE (F)
 TODAY
  MAXIMUM         70    225 PM  73    2006  58     12       60
  MINIMUM         27    606 AM   5    1997  23      4       26
  AVERAGE         49                        41      8       43

PRECIPITATION (IN)
  TODAY            0.00          0.66 1987   0.01  -0.01      T
  MONTH TO DATE    0.35                      0.22   0.13      T
  SINCE MAR 1      1.08                      0.75   0.33     0.52
  SINCE JAN 1      2.73                      1.27   1.46     1.50

SNOWFALL (IN)
  TODAY            0.0           7.1  2009   0.1   -0.1      0.0
  MONTH TO DATE    3.2                       1.7    1.5      0.0
  SINCE MAR 1      3.9                       6.7   -2.8      8.2
  SINCE JUL 1     39.4                      24.8   14.6     27.0
  SNOW DEPTH       0

DEGREE DAYS
 HEATING
  TODAY           16                        24     -8       22
  MONTH TO DATE  278                       309    -31      267
  SINCE MAR 1   1017                      1286   -269     1184
  SINCE JUL 1   6806                      7615   -809     6950

 COOLING
  TODAY            0                         0      0        0
  MONTH TO DATE    0                         0      0        0
  SINCE MAR 1      0                         0      0        0
  SINCE JAN 1      0                         0      0        0
..................................................................


WIND (MPH)
  HIGHEST WIND SPEED    14   HIGHEST WIND DIRECTION     S (170)
  HIGHEST GUST SPEED    21   HIGHEST GUST DIRECTION     S (180)
  AVERAGE WIND SPEED     5.3


SKY COVER
  POSSIBLE SUNSHINE  MM
  AVERAGE SKY COVER 0.0


WEATHER CONDITIONS
 THE FOLLOWING WEATHER WAS RECORDED TODAY.
  NO SIGNIFICANT WEATHER WAS OBSERVED.


RELATIVE HUMIDITY (PERCENT)
 HIGHEST    75           600 AM
 LOWEST      9           100 PM
 AVERAGE    42

..........................................................


THE ALAMOSA CO CLIMATE NORMALS FOR TOMORROW
                         NORMAL    RECORD    YEAR
 MAXIMUM TEMPERATURE (F)   59        75      2006
 MINIMUM TEMPERATURE (F)   24         6      2007


SUNRISE AND SUNSET
APRIL 12 2017.........SUNRISE   632 AM MDT   SUNSET   736 PM MDT
APRIL 13 2017.........SUNRISE   631 AM MDT   SUNSET   737 PM MDT


-  INDICATES NEGATIVE NUMBERS.
R  INDICATES RECORD WAS SET OR TIED.
MM INDICATES DATA IS MISSING.
T  INDICATES TRACE AMOUNT.




$$
