000
CDUS45 KPUB 041140
CLIALS


CLIMATE REPORT
NATIONAL WEATHER SERVICE PUEBLO
439 AM MST SAT FEB 4 2017


...................................

...THE ALAMOSA CO CLIMATE SUMMARY FOR FEBRUARY 3 2017...

CLIMATE NORMAL PERIOD 1981 TO 2010
CLIMATE RECORD PERIOD 1932 TO 2017


WEATHER ITEM   OBSERVED TIME   RECORD YEAR NORMAL DEPARTURE LAST
                VALUE   (LST)  VALUE       VALUE  FROM      YEAR
                                                  NORMAL
..................................................................
TEMPERATURE (F)
 YESTERDAY
  MAXIMUM         39    534 PM  54    1935  37      2       22
  MINIMUM          0    708 AM -31    2011   1     -1      -13
  AVERAGE         20                        19      1        5

PRECIPITATION (IN)
  YESTERDAY        0.00          0.30 2004   0.01  -0.01      T
  MONTH TO DATE    0.00                      0.03  -0.03     0.15
  SINCE DEC 1      2.44                      0.64   1.80     0.98
  SINCE JAN 1      1.36                      0.29   1.07     0.73

SNOWFALL (IN)
  YESTERDAY        0.0           4.0  1936   0.1   -0.1       T
  MONTH TO DATE    0.0                       0.4   -0.4      1.7
  SINCE DEC 1     32.1                       8.9   23.2     12.1
  SINCE JUL 1     33.1                      14.7   18.4     16.4
  SNOW DEPTH       3

DEGREE DAYS
 HEATING
  YESTERDAY       45                        46     -1       60
  MONTH TO DATE  133                       139     -6      154
  SINCE DEC 1   3070                      3111    -41     3090
  SINCE JUL 1   4934                      5286   -352     4868

 COOLING
  YESTERDAY        0                         0      0        0
  MONTH TO DATE    0                         0      0        0
  SINCE DEC 1      0                         0      0        0
  SINCE JAN 1      0                         0      0        0
..................................................................


WIND (MPH)
  HIGHEST WIND SPEED    15   HIGHEST WIND DIRECTION     S (180)
  HIGHEST GUST SPEED    19   HIGHEST GUST DIRECTION    SW (210)
  AVERAGE WIND SPEED     3.7


SKY COVER
  POSSIBLE SUNSHINE  MM
  AVERAGE SKY COVER 0.0


WEATHER CONDITIONS
 THE FOLLOWING WEATHER WAS RECORDED YESTERDAY.
  NO SIGNIFICANT WEATHER WAS OBSERVED.


RELATIVE HUMIDITY (PERCENT)
 HIGHEST    88           200 AM
 LOWEST     41           200 PM
 AVERAGE    65

..........................................................


THE ALAMOSA CO CLIMATE NORMALS FOR TODAY
                         NORMAL    RECORD    YEAR
 MAXIMUM TEMPERATURE (F)   37        58      1963
 MINIMUM TEMPERATURE (F)    1       -30      1979


SUNRISE AND SUNSET
FEBRUARY  4 2017......SUNRISE   704 AM MST   SUNSET   531 PM MST
FEBRUARY  5 2017......SUNRISE   703 AM MST   SUNSET   533 PM MST


-  INDICATES NEGATIVE NUMBERS.
R  INDICATES RECORD WAS SET OR TIED.
MM INDICATES DATA IS MISSING.
T  INDICATES TRACE AMOUNT.




$$
