000
CDUS45 KPUB 221144
CLIALS


CLIMATE REPORT
NATIONAL WEATHER SERVICE PUEBLO
443 AM MST SUN FEB 22 2015


...................................

...THE ALAMOSA CO CLIMATE SUMMARY FOR FEBRUARY 21 2015...

CLIMATE NORMAL PERIOD 1981 TO 2010
CLIMATE RECORD PERIOD 1932 TO 2015


WEATHER ITEM   OBSERVED TIME   RECORD YEAR NORMAL DEPARTURE LAST
                VALUE   (LST)  VALUE       VALUE  FROM      YEAR
                                                  NORMAL
..................................................................
TEMPERATURE (F)
 YESTERDAY
  MAXIMUM         44    107 PM  59    1935  42      2       43
  MINIMUM         14    642 AM -20    1939   8      6       11
  AVERAGE         29                        25      4       27

PRECIPITATION (IN)
  YESTERDAY        0.00          0.15 1997   0.01  -0.01     0.00
  MONTH TO DATE    0.13                      0.19  -0.06     0.04
  SINCE DEC 1      0.67                      0.80  -0.13     0.28
  SINCE JAN 1      0.46                      0.45   0.01     0.11

SNOWFALL (IN)
  YESTERDAY        0.0           5.0  1997   0.1   -0.1      0.0
  MONTH TO DATE    2.0                       2.9   -0.9      1.6
  SINCE DEC 1      7.6                      11.4   -3.8      6.5
  SINCE JUL 1      9.2                      17.2   -8.0     28.1
  SNOW DEPTH       0

DEGREE DAYS
 HEATING
  YESTERDAY       36                        40     -4       38
  MONTH TO DATE  703                       914   -211      818
  SINCE DEC 1   3320                      3886   -566     4263
  SINCE JUL 1   5163                      6061   -898     6363

 COOLING
  YESTERDAY        0                         0      0        0
  MONTH TO DATE    0                         0      0        0
  SINCE DEC 1      0                         0      0        0
  SINCE JAN 1      0                         0      0        0
..................................................................


WIND (MPH)
  HIGHEST WIND SPEED    29   HIGHEST WIND DIRECTION    SW (230)
  HIGHEST GUST SPEED    35   HIGHEST GUST DIRECTION    SW (230)
  AVERAGE WIND SPEED     7.5


SKY COVER
  POSSIBLE SUNSHINE  MM
  AVERAGE SKY COVER 0.3


WEATHER CONDITIONS
 THE FOLLOWING WEATHER WAS RECORDED YESTERDAY.
  NO SIGNIFICANT WEATHER WAS OBSERVED.


RELATIVE HUMIDITY (PERCENT)
 HIGHEST    80           200 AM
 LOWEST     27           100 PM
 AVERAGE    54

..........................................................


THE ALAMOSA CO CLIMATE NORMALS FOR TODAY
                         NORMAL    RECORD    YEAR
 MAXIMUM TEMPERATURE (F)   42        60      1982
                                             1958
 MINIMUM TEMPERATURE (F)    9       -20      1939


SUNRISE AND SUNSET
FEBRUARY 22 2015......SUNRISE   644 AM MST   SUNSET   550 PM MST
FEBRUARY 23 2015......SUNRISE   643 AM MST   SUNSET   551 PM MST


-  INDICATES NEGATIVE NUMBERS.
R  INDICATES RECORD WAS SET OR TIED.
MM INDICATES DATA IS MISSING.
T  INDICATES TRACE AMOUNT.




$$
