423
CDUS45 KPUB 191033
CLIALS


CLIMATE REPORT
NATIONAL WEATHER SERVICE PUEBLO
432 AM MDT WED JUL 19 2017


...................................

...THE ALAMOSA CO CLIMATE SUMMARY FOR JULY 18 2017...

CLIMATE NORMAL PERIOD 1981 TO 2010
CLIMATE RECORD PERIOD 1932 TO 2017


WEATHER ITEM   OBSERVED TIME   RECORD YEAR NORMAL DEPARTURE LAST
                VALUE   (LST)  VALUE       VALUE  FROM      YEAR
                                                  NORMAL
..................................................................
TEMPERATURE (F)
 YESTERDAY
  MAXIMUM         85    238 PM  92    1989  83      2       87
  MINIMUM         49    522 AM  38    1987  48      1       53
  AVERAGE         67                        65      2       70

PRECIPITATION (IN)
  YESTERDAY        0.06          1.56 1971   0.04   0.02      T
  MONTH TO DATE    1.88                      0.53   1.35     0.29
  SINCE JUN 1      2.07                      1.02   1.05     0.80
  SINCE JAN 1      6.32                      3.24   3.08     5.17

SNOWFALL (IN)
  YESTERDAY        0.0           0.0  2002   0.0    0.0      0.0
                                      2001
  MONTH TO DATE    T                         0.0    0.0      0.0
  SINCE JUN 1      T                         0.0    0.0      0.0
  SINCE JUL 1      T                         0.0    0.0      0.0
  SNOW DEPTH       0

DEGREE DAYS
 HEATING
  YESTERDAY        0                         1     -1        0
  MONTH TO DATE    8                        27    -19       13
  SINCE JUN 1     99                       195    -96       69
  SINCE JUL 1      8                        27    -19       13

 COOLING
  YESTERDAY        2                         1      1        5
  MONTH TO DATE   23                        18      5       19
  SINCE JUN 1     41                        24     17       48
  SINCE JAN 1     41                        24     17       48
..................................................................


WIND (MPH)
  HIGHEST WIND SPEED    23   HIGHEST WIND DIRECTION    SE (140)
  HIGHEST GUST SPEED    30   HIGHEST GUST DIRECTION    SE (130)
  AVERAGE WIND SPEED     5.7


SKY COVER
  POSSIBLE SUNSHINE  MM
  AVERAGE SKY COVER 0.2


WEATHER CONDITIONS
 THE FOLLOWING WEATHER WAS RECORDED YESTERDAY.
  THUNDERSTORM
  LIGHT RAIN


RELATIVE HUMIDITY (PERCENT)
 HIGHEST    96           200 AM
 LOWEST     28           200 PM
 AVERAGE    62

..........................................................


THE ALAMOSA CO CLIMATE NORMALS FOR TODAY
                         NORMAL    RECORD    YEAR
 MAXIMUM TEMPERATURE (F)   82        92      2005
 MINIMUM TEMPERATURE (F)   48        37      1992


SUNRISE AND SUNSET
JULY 19 2017..........SUNRISE   558 AM MDT   SUNSET   822 PM MDT
JULY 20 2017..........SUNRISE   558 AM MDT   SUNSET   821 PM MDT


-  INDICATES NEGATIVE NUMBERS.
R  INDICATES RECORD WAS SET OR TIED.
MM INDICATES DATA IS MISSING.
T  INDICATES TRACE AMOUNT.




$$
