000
CDUS45 KPUB 161029
CLIALS


CLIMATE REPORT
NATIONAL WEATHER SERVICE PUEBLO
428 AM MDT THU OCT 16 2014


...................................

...THE ALAMOSA CO CLIMATE SUMMARY FOR OCTOBER 15 2014...

CLIMATE NORMAL PERIOD 1981 TO 2010
CLIMATE RECORD PERIOD 1932 TO 2014


WEATHER ITEM   OBSERVED TIME   RECORD YEAR NORMAL DEPARTURE LAST
                VALUE   (LST)  VALUE       VALUE  FROM      YEAR
                                                  NORMAL
..................................................................
TEMPERATURE (F)
 YESTERDAY
  MAXIMUM         68    443 PM  75    1991  62      6       55
  MINIMUM         22    516 AM  11    1966  25     -3       26
                                      1952
  AVERAGE         45                        44      1       41

PRECIPITATION (IN)
  YESTERDAY        0.00          0.50 1970   0.03  -0.03     0.22
  MONTH TO DATE    0.69                      0.33   0.36     0.46
  SINCE SEP 1      1.10                      1.24  -0.14     3.44
  SINCE JAN 1      4.98                      6.19  -1.21     8.31

SNOWFALL (IN)
  YESTERDAY        0.0           7.6  1970   0.1   -0.1      3.5
  MONTH TO DATE    T                         0.5   -0.5      3.5
  SINCE SEP 1      T                         0.5   -0.5      3.5
  SINCE JUL 1      T                         0.5   -0.5      3.5
  SNOW DEPTH       0

DEGREE DAYS
 HEATING
  YESTERDAY       20                        21     -1       24
  MONTH TO DATE  267                       281    -14      292
  SINCE SEP 1    446                       583   -137      514
  SINCE JUL 1    567                       712   -145      589

 COOLING
  YESTERDAY        0                         0      0        0
  MONTH TO DATE    0                         0      0        0
  SINCE SEP 1      0                         0      0       14
  SINCE JAN 1     60                        51      9      113
..................................................................


WIND (MPH)
  HIGHEST WIND SPEED    13   HIGHEST WIND DIRECTION    SW (230)
  HIGHEST GUST SPEED    15   HIGHEST GUST DIRECTION    SW (220)
  AVERAGE WIND SPEED     3.4


SKY COVER
  POSSIBLE SUNSHINE  MM
  AVERAGE SKY COVER 0.0


WEATHER CONDITIONS
 THE FOLLOWING WEATHER WAS RECORDED YESTERDAY.
  NO SIGNIFICANT WEATHER WAS OBSERVED.


RELATIVE HUMIDITY (PERCENT)
 HIGHEST    92           200 AM
 LOWEST     24           500 PM
 AVERAGE    58

..........................................................


THE ALAMOSA CO CLIMATE NORMALS FOR TODAY
                         NORMAL    RECORD    YEAR
 MAXIMUM TEMPERATURE (F)   62        77      1991
 MINIMUM TEMPERATURE (F)   24         9      1967


SUNRISE AND SUNSET
OCTOBER 16 2014.......SUNRISE   713 AM MDT   SUNSET   625 PM MDT
OCTOBER 17 2014.......SUNRISE   713 AM MDT   SUNSET   624 PM MDT


-  INDICATES NEGATIVE NUMBERS.
R  INDICATES RECORD WAS SET OR TIED.
MM INDICATES DATA IS MISSING.
T  INDICATES TRACE AMOUNT.




$$
