000
CDUS45 KPUB 081141
CLIALS


CLIMATE REPORT
NATIONAL WEATHER SERVICE PUEBLO
441 AM MST THU FEB 8 2018


...................................

...THE ALAMOSA CO CLIMATE SUMMARY FOR FEBRUARY 7 2018...

CLIMATE NORMAL PERIOD 1981 TO 2010
CLIMATE RECORD PERIOD 1932 TO 2018


WEATHER ITEM   OBSERVED TIME   RECORD YEAR NORMAL DEPARTURE LAST
                VALUE   (LST)  VALUE       VALUE  FROM      YEAR
                                                  NORMAL
..................................................................
TEMPERATURE (F)
 YESTERDAY
  MAXIMUM         46    320 PM  57    2015  37      9       42
  MINIMUM          4    556 AM -30    1989   2      2       12
  AVERAGE         25                        20      5       27

PRECIPITATION (IN)
  YESTERDAY        0.00          0.10 2012   0.01  -0.01     0.00
                                      1937
  MONTH TO DATE    0.06                      0.06   0.00     0.00
  SINCE DEC 1      0.28                      0.67  -0.39     2.44
  SINCE JAN 1      0.14                      0.32  -0.18     1.36

SNOWFALL (IN)
  YESTERDAY        0.0           2.0  2012   0.2   -0.2      0.0
                                      1937
  MONTH TO DATE    0.3                       1.0   -0.7      0.0
  SINCE DEC 1      3.1                       9.5   -6.4     32.1
  SINCE JUL 1      3.5                      15.3  -11.8     33.1
  SNOW DEPTH       0

DEGREE DAYS
 HEATING
  YESTERDAY       40                        45     -5       38
  MONTH TO DATE  229                       321    -92      297
  SINCE DEC 1   2724                      3293   -569     3234
  SINCE JUL 1   4490                      5468   -978     5098

 COOLING
  YESTERDAY        0                         0      0        0
  MONTH TO DATE    0                         0      0        0
  SINCE DEC 1      0                         0      0        0
  SINCE JAN 1      0                         0      0        0
..................................................................


WIND (MPH)
  HIGHEST WIND SPEED    10   HIGHEST WIND DIRECTION     W (290)
  HIGHEST GUST SPEED    13   HIGHEST GUST DIRECTION     W (290)
  AVERAGE WIND SPEED     4.2


SKY COVER
  POSSIBLE SUNSHINE  MM
  AVERAGE SKY COVER 0.0


WEATHER CONDITIONS
 THE FOLLOWING WEATHER WAS RECORDED YESTERDAY.
  HAZE


RELATIVE HUMIDITY (PERCENT)
 HIGHEST    92           300 AM
 LOWEST     27           300 PM
 AVERAGE    60

..........................................................


THE ALAMOSA CO CLIMATE NORMALS FOR TODAY
                         NORMAL    RECORD    YEAR
 MAXIMUM TEMPERATURE (F)   38        59      2015
 MINIMUM TEMPERATURE (F)    3       -32      1933


SUNRISE AND SUNSET
FEBRUARY  8 2018......SUNRISE   700 AM MST   SUNSET   536 PM MST
FEBRUARY  9 2018......SUNRISE   659 AM MST   SUNSET   537 PM MST


-  INDICATES NEGATIVE NUMBERS.
R  INDICATES RECORD WAS SET OR TIED.
MM INDICATES DATA IS MISSING.
T  INDICATES TRACE AMOUNT.




$$
