047
CDUS45 KPUB 290025
CLIALS


CLIMATE REPORT
NATIONAL WEATHER SERVICE PUEBLO
525 PM MST THU JAN 28 2016


...................................

...THE ALAMOSA CO CLIMATE SUMMARY FOR JANUARY 28 2016...
VALID TODAY AS OF 0500 PM LOCAL TIME.

CLIMATE NORMAL PERIOD 1981 TO 2010
CLIMATE RECORD PERIOD 1932 TO 2016


WEATHER ITEM   OBSERVED TIME   RECORD YEAR NORMAL DEPARTURE LAST
                VALUE   (LST)  VALUE       VALUE  FROM      YEAR
                                                  NORMAL
..................................................................
TEMPERATURE (F)
 TODAY
  MAXIMUM         39    342 PM  57    2003  35      4       50
  MINIMUM         -5    715 AM -50    1948   1     -6       13
  AVERAGE         17                        18     -1       32

PRECIPITATION (IN)
  TODAY            0.00          0.19 2010   0.01  -0.01     0.00
                                      2005
  MONTH TO DATE    0.58                      0.23   0.35     0.10
  SINCE DEC 1      0.83                      0.58   0.25     0.31
  SINCE JAN 1      0.58                      0.23   0.35     0.10

SNOWFALL (IN)
  TODAY            0.0           4.0  2005   0.2   -0.2      0.0
  MONTH TO DATE    7.0                       3.6    3.4      1.0
  SINCE DEC 1     10.4                       8.1    2.3      3.3
  SINCE JUL 1     14.7                      13.9    0.8      4.9
  SNOW DEPTH       0

DEGREE DAYS
 HEATING
  TODAY           48                        48      0       33
  MONTH TO DATE 1492                      1365    127     1208
  SINCE DEC 1   2825                      2827     -2     2517
  SINCE JUL 1   4603                      5002   -399     4360

 COOLING
  TODAY            0                         0      0        0
  MONTH TO DATE    0                         0      0        0
  SINCE DEC 1      0                         0      0        0
  SINCE JAN 1      0                         0      0        0
..................................................................


WIND (MPH)
  HIGHEST WIND SPEED     9   HIGHEST WIND DIRECTION     W (250)
  HIGHEST GUST SPEED    10   HIGHEST GUST DIRECTION     W (260)
  AVERAGE WIND SPEED     3.8


SKY COVER
  POSSIBLE SUNSHINE  MM
  AVERAGE SKY COVER 0.0


WEATHER CONDITIONS
 THE FOLLOWING WEATHER WAS RECORDED TODAY.
  NO SIGNIFICANT WEATHER WAS OBSERVED.


RELATIVE HUMIDITY (PERCENT)
 HIGHEST    91           800 AM
 LOWEST     39          1200 PM
 AVERAGE    65

..........................................................


THE ALAMOSA CO CLIMATE NORMALS FOR TOMORROW
                         NORMAL    RECORD    YEAR
 MAXIMUM TEMPERATURE (F)   36        59      1986
 MINIMUM TEMPERATURE (F)    0       -31      1948


SUNRISE AND SUNSET
JANUARY 28 2016.......SUNRISE   710 AM MST   SUNSET   523 PM MST
JANUARY 29 2016.......SUNRISE   709 AM MST   SUNSET   524 PM MST


-  INDICATES NEGATIVE NUMBERS.
R  INDICATES RECORD WAS SET OR TIED.
MM INDICATES DATA IS MISSING.
T  INDICATES TRACE AMOUNT.




$$
