000
CDUS45 KPUB 111112
CLIALS


CLIMATE REPORT
NATIONAL WEATHER SERVICE PUEBLO
411 AM MST SAT FEB 11 2017


...................................

...THE ALAMOSA CO CLIMATE SUMMARY FOR FEBRUARY 10 2017...

CLIMATE NORMAL PERIOD 1981 TO 2010
CLIMATE RECORD PERIOD 1932 TO 2017


WEATHER ITEM   OBSERVED TIME   RECORD YEAR NORMAL DEPARTURE LAST
                VALUE   (LST)  VALUE       VALUE  FROM      YEAR
                                                  NORMAL
..................................................................
TEMPERATURE (F)
 YESTERDAY
  MAXIMUM         58    301 PM  60    1962  38     20       48
  MINIMUM         20    639 AM -24    2011   4     16       10
  AVERAGE         39                        21     18       29

PRECIPITATION (IN)
  YESTERDAY        0.00          0.88 1963   0.01  -0.01     0.00
  MONTH TO DATE    0.00                      0.09  -0.09     0.15
  SINCE DEC 1      2.44                      0.70   1.74     0.98
  SINCE JAN 1      1.36                      0.35   1.01     0.73

SNOWFALL (IN)
  YESTERDAY        0.0           9.8  1963   0.1   -0.1      0.0
  MONTH TO DATE    0.0                       1.4   -1.4      1.7
  SINCE DEC 1     32.1                       9.9   22.2     12.1
  SINCE JUL 1     33.1                      15.7   17.4     16.4
  SNOW DEPTH       1

DEGREE DAYS
 HEATING
  YESTERDAY       26                        44    -18       36
  MONTH TO DATE  387                       454    -67      482
  SINCE DEC 1   3324                      3426   -102     3418
  SINCE JUL 1   5188                      5601   -413     5196

 COOLING
  YESTERDAY        0                         0      0        0
  MONTH TO DATE    0                         0      0        0
  SINCE DEC 1      0                         0      0        0
  SINCE JAN 1      0                         0      0        0
..................................................................


WIND (MPH)
  HIGHEST WIND SPEED    16   HIGHEST WIND DIRECTION     S (180)
  HIGHEST GUST SPEED    19   HIGHEST GUST DIRECTION     S (190)
  AVERAGE WIND SPEED     6.5


SKY COVER
  POSSIBLE SUNSHINE  MM
  AVERAGE SKY COVER 0.0


WEATHER CONDITIONS
 THE FOLLOWING WEATHER WAS RECORDED YESTERDAY.
  NO SIGNIFICANT WEATHER WAS OBSERVED.


RELATIVE HUMIDITY (PERCENT)
 HIGHEST   100           500 AM
 LOWEST     35           300 PM
 AVERAGE    68

..........................................................


THE ALAMOSA CO CLIMATE NORMALS FOR TODAY
                         NORMAL    RECORD    YEAR
 MAXIMUM TEMPERATURE (F)   39        64      1951
 MINIMUM TEMPERATURE (F)    4       -24      1939


SUNRISE AND SUNSET
FEBRUARY 11 2017......SUNRISE   657 AM MST   SUNSET   539 PM MST
FEBRUARY 12 2017......SUNRISE   656 AM MST   SUNSET   540 PM MST


-  INDICATES NEGATIVE NUMBERS.
R  INDICATES RECORD WAS SET OR TIED.
MM INDICATES DATA IS MISSING.
T  INDICATES TRACE AMOUNT.




$$
