000
CDUS45 KPUB 132321
CLIALS


CLIMATE REPORT
NATIONAL WEATHER SERVICE PUEBLO
521 PM MDT THU APR 13 2017


...................................

...THE ALAMOSA CO CLIMATE SUMMARY FOR APRIL 13 2017...
VALID TODAY AS OF 0500 PM LOCAL TIME.

CLIMATE NORMAL PERIOD 1981 TO 2010
CLIMATE RECORD PERIOD 1932 TO 2017


WEATHER ITEM   OBSERVED TIME   RECORD YEAR NORMAL DEPARTURE LAST
                VALUE   (LST)  VALUE       VALUE  FROM      YEAR
                                                  NORMAL
..................................................................
TEMPERATURE (F)
 TODAY
  MAXIMUM         72    207 PM  75    2006  59     13       65
  MINIMUM         30    529 AM   6    2007  24      6       25
  AVERAGE         51                        41     10       45

PRECIPITATION (IN)
  TODAY            0.00          0.56 1967   0.02  -0.02     0.00
  MONTH TO DATE    0.35                      0.24   0.11      T
  SINCE MAR 1      1.08                      0.77   0.31     0.52
  SINCE JAN 1      2.73                      1.29   1.44     1.50

SNOWFALL (IN)
  TODAY            0.0           6.4  1967   0.1   -0.1      0.0
  MONTH TO DATE    3.2                       1.8    1.4      0.0
  SINCE MAR 1      3.9                       6.8   -2.9      8.2
  SINCE JUL 1     39.4                      24.9   14.5     27.0
  SNOW DEPTH       0

DEGREE DAYS
 HEATING
  TODAY           14                        24    -10       20
  MONTH TO DATE  292                       333    -41      287
  SINCE MAR 1   1031                      1310   -279     1204
  SINCE JUL 1   6820                      7639   -819     6970

 COOLING
  TODAY            0                         0      0        0
  MONTH TO DATE    0                         0      0        0
  SINCE MAR 1      0                         0      0        0
  SINCE JAN 1      0                         0      0        0
..................................................................


WIND (MPH)
  HIGHEST WIND SPEED    23   HIGHEST WIND DIRECTION    SW (210)
  HIGHEST GUST SPEED    31   HIGHEST GUST DIRECTION    SW (220)
  AVERAGE WIND SPEED     8.2


SKY COVER
  POSSIBLE SUNSHINE  MM
  AVERAGE SKY COVER 0.0


WEATHER CONDITIONS
 THE FOLLOWING WEATHER WAS RECORDED TODAY.
  NO SIGNIFICANT WEATHER WAS OBSERVED.


RELATIVE HUMIDITY (PERCENT)
 HIGHEST    85           500 AM
 LOWEST     10           300 PM
 AVERAGE    48

..........................................................


THE ALAMOSA CO CLIMATE NORMALS FOR TOMORROW
                         NORMAL    RECORD    YEAR
 MAXIMUM TEMPERATURE (F)   59        76      2002
 MINIMUM TEMPERATURE (F)   24        -4      1933


SUNRISE AND SUNSET
APRIL 13 2017.........SUNRISE   631 AM MDT   SUNSET   737 PM MDT
APRIL 14 2017.........SUNRISE   630 AM MDT   SUNSET   738 PM MDT


-  INDICATES NEGATIVE NUMBERS.
R  INDICATES RECORD WAS SET OR TIED.
MM INDICATES DATA IS MISSING.
T  INDICATES TRACE AMOUNT.




$$
