000
CDUS45 KPUB 051220
CLIALS


CLIMATE REPORT
NATIONAL WEATHER SERVICE PUEBLO
520 AM MST THU JAN 5 2017


...................................

...THE ALAMOSA CO CLIMATE SUMMARY FOR JANUARY 4 2017...

CLIMATE NORMAL PERIOD 1981 TO 2010
CLIMATE RECORD PERIOD 1932 TO 2017


WEATHER ITEM   OBSERVED TIME   RECORD YEAR NORMAL DEPARTURE LAST
                VALUE   (LST)  VALUE       VALUE  FROM      YEAR
                                                  NORMAL
..................................................................
TEMPERATURE (F)
 YESTERDAY
  MAXIMUM         39    139 PM  52    1946  34      5       37
  MINIMUM          0    733 AM -34    2013  -2      2       -1
  AVERAGE         20                        16      4       18

PRECIPITATION (IN)
  YESTERDAY        0.00          0.17 1963   0.00   0.00      T
  MONTH TO DATE    0.00                      0.03  -0.03      T
  SINCE DEC 1      1.08                      0.38   0.70     0.25
  SINCE JAN 1      0.00                      0.03  -0.03      T

SNOWFALL (IN)
  YESTERDAY        0.0           1.7  1963   0.1   -0.1       T
  MONTH TO DATE    0.0                       0.5   -0.5       T
  SINCE DEC 1     10.2                       5.0    5.2      3.4
  SINCE JUL 1     11.2                      10.8    0.4      7.7
  SNOW DEPTH       4

DEGREE DAYS
 HEATING
  YESTERDAY       45                        49     -4       47
  MONTH TO DATE  177                       196    -19      200
  SINCE DEC 1   1621                      1658    -37     1533
  SINCE JUL 1   3485                      3833   -348     3311

 COOLING
  YESTERDAY        0                         0      0        0
  MONTH TO DATE    0                         0      0        0
  SINCE DEC 1      0                         0      0        0
  SINCE JAN 1      0                         0      0        0
..................................................................


WIND (MPH)
  HIGHEST WIND SPEED    32   HIGHEST WIND DIRECTION    SW (230)
  HIGHEST GUST SPEED    39   HIGHEST GUST DIRECTION    SW (230)
  AVERAGE WIND SPEED     8.4


SKY COVER
  POSSIBLE SUNSHINE  MM
  AVERAGE SKY COVER 0.2


WEATHER CONDITIONS
 THE FOLLOWING WEATHER WAS RECORDED YESTERDAY.
  NO SIGNIFICANT WEATHER WAS OBSERVED.


RELATIVE HUMIDITY (PERCENT)
 HIGHEST    95           600 AM
 LOWEST     52           100 PM
 AVERAGE    74

..........................................................


THE ALAMOSA CO CLIMATE NORMALS FOR TODAY
                         NORMAL    RECORD    YEAR
 MAXIMUM TEMPERATURE (F)   34        57      1956
 MINIMUM TEMPERATURE (F)   -2       -33      1971


SUNRISE AND SUNSET
JANUARY  5 2017.......SUNRISE   718 AM MST   SUNSET   500 PM MST
JANUARY  6 2017.......SUNRISE   718 AM MST   SUNSET   501 PM MST


-  INDICATES NEGATIVE NUMBERS.
R  INDICATES RECORD WAS SET OR TIED.
MM INDICATES DATA IS MISSING.
T  INDICATES TRACE AMOUNT.




$$
