099
CDUS45 KPUB 190013
CLIALS


CLIMATE REPORT
NATIONAL WEATHER SERVICE PUEBLO
613 PM MDT SAT MAR 18 2017


...................................

...THE ALAMOSA CO CLIMATE SUMMARY FOR MARCH 18 2017...
VALID TODAY AS OF 0500 PM LOCAL TIME.

CLIMATE NORMAL PERIOD 1981 TO 2010
CLIMATE RECORD PERIOD 1932 TO 2017


WEATHER ITEM   OBSERVED TIME   RECORD YEAR NORMAL DEPARTURE LAST
                VALUE   (LST)  VALUE       VALUE  FROM      YEAR
                                                  NORMAL
..................................................................
TEMPERATURE (F)
 TODAY
  MAXIMUM         73R   149 PM  69    2007  51     22       61
  MINIMUM         26    615 AM  -3    1970  18      8       13
  AVERAGE         50                        34     16       37

PRECIPITATION (IN)
  TODAY            0.00          0.28 1944   0.02  -0.02     0.00
  MONTH TO DATE    0.02                      0.29  -0.27      T
  SINCE MAR 1      0.02                      0.29  -0.27      T
  SINCE JAN 1      1.67                      0.81   0.86     0.98

SNOWFALL (IN)
  TODAY            0.0           3.2  2003   0.2   -0.2      0.0
  MONTH TO DATE    T                         2.8   -2.8      0.0
  SINCE MAR 1      T                         2.8   -2.8      0.0
  SINCE JUL 1     35.5                      20.9   14.6     18.8
  SNOW DEPTH       0

DEGREE DAYS
 HEATING
  TODAY           15                        31    -16       28
  MONTH TO DATE  473                       601   -128      487
  SINCE MAR 1    473                       601   -128      487
  SINCE JUL 1   6262                      6930   -668     6253

 COOLING
  TODAY            0                         0      0        0
  MONTH TO DATE    0                         0      0        0
  SINCE MAR 1      0                         0      0        0
  SINCE JAN 1      0                         0      0        0
..................................................................


WIND (MPH)
  HIGHEST WIND SPEED    23   HIGHEST WIND DIRECTION    SW (230)
  HIGHEST GUST SPEED    29   HIGHEST GUST DIRECTION    SW (230)
  AVERAGE WIND SPEED     6.0


SKY COVER
  POSSIBLE SUNSHINE  MM
  AVERAGE SKY COVER 0.0


WEATHER CONDITIONS
 THE FOLLOWING WEATHER WAS RECORDED TODAY.
  NO SIGNIFICANT WEATHER WAS OBSERVED.


RELATIVE HUMIDITY (PERCENT)
 HIGHEST    75           500 AM
 LOWEST     12           200 PM
 AVERAGE    44

..........................................................


THE ALAMOSA CO CLIMATE NORMALS FOR TOMORROW
                         NORMAL    RECORD    YEAR
 MAXIMUM TEMPERATURE (F)   51        72      1907
 MINIMUM TEMPERATURE (F)   18        -6      1944


SUNRISE AND SUNSET
MARCH 18 2017.........SUNRISE   710 AM MDT   SUNSET   714 PM MDT
MARCH 19 2017.........SUNRISE   708 AM MDT   SUNSET   715 PM MDT


-  INDICATES NEGATIVE NUMBERS.
R  INDICATES RECORD WAS SET OR TIED.
MM INDICATES DATA IS MISSING.
T  INDICATES TRACE AMOUNT.




$$
