000
CDUS45 KPUB 171052 CCA
CLIALS

CLIMATE REPORT
NATIONAL WEATHER SERVICE PUEBLO
438 AM MDT TUE MAY 17 2016


...................................

...THE ALAMOSA CO CLIMATE SUMMARY FOR MAY 16 2016...

CLIMATE NORMAL PERIOD 1981 TO 2010
CLIMATE RECORD PERIOD 1932 TO 2016


WEATHER ITEM   OBSERVED TIME   RECORD YEAR NORMAL DEPARTURE LAST
                VALUE   (LST)  VALUE       VALUE  FROM      YEAR
                                                  NORMAL
..................................................................
TEMPERATURE (F)
 YESTERDAY
  MAXIMUM         61   1219 PM  83    1996  69     -8       55
  MINIMUM         32    344 AM  23    1951  34     -2       30
                                      1943
  AVERAGE         47                        51     -4       43

PRECIPITATION (IN)
  YESTERDAY        0.01          0.58 1953   0.01   0.00     0.02
  MONTH TO DATE    0.22                      0.32  -0.10     0.61
  SINCE MAR 1      2.49                      1.44   1.05     1.44
  SINCE JAN 1      3.47                      1.96   1.51     2.78

SNOWFALL (IN)
  YESTERDAY        0.0           1.2  1953   0.0    0.0      0.0
  MONTH TO DATE    0.8                       0.8    0.0       T
  SINCE MAR 1     24.2                       9.4   14.8      0.7
  SINCE JUL 1     43.0                      27.5   15.5     23.8
  SNOW DEPTH       0

DEGREE DAYS
 HEATING
  YESTERDAY       18                        14      4       22
  MONTH TO DATE  257                       255      2      250
  SINCE MAR 1   1859                      1926    -67     1675
  SINCE JUL 1   7625                      8255   -630     7167

 COOLING
  YESTERDAY        0                         0      0        0
  MONTH TO DATE    0                         0      0        0
  SINCE MAR 1      0                         0      0        0
  SINCE JAN 1      0                         0      0        0
..................................................................


WIND (MPH)
  HIGHEST WIND SPEED    41   HIGHEST WIND DIRECTION     W (250)
  HIGHEST GUST SPEED    51   HIGHEST GUST DIRECTION     W (250)
  AVERAGE WIND SPEED     9.1


SKY COVER
  POSSIBLE SUNSHINE  MM
  AVERAGE SKY COVER 0.4


WEATHER CONDITIONS
 THE FOLLOWING WEATHER WAS RECORDED YESTERDAY.
  LIGHT RAIN
  FOG
  FOG W/VISIBILITY <= 1/4 MILE
  HAZE


RELATIVE HUMIDITY (PERCENT)
 HIGHEST   100          1200 AM
 LOWEST     38           200 PM
 AVERAGE    69

..........................................................


THE ALAMOSA CO CLIMATE NORMALS FOR TODAY
                         NORMAL    RECORD    YEAR
 MAXIMUM TEMPERATURE (F)   69        82      2003
 MINIMUM TEMPERATURE (F)   34        20      1943


SUNRISE AND SUNSET
MAY 17 2016...........SUNRISE   552 AM MDT   SUNSET   808 PM MDT
MAY 18 2016...........SUNRISE   552 AM MDT   SUNSET   809 PM MDT


-  INDICATES NEGATIVE NUMBERS.
R  INDICATES RECORD WAS SET OR TIED.
MM INDICATES DATA IS MISSING.
T  INDICATES TRACE AMOUNT.




$$
