000
CDUS45 KPUB 251129
CLIALS


CLIMATE REPORT
NATIONAL WEATHER SERVICE PUEBLO
428 AM MST SAT NOV 25 2017


...................................

...THE ALAMOSA CO CLIMATE SUMMARY FOR NOVEMBER 24 2017...

CLIMATE NORMAL PERIOD 1981 TO 2010
CLIMATE RECORD PERIOD 1932 TO 2017


WEATHER ITEM   OBSERVED TIME   RECORD YEAR NORMAL DEPARTURE LAST
                VALUE   (LST)  VALUE       VALUE  FROM      YEAR
                                                  NORMAL
..................................................................
TEMPERATURE (F)
 YESTERDAY
  MAXIMUM         67R   244 PM  65    1981  42     25       46
  MINIMUM         13    711 AM -16    1979   8      5        7
  AVERAGE         40                        25     15       27

PRECIPITATION (IN)
  YESTERDAY        0.00          0.48 2013   0.01  -0.01     0.00
  MONTH TO DATE    0.05                      0.35  -0.30     0.28
  SINCE SEP 1      1.86                      1.94  -0.08     0.58
  SINCE JAN 1     10.55                      6.89   3.66     7.93

SNOWFALL (IN)
  YESTERDAY        0.0           5.8  2013   0.1   -0.1      0.0
  MONTH TO DATE    0.2                       2.9   -2.7       T
  SINCE SEP 1      0.2                       5.0   -4.8       T
  SINCE JUL 1      0.2                       5.0   -4.8       T
  SNOW DEPTH       0

DEGREE DAYS
 HEATING
  YESTERDAY       25                        40    -15       38
  MONTH TO DATE  612                       816   -204      663
  SINCE SEP 1   1488                      1797   -309     1442
  SINCE JUL 1   1587                      1926   -339     1586

 COOLING
  YESTERDAY        0                         0      0        0
  MONTH TO DATE    0                         0      0        0
  SINCE SEP 1      0                         0      0        0
  SINCE JAN 1     76                        51     25      115
..................................................................


WIND (MPH)
  HIGHEST WIND SPEED    15   HIGHEST WIND DIRECTION     N (350)
  HIGHEST GUST SPEED    20   HIGHEST GUST DIRECTION     N (340)
  AVERAGE WIND SPEED     5.2


SKY COVER
  POSSIBLE SUNSHINE  MM
  AVERAGE SKY COVER 0.0


WEATHER CONDITIONS
 THE FOLLOWING WEATHER WAS RECORDED YESTERDAY.
  NO SIGNIFICANT WEATHER WAS OBSERVED.


RELATIVE HUMIDITY (PERCENT)
 HIGHEST    88           600 AM
 LOWEST     16           300 PM
 AVERAGE    52

..........................................................


THE ALAMOSA CO CLIMATE NORMALS FOR TODAY
                         NORMAL    RECORD    YEAR
 MAXIMUM TEMPERATURE (F)   42        63      1970
 MINIMUM TEMPERATURE (F)    8       -21      1952


SUNRISE AND SUNSET
NOVEMBER 25 2017......SUNRISE   654 AM MST   SUNSET   447 PM MST
NOVEMBER 26 2017......SUNRISE   655 AM MST   SUNSET   447 PM MST


-  INDICATES NEGATIVE NUMBERS.
R  INDICATES RECORD WAS SET OR TIED.
MM INDICATES DATA IS MISSING.
T  INDICATES TRACE AMOUNT.




$$
