000
CDUS45 KPUB 190031
CLIALS


CLIMATE REPORT
NATIONAL WEATHER SERVICE PUEBLO
631 PM MDT FRI JUL 18 2014


...................................

...THE ALAMOSA CO CLIMATE SUMMARY FOR JULY 18 2014...
VALID TODAY AS OF 0500 PM LOCAL TIME.

CLIMATE NORMAL PERIOD 1981 TO 2010
CLIMATE RECORD PERIOD 1932 TO 2014


WEATHER ITEM   OBSERVED TIME   RECORD YEAR NORMAL DEPARTURE LAST
                VALUE   (LST)  VALUE       VALUE  FROM      YEAR
                                                  NORMAL
..................................................................
TEMPERATURE (F)
 TODAY
  MAXIMUM         84    204 PM  92    1989  83      1       86
  MINIMUM         46    521 AM  38    1987  48     -2       47
  AVERAGE         65                        65      0       67

PRECIPITATION (IN)
  TODAY            0.00          1.56 1971   0.04  -0.04     0.16
  MONTH TO DATE    0.67                      0.53   0.14     0.43
  SINCE JUN 1      0.69                      1.02  -0.33     0.97
  SINCE JAN 1      2.50                      3.24  -0.74     2.03

SNOWFALL (IN)
  TODAY            0.0           0.0  2002   0.0    0.0      0.0
                                      2001
  MONTH TO DATE    0.0                       0.0    0.0      0.0
  SINCE JUN 1      0.0                       0.0    0.0      0.0
  SINCE JUL 1      0.0                       0.0    0.0      0.0
  SNOW DEPTH       0

DEGREE DAYS
 HEATING
  TODAY            0                         1     -1        0
  MONTH TO DATE   13                        27    -14       18
  SINCE JUN 1    139                       195    -56      120
  SINCE JUL 1     13                        27    -14       18

 COOLING
  TODAY            0                         1     -1        2
  MONTH TO DATE   25                        18      7       27
  SINCE JUN 1     26                        24      2       43
  SINCE JAN 1     26                        24      2       43
..................................................................


WIND (MPH)
  HIGHEST WIND SPEED    23   HIGHEST WIND DIRECTION    SW (240)
  HIGHEST GUST SPEED    30   HIGHEST GUST DIRECTION    SW (240)
  AVERAGE WIND SPEED     4.1


SKY COVER
  POSSIBLE SUNSHINE  MM
  AVERAGE SKY COVER 0.0


WEATHER CONDITIONS
 THE FOLLOWING WEATHER WAS RECORDED TODAY.
  FOG


RELATIVE HUMIDITY (PERCENT)
 HIGHEST    93           400 AM
 LOWEST     21           300 PM
 AVERAGE    57

..........................................................


THE ALAMOSA CO CLIMATE NORMALS FOR TOMORROW
                         NORMAL    RECORD    YEAR
 MAXIMUM TEMPERATURE (F)   82        92      2005
 MINIMUM TEMPERATURE (F)   48        37      1992


SUNRISE AND SUNSET
JULY 18 2014..........SUNRISE   557 AM MDT   SUNSET   822 PM MDT
JULY 19 2014..........SUNRISE   557 AM MDT   SUNSET   822 PM MDT


-  INDICATES NEGATIVE NUMBERS.
R  INDICATES RECORD WAS SET OR TIED.
MM INDICATES DATA IS MISSING.
T  INDICATES TRACE AMOUNT.




$$
