900
CDUS45 KPUB 121046
CLIALS


CLIMATE REPORT
NATIONAL WEATHER SERVICE PUEBLO
446 AM MDT THU OCT 12 2017


...................................

...THE ALAMOSA CO CLIMATE SUMMARY FOR OCTOBER 11 2017...

CLIMATE NORMAL PERIOD 1981 TO 2010
CLIMATE RECORD PERIOD 1932 TO 2017


WEATHER ITEM   OBSERVED TIME   RECORD YEAR NORMAL DEPARTURE LAST
                VALUE   (LST)  VALUE       VALUE  FROM      YEAR
                                                  NORMAL
..................................................................
TEMPERATURE (F)
 YESTERDAY
  MAXIMUM         67    312 PM  78    1950  64      3       68
  MINIMUM         19    616 AM  -8    1946  26     -7       32
  AVERAGE         43                        45     -2       50

PRECIPITATION (IN)
  YESTERDAY        0.00          0.89 1969   0.03  -0.03     0.00
  MONTH TO DATE    0.05                      0.24  -0.19     0.02
  SINCE SEP 1      1.80                      1.15   0.65     0.30
  SINCE JAN 1     10.49                      6.10   4.39     7.65

SNOWFALL (IN)
  YESTERDAY        0.0          10.5  1969   0.0    0.0      0.0
  MONTH TO DATE    T                         0.3   -0.3      0.0
  SINCE SEP 1      T                         0.3   -0.3      0.0
  SINCE JUL 1      T                         0.3   -0.3      0.0
  SNOW DEPTH       0

DEGREE DAYS
 HEATING
  YESTERDAY       22                        20      2       15
  MONTH TO DATE  188                       198    -10      205
  SINCE SEP 1    433                       500    -67      456
  SINCE JUL 1    532                       629    -97      600

 COOLING
  YESTERDAY        0                         0      0        0
  MONTH TO DATE    0                         0      0        0
  SINCE SEP 1      0                         0      0        0
  SINCE JAN 1     76                        51     25      115
..................................................................


WIND (MPH)
  HIGHEST WIND SPEED    18   HIGHEST WIND DIRECTION     S (200)
  HIGHEST GUST SPEED    23   HIGHEST GUST DIRECTION     S (190)
  AVERAGE WIND SPEED     5.9


SKY COVER
  POSSIBLE SUNSHINE  MM
  AVERAGE SKY COVER 0.0


WEATHER CONDITIONS
 THE FOLLOWING WEATHER WAS RECORDED YESTERDAY.
  NO SIGNIFICANT WEATHER WAS OBSERVED.


RELATIVE HUMIDITY (PERCENT)
 HIGHEST    92          1200 AM
 LOWEST     18           500 PM
 AVERAGE    55

..........................................................


THE ALAMOSA CO CLIMATE NORMALS FOR TODAY
                         NORMAL    RECORD    YEAR
 MAXIMUM TEMPERATURE (F)   63        79      1950
 MINIMUM TEMPERATURE (F)   26         3      1969


SUNRISE AND SUNSET
OCTOBER 12 2017.......SUNRISE   709 AM MDT   SUNSET   630 PM MDT
OCTOBER 13 2017.......SUNRISE   710 AM MDT   SUNSET   629 PM MDT


-  INDICATES NEGATIVE NUMBERS.
R  INDICATES RECORD WAS SET OR TIED.
MM INDICATES DATA IS MISSING.
T  INDICATES TRACE AMOUNT.




$$
