000
CDUS45 KPUB 092342
CLIALS


CLIMATE REPORT
NATIONAL WEATHER SERVICE PUEBLO
541 PM MDT TUE SEP 9 2014


...................................

...THE ALAMOSA CO CLIMATE SUMMARY FOR SEPTEMBER 9 2014...
VALID TODAY AS OF 0500 PM LOCAL TIME.

CLIMATE NORMAL PERIOD 1981 TO 2010
CLIMATE RECORD PERIOD 1932 TO 2014


WEATHER ITEM   OBSERVED TIME   RECORD YEAR NORMAL DEPARTURE LAST
                VALUE   (LST)  VALUE       VALUE  FROM      YEAR
                                                  NORMAL
..................................................................
TEMPERATURE (F)
 TODAY
  MAXIMUM         76   1118 AM  84    1979  75      1       81
  MINIMUM         56   1208 AM  20    1941  40     16       51
  AVERAGE         66                        58      8       66

PRECIPITATION (IN)
  TODAY            0.03          1.17 2003   0.03   0.00     0.00
  MONTH TO DATE    0.09                      0.33  -0.24     0.04
  SINCE SEP 1      0.09                      0.33  -0.24     0.04
  SINCE JAN 1      3.97                      5.28  -1.31     4.91

SNOWFALL (IN)
  TODAY            0.0           0.0  2002   0.0    0.0      0.0
  MONTH TO DATE    0.0                       0.0    0.0      0.0
  SINCE SEP 1      0.0                       0.0    0.0      0.0
  SINCE JUL 1      0.0                       0.0    0.0      0.0
  SNOW DEPTH       0

DEGREE DAYS
 HEATING
  TODAY            0                         8     -8        0
  MONTH TO DATE   28                        57    -29        1
  SINCE SEP 1     28                        57    -29        1
  SINCE JUL 1    149                       186    -37       76

 COOLING
  TODAY            1                         0      1        1
  MONTH TO DATE    1                         0      1       14
  SINCE SEP 1      1                         0      1       14
  SINCE JAN 1     61                        51     10      113
..................................................................


WIND (MPH)
  HIGHEST WIND SPEED    26   HIGHEST WIND DIRECTION    SW (210)
  HIGHEST GUST SPEED    33   HIGHEST GUST DIRECTION    SW (230)
  AVERAGE WIND SPEED    13.1


SKY COVER
  POSSIBLE SUNSHINE  MM
  AVERAGE SKY COVER 0.8


WEATHER CONDITIONS
 THE FOLLOWING WEATHER WAS RECORDED TODAY.
  LIGHT RAIN
  FOG


RELATIVE HUMIDITY (PERCENT)
 HIGHEST    83          1200 AM
 LOWEST     35          1100 AM
 AVERAGE    59

..........................................................


THE ALAMOSA CO CLIMATE NORMALS FOR TOMORROW
                         NORMAL    RECORD    YEAR
 MAXIMUM TEMPERATURE (F)   75        85      1944
 MINIMUM TEMPERATURE (F)   39        21      1962


SUNRISE AND SUNSET
SEPTEMBER  9 2014.....SUNRISE   640 AM MDT   SUNSET   720 PM MDT
SEPTEMBER 10 2014.....SUNRISE   641 AM MDT   SUNSET   719 PM MDT


-  INDICATES NEGATIVE NUMBERS.
R  INDICATES RECORD WAS SET OR TIED.
MM INDICATES DATA IS MISSING.
T  INDICATES TRACE AMOUNT.




$$
