000
CDUS45 KPUB 271053
CLIALS


CLIMATE REPORT
NATIONAL WEATHER SERVICE PUEBLO
453 AM MDT WED APR 27 2016


...................................

...THE ALAMOSA CO CLIMATE SUMMARY FOR APRIL 26 2016...

CLIMATE NORMAL PERIOD 1981 TO 2010
CLIMATE RECORD PERIOD 1932 TO 2016


WEATHER ITEM   OBSERVED TIME   RECORD YEAR NORMAL DEPARTURE LAST
                VALUE   (LST)  VALUE       VALUE  FROM      YEAR
                                                  NORMAL
..................................................................
TEMPERATURE (F)
 YESTERDAY
  MAXIMUM         52   1236 PM  76    2012  63    -11       51
                                      2000
  MINIMUM         28    537 AM  13    1967  28      0       33
  AVERAGE         40                        45     -5       42

PRECIPITATION (IN)
  YESTERDAY        T             0.24 1998   0.02  -0.02     0.22
  MONTH TO DATE    1.29                      0.51   0.78     0.43
  SINCE MAR 1      1.81                      1.04   0.77     0.83
  SINCE JAN 1      2.79                      1.56   1.23     2.17

SNOWFALL (IN)
  YESTERDAY        T             2.2  1948   0.1   -0.1      0.0
  MONTH TO DATE   12.6                       3.3    9.3      0.7
  SINCE MAR 1     20.8                       8.3   12.5      0.7
  SINCE JUL 1     39.6                      26.4   13.2     23.8
  SNOW DEPTH       0

DEGREE DAYS
 HEATING
  YESTERDAY       25                        20      5       23
  MONTH TO DATE  592                       618    -26      567
  SINCE MAR 1   1509                      1595    -86     1352
  SINCE JUL 1   7275                      7924   -649     6844

 COOLING
  YESTERDAY        0                         0      0        0
  MONTH TO DATE    0                         0      0        0
  SINCE MAR 1      0                         0      0        0
  SINCE JAN 1      0                         0      0        0
..................................................................


WIND (MPH)
  HIGHEST WIND SPEED    28   HIGHEST WIND DIRECTION     W (250)
  HIGHEST GUST SPEED    36   HIGHEST GUST DIRECTION     W (250)
  AVERAGE WIND SPEED     8.9


SKY COVER
  POSSIBLE SUNSHINE  MM
  AVERAGE SKY COVER 0.4


WEATHER CONDITIONS
 THE FOLLOWING WEATHER WAS RECORDED YESTERDAY.
  LIGHT RAIN
  LIGHT SNOW


RELATIVE HUMIDITY (PERCENT)
 HIGHEST    92          1000 PM
 LOWEST     21          1200 PM
 AVERAGE    57

..........................................................


THE ALAMOSA CO CLIMATE NORMALS FOR TODAY
                         NORMAL    RECORD    YEAR
 MAXIMUM TEMPERATURE (F)   63        76      2000
                                             1943
 MINIMUM TEMPERATURE (F)   28         8      1991


SUNRISE AND SUNSET
APRIL 27 2016.........SUNRISE   612 AM MDT   SUNSET   750 PM MDT
APRIL 28 2016.........SUNRISE   611 AM MDT   SUNSET   751 PM MDT


-  INDICATES NEGATIVE NUMBERS.
R  INDICATES RECORD WAS SET OR TIED.
MM INDICATES DATA IS MISSING.
T  INDICATES TRACE AMOUNT.




$$
