000
CDUS45 KPUB 162330
CLIALS


CLIMATE REPORT
NATIONAL WEATHER SERVICE PUEBLO
530 PM MDT FRI SEP 16 2016


...................................

...THE ALAMOSA CO CLIMATE SUMMARY FOR SEPTEMBER 16 2016...
VALID TODAY AS OF 0500 PM LOCAL TIME.

CLIMATE NORMAL PERIOD 1981 TO 2010
CLIMATE RECORD PERIOD 1932 TO 2016


WEATHER ITEM   OBSERVED TIME   RECORD YEAR NORMAL DEPARTURE LAST
                VALUE   (LST)  VALUE       VALUE  FROM      YEAR
                                                  NORMAL
..................................................................
TEMPERATURE (F)
 TODAY
  MAXIMUM         74    359 PM  85    1956  73      1       76
  MINIMUM         28    617 AM  22    1951  37     -9       40
  AVERAGE         51                        55     -4       58

PRECIPITATION (IN)
  TODAY            0.00          0.31 1938   0.03  -0.03     0.00
  MONTH TO DATE    0.15                      0.55  -0.40     0.03
  SINCE SEP 1      0.15                      0.55  -0.40     0.03
  SINCE JAN 1      7.50                      5.50   2.00     7.00

SNOWFALL (IN)
  TODAY            0.0           0.0  2002   0.0    0.0      0.0
  MONTH TO DATE    0.0                       0.0    0.0      0.0
  SINCE SEP 1      0.0                       0.0    0.0      0.0
  SINCE JUL 1      0.0                       0.0    0.0      0.0
  SNOW DEPTH       0

DEGREE DAYS
 HEATING
  TODAY           14                        10      4        7
  MONTH TO DATE   99                       120    -21       85
  SINCE SEP 1     99                       120    -21       85
  SINCE JUL 1    243                       249     -6      177

 COOLING
  TODAY            0                         0      0        0
  MONTH TO DATE    0                         0      0        0
  SINCE SEP 1      0                         0      0        0
  SINCE JAN 1    115                        51     64       74
..................................................................


WIND (MPH)
  HIGHEST WIND SPEED    15   HIGHEST WIND DIRECTION     S (180)
  HIGHEST GUST SPEED    19   HIGHEST GUST DIRECTION     S (180)
  AVERAGE WIND SPEED     4.0


SKY COVER
  POSSIBLE SUNSHINE  MM
  AVERAGE SKY COVER 0.0


WEATHER CONDITIONS
 THE FOLLOWING WEATHER WAS RECORDED TODAY.
  NO SIGNIFICANT WEATHER WAS OBSERVED.


RELATIVE HUMIDITY (PERCENT)
 HIGHEST    85           600 AM
 LOWEST     11           300 PM
 AVERAGE    48

..........................................................


THE ALAMOSA CO CLIMATE NORMALS FOR TOMORROW
                         NORMAL    RECORD    YEAR
 MAXIMUM TEMPERATURE (F)   73        83      2010
 MINIMUM TEMPERATURE (F)   36        20      1968


SUNRISE AND SUNSET
SEPTEMBER 16 2016.....SUNRISE   647 AM MDT   SUNSET   709 PM MDT
SEPTEMBER 17 2016.....SUNRISE   648 AM MDT   SUNSET   707 PM MDT


-  INDICATES NEGATIVE NUMBERS.
R  INDICATES RECORD WAS SET OR TIED.
MM INDICATES DATA IS MISSING.
T  INDICATES TRACE AMOUNT.




$$
