000
CDUS45 KPUB 042320
CLIALS


CLIMATE REPORT
NATIONAL WEATHER SERVICE PUEBLO
520 PM MDT SAT JUL 4 2015


...................................

...THE ALAMOSA CO CLIMATE SUMMARY FOR JULY 4 2015...
VALID TODAY AS OF 0500 PM LOCAL TIME.

CLIMATE NORMAL PERIOD 1981 TO 2010
CLIMATE RECORD PERIOD 1932 TO 2015


WEATHER ITEM   OBSERVED TIME   RECORD YEAR NORMAL DEPARTURE LAST
                VALUE   (LST)  VALUE       VALUE  FROM      YEAR
                                                  NORMAL
..................................................................
TEMPERATURE (F)
 TODAY
  MAXIMUM         83    138 PM  93    1989  83      0       83
  MINIMUM         48    435 AM  35    1995  45      3       42
                                      1943
  AVERAGE         66                        64      2       63

PRECIPITATION (IN)
  TODAY            0.00          0.72 1954   0.03  -0.03      T
  MONTH TO DATE    0.11                      0.10   0.01      T
  SINCE JUN 1      1.30                      0.59   0.71     0.02
  SINCE JAN 1      5.24                      2.81   2.43     1.83

SNOWFALL (IN)
  TODAY            0.0           0.0  2002   0.0    0.0      0.0
  MONTH TO DATE    0.0                       0.0    0.0      0.0
  SINCE JUN 1      0.0                       0.0    0.0      0.0
  SINCE JUL 1      0.0                       0.0    0.0      0.0
  SNOW DEPTH       0

DEGREE DAYS
 HEATING
  TODAY            0                         2     -2        2
  MONTH TO DATE    3                         8     -5        7
  SINCE JUN 1     79                       176    -97      133
  SINCE JUL 1      3                         8     -5        7

 COOLING
  TODAY            1                         1      0        0
  MONTH TO DATE   10                         4      6        0
  SINCE JUN 1     34                        10     24        1
  SINCE JAN 1     34                        10     24        1
..................................................................


WIND (MPH)
  HIGHEST WIND SPEED    17   HIGHEST WIND DIRECTION     W (250)
  HIGHEST GUST SPEED    20   HIGHEST GUST DIRECTION     W (260)
  AVERAGE WIND SPEED     4.8


SKY COVER
  POSSIBLE SUNSHINE  MM
  AVERAGE SKY COVER 0.0


WEATHER CONDITIONS
 THE FOLLOWING WEATHER WAS RECORDED TODAY.
  NO SIGNIFICANT WEATHER WAS OBSERVED.


RELATIVE HUMIDITY (PERCENT)
 HIGHEST    93           400 AM
 LOWEST     28           200 PM
 AVERAGE    61

..........................................................


THE ALAMOSA CO CLIMATE NORMALS FOR TOMORROW
                         NORMAL    RECORD    YEAR
 MAXIMUM TEMPERATURE (F)   83        96      1989
 MINIMUM TEMPERATURE (F)   46        34      2000


SUNRISE AND SUNSET
JULY  4 2015..........SUNRISE   548 AM MDT   SUNSET   828 PM MDT
JULY  5 2015..........SUNRISE   548 AM MDT   SUNSET   828 PM MDT


-  INDICATES NEGATIVE NUMBERS.
R  INDICATES RECORD WAS SET OR TIED.
MM INDICATES DATA IS MISSING.
T  INDICATES TRACE AMOUNT.




$$
