000
CDUS45 KPUB 291131
CLIALS


CLIMATE REPORT
NATIONAL WEATHER SERVICE PUEBLO
431 AM MST THU JAN 29 2015


...................................

...THE ALAMOSA CO CLIMATE SUMMARY FOR JANUARY 28 2015...

CLIMATE NORMAL PERIOD 1981 TO 2010
CLIMATE RECORD PERIOD 1932 TO 2015


WEATHER ITEM   OBSERVED TIME   RECORD YEAR NORMAL DEPARTURE LAST
                VALUE   (LST)  VALUE       VALUE  FROM      YEAR
                                                  NORMAL
..................................................................
TEMPERATURE (F)
 YESTERDAY
  MAXIMUM         50    312 PM  57    2003  35     15       32
  MINIMUM         13    719 AM -50    1948   1     12       -2
  AVERAGE         32                        18     14       15

PRECIPITATION (IN)
  YESTERDAY        0.00          0.19 2010   0.01  -0.01     0.00
                                      2005
  MONTH TO DATE    0.10                      0.23  -0.13      T
  SINCE DEC 1      0.31                      0.58  -0.27     0.17
  SINCE JAN 1      0.10                      0.23  -0.13      T

SNOWFALL (IN)
  YESTERDAY        0.0           4.0  2005   0.2   -0.2      0.0
  MONTH TO DATE    1.0                       3.6   -2.6       T
  SINCE DEC 1      3.3                       8.1   -4.8      4.0
  SINCE JUL 1      4.9                      13.9   -9.0     25.6
  SNOW DEPTH       0

DEGREE DAYS
 HEATING
  YESTERDAY       33                        48    -15       50
  MONTH TO DATE 1156                      1365   -209     1533
  SINCE DEC 1   2465                      2827   -362     3316
  SINCE JUL 1   4308                      5002   -694     5416

 COOLING
  YESTERDAY        0                         0      0        0
  MONTH TO DATE    0                         0      0        0
  SINCE DEC 1      0                         0      0        0
  SINCE JAN 1      0                         0      0        0
..................................................................


WIND (MPH)
  HIGHEST WIND SPEED    14   HIGHEST WIND DIRECTION    NE (60)
  HIGHEST GUST SPEED    19   HIGHEST GUST DIRECTION    NE (50)
  AVERAGE WIND SPEED     6.0


SKY COVER
  POSSIBLE SUNSHINE  MM
  AVERAGE SKY COVER 0.0


WEATHER CONDITIONS
 THE FOLLOWING WEATHER WAS RECORDED YESTERDAY.
  NO SIGNIFICANT WEATHER WAS OBSERVED.


RELATIVE HUMIDITY (PERCENT)
 HIGHEST    91           200 AM
 LOWEST     36           200 PM
 AVERAGE    64

..........................................................


THE ALAMOSA CO CLIMATE NORMALS FOR TODAY
                         NORMAL    RECORD    YEAR
 MAXIMUM TEMPERATURE (F)   36        59      1986
 MINIMUM TEMPERATURE (F)    0       -31      1948


SUNRISE AND SUNSET
JANUARY 29 2015.......SUNRISE   709 AM MST   SUNSET   524 PM MST
JANUARY 30 2015.......SUNRISE   709 AM MST   SUNSET   525 PM MST


-  INDICATES NEGATIVE NUMBERS.
R  INDICATES RECORD WAS SET OR TIED.
MM INDICATES DATA IS MISSING.
T  INDICATES TRACE AMOUNT.




$$
