802
CDUS45 KPUB 260030
CLIALS


CLIMATE REPORT
NATIONAL WEATHER SERVICE PUEBLO
629 PM MDT SAT MAR 25 2017


...................................

...THE ALAMOSA CO CLIMATE SUMMARY FOR MARCH 25 2017...
VALID TODAY AS OF 0500 PM LOCAL TIME.

CLIMATE NORMAL PERIOD 1981 TO 2010
CLIMATE RECORD PERIOD 1932 TO 2017


WEATHER ITEM   OBSERVED TIME   RECORD YEAR NORMAL DEPARTURE LAST
                VALUE   (LST)  VALUE       VALUE  FROM      YEAR
                                                  NORMAL
..................................................................
TEMPERATURE (F)
 TODAY
  MAXIMUM         58    442 PM  73    2012  53      5       48
  MINIMUM         22    620 AM  -2    2013  19      3       13
  AVERAGE         40                        36      4       31

PRECIPITATION (IN)
  TODAY            0.00          0.38 1941   0.02  -0.02     0.03
  MONTH TO DATE    0.35                      0.41  -0.06     0.03
  SINCE MAR 1      0.35                      0.41  -0.06     0.03
  SINCE JAN 1      2.00                      0.93   1.07     1.01

SNOWFALL (IN)
  TODAY            0.0           5.1  1959   0.1   -0.1      0.0
  MONTH TO DATE    0.3                       3.9   -3.6      0.0
  SINCE MAR 1      0.3                       3.9   -3.6      0.0
  SINCE JUL 1     35.8                      22.0   13.8     18.8
  SNOW DEPTH       0

DEGREE DAYS
 HEATING
  TODAY           25                        29     -4       34
  MONTH TO DATE  604                       808   -204      688
  SINCE MAR 1    604                       808   -204      688
  SINCE JUL 1   6393                      7137   -744     6454

 COOLING
  TODAY            0                         0      0        0
  MONTH TO DATE    0                         0      0        0
  SINCE MAR 1      0                         0      0        0
  SINCE JAN 1      0                         0      0        0
..................................................................


WIND (MPH)
  HIGHEST WIND SPEED    22   HIGHEST WIND DIRECTION    SW (210)
  HIGHEST GUST SPEED    28   HIGHEST GUST DIRECTION    SW (210)
  AVERAGE WIND SPEED     5.6


SKY COVER
  POSSIBLE SUNSHINE  MM
  AVERAGE SKY COVER 0.0


WEATHER CONDITIONS
 THE FOLLOWING WEATHER WAS RECORDED TODAY.
  NO SIGNIFICANT WEATHER WAS OBSERVED.


RELATIVE HUMIDITY (PERCENT)
 HIGHEST    96           400 AM
 LOWEST     21           400 PM
 AVERAGE    59

..........................................................


THE ALAMOSA CO CLIMATE NORMALS FOR TOMORROW
                         NORMAL    RECORD    YEAR
 MAXIMUM TEMPERATURE (F)   53        73      1971
 MINIMUM TEMPERATURE (F)   20        -2      2016


SUNRISE AND SUNSET
MARCH 25 2017.........SUNRISE   659 AM MDT   SUNSET   720 PM MDT
MARCH 26 2017.........SUNRISE   657 AM MDT   SUNSET   721 PM MDT


-  INDICATES NEGATIVE NUMBERS.
R  INDICATES RECORD WAS SET OR TIED.
MM INDICATES DATA IS MISSING.
T  INDICATES TRACE AMOUNT.




$$
