000
CDUS45 KPUB 241038
CLIALS


CLIMATE REPORT
NATIONAL WEATHER SERVICE PUEBLO
438 AM MDT MON AUG 24 2015


...................................

...THE ALAMOSA CO CLIMATE SUMMARY FOR AUGUST 23 2015...

CLIMATE NORMAL PERIOD 1981 TO 2010
CLIMATE RECORD PERIOD 1932 TO 2015


WEATHER ITEM   OBSERVED TIME   RECORD YEAR NORMAL DEPARTURE LAST
                VALUE   (LST)  VALUE       VALUE  FROM      YEAR
                                                  NORMAL
..................................................................
TEMPERATURE (F)
 YESTERDAY
  MAXIMUM         81    123 PM  89    1938  79      2       74
  MINIMUM         44    553 AM  35    1941  45     -1       47
                                      1934
  AVERAGE         63                        62      1       61

PRECIPITATION (IN)
  YESTERDAY        0.03          0.33 1906   0.04  -0.01     0.00
  MONTH TO DATE    0.19                      0.94  -0.75     0.51
  SINCE JUN 1      2.72                      2.40   0.32     2.05
  SINCE JAN 1      6.66                      4.62   2.04     3.86

SNOWFALL (IN)
  YESTERDAY        0.0           0.0  2002   0.0    0.0      0.0
  MONTH TO DATE    0.0                       0.0    0.0      0.0
  SINCE JUN 1      0.0                       0.0    0.0      0.0
  SINCE JUL 1      0.0                       0.0    0.0      0.0
  SNOW DEPTH       0

DEGREE DAYS
 HEATING
  YESTERDAY        2                         3     -1        4
  MONTH TO DATE   32                        50    -18       58
  SINCE JUN 1    152                       263   -111      206
  SINCE JUL 1     76                        95    -19       80

 COOLING
  YESTERDAY        0                         0      0        0
  MONTH TO DATE   24                        12     12        3
  SINCE JUN 1     73                        50     23       60
  SINCE JAN 1     73                        50     23       60
..................................................................


WIND (MPH)
  HIGHEST WIND SPEED    32   HIGHEST WIND DIRECTION    NW (300)
  HIGHEST GUST SPEED    41   HIGHEST GUST DIRECTION    NW (300)
  AVERAGE WIND SPEED     6.4


SKY COVER
  POSSIBLE SUNSHINE  MM
  AVERAGE SKY COVER 0.3


WEATHER CONDITIONS
 THE FOLLOWING WEATHER WAS RECORDED YESTERDAY.
  RAIN
  LIGHT RAIN
  FOG
  HAZE


RELATIVE HUMIDITY (PERCENT)
 HIGHEST    92          1100 PM
 LOWEST     25           100 PM
 AVERAGE    59

..........................................................


THE ALAMOSA CO CLIMATE NORMALS FOR TODAY
                         NORMAL    RECORD    YEAR
 MAXIMUM TEMPERATURE (F)   79        89      2011
 MINIMUM TEMPERATURE (F)   45        33      2002


SUNRISE AND SUNSET
AUGUST 24 2015........SUNRISE   627 AM MDT   SUNSET   744 PM MDT
AUGUST 25 2015........SUNRISE   628 AM MDT   SUNSET   743 PM MDT


-  INDICATES NEGATIVE NUMBERS.
R  INDICATES RECORD WAS SET OR TIED.
MM INDICATES DATA IS MISSING.
T  INDICATES TRACE AMOUNT.




$$
