000
CDUS45 KPUB 091039
CLIALS


CLIMATE REPORT
NATIONAL WEATHER SERVICE PUEBLO
438 AM MDT MON OCT 9 2017


...................................

...THE ALAMOSA CO CLIMATE SUMMARY FOR OCTOBER 8 2017...

CLIMATE NORMAL PERIOD 1981 TO 2010
CLIMATE RECORD PERIOD 1932 TO 2017


WEATHER ITEM   OBSERVED TIME   RECORD YEAR NORMAL DEPARTURE LAST
                VALUE   (LST)  VALUE       VALUE  FROM      YEAR
                                                  NORMAL
..................................................................
TEMPERATURE (F)
 YESTERDAY
  MAXIMUM         73    148 PM  78    1945  65      8       67
  MINIMUM         25    638 AM  11    1992  27     -2       18
  AVERAGE         49                        46      3       43

PRECIPITATION (IN)
  YESTERDAY        0.00          1.20 1938   0.02  -0.02     0.00
  MONTH TO DATE    0.04                      0.17  -0.13     0.02
  SINCE SEP 1      1.79                      1.08   0.71     0.30
  SINCE JAN 1     10.48                      6.03   4.45     7.65

SNOWFALL (IN)
  YESTERDAY        0.0           1.9  1970   0.0    0.0      0.0
  MONTH TO DATE    0.0                       0.2   -0.2      0.0
  SINCE SEP 1      0.0                       0.2   -0.2      0.0
  SINCE JUL 1      T                         0.2   -0.2      0.0
  SNOW DEPTH       0

DEGREE DAYS
 HEATING
  YESTERDAY       16                        19     -3       22
  MONTH TO DATE  106                       139    -33      151
  SINCE SEP 1    351                       441    -90      402
  SINCE JUL 1    450                       570   -120      546

 COOLING
  YESTERDAY        0                         0      0        0
  MONTH TO DATE    0                         0      0        0
  SINCE SEP 1      0                         0      0        0
  SINCE JAN 1     76                        51     25      115
..................................................................


WIND (MPH)
  HIGHEST WIND SPEED    29   HIGHEST WIND DIRECTION     W (250)
  HIGHEST GUST SPEED    36   HIGHEST GUST DIRECTION    SW (230)
  AVERAGE WIND SPEED     8.6


SKY COVER
  POSSIBLE SUNSHINE  MM
  AVERAGE SKY COVER 0.0


WEATHER CONDITIONS
 THE FOLLOWING WEATHER WAS RECORDED YESTERDAY.
  NO SIGNIFICANT WEATHER WAS OBSERVED.


RELATIVE HUMIDITY (PERCENT)
 HIGHEST    92          1200 AM
 LOWEST      9           300 PM
 AVERAGE    51

..........................................................


THE ALAMOSA CO CLIMATE NORMALS FOR TODAY
                         NORMAL    RECORD    YEAR
 MAXIMUM TEMPERATURE (F)   65        77      1950
 MINIMUM TEMPERATURE (F)   27        15      1975


SUNRISE AND SUNSET
OCTOBER  9 2017.......SUNRISE   706 AM MDT   SUNSET   634 PM MDT
OCTOBER 10 2017.......SUNRISE   707 AM MDT   SUNSET   633 PM MDT


-  INDICATES NEGATIVE NUMBERS.
R  INDICATES RECORD WAS SET OR TIED.
MM INDICATES DATA IS MISSING.
T  INDICATES TRACE AMOUNT.




$$
