000
CDUS45 KPUB 231031
CLIALS


CLIMATE REPORT
NATIONAL WEATHER SERVICE PUEBLO
430 AM MDT SAT JUL 23 2016


...................................

...THE ALAMOSA CO CLIMATE SUMMARY FOR JULY 22 2016...

CLIMATE NORMAL PERIOD 1981 TO 2010
CLIMATE RECORD PERIOD 1932 TO 2016


WEATHER ITEM   OBSERVED TIME   RECORD YEAR NORMAL DEPARTURE LAST
                VALUE   (LST)  VALUE       VALUE  FROM      YEAR
                                                  NORMAL
..................................................................
TEMPERATURE (F)
 YESTERDAY
  MAXIMUM         89    325 PM  90    2014  82      7       82
                                      2005
                                      2003
  MINIMUM         49    512 AM  35    1961  48      1       43
  AVERAGE         69                        65      4       63

PRECIPITATION (IN)
  YESTERDAY        0.00          0.33 1968   0.03  -0.03     0.00
                                      1943
  MONTH TO DATE    0.31                      0.66  -0.35     1.14
  SINCE JUN 1      0.82                      1.15  -0.33     2.33
  SINCE JAN 1      5.19                      3.37   1.82     6.27

SNOWFALL (IN)
  YESTERDAY        0.0           0.0  2002   0.0    0.0      0.0
                                      2001
  MONTH TO DATE    0.0                       0.0    0.0      0.0
  SINCE JUN 1      0.0                       0.0    0.0      0.0
  SINCE JUL 1      0.0                       0.0    0.0      0.0
  SNOW DEPTH       0

DEGREE DAYS
 HEATING
  YESTERDAY        0                         1     -1        2
  MONTH TO DATE   13                        31    -18       43
  SINCE JUN 1     69                       199   -130      119
  SINCE JUL 1     13                        31    -18       43

 COOLING
  YESTERDAY        4                         1      3        0
  MONTH TO DATE   34                        22     12       14
  SINCE JUN 1     63                        28     35       38
  SINCE JAN 1     63                        28     35       38
..................................................................


WIND (MPH)
  HIGHEST WIND SPEED    24   HIGHEST WIND DIRECTION    NW (320)
  HIGHEST GUST SPEED    32   HIGHEST GUST DIRECTION    NW (330)
  AVERAGE WIND SPEED     7.9


SKY COVER
  POSSIBLE SUNSHINE  MM
  AVERAGE SKY COVER 0.1


WEATHER CONDITIONS
 THE FOLLOWING WEATHER WAS RECORDED YESTERDAY.
  THUNDERSTORM


RELATIVE HUMIDITY (PERCENT)
 HIGHEST    83           500 AM
 LOWEST     21           300 PM
 AVERAGE    52

..........................................................


THE ALAMOSA CO CLIMATE NORMALS FOR TODAY
                         NORMAL    RECORD    YEAR
 MAXIMUM TEMPERATURE (F)   82        91      2011
                                             1987
 MINIMUM TEMPERATURE (F)   48        37      1973
                                             1939


SUNRISE AND SUNSET
JULY 23 2016..........SUNRISE   601 AM MDT   SUNSET   819 PM MDT
JULY 24 2016..........SUNRISE   602 AM MDT   SUNSET   818 PM MDT


-  INDICATES NEGATIVE NUMBERS.
R  INDICATES RECORD WAS SET OR TIED.
MM INDICATES DATA IS MISSING.
T  INDICATES TRACE AMOUNT.




$$
