000
CDUS45 KPUB 222337
CLIALS


CLIMATE REPORT
NATIONAL WEATHER SERVICE PUEBLO
537 PM MDT SUN MAR 22 2015


...................................

...THE ALAMOSA CO CLIMATE SUMMARY FOR MARCH 22 2015...
VALID TODAY AS OF 0500 PM LOCAL TIME.

CLIMATE NORMAL PERIOD 1981 TO 2010
CLIMATE RECORD PERIOD 1932 TO 2015


WEATHER ITEM   OBSERVED TIME   RECORD YEAR NORMAL DEPARTURE LAST
                VALUE   (LST)  VALUE       VALUE  FROM      YEAR
                                                  NORMAL
..................................................................
TEMPERATURE (F)
 TODAY
  MAXIMUM         65    341 PM  70    2004  52     13       56
  MINIMUM         23    542 AM  -4    1952  19      4       20
  AVERAGE         44                        35      9       38

PRECIPITATION (IN)
  TODAY            0.00          0.57 1984   0.02  -0.02     0.00
  MONTH TO DATE    0.40                      0.36   0.04     0.40
  SINCE MAR 1      0.40                      0.36   0.04     0.40
  SINCE JAN 1      1.74                      0.88   0.86     0.52

SNOWFALL (IN)
  TODAY            0.0           4.9  1984   0.2   -0.2      0.0
  MONTH TO DATE    T                         3.5   -3.5      3.4
  SINCE MAR 1      T                         3.5   -3.5      3.4
  SINCE JUL 1     23.1                      21.6    1.5     31.5
  SNOW DEPTH       0

DEGREE DAYS
 HEATING
  TODAY           21                        30     -9       27
  MONTH TO DATE  606                       721   -115      639
  SINCE MAR 1    606                       721   -115      639
  SINCE JUL 1   6098                      7050   -952     7207

 COOLING
  TODAY            0                         0      0        0
  MONTH TO DATE    0                         0      0        0
  SINCE MAR 1      0                         0      0        0
  SINCE JAN 1      0                         0      0        0
..................................................................


WIND (MPH)
  HIGHEST WIND SPEED    23   HIGHEST WIND DIRECTION    SW (210)
  HIGHEST GUST SPEED    28   HIGHEST GUST DIRECTION    SW (240)
  AVERAGE WIND SPEED     3.8


SKY COVER
  POSSIBLE SUNSHINE  MM
  AVERAGE SKY COVER 0.1


WEATHER CONDITIONS
 THE FOLLOWING WEATHER WAS RECORDED TODAY.
  NO SIGNIFICANT WEATHER WAS OBSERVED.


RELATIVE HUMIDITY (PERCENT)
 HIGHEST    92           300 AM
 LOWEST     10           400 PM
 AVERAGE    51

..........................................................


THE ALAMOSA CO CLIMATE NORMALS FOR TOMORROW
                         NORMAL    RECORD    YEAR
 MAXIMUM TEMPERATURE (F)   52        70      2012
 MINIMUM TEMPERATURE (F)   19        -3      1952


SUNRISE AND SUNSET
MARCH 22 2015.........SUNRISE   704 AM MDT   SUNSET   717 PM MDT
MARCH 23 2015.........SUNRISE   703 AM MDT   SUNSET   718 PM MDT


-  INDICATES NEGATIVE NUMBERS.
R  INDICATES RECORD WAS SET OR TIED.
MM INDICATES DATA IS MISSING.
T  INDICATES TRACE AMOUNT.




$$
