000
CDUS45 KPUB 241030
CLIALS


CLIMATE REPORT
NATIONAL WEATHER SERVICE PUEBLO
429 AM MDT SUN APR 24 2016


...................................

...THE ALAMOSA CO CLIMATE SUMMARY FOR APRIL 23 2016...

CLIMATE NORMAL PERIOD 1981 TO 2010
CLIMATE RECORD PERIOD 1932 TO 2016


WEATHER ITEM   OBSERVED TIME   RECORD YEAR NORMAL DEPARTURE LAST
                VALUE   (LST)  VALUE       VALUE  FROM      YEAR
                                                  NORMAL
..................................................................
TEMPERATURE (F)
 YESTERDAY
  MAXIMUM         70    157 PM  78    2012  62      8       67
  MINIMUM         37   1127 PM  10    1970  27     10       21
  AVERAGE         54                        44     10       44

PRECIPITATION (IN)
  YESTERDAY        T             0.64 1942   0.02  -0.02     0.00
  MONTH TO DATE    1.29                      0.45   0.84     0.21
  SINCE MAR 1      1.81                      0.98   0.83     0.61
  SINCE JAN 1      2.79                      1.50   1.29     1.95

SNOWFALL (IN)
  YESTERDAY        0.0           4.5  1932   0.2   -0.2      0.0
  MONTH TO DATE   12.6                       3.0    9.6      0.7
  SINCE MAR 1     20.8                       8.0   12.8      0.7
  SINCE JUL 1     39.6                      26.1   13.5     23.8
  SNOW DEPTH       0

DEGREE DAYS
 HEATING
  YESTERDAY       11                        21    -10       21
  MONTH TO DATE  531                       557    -26      497
  SINCE MAR 1   1448                      1534    -86     1282
  SINCE JUL 1   7214                      7863   -649     6774

 COOLING
  YESTERDAY        0                         0      0        0
  MONTH TO DATE    0                         0      0        0
  SINCE MAR 1      0                         0      0        0
  SINCE JAN 1      0                         0      0        0
..................................................................


WIND (MPH)
  HIGHEST WIND SPEED    39   HIGHEST WIND DIRECTION    SW (230)
  HIGHEST GUST SPEED    56   HIGHEST GUST DIRECTION     S (200)
  AVERAGE WIND SPEED    16.4


SKY COVER
  POSSIBLE SUNSHINE  MM
  AVERAGE SKY COVER 0.2


WEATHER CONDITIONS
 THE FOLLOWING WEATHER WAS RECORDED YESTERDAY.
  LIGHT RAIN
  HAZE


RELATIVE HUMIDITY (PERCENT)
 HIGHEST    76           400 AM
 LOWEST     16           100 PM
 AVERAGE    46

..........................................................


THE ALAMOSA CO CLIMATE NORMALS FOR TODAY
                         NORMAL    RECORD    YEAR
 MAXIMUM TEMPERATURE (F)   62        79      2012
 MINIMUM TEMPERATURE (F)   27        12      1970


SUNRISE AND SUNSET
APRIL 24 2016.........SUNRISE   616 AM MDT   SUNSET   747 PM MDT
APRIL 25 2016.........SUNRISE   615 AM MDT   SUNSET   748 PM MDT


-  INDICATES NEGATIVE NUMBERS.
R  INDICATES RECORD WAS SET OR TIED.
MM INDICATES DATA IS MISSING.
T  INDICATES TRACE AMOUNT.




$$
