000
CDUS45 KPUB 200103
CLIALS


CLIMATE REPORT
NATIONAL WEATHER SERVICE PUEBLO
602 PM MST WED NOV 19 2014


...................................

...THE ALAMOSA CO CLIMATE SUMMARY FOR NOVEMBER 19 2014...
VALID TODAY AS OF 0500 PM LOCAL TIME.

CLIMATE NORMAL PERIOD 1981 TO 2010
CLIMATE RECORD PERIOD 1932 TO 2014


WEATHER ITEM   OBSERVED TIME   RECORD YEAR NORMAL DEPARTURE LAST
                VALUE   (LST)  VALUE       VALUE  FROM      YEAR
                                                  NORMAL
..................................................................
TEMPERATURE (F)
 TODAY
  MAXIMUM         43    305 PM  68    2007  45     -2       55
  MINIMUM          2    507 AM -15    1957  11     -9        9
  AVERAGE         23                        28     -5       32

PRECIPITATION (IN)
  TODAY            0.00          0.44 1979   0.01  -0.01     0.00
  MONTH TO DATE    0.32                      0.29   0.03     0.01
  SINCE SEP 1      1.43                      1.88  -0.45     3.52
  SINCE JAN 1      5.31                      6.83  -1.52     8.39

SNOWFALL (IN)
  TODAY            0.0           6.5  1940   0.2   -0.2      0.0
  MONTH TO DATE    1.1                       2.3   -1.2      0.0
  SINCE SEP 1      1.1                       4.4   -3.3      3.5
  SINCE JUL 1      1.1                       4.4   -3.3      3.5
  SNOW DEPTH       0

DEGREE DAYS
 HEATING
  TODAY           42                        37      5       33
  MONTH TO DATE  580                       622    -42      575
  SINCE SEP 1   1315                      1603   -288     1499
  SINCE JUL 1   1436                      1732   -296     1574

 COOLING
  TODAY            0                         0      0        0
  MONTH TO DATE    0                         0      0        0
  SINCE SEP 1      0                         0      0       14
  SINCE JAN 1     60                        51      9      113
..................................................................


WIND (MPH)
  HIGHEST WIND SPEED     8   HIGHEST WIND DIRECTION    SE (130)
  HIGHEST GUST SPEED    11   HIGHEST GUST DIRECTION     E (100)
  AVERAGE WIND SPEED   130.0


SKY COVER
  POSSIBLE SUNSHINE  MM
  AVERAGE SKY COVER 0.0


WEATHER CONDITIONS
 THE FOLLOWING WEATHER WAS RECORDED TODAY.
  HAZE


RELATIVE HUMIDITY (PERCENT)
 HIGHEST    88           200 AM
 LOWEST     19           300 PM
 AVERAGE    54

..........................................................


THE ALAMOSA CO CLIMATE NORMALS FOR TOMORROW
                         NORMAL    RECORD    YEAR
 MAXIMUM TEMPERATURE (F)   44        65      1989
 MINIMUM TEMPERATURE (F)   10       -14      1964


SUNRISE AND SUNSET
NOVEMBER 19 2014......SUNRISE   647 AM MST   SUNSET   450 PM MST
NOVEMBER 20 2014......SUNRISE   648 AM MST   SUNSET   450 PM MST


-  INDICATES NEGATIVE NUMBERS.
R  INDICATES RECORD WAS SET OR TIED.
MM INDICATES DATA IS MISSING.
T  INDICATES TRACE AMOUNT.




$$
