000
CDUS45 KPUB 051036
CLIALS


CLIMATE REPORT
NATIONAL WEATHER SERVICE PUEBLO
436 AM MDT SAT JUL 5 2014


...................................

...THE ALAMOSA CO CLIMATE SUMMARY FOR JULY 4 2014...

CLIMATE NORMAL PERIOD 1981 TO 2010
CLIMATE RECORD PERIOD 1932 TO 2014


WEATHER ITEM   OBSERVED TIME   RECORD YEAR NORMAL DEPARTURE LAST
                VALUE   (LST)  VALUE       VALUE  FROM      YEAR
                                                  NORMAL
..................................................................
TEMPERATURE (F)
 YESTERDAY
  MAXIMUM         83   1259 PM  93    1989  83      0       85
  MINIMUM         42    431 AM  35    1995  45     -3       43
                                      1943
  AVERAGE         63                        64     -1       64

PRECIPITATION (IN)
  YESTERDAY        T             0.72 1954   0.03  -0.03      T
  MONTH TO DATE    T                         0.10  -0.10     0.14
  SINCE JUN 1      0.02                      0.59  -0.57     0.68
  SINCE JAN 1      1.83                      2.81  -0.98     1.74

SNOWFALL (IN)
  YESTERDAY        0.0           0.0  2002   0.0    0.0      0.0
  MONTH TO DATE    0.0                       0.0    0.0      0.0
  SINCE JUN 1      0.0                       0.0    0.0      0.0
  SINCE JUL 1      0.0                       0.0    0.0      0.0
  SNOW DEPTH       0

DEGREE DAYS
 HEATING
  YESTERDAY        2                         2      0        1
  MONTH TO DATE    7                         8     -1        7
  SINCE JUN 1    133                       176    -43      109
  SINCE JUL 1      7                         8     -1        7

 COOLING
  YESTERDAY        0                         1     -1        0
  MONTH TO DATE    0                         4     -4        0
  SINCE JUN 1      1                        10     -9       16
  SINCE JAN 1      1                        10     -9       16
..................................................................


WIND (MPH)
  HIGHEST WIND SPEED    23   HIGHEST WIND DIRECTION     W (280)
  HIGHEST GUST SPEED    31   HIGHEST GUST DIRECTION     W (270)
  AVERAGE WIND SPEED     5.5


SKY COVER
  POSSIBLE SUNSHINE  MM
  AVERAGE SKY COVER 0.2


WEATHER CONDITIONS
 THE FOLLOWING WEATHER WAS RECORDED YESTERDAY.
  LIGHT RAIN


RELATIVE HUMIDITY (PERCENT)
 HIGHEST    83           500 AM
 LOWEST     20           100 PM
 AVERAGE    52

..........................................................


THE ALAMOSA CO CLIMATE NORMALS FOR TODAY
                         NORMAL    RECORD    YEAR
 MAXIMUM TEMPERATURE (F)   83        96      1989
 MINIMUM TEMPERATURE (F)   46        34      2000


SUNRISE AND SUNSET
JULY  5 2014..........SUNRISE   548 AM MDT   SUNSET   828 PM MDT
JULY  6 2014..........SUNRISE   549 AM MDT   SUNSET   827 PM MDT


-  INDICATES NEGATIVE NUMBERS.
R  INDICATES RECORD WAS SET OR TIED.
MM INDICATES DATA IS MISSING.
T  INDICATES TRACE AMOUNT.




$$
