000
CDUS45 KPUB 311134
CLIALS


CLIMATE REPORT
NATIONAL WEATHER SERVICE PUEBLO
434 AM MST SUN DEC 31 2017


...................................

...THE ALAMOSA CO CLIMATE SUMMARY FOR DECEMBER 30 2017...

CLIMATE NORMAL PERIOD 1981 TO 2010
CLIMATE RECORD PERIOD 1932 TO 2017


WEATHER ITEM   OBSERVED TIME   RECORD YEAR NORMAL DEPARTURE LAST
                VALUE   (LST)  VALUE       VALUE  FROM      YEAR
                                                  NORMAL
..................................................................
TEMPERATURE (F)
 YESTERDAY
  MAXIMUM         63R   255 PM  56    1945  34     29       22
  MINIMUM          1    745 AM -28    2007  -2      3       -9
  AVERAGE         32                        16     16        7

PRECIPITATION (IN)
  YESTERDAY        0.00          0.25 1951   0.01  -0.01     0.00
  MONTH TO DATE    0.14                      0.34  -0.20     0.97
  SINCE DEC 1      0.14                      0.34  -0.20     0.97
  SINCE JAN 1     10.69                      7.30   3.39     9.06

SNOWFALL (IN)
  YESTERDAY        0.0          12.0  1973   0.1   -0.1      0.0
  MONTH TO DATE    1.3                       4.4   -3.1      8.1
  SINCE DEC 1      1.3                       4.4   -3.1      8.1
  SINCE JUL 1      1.7                      10.2   -8.5      9.1
  SNOW DEPTH       0

DEGREE DAYS
 HEATING
  YESTERDAY       33                        49    -16       58
  MONTH TO DATE 1187                      1413   -226     1387
  SINCE DEC 1   1187                      1413   -226     1387
  SINCE JUL 1   2953                      3588   -635     3251

 COOLING
  YESTERDAY        0                         0      0        0
  MONTH TO DATE    0                         0      0        0
  SINCE DEC 1      0                         0      0        0
  SINCE JAN 1     76                        51     25      115
..................................................................


WIND (MPH)
  HIGHEST WIND SPEED    18   HIGHEST WIND DIRECTION    SW (240)
  HIGHEST GUST SPEED    22   HIGHEST GUST DIRECTION    SW (240)
  AVERAGE WIND SPEED     6.2


SKY COVER
  POSSIBLE SUNSHINE  MM
  AVERAGE SKY COVER 0.0


WEATHER CONDITIONS
 THE FOLLOWING WEATHER WAS RECORDED YESTERDAY.
  NO SIGNIFICANT WEATHER WAS OBSERVED.


RELATIVE HUMIDITY (PERCENT)
 HIGHEST    79           600 AM
 LOWEST      7           200 PM
 AVERAGE    43

..........................................................


THE ALAMOSA CO CLIMATE NORMALS FOR TODAY
                         NORMAL    RECORD    YEAR
 MAXIMUM TEMPERATURE (F)   34        55      1980
 MINIMUM TEMPERATURE (F)   -2       -30      1974


SUNRISE AND SUNSET
DECEMBER 31 2017......SUNRISE   718 AM MST   SUNSET   456 PM MST
JANUARY  1 2018.......SUNRISE   718 AM MST   SUNSET   456 PM MST


-  INDICATES NEGATIVE NUMBERS.
R  INDICATES RECORD WAS SET OR TIED.
MM INDICATES DATA IS MISSING.
T  INDICATES TRACE AMOUNT.




$$
