764
CDUS45 KPUB 261143
CLIALS


CLIMATE REPORT
NATIONAL WEATHER SERVICE PUEBLO
443 AM MST SAT NOV 26 2016


...................................

...THE ALAMOSA CO CLIMATE SUMMARY FOR NOVEMBER 25 2016...

CLIMATE NORMAL PERIOD 1981 TO 2010
CLIMATE RECORD PERIOD 1932 TO 2016


WEATHER ITEM   OBSERVED TIME   RECORD YEAR NORMAL DEPARTURE LAST
                VALUE   (LST)  VALUE       VALUE  FROM      YEAR
                                                  NORMAL
..................................................................
TEMPERATURE (F)
 YESTERDAY
  MAXIMUM         44    343 PM  63    1970  42      2       54
  MINIMUM          1    647 AM -21    1952   8     -7       17
  AVERAGE         23                        25     -2       36

PRECIPITATION (IN)
  YESTERDAY        0.00          0.37 2013   0.01  -0.01     0.01
  MONTH TO DATE    0.28                      0.36  -0.08     0.33
  SINCE SEP 1      0.58                      1.95  -1.37     2.09
  SINCE JAN 1      7.93                      6.90   1.03     9.06

SNOWFALL (IN)
  YESTERDAY        0.0           5.5  2013   0.1   -0.1      0.0
  MONTH TO DATE    T                         3.0   -3.0      3.5
  SINCE SEP 1      T                         5.1   -5.1      3.5
  SINCE JUL 1      T                         5.1   -5.1      3.5
  SNOW DEPTH       0

DEGREE DAYS
 HEATING
  YESTERDAY       42                        40      2       29
  MONTH TO DATE  705                       856   -151      842
  SINCE SEP 1   1484                      1837   -353     1517
  SINCE JUL 1   1628                      1966   -338     1609

 COOLING
  YESTERDAY        0                         0      0        0
  MONTH TO DATE    0                         0      0        0
  SINCE SEP 1      0                         0      0        0
  SINCE JAN 1    115                        51     64       74
..................................................................


WIND (MPH)
  HIGHEST WIND SPEED     9   HIGHEST WIND DIRECTION    SW (240)
  HIGHEST GUST SPEED    11   HIGHEST GUST DIRECTION    NW (320)
  AVERAGE WIND SPEED     2.2


SKY COVER
  POSSIBLE SUNSHINE  MM
  AVERAGE SKY COVER 0.0


WEATHER CONDITIONS
 THE FOLLOWING WEATHER WAS RECORDED YESTERDAY.
  NO SIGNIFICANT WEATHER WAS OBSERVED.


RELATIVE HUMIDITY (PERCENT)
 HIGHEST    86           400 AM
 LOWEST     20           300 PM
 AVERAGE    53

..........................................................


THE ALAMOSA CO CLIMATE NORMALS FOR TODAY
                         NORMAL    RECORD    YEAR
 MAXIMUM TEMPERATURE (F)   41        62      1977
 MINIMUM TEMPERATURE (F)    7       -25      1952


SUNRISE AND SUNSET
NOVEMBER 26 2016......SUNRISE   655 AM MST   SUNSET   447 PM MST
NOVEMBER 27 2016......SUNRISE   656 AM MST   SUNSET   446 PM MST


-  INDICATES NEGATIVE NUMBERS.
R  INDICATES RECORD WAS SET OR TIED.
MM INDICATES DATA IS MISSING.
T  INDICATES TRACE AMOUNT.




$$
