000
CDUS45 KPUB 161151
CLIALS


CLIMATE REPORT
NATIONAL WEATHER SERVICE PUEBLO
443 AM MST FRI JAN 16 2015


...................................

...THE ALAMOSA CO CLIMATE SUMMARY FOR JANUARY 15 2015...

CLIMATE NORMAL PERIOD 1981 TO 2010
CLIMATE RECORD PERIOD 1932 TO 2015


WEATHER ITEM   OBSERVED TIME   RECORD YEAR NORMAL DEPARTURE LAST
                VALUE   (LST)  VALUE       VALUE  FROM      YEAR
                                                  NORMAL
..................................................................
TEMPERATURE (F)
 YESTERDAY
  MAXIMUM         38    328 PM  54    1996  34      4       33
  MINIMUM          3    709 AM -32    2013  -2      5       -4
  AVERAGE         21                        16      5       15

PRECIPITATION (IN)
  YESTERDAY        0.00          0.22 1987   0.01  -0.01     0.00
  MONTH TO DATE    0.08                      0.12  -0.04      T
  SINCE DEC 1      0.29                      0.47  -0.18     0.17
  SINCE JAN 1      0.08                      0.12  -0.04      T

SNOWFALL (IN)
  YESTERDAY        0.0           4.7  1987   0.1   -0.1      0.0
  MONTH TO DATE    0.7                       1.7   -1.0       T
  SINCE DEC 1      3.0                       6.2   -3.2      4.0
  SINCE JUL 1      4.6                      12.0   -7.4     25.6
  SNOW DEPTH       0

DEGREE DAYS
 HEATING
  YESTERDAY       44                        49     -5       50
  MONTH TO DATE  613                       735   -122      834
  SINCE DEC 1   1922                      2197   -275     2617
  SINCE JUL 1   3765                      4372   -607     4717

 COOLING
  YESTERDAY        0                         0      0        0
  MONTH TO DATE    0                         0      0        0
  SINCE DEC 1      0                         0      0        0
  SINCE JAN 1      0                         0      0        0
..................................................................


WIND (MPH)
  HIGHEST WIND SPEED     9   HIGHEST WIND DIRECTION    NE (30)
  HIGHEST GUST SPEED    12   HIGHEST GUST DIRECTION     E (70)
  AVERAGE WIND SPEED     2.9


SKY COVER
  POSSIBLE SUNSHINE  MM
  AVERAGE SKY COVER 0.3


WEATHER CONDITIONS
 THE FOLLOWING WEATHER WAS RECORDED YESTERDAY.
  FOG
  FOG W/VISIBILITY <= 1/4 MILE
  HAZE


RELATIVE HUMIDITY (PERCENT)
 HIGHEST    91           500 AM
 LOWEST     44           300 PM
 AVERAGE    68

..........................................................


THE ALAMOSA CO CLIMATE NORMALS FOR TODAY
                         NORMAL    RECORD    YEAR
 MAXIMUM TEMPERATURE (F)   34        60      2000
 MINIMUM TEMPERATURE (F)   -2       -27      1984


SUNRISE AND SUNSET
JANUARY 16 2015.......SUNRISE   717 AM MST   SUNSET   510 PM MST
JANUARY 17 2015.......SUNRISE   716 AM MST   SUNSET   511 PM MST


-  INDICATES NEGATIVE NUMBERS.
R  INDICATES RECORD WAS SET OR TIED.
MM INDICATES DATA IS MISSING.
T  INDICATES TRACE AMOUNT.




$$
