000
CDUS45 KPUB 090022
CLIALS


CLIMATE REPORT
NATIONAL WEATHER SERVICE PUEBLO
622 PM MDT TUE AUG 8 2017


...................................

...THE ALAMOSA CO CLIMATE SUMMARY FOR AUGUST 8 2017...
VALID TODAY AS OF 0500 PM LOCAL TIME.

CLIMATE NORMAL PERIOD 1981 TO 2010
CLIMATE RECORD PERIOD 1932 TO 2017


WEATHER ITEM   OBSERVED TIME   RECORD YEAR NORMAL DEPARTURE LAST
                VALUE   (LST)  VALUE       VALUE  FROM      YEAR
                                                  NORMAL
..................................................................
TEMPERATURE (F)
 TODAY
  MAXIMUM         75    214 PM  88    2000  81     -6       80
                                      1962
  MINIMUM         47    515 AM  34    2011  47      0       50
  AVERAGE         61                        64     -3       65

PRECIPITATION (IN)
  TODAY            0.01          0.50 1967   0.04  -0.03      T
  MONTH TO DATE    0.54                      0.32   0.22     1.82
  SINCE JUN 1      4.25                      1.78   2.47     2.64
  SINCE JAN 1      8.50                      4.00   4.50     7.01

SNOWFALL (IN)
  TODAY            0.0           0.0  2002   0.0    0.0      0.0
  MONTH TO DATE    0.0                       0.0    0.0      0.0
  SINCE JUN 1      T                         0.0    0.0      0.0
  SINCE JUL 1      T                         0.0    0.0      0.0
  SNOW DEPTH       0

DEGREE DAYS
 HEATING
  TODAY            4                         2      2        0
  MONTH TO DATE   27                        13     14        5
  SINCE JUN 1    127                       226    -99       74
  SINCE JUL 1     36                        58    -22       18

 COOLING
  TODAY            0                         1     -1        0
  MONTH TO DATE    0                         8     -8        5
  SINCE JUN 1     76                        46     30      111
  SINCE JAN 1     76                        46     30      111
..................................................................


WIND (MPH)
  HIGHEST WIND SPEED    24   HIGHEST WIND DIRECTION    NW (330)
  HIGHEST GUST SPEED    30   HIGHEST GUST DIRECTION    NW (330)
  AVERAGE WIND SPEED     4.9


SKY COVER
  POSSIBLE SUNSHINE  MM
  AVERAGE SKY COVER 0.3


WEATHER CONDITIONS
 THE FOLLOWING WEATHER WAS RECORDED TODAY.
  THUNDERSTORM
  LIGHT RAIN


RELATIVE HUMIDITY (PERCENT)
 HIGHEST   100           500 AM
 LOWEST     44           200 PM
 AVERAGE    72

..........................................................


THE ALAMOSA CO CLIMATE NORMALS FOR TOMORROW
                         NORMAL    RECORD    YEAR
 MAXIMUM TEMPERATURE (F)   80        89      2011
                                             2000
 MINIMUM TEMPERATURE (F)   47        31      2009


SUNRISE AND SUNSET
AUGUST  8 2017........SUNRISE   614 AM MDT   SUNSET   804 PM MDT
AUGUST  9 2017........SUNRISE   615 AM MDT   SUNSET   802 PM MDT


-  INDICATES NEGATIVE NUMBERS.
R  INDICATES RECORD WAS SET OR TIED.
MM INDICATES DATA IS MISSING.
T  INDICATES TRACE AMOUNT.




$$
