000
CDUS45 KPUB 121043
CLIALS


CLIMATE REPORT
NATIONAL WEATHER SERVICE PUEBLO
443 AM MDT WED APR 12 2017


...................................

...THE ALAMOSA CO CLIMATE SUMMARY FOR APRIL 11 2017...

CLIMATE NORMAL PERIOD 1981 TO 2010
CLIMATE RECORD PERIOD 1932 TO 2017


WEATHER ITEM   OBSERVED TIME   RECORD YEAR NORMAL DEPARTURE LAST
                VALUE   (LST)  VALUE       VALUE  FROM      YEAR
                                                  NORMAL
..................................................................
TEMPERATURE (F)
 YESTERDAY
  MAXIMUM         65    118 PM  73    2012  58      7       60
                                      1971
                                      1934
  MINIMUM         22    430 AM   2    1951  23     -1       33
  AVERAGE         44                        40      4       47

PRECIPITATION (IN)
  YESTERDAY        0.00          0.22 2009   0.02  -0.02      T
  MONTH TO DATE    0.35                      0.21   0.14      T
  SINCE MAR 1      1.08                      0.74   0.34     0.52
  SINCE JAN 1      2.73                      1.26   1.47     1.50

SNOWFALL (IN)
  YESTERDAY        0.0           2.0  1997   0.1   -0.1      0.0
  MONTH TO DATE    3.2                       1.6    1.6      0.0
  SINCE MAR 1      3.9                       6.6   -2.7      8.2
  SINCE JUL 1     39.4                      24.7   14.7     27.0
  SNOW DEPTH       0

DEGREE DAYS
 HEATING
  YESTERDAY       21                        25     -4       18
  MONTH TO DATE  262                       285    -23      245
  SINCE MAR 1   1001                      1262   -261     1162
  SINCE JUL 1   6790                      7591   -801     6928

 COOLING
  YESTERDAY        0                         0      0        0
  MONTH TO DATE    0                         0      0        0
  SINCE MAR 1      0                         0      0        0
  SINCE JAN 1      0                         0      0        0
..................................................................


WIND (MPH)
  HIGHEST WIND SPEED    23   HIGHEST WIND DIRECTION    SW (230)
  HIGHEST GUST SPEED    30   HIGHEST GUST DIRECTION    SW (220)
  AVERAGE WIND SPEED     8.7


SKY COVER
  POSSIBLE SUNSHINE  MM
  AVERAGE SKY COVER 0.0


WEATHER CONDITIONS
 THE FOLLOWING WEATHER WAS RECORDED YESTERDAY.
  NO SIGNIFICANT WEATHER WAS OBSERVED.


RELATIVE HUMIDITY (PERCENT)
 HIGHEST    55           500 AM
 LOWEST     11          1200 PM
 AVERAGE    33

..........................................................


THE ALAMOSA CO CLIMATE NORMALS FOR TODAY
                         NORMAL    RECORD    YEAR
 MAXIMUM TEMPERATURE (F)   58        73      2006
 MINIMUM TEMPERATURE (F)   23         5      1997


SUNRISE AND SUNSET
APRIL 12 2017.........SUNRISE   632 AM MDT   SUNSET   736 PM MDT
APRIL 13 2017.........SUNRISE   631 AM MDT   SUNSET   737 PM MDT


-  INDICATES NEGATIVE NUMBERS.
R  INDICATES RECORD WAS SET OR TIED.
MM INDICATES DATA IS MISSING.
T  INDICATES TRACE AMOUNT.




$$
