000
CDUS45 KPUB 021346 CCA
CLIALS

CLIMATE REPORT...COR FOR SNOWFALL
NATIONAL WEATHER SERVICE PUEBLO
431 AM MST TUE FEB 2 2016


...................................

...THE ALAMOSA CO CLIMATE SUMMARY FOR FEBRUARY 1 2016...

CLIMATE NORMAL PERIOD 1981 TO 2010
CLIMATE RECORD PERIOD 1932 TO 2016


WEATHER ITEM   OBSERVED TIME   RECORD YEAR NORMAL DEPARTURE LAST
                VALUE   (LST)  VALUE       VALUE  FROM      YEAR
                                                  NORMAL
..................................................................
TEMPERATURE (F)
 YESTERDAY
  MAXIMUM         33    117 AM  60    2003  36     -3       38
  MINIMUM          4    823 PM -30    1951   1      3       13
  AVERAGE         19                        18      1       26

PRECIPITATION (IN)
  YESTERDAY        0.09          0.22 2004   0.01   0.08     0.00
  MONTH TO DATE    0.09                      0.01   0.08     0.00
  SINCE DEC 1      0.92                      0.62   0.30     0.54
  SINCE JAN 1      0.67                      0.27   0.40     0.33

SNOWFALL (IN)
  YESTERDAY        0.9           3.6  1959   0.1    0.8      0.0
  MONTH TO DATE    0.9                       0.1    0.8      0.0
  SINCE DEC 1     10.4                       8.6    2.7      5.6
  SINCE JUL 1     14.7                      14.4    1.2      7.2
  SNOW DEPTH       T

DEGREE DAYS
 HEATING
  YESTERDAY       46                        47     -1       39
  MONTH TO DATE   46                        47     -1       39
  SINCE DEC 1   2982                      3019    -37     2656
  SINCE JUL 1   4760                      5194   -434     4499

 COOLING
  YESTERDAY        0                         0      0        0
  MONTH TO DATE    0                         0      0        0
  SINCE DEC 1      0                         0      0        0
  SINCE JAN 1      0                         0      0        0
..................................................................


WIND (MPH)
  HIGHEST WIND SPEED    30   HIGHEST WIND DIRECTION    SW (240)
  HIGHEST GUST SPEED    39   HIGHEST GUST DIRECTION    SW (230)
  AVERAGE WIND SPEED    12.2


SKY COVER
  POSSIBLE SUNSHINE  MM
  AVERAGE SKY COVER 0.6


WEATHER CONDITIONS
 THE FOLLOWING WEATHER WAS RECORDED YESTERDAY.
  SNOW
  LIGHT SNOW
  FOG


RELATIVE HUMIDITY (PERCENT)
 HIGHEST    92           500 AM
 LOWEST     42           200 PM
 AVERAGE    67

..........................................................


THE ALAMOSA CO CLIMATE NORMALS FOR TODAY
                         NORMAL    RECORD    YEAR
 MAXIMUM TEMPERATURE (F)   36        58      1935
 MINIMUM TEMPERATURE (F)    1       -26      2007
                                             1994


SUNRISE AND SUNSET
FEBRUARY  2 2016......SUNRISE   706 AM MST   SUNSET   528 PM MST
FEBRUARY  3 2016......SUNRISE   705 AM MST   SUNSET   529 PM MST


-  INDICATES NEGATIVE NUMBERS.
R  INDICATES RECORD WAS SET OR TIED.
MM INDICATES DATA IS MISSING.
T  INDICATES TRACE AMOUNT.




$$
