000
CDUS45 KPUB 231030
CLIALS


CLIMATE REPORT
NATIONAL WEATHER SERVICE PUEBLO
429 AM MDT SUN APR 23 2017


...................................

...THE ALAMOSA CO CLIMATE SUMMARY FOR APRIL 22 2017...

CLIMATE NORMAL PERIOD 1981 TO 2010
CLIMATE RECORD PERIOD 1932 TO 2017


WEATHER ITEM   OBSERVED TIME   RECORD YEAR NORMAL DEPARTURE LAST
                VALUE   (LST)  VALUE       VALUE  FROM      YEAR
                                                  NORMAL
..................................................................
TEMPERATURE (F)
 YESTERDAY
  MAXIMUM         58    336 PM  77    2006  61     -3       70
  MINIMUM         21    533 AM  14    2002  26     -5       30
  AVERAGE         40                        44     -4       50

PRECIPITATION (IN)
  YESTERDAY        0.00          0.19 1995   0.03  -0.03     0.00
  MONTH TO DATE    0.36                      0.43  -0.07     1.29
  SINCE MAR 1      1.09                      0.96   0.13     1.81
  SINCE JAN 1      2.74                      1.48   1.26     2.79

SNOWFALL (IN)
  YESTERDAY        0.0           2.0  1941   0.1   -0.1      0.0
  MONTH TO DATE    3.2                       2.8    0.4     12.6
  SINCE MAR 1      3.9                       7.8   -3.9     20.8
  SINCE JUL 1     39.4                      25.9   13.5     39.6
  SNOW DEPTH       0

DEGREE DAYS
 HEATING
  YESTERDAY       25                        21      4       15
  MONTH TO DATE  443                       536    -93      520
  SINCE MAR 1   1182                      1513   -331     1437
  SINCE JUL 1   6971                      7842   -871     7203

 COOLING
  YESTERDAY        0                         0      0        0
  MONTH TO DATE    0                         0      0        0
  SINCE MAR 1      0                         0      0        0
  SINCE JAN 1      0                         0      0        0
..................................................................


WIND (MPH)
  HIGHEST WIND SPEED    20   HIGHEST WIND DIRECTION     E (100)
  HIGHEST GUST SPEED    24   HIGHEST GUST DIRECTION     E (110)
  AVERAGE WIND SPEED     6.9


SKY COVER
  POSSIBLE SUNSHINE  MM
  AVERAGE SKY COVER 0.1


WEATHER CONDITIONS
 THE FOLLOWING WEATHER WAS RECORDED YESTERDAY.
  NO SIGNIFICANT WEATHER WAS OBSERVED.


RELATIVE HUMIDITY (PERCENT)
 HIGHEST    88           300 AM
 LOWEST     20           200 PM
 AVERAGE    54

..........................................................


THE ALAMOSA CO CLIMATE NORMALS FOR TODAY
                         NORMAL    RECORD    YEAR
 MAXIMUM TEMPERATURE (F)   62        78      2012
 MINIMUM TEMPERATURE (F)   27        10      1970


SUNRISE AND SUNSET
APRIL 23 2017.........SUNRISE   618 AM MDT   SUNSET   746 PM MDT
APRIL 24 2017.........SUNRISE   616 AM MDT   SUNSET   747 PM MDT


-  INDICATES NEGATIVE NUMBERS.
R  INDICATES RECORD WAS SET OR TIED.
MM INDICATES DATA IS MISSING.
T  INDICATES TRACE AMOUNT.




$$
