000
CDUS45 KPUB 231314 CCA
CLIALS

CLIMATE REPORT...CORRECTION
NATIONAL WEATHER SERVICE PUEBLO
441 AM MST MON FEB 23 2015


...................................

...THE ALAMOSA CO CLIMATE SUMMARY FOR FEBRUARY 22 2015...

CLIMATE NORMAL PERIOD 1981 TO 2010
CLIMATE RECORD PERIOD 1932 TO 2015


WEATHER ITEM   OBSERVED TIME   RECORD YEAR NORMAL DEPARTURE LAST
                VALUE   (LST)  VALUE       VALUE  FROM      YEAR
                                                  NORMAL
..................................................................
TEMPERATURE (F)
 YESTERDAY
  MAXIMUM         25   1200 AM  60    1982  42    -17       49
                                      1958
  MINIMUM         14    926 PM -20    1939   9      5       18
  AVERAGE         20                        26     -6       34

PRECIPITATION (IN)
  YESTERDAY        0.49R         0.16 1985   0.01   0.48     0.00
  MONTH TO DATE    0.62                      0.20   0.42     0.04
  SINCE DEC 1      1.16                      0.81   0.35     0.28
  SINCE JAN 1      0.95                      0.46   0.49     0.11

SNOWFALL (IN)
  YESTERDAY        9.1 R         1.6  1985   0.1    9.0      0.0
  MONTH TO DATE   11.1                       3.0    8.1      1.6
  SINCE DEC 1     16.7                      11.5    5.2      6.5
  SINCE JUL 1     18.3                      17.3    1.0     28.1
  SNOW DEPTH       T

DEGREE DAYS
 HEATING
  YESTERDAY       45                        39      6       31
  MONTH TO DATE  748                       953   -205      849
  SINCE DEC 1   3365                      3925   -560     4294
  SINCE JUL 1   5208                      6100   -892     6394

 COOLING
  YESTERDAY        0                         0      0        0
  MONTH TO DATE    0                         0      0        0
  SINCE DEC 1      0                         0      0        0
  SINCE JAN 1      0                         0      0        0
..................................................................


WIND (MPH)
  HIGHEST WIND SPEED    23   HIGHEST WIND DIRECTION     E (110)
  HIGHEST GUST SPEED    28   HIGHEST GUST DIRECTION     E (110)
  AVERAGE WIND SPEED    11.9


SKY COVER
  POSSIBLE SUNSHINE  MM
  AVERAGE SKY COVER 1.0


WEATHER CONDITIONS
 THE FOLLOWING WEATHER WAS RECORDED YESTERDAY.
  HEAVY SNOW
  SNOW
  LIGHT SNOW
  FOG
  FOG W/VISIBILITY <= 1/4 MILE
  HAZE


RELATIVE HUMIDITY (PERCENT)
 HIGHEST    88           900 PM
 LOWEST     55          1200 AM
 AVERAGE    72

..........................................................


THE ALAMOSA CO CLIMATE NORMALS FOR TODAY
                         NORMAL    RECORD    YEAR
 MAXIMUM TEMPERATURE (F)   43        59      2002
                                             1995
 MINIMUM TEMPERATURE (F)    9       -23      1960


SUNRISE AND SUNSET
FEBRUARY 23 2015......SUNRISE   643 AM MST   SUNSET   551 PM MST
FEBRUARY 24 2015......SUNRISE   642 AM MST   SUNSET   552 PM MST


-  INDICATES NEGATIVE NUMBERS.
R  INDICATES RECORD WAS SET OR TIED.
MM INDICATES DATA IS MISSING.
T  INDICATES TRACE AMOUNT.




$$
