000
CDUS45 KPUB 212321
CLIALS


CLIMATE REPORT
NATIONAL WEATHER SERVICE PUEBLO
521 PM MDT SAT MAR 21 2015


...................................

...THE ALAMOSA CO CLIMATE SUMMARY FOR MARCH 21 2015...
VALID TODAY AS OF 0500 PM LOCAL TIME.

CLIMATE NORMAL PERIOD 1981 TO 2010
CLIMATE RECORD PERIOD 1932 TO 2015


WEATHER ITEM   OBSERVED TIME   RECORD YEAR NORMAL DEPARTURE LAST
                VALUE   (LST)  VALUE       VALUE  FROM      YEAR
                                                  NORMAL
..................................................................
TEMPERATURE (F)
 TODAY
  MAXIMUM         60    353 PM  72    1997  52      8       59
  MINIMUM         25    622 AM -12    1970  19      6       16
  AVERAGE         43                        35      8       38

PRECIPITATION (IN)
  TODAY            0.00          0.14 1941   0.02  -0.02     0.00
  MONTH TO DATE    0.40                      0.34   0.06     0.40
  SINCE MAR 1      0.40                      0.34   0.06     0.40
  SINCE JAN 1      1.74                      0.86   0.88     0.52

SNOWFALL (IN)
  TODAY            0.0           1.0  1979   0.2   -0.2      0.0
  MONTH TO DATE    T                         3.3   -3.3      3.4
  SINCE MAR 1      T                         3.3   -3.3      3.4
  SINCE JUL 1     23.1                      21.4    1.7     31.5
  SNOW DEPTH       0

DEGREE DAYS
 HEATING
  TODAY           22                        30     -8       27
  MONTH TO DATE  585                       691   -106      612
  SINCE MAR 1    585                       691   -106      612
  SINCE JUL 1   6077                      7020   -943     7180

 COOLING
  TODAY            0                         0      0        0
  MONTH TO DATE    0                         0      0        0
  SINCE MAR 1      0                         0      0        0
  SINCE JAN 1      0                         0      0        0
..................................................................


WIND (MPH)
  HIGHEST WIND SPEED     9   HIGHEST WIND DIRECTION    NW (300)
  HIGHEST GUST SPEED    12   HIGHEST GUST DIRECTION    NW (310)
  AVERAGE WIND SPEED     4.2


SKY COVER
  POSSIBLE SUNSHINE  MM
  AVERAGE SKY COVER 0.1


WEATHER CONDITIONS
 THE FOLLOWING WEATHER WAS RECORDED TODAY.
  FOG


RELATIVE HUMIDITY (PERCENT)
 HIGHEST   100           100 AM
 LOWEST     11           400 PM
 AVERAGE    56

..........................................................


THE ALAMOSA CO CLIMATE NORMALS FOR TOMORROW
                         NORMAL    RECORD    YEAR
 MAXIMUM TEMPERATURE (F)   52        70      2004
 MINIMUM TEMPERATURE (F)   19        -4      1952


SUNRISE AND SUNSET
MARCH 21 2015.........SUNRISE   706 AM MDT   SUNSET   716 PM MDT
MARCH 22 2015.........SUNRISE   704 AM MDT   SUNSET   717 PM MDT


-  INDICATES NEGATIVE NUMBERS.
R  INDICATES RECORD WAS SET OR TIED.
MM INDICATES DATA IS MISSING.
T  INDICATES TRACE AMOUNT.




$$
