000
CDUS45 KPUB 060019
CLIALS


CLIMATE REPORT
NATIONAL WEATHER SERVICE PUEBLO
619 PM MDT THU OCT 5 2017


...................................

...THE ALAMOSA CO CLIMATE SUMMARY FOR OCTOBER 5 2017...
VALID TODAY AS OF 0500 PM LOCAL TIME.

CLIMATE NORMAL PERIOD 1981 TO 2010
CLIMATE RECORD PERIOD 1932 TO 2017


WEATHER ITEM   OBSERVED TIME   RECORD YEAR NORMAL DEPARTURE LAST
                VALUE   (LST)  VALUE       VALUE  FROM      YEAR
                                                  NORMAL
..................................................................
TEMPERATURE (F)
 TODAY
  MAXIMUM         67    206 PM  79    1947  66      1       64
  MINIMUM         38    353 AM  16    1932  29      9       18
  AVERAGE         53                        47      6       41

PRECIPITATION (IN)
  TODAY            0.02          0.50 1946   0.02   0.00     0.00
  MONTH TO DATE    0.04                      0.11  -0.07     0.02
  SINCE SEP 1      1.79                      1.02   0.77     0.30
  SINCE JAN 1     10.48                      5.97   4.51     7.65

SNOWFALL (IN)
  TODAY            0.0           0.0  2002   0.0    0.0      0.0
  MONTH TO DATE    0.0                       0.1   -0.1      0.0
  SINCE SEP 1      0.0                       0.1   -0.1      0.0
  SINCE JUL 1      T                         0.1   -0.1      0.0
  SNOW DEPTH       0

DEGREE DAYS
 HEATING
  TODAY           12                        18     -6       24
  MONTH TO DATE   57                        84    -27       81
  SINCE SEP 1    302                       386    -84      332
  SINCE JUL 1    401                       515   -114      476

 COOLING
  TODAY            0                         0      0        0
  MONTH TO DATE    0                         0      0        0
  SINCE SEP 1      0                         0      0        0
  SINCE JAN 1     76                        51     25      115
..................................................................


WIND (MPH)
  HIGHEST WIND SPEED    21   HIGHEST WIND DIRECTION     S (200)
  HIGHEST GUST SPEED    26   HIGHEST GUST DIRECTION     S (190)
  AVERAGE WIND SPEED     6.2


SKY COVER
  POSSIBLE SUNSHINE  MM
  AVERAGE SKY COVER 0.5


WEATHER CONDITIONS
 THE FOLLOWING WEATHER WAS RECORDED TODAY.
  LIGHT RAIN
  FOG


RELATIVE HUMIDITY (PERCENT)
 HIGHEST   100           800 AM
 LOWEST     58           200 PM
 AVERAGE    79

..........................................................


THE ALAMOSA CO CLIMATE NORMALS FOR TOMORROW
                         NORMAL    RECORD    YEAR
 MAXIMUM TEMPERATURE (F)   66        78      1934
 MINIMUM TEMPERATURE (F)   28        13      1995
                                             1969


SUNRISE AND SUNSET
OCTOBER  5 2017.......SUNRISE   703 AM MDT   SUNSET   640 PM MDT
OCTOBER  6 2017.......SUNRISE   704 AM MDT   SUNSET   639 PM MDT


-  INDICATES NEGATIVE NUMBERS.
R  INDICATES RECORD WAS SET OR TIED.
MM INDICATES DATA IS MISSING.
T  INDICATES TRACE AMOUNT.




$$
