000
CDUS45 KPUB 121035
CLIALS


CLIMATE REPORT
NATIONAL WEATHER SERVICE PUEBLO
435 AM MDT SAT APR 12 2014


...................................

...THE ALAMOSA CO CLIMATE SUMMARY FOR APRIL 11 2014...

CLIMATE NORMAL PERIOD 1981 TO 2010
CLIMATE RECORD PERIOD 1932 TO 2014


WEATHER ITEM   OBSERVED TIME   RECORD YEAR NORMAL DEPARTURE LAST
                VALUE   (LST)  VALUE       VALUE  FROM      YEAR
                                                  NORMAL
..................................................................
TEMPERATURE (F)
 YESTERDAY
  MAXIMUM         72    314 PM  73    2012  58     14       53
                                      1971
                                      1934
  MINIMUM         24    542 AM   2    1951  23      1       15
  AVERAGE         48                        40      8       34

PRECIPITATION (IN)
  YESTERDAY        0.00          0.22 2009   0.02  -0.02     0.00
  MONTH TO DATE    0.43                      0.21   0.22     0.20
  SINCE MAR 1      0.83                      0.74   0.09     0.54
  SINCE JAN 1      0.95                      1.26  -0.31     0.76

SNOWFALL (IN)
  YESTERDAY        0.0           2.0  1997   0.1   -0.1      0.0
  MONTH TO DATE    3.2                       1.6    1.6      1.5
  SINCE MAR 1      6.6                       6.6    0.0      4.9
  SINCE JUL 1     34.7                      24.7   10.0     20.4
  SNOW DEPTH       0

DEGREE DAYS
 HEATING
  YESTERDAY       17                        25     -8       31
  MONTH TO DATE  270                       285    -15      267
  SINCE MAR 1   1145                      1262   -117     1226
  SINCE JUL 1   7713                      7591    122     8013

 COOLING
  YESTERDAY        0                         0      0        0
  MONTH TO DATE    0                         0      0        0
  SINCE MAR 1      0                         0      0        0
  SINCE JAN 1      0                         0      0        0
..................................................................


WIND (MPH)
  HIGHEST WIND SPEED    25   HIGHEST WIND DIRECTION    SW (240)
  HIGHEST GUST SPEED    33   HIGHEST GUST DIRECTION     W (260)
  AVERAGE WIND SPEED     7.7


SKY COVER
  POSSIBLE SUNSHINE  MM
  AVERAGE SKY COVER 0.0


WEATHER CONDITIONS
 THE FOLLOWING WEATHER WAS RECORDED YESTERDAY.
  NO SIGNIFICANT WEATHER WAS OBSERVED.


RELATIVE HUMIDITY (PERCENT)
 HIGHEST    74           600 AM
 LOWEST      7           200 PM
 AVERAGE    41

..........................................................


THE ALAMOSA CO CLIMATE NORMALS FOR TODAY
                         NORMAL    RECORD    YEAR
 MAXIMUM TEMPERATURE (F)   58        73      2006
 MINIMUM TEMPERATURE (F)   23         5      1997


SUNRISE AND SUNSET
APRIL 12 2014.........SUNRISE   633 AM MDT   SUNSET   736 PM MDT
APRIL 13 2014.........SUNRISE   631 AM MDT   SUNSET   737 PM MDT


-  INDICATES NEGATIVE NUMBERS.
R  INDICATES RECORD WAS SET OR TIED.
MM INDICATES DATA IS MISSING.
T  INDICATES TRACE AMOUNT.




$$
