188
CDUS45 KPUB 040022
CLIALS


CLIMATE REPORT
NATIONAL WEATHER SERVICE PUEBLO
522 PM MST WED FEB 3 2016


...................................

...THE ALAMOSA CO CLIMATE SUMMARY FOR FEBRUARY 3 2016...
VALID TODAY AS OF 0500 PM LOCAL TIME.

CLIMATE NORMAL PERIOD 1981 TO 2010
CLIMATE RECORD PERIOD 1932 TO 2016


WEATHER ITEM   OBSERVED TIME   RECORD YEAR NORMAL DEPARTURE LAST
                VALUE   (LST)  VALUE       VALUE  FROM      YEAR
                                                  NORMAL
..................................................................
TEMPERATURE (F)
 TODAY
  MAXIMUM         22    131 PM  54    1935  37    -15       48
  MINIMUM        -13    616 AM -31    2011   1    -14       13
  AVERAGE          5                        19    -14       31

PRECIPITATION (IN)
  TODAY            T             0.30 2004   0.01  -0.01     0.00
  MONTH TO DATE    0.15                      0.03   0.12     0.00
  SINCE DEC 1      0.98                      0.64   0.34     0.54
  SINCE JAN 1      0.73                      0.29   0.44     0.33

SNOWFALL (IN)
  TODAY            T             4.0  1936   0.1   -0.1      0.0
  MONTH TO DATE    1.7                       0.4    1.3      0.0
  SINCE DEC 1     12.1                       8.9    3.2      5.6
  SINCE JUL 1     16.4                      14.7    1.7      7.2
  SNOW DEPTH       T

DEGREE DAYS
 HEATING
  TODAY           60                        46     14       34
  MONTH TO DATE  154                       139     15      110
  SINCE DEC 1   3090                      3111    -21     2727
  SINCE JUL 1   4868                      5286   -418     4570

 COOLING
  TODAY            0                         0      0        0
  MONTH TO DATE    0                         0      0        0
  SINCE DEC 1      0                         0      0        0
  SINCE JAN 1      0                         0      0        0
..................................................................


WIND (MPH)
  HIGHEST WIND SPEED    23   HIGHEST WIND DIRECTION     N (340)
  HIGHEST GUST SPEED    29   HIGHEST GUST DIRECTION     N (350)
  AVERAGE WIND SPEED     6.6


SKY COVER
  POSSIBLE SUNSHINE  MM
  AVERAGE SKY COVER 0.5


WEATHER CONDITIONS
 THE FOLLOWING WEATHER WAS RECORDED TODAY.
  LIGHT SNOW
  FOG
  FOG W/VISIBILITY <= 1/4 MILE
  HAZE


RELATIVE HUMIDITY (PERCENT)
 HIGHEST    95           400 AM
 LOWEST     34           400 PM
 AVERAGE    65

..........................................................


THE ALAMOSA CO CLIMATE NORMALS FOR TOMORROW
                         NORMAL    RECORD    YEAR
 MAXIMUM TEMPERATURE (F)   37        58      1963
 MINIMUM TEMPERATURE (F)    1       -30      1979


SUNRISE AND SUNSET
FEBRUARY  3 2016......SUNRISE   705 AM MST   SUNSET   529 PM MST
FEBRUARY  4 2016......SUNRISE   705 AM MST   SUNSET   531 PM MST


-  INDICATES NEGATIVE NUMBERS.
R  INDICATES RECORD WAS SET OR TIED.
MM INDICATES DATA IS MISSING.
T  INDICATES TRACE AMOUNT.




$$
