000
CDUS45 KPUB 140020
CLIALS


CLIMATE REPORT
NATIONAL WEATHER SERVICE PUEBLO
620 PM MDT SAT AUG 13 2016


...................................

...THE ALAMOSA CO CLIMATE SUMMARY FOR AUGUST 13 2016...
VALID TODAY AS OF 0500 PM LOCAL TIME.

CLIMATE NORMAL PERIOD 1981 TO 2010
CLIMATE RECORD PERIOD 1932 TO 2016


WEATHER ITEM   OBSERVED TIME   RECORD YEAR NORMAL DEPARTURE LAST
                VALUE   (LST)  VALUE       VALUE  FROM      YEAR
                                                  NORMAL
..................................................................
TEMPERATURE (F)
 TODAY
  MAXIMUM         76    328 PM  89    1970  80     -4       87
  MINIMUM         49    517 AM  36    1988  47      2       44
  AVERAGE         63                        63      0       66

PRECIPITATION (IN)
  TODAY            0.00          0.61 1969   0.04  -0.04     0.00
  MONTH TO DATE    1.89                      0.52   1.37     0.15
  SINCE JUN 1      2.71                      1.98   0.73     2.68
  SINCE JAN 1      7.08                      4.20   2.88     6.62

SNOWFALL (IN)
  TODAY            0.0           0.0  2002   0.0    0.0      0.0
  MONTH TO DATE    0.0                       0.0    0.0      0.0
  SINCE JUN 1      0.0                       0.0    0.0      0.0
  SINCE JUL 1      0.0                       0.0    0.0      0.0
  SNOW DEPTH       0

DEGREE DAYS
 HEATING
  TODAY            2                         2      0        0
  MONTH TO DATE    9                        23    -14       12
  SINCE JUN 1     78                       236   -158      132
  SINCE JUL 1     22                        68    -46       56

 COOLING
  TODAY            0                         0      0        1
  MONTH TO DATE    9                        12     -3       12
  SINCE JUN 1    115                        50     65       61
  SINCE JAN 1    115                        50     65       61
..................................................................


WIND (MPH)
  HIGHEST WIND SPEED    20   HIGHEST WIND DIRECTION    SW (240)
  HIGHEST GUST SPEED    24   HIGHEST GUST DIRECTION    SW (240)
  AVERAGE WIND SPEED     6.5


SKY COVER
  POSSIBLE SUNSHINE  MM
  AVERAGE SKY COVER 0.2


WEATHER CONDITIONS
 THE FOLLOWING WEATHER WAS RECORDED TODAY.
  NO SIGNIFICANT WEATHER WAS OBSERVED.


RELATIVE HUMIDITY (PERCENT)
 HIGHEST    86           400 AM
 LOWEST     27           400 PM
 AVERAGE    57

..........................................................


THE ALAMOSA CO CLIMATE NORMALS FOR TOMORROW
                         NORMAL    RECORD    YEAR
 MAXIMUM TEMPERATURE (F)   80        88      2015
                                             1958
                                             1951
 MINIMUM TEMPERATURE (F)   47        36      2002
                                             1974


SUNRISE AND SUNSET
AUGUST 13 2016........SUNRISE   618 AM MDT   SUNSET   757 PM MDT
AUGUST 14 2016........SUNRISE   619 AM MDT   SUNSET   756 PM MDT


-  INDICATES NEGATIVE NUMBERS.
R  INDICATES RECORD WAS SET OR TIED.
MM INDICATES DATA IS MISSING.
T  INDICATES TRACE AMOUNT.




$$
