000
CDUS45 KPUB 101126
CLIALS


CLIMATE REPORT
NATIONAL WEATHER SERVICE PUEBLO
425 AM MST MON NOV 10 2014


...................................

...THE ALAMOSA CO CLIMATE SUMMARY FOR NOVEMBER 9 2014...

CLIMATE NORMAL PERIOD 1981 TO 2010
CLIMATE RECORD PERIOD 1932 TO 2014


WEATHER ITEM   OBSERVED TIME   RECORD YEAR NORMAL DEPARTURE LAST
                VALUE   (LST)  VALUE       VALUE  FROM      YEAR
                                                  NORMAL
..................................................................
TEMPERATURE (F)
 YESTERDAY
  MAXIMUM         59    259 PM  71    1980  51      8       58
  MINIMUM         15    505 AM  -2    1948  15      0       14
  AVERAGE         37                        33      4       36

PRECIPITATION (IN)
  YESTERDAY        0.00          0.13 1952   0.01  -0.01     0.00
  MONTH TO DATE    0.17                      0.15   0.02      T
  SINCE SEP 1      1.28                      1.74  -0.46     3.51
  SINCE JAN 1      5.16                      6.69  -1.53     8.38

SNOWFALL (IN)
  YESTERDAY        0.0           1.9  1952   0.1   -0.1      0.0
  MONTH TO DATE    0.0                       1.0   -1.0      0.0
  SINCE SEP 1      T                         3.1   -3.1      3.5
  SINCE JUL 1      T                         3.1   -3.1      3.5
  SNOW DEPTH       0

DEGREE DAYS
 HEATING
  YESTERDAY       28                        32     -4       29
  MONTH TO DATE  228                       272    -44      275
  SINCE SEP 1    963                      1253   -290     1199
  SINCE JUL 1   1084                      1382   -298     1274

 COOLING
  YESTERDAY        0                         0      0        0
  MONTH TO DATE    0                         0      0        0
  SINCE SEP 1      0                         0      0       14
  SINCE JAN 1     60                        51      9      113
..................................................................


WIND (MPH)
  HIGHEST WIND SPEED     9   HIGHEST WIND DIRECTION     S (170)
  HIGHEST GUST SPEED    12   HIGHEST GUST DIRECTION     S (170)
  AVERAGE WIND SPEED     4.3


SKY COVER
  POSSIBLE SUNSHINE  MM
  AVERAGE SKY COVER 0.0


WEATHER CONDITIONS
 THE FOLLOWING WEATHER WAS RECORDED YESTERDAY.
  NO SIGNIFICANT WEATHER WAS OBSERVED.


RELATIVE HUMIDITY (PERCENT)
 HIGHEST    88           600 AM
 LOWEST     14           200 PM
 AVERAGE    51

..........................................................


THE ALAMOSA CO CLIMATE NORMALS FOR TODAY
                         NORMAL    RECORD    YEAR
 MAXIMUM TEMPERATURE (F)   50        71      1980
 MINIMUM TEMPERATURE (F)   15        -8      1950


SUNRISE AND SUNSET
NOVEMBER 10 2014......SUNRISE   638 AM MST   SUNSET   457 PM MST
NOVEMBER 11 2014......SUNRISE   639 AM MST   SUNSET   456 PM MST


-  INDICATES NEGATIVE NUMBERS.
R  INDICATES RECORD WAS SET OR TIED.
MM INDICATES DATA IS MISSING.
T  INDICATES TRACE AMOUNT.




$$
