000
CDUS45 KPUB 170033
CLIALS


CLIMATE REPORT
NATIONAL WEATHER SERVICE PUEBLO
633 PM MDT SAT JUL 16 2016


...................................

...THE ALAMOSA CO CLIMATE SUMMARY FOR JULY 16 2016...
VALID TODAY AS OF 0500 PM LOCAL TIME.

CLIMATE NORMAL PERIOD 1981 TO 2010
CLIMATE RECORD PERIOD 1932 TO 2016


WEATHER ITEM   OBSERVED TIME   RECORD YEAR NORMAL DEPARTURE LAST
                VALUE   (LST)  VALUE       VALUE  FROM      YEAR
                                                  NORMAL
..................................................................
TEMPERATURE (F)
 TODAY
  MAXIMUM         89    300 PM  92    2011  83      6       81
                                      2010
  MINIMUM         47    526 AM  35    1994  47      0       44
  AVERAGE         68                        65      3       63

PRECIPITATION (IN)
  TODAY            0.00          0.51 1967   0.03  -0.03     0.00
  MONTH TO DATE    0.29                      0.46  -0.17     0.61
  SINCE JUN 1      0.80                      0.95  -0.15     1.80
  SINCE JAN 1      5.17                      3.17   2.00     5.74

SNOWFALL (IN)
  TODAY            0.0           0.0  2002   0.0    0.0      0.0
                                      2001
  MONTH TO DATE    0.0                       0.0    0.0      0.0
  SINCE JUN 1      0.0                       0.0    0.0      0.0
  SINCE JUL 1      0.0                       0.0    0.0      0.0
  SNOW DEPTH       0

DEGREE DAYS
 HEATING
  TODAY            0                         1     -1        2
  MONTH TO DATE   13                        25    -12       34
  SINCE JUN 1     69                       193   -124      110
  SINCE JUL 1     13                        25    -12       34

 COOLING
  TODAY            3                         1      2        0
  MONTH TO DATE   13                        16     -3       12
  SINCE JUN 1     42                        22     20       36
  SINCE JAN 1     42                        22     20       36
..................................................................


WIND (MPH)
  HIGHEST WIND SPEED    29   HIGHEST WIND DIRECTION     W (250)
  HIGHEST GUST SPEED    36   HIGHEST GUST DIRECTION    SW (240)
  AVERAGE WIND SPEED    10.0


SKY COVER
  POSSIBLE SUNSHINE  MM
  AVERAGE SKY COVER 0.0


WEATHER CONDITIONS
 THE FOLLOWING WEATHER WAS RECORDED TODAY.
  NO SIGNIFICANT WEATHER WAS OBSERVED.


RELATIVE HUMIDITY (PERCENT)
 HIGHEST    76           300 AM
 LOWEST      9           400 PM
 AVERAGE    43

..........................................................


THE ALAMOSA CO CLIMATE NORMALS FOR TOMORROW
                         NORMAL    RECORD    YEAR
 MAXIMUM TEMPERATURE (F)   83        92      2005
 MINIMUM TEMPERATURE (F)   47        39      1939


SUNRISE AND SUNSET
JULY 16 2016..........SUNRISE   556 AM MDT   SUNSET   823 PM MDT
JULY 17 2016..........SUNRISE   556 AM MDT   SUNSET   823 PM MDT


-  INDICATES NEGATIVE NUMBERS.
R  INDICATES RECORD WAS SET OR TIED.
MM INDICATES DATA IS MISSING.
T  INDICATES TRACE AMOUNT.




$$
