379
CDUS45 KPUB 141149
CLIALS


CLIMATE REPORT
NATIONAL WEATHER SERVICE PUEBLO
449 AM MST TUE NOV 14 2017


...................................

...THE ALAMOSA CO CLIMATE SUMMARY FOR NOVEMBER 13 2017...

CLIMATE NORMAL PERIOD 1981 TO 2010
CLIMATE RECORD PERIOD 1932 TO 2017


WEATHER ITEM   OBSERVED TIME   RECORD YEAR NORMAL DEPARTURE LAST
                VALUE   (LST)  VALUE       VALUE  FROM      YEAR
                                                  NORMAL
..................................................................
TEMPERATURE (F)
 YESTERDAY
  MAXIMUM         65R   243 PM  63    2007  48     17       58
                                      1999
                                      1973
  MINIMUM         24    529 AM -12    1940  13     11       15
  AVERAGE         45                        31     14       37

PRECIPITATION (IN)
  YESTERDAY        0.00          0.35 2003   0.01  -0.01     0.00
  MONTH TO DATE    0.01                      0.21  -0.20     0.17
  SINCE SEP 1      1.82                      1.80   0.02     0.47
  SINCE JAN 1     10.51                      6.75   3.76     7.82

SNOWFALL (IN)
  YESTERDAY        0.0           3.4  2003   0.1   -0.1      0.0
  MONTH TO DATE    0.2                       1.5   -1.3      0.0
  SINCE SEP 1      0.2                       3.6   -3.4      0.0
  SINCE JUL 1      0.2                       3.6   -3.4      0.0
  SNOW DEPTH       0

DEGREE DAYS
 HEATING
  YESTERDAY       20                        34    -14       28
  MONTH TO DATE  298                       406   -108      319
  SINCE SEP 1   1174                      1387   -213     1098
  SINCE JUL 1   1273                      1516   -243     1242

 COOLING
  YESTERDAY        0                         0      0        0
  MONTH TO DATE    0                         0      0        0
  SINCE SEP 1      0                         0      0        0
  SINCE JAN 1     76                        51     25      115
..................................................................


WIND (MPH)
  HIGHEST WIND SPEED    16   HIGHEST WIND DIRECTION    SW (220)
  HIGHEST GUST SPEED    18   HIGHEST GUST DIRECTION    SW (220)
  AVERAGE WIND SPEED     4.9


SKY COVER
  POSSIBLE SUNSHINE  MM
  AVERAGE SKY COVER 0.2


WEATHER CONDITIONS
 THE FOLLOWING WEATHER WAS RECORDED YESTERDAY.
  NO SIGNIFICANT WEATHER WAS OBSERVED.


RELATIVE HUMIDITY (PERCENT)
 HIGHEST    68           500 AM
 LOWEST     16           300 PM
 AVERAGE    42

..........................................................


THE ALAMOSA CO CLIMATE NORMALS FOR TODAY
                         NORMAL    RECORD    YEAR
 MAXIMUM TEMPERATURE (F)   48        65      1999
 MINIMUM TEMPERATURE (F)   13        -5      1940


SUNRISE AND SUNSET
NOVEMBER 14 2017......SUNRISE   642 AM MST   SUNSET   453 PM MST
NOVEMBER 15 2017......SUNRISE   643 AM MST   SUNSET   453 PM MST


-  INDICATES NEGATIVE NUMBERS.
R  INDICATES RECORD WAS SET OR TIED.
MM INDICATES DATA IS MISSING.
T  INDICATES TRACE AMOUNT.




$$
