000
CDUS45 KPUB 150023
CLIALS


CLIMATE REPORT
NATIONAL WEATHER SERVICE PUEBLO
622 PM MDT THU MAY 14 2015


...................................

...THE ALAMOSA CO CLIMATE SUMMARY FOR MAY 14 2015...
VALID TODAY AS OF 0500 PM LOCAL TIME.

CLIMATE NORMAL PERIOD 1981 TO 2010
CLIMATE RECORD PERIOD 1932 TO 2015


WEATHER ITEM   OBSERVED TIME   RECORD YEAR NORMAL DEPARTURE LAST
                VALUE   (LST)  VALUE       VALUE  FROM      YEAR
                                                  NORMAL
..................................................................
TEMPERATURE (F)
 TODAY
  MAXIMUM         67    252 PM  82    1978  69     -2       56
  MINIMUM         33    457 AM  17    2014  33      0       17
                                      1933
  AVERAGE         50                        51     -1       37

PRECIPITATION (IN)
  TODAY            0.00          0.40 1987   0.02  -0.02     0.00
  MONTH TO DATE    0.52                      0.29   0.23     0.10
  SINCE MAR 1      1.35                      1.41  -0.06     1.56
  SINCE JAN 1      2.69                      1.93   0.76     1.68

SNOWFALL (IN)
  TODAY            0.0           1.2  1967   0.1   -0.1      0.0
  MONTH TO DATE    T                         0.8   -0.8      1.3
  SINCE MAR 1      0.7                       9.4   -8.7     11.7
  SINCE JUL 1     23.8                      27.5   -3.7     39.8
  SNOW DEPTH       0

DEGREE DAYS
 HEATING
  TODAY           15                        14      1       28
  MONTH TO DATE  209                       227    -18      275
  SINCE MAR 1   1634                      1898   -264     1816
  SINCE JUL 1   7126                      8227  -1101     8384

 COOLING
  TODAY            0                         0      0        0
  MONTH TO DATE    0                         0      0        0
  SINCE MAR 1      0                         0      0        0
  SINCE JAN 1      0                         0      0        0
..................................................................


WIND (MPH)
  HIGHEST WIND SPEED    29   HIGHEST WIND DIRECTION     S (180)
  HIGHEST GUST SPEED    36   HIGHEST GUST DIRECTION     S (180)
  AVERAGE WIND SPEED    11.6


SKY COVER
  POSSIBLE SUNSHINE  MM
  AVERAGE SKY COVER 0.2


WEATHER CONDITIONS
 THE FOLLOWING WEATHER WAS RECORDED TODAY.
  NO SIGNIFICANT WEATHER WAS OBSERVED.


RELATIVE HUMIDITY (PERCENT)
 HIGHEST    76           600 AM
 LOWEST     19           300 PM
 AVERAGE    48

..........................................................


THE ALAMOSA CO CLIMATE NORMALS FOR TOMORROW
                         NORMAL    RECORD    YEAR
 MAXIMUM TEMPERATURE (F)   69        82      1996
                                             1988
 MINIMUM TEMPERATURE (F)   33        19      1998
                                             1943


SUNRISE AND SUNSET
MAY 14 2015...........SUNRISE   555 AM MDT   SUNSET   805 PM MDT
MAY 15 2015...........SUNRISE   555 AM MDT   SUNSET   806 PM MDT


-  INDICATES NEGATIVE NUMBERS.
R  INDICATES RECORD WAS SET OR TIED.
MM INDICATES DATA IS MISSING.
T  INDICATES TRACE AMOUNT.




$$
