104
CDUS45 KPUB 181046
CLIALS


CLIMATE REPORT
NATIONAL WEATHER SERVICE PUEBLO
446 AM MDT TUE APR 18 2017


...................................

...THE ALAMOSA CO CLIMATE SUMMARY FOR APRIL 17 2017...

CLIMATE NORMAL PERIOD 1981 TO 2010
CLIMATE RECORD PERIOD 1932 TO 2017


WEATHER ITEM   OBSERVED TIME   RECORD YEAR NORMAL DEPARTURE LAST
                VALUE   (LST)  VALUE       VALUE  FROM      YEAR
                                                  NORMAL
..................................................................
TEMPERATURE (F)
 YESTERDAY
  MAXIMUM         73   1225 PM  74    1954  60     13       42
                                      1948
  MINIMUM         24    515 AM   3    1999  25     -1       12
  AVERAGE         49                        42      7       27

PRECIPITATION (IN)
  YESTERDAY        0.00          0.45 2010   0.03  -0.03     0.32
  MONTH TO DATE    0.35                      0.32   0.03     0.99
  SINCE MAR 1      1.08                      0.85   0.23     1.51
  SINCE JAN 1      2.73                      1.37   1.36     2.49

SNOWFALL (IN)
  YESTERDAY        0.0           3.3  2008   0.1   -0.1      2.5
  MONTH TO DATE    3.2                       2.3    0.9      9.5
  SINCE MAR 1      3.9                       7.3   -3.4     17.7
  SINCE JUL 1     39.4                      25.4   14.0     36.5
  SNOW DEPTH       0

DEGREE DAYS
 HEATING
  YESTERDAY       16                        23     -7       38
  MONTH TO DATE  355                       426    -71      394
  SINCE MAR 1   1094                      1403   -309     1311
  SINCE JUL 1   6883                      7732   -849     7077

 COOLING
  YESTERDAY        0                         0      0        0
  MONTH TO DATE    0                         0      0        0
  SINCE MAR 1      0                         0      0        0
  SINCE JAN 1      0                         0      0        0
..................................................................


WIND (MPH)
  HIGHEST WIND SPEED    25   HIGHEST WIND DIRECTION    SW (240)
  HIGHEST GUST SPEED    33   HIGHEST GUST DIRECTION    SW (230)
  AVERAGE WIND SPEED     8.3


SKY COVER
  POSSIBLE SUNSHINE  MM
  AVERAGE SKY COVER 0.0


WEATHER CONDITIONS
 THE FOLLOWING WEATHER WAS RECORDED YESTERDAY.
  NO SIGNIFICANT WEATHER WAS OBSERVED.


RELATIVE HUMIDITY (PERCENT)
 HIGHEST    81           500 AM
 LOWEST      9           100 PM
 AVERAGE    45

..........................................................


THE ALAMOSA CO CLIMATE NORMALS FOR TODAY
                         NORMAL    RECORD    YEAR
 MAXIMUM TEMPERATURE (F)   60        74      2001
 MINIMUM TEMPERATURE (F)   25         8      2013


SUNRISE AND SUNSET
APRIL 18 2017.........SUNRISE   624 AM MDT   SUNSET   742 PM MDT
APRIL 19 2017.........SUNRISE   623 AM MDT   SUNSET   743 PM MDT


-  INDICATES NEGATIVE NUMBERS.
R  INDICATES RECORD WAS SET OR TIED.
MM INDICATES DATA IS MISSING.
T  INDICATES TRACE AMOUNT.




$$
