155
CDUS45 KPUB 251110
CLIALS


CLIMATE REPORT
NATIONAL WEATHER SERVICE PUEBLO
508 AM MDT WED MAY 25 2016


...................................

...THE ALAMOSA CO CLIMATE SUMMARY FOR MAY 24 2016...

CLIMATE NORMAL PERIOD 1981 TO 2010
CLIMATE RECORD PERIOD 1932 TO 2016


WEATHER ITEM   OBSERVED TIME   RECORD YEAR NORMAL DEPARTURE LAST
                VALUE   (LST)  VALUE       VALUE  FROM      YEAR
                                                  NORMAL
..................................................................
TEMPERATURE (F)
 YESTERDAY
  MAXIMUM         73    223 PM  85    2005  72      1       52
  MINIMUM         34    436 AM  22    1975  36     -2       36
  AVERAGE         54                        54      0       44

PRECIPITATION (IN)
  YESTERDAY        0.00          0.84 1959   0.02  -0.02     0.16
  MONTH TO DATE    0.59                      0.46   0.13     1.76
  SINCE MAR 1      2.86                      1.58   1.28     2.59
  SINCE JAN 1      3.84                      2.10   1.74     3.93

SNOWFALL (IN)
  YESTERDAY        0.0           0.0  2002   0.0    0.0      0.0
                                      2001
  MONTH TO DATE    0.8                       0.9   -0.1       T
  SINCE MAR 1     24.2                       9.5   14.7      0.7
  SINCE JUL 1     43.0                      27.6   15.4     23.8
  SNOW DEPTH       0

DEGREE DAYS
 HEATING
  YESTERDAY       11                        11      0       21
  MONTH TO DATE  354                       354      0      377
  SINCE MAR 1   1956                      2025    -69     1802
  SINCE JUL 1   7722                      8354   -632     7294

 COOLING
  YESTERDAY        0                         0      0        0
  MONTH TO DATE    0                         0      0        0
  SINCE MAR 1      0                         0      0        0
  SINCE JAN 1      0                         0      0        0
..................................................................


WIND (MPH)
  HIGHEST WIND SPEED    31   HIGHEST WIND DIRECTION    SW (240)
  HIGHEST GUST SPEED    37   HIGHEST GUST DIRECTION    SW (240)
  AVERAGE WIND SPEED    13.1


SKY COVER
  POSSIBLE SUNSHINE  MM
  AVERAGE SKY COVER 0.0


WEATHER CONDITIONS
 THE FOLLOWING WEATHER WAS RECORDED YESTERDAY.
  HAZE


RELATIVE HUMIDITY (PERCENT)
 HIGHEST    69           400 AM
 LOWEST     12           300 PM
 AVERAGE    41

..........................................................


THE ALAMOSA CO CLIMATE NORMALS FOR TODAY
                         NORMAL    RECORD    YEAR
 MAXIMUM TEMPERATURE (F)   72        84      2006
 MINIMUM TEMPERATURE (F)   36        21      2010


SUNRISE AND SUNSET
MAY 25 2016...........SUNRISE   547 AM MDT   SUNSET   814 PM MDT
MAY 26 2016...........SUNRISE   547 AM MDT   SUNSET   815 PM MDT


-  INDICATES NEGATIVE NUMBERS.
R  INDICATES RECORD WAS SET OR TIED.
MM INDICATES DATA IS MISSING.
T  INDICATES TRACE AMOUNT.




$$
