000
CDUS45 KPUB 180025
CLIALS


CLIMATE REPORT
NATIONAL WEATHER SERVICE PUEBLO
625 PM MDT THU JUL 17 2014


...................................

...THE ALAMOSA CO CLIMATE SUMMARY FOR JULY 17 2014...
VALID TODAY AS OF 0500 PM LOCAL TIME.

CLIMATE NORMAL PERIOD 1981 TO 2010
CLIMATE RECORD PERIOD 1932 TO 2014


WEATHER ITEM   OBSERVED TIME   RECORD YEAR NORMAL DEPARTURE LAST
                VALUE   (LST)  VALUE       VALUE  FROM      YEAR
                                                  NORMAL
..................................................................
TEMPERATURE (F)
 TODAY
  MAXIMUM         79    209 PM  92    2005  83     -4       80
  MINIMUM         48    535 AM  39    1939  47      1       43
  AVERAGE         64                        65     -1       62

PRECIPITATION (IN)
  TODAY            0.02          0.73 1969   0.03  -0.01     0.00
  MONTH TO DATE    0.67                      0.49   0.18     0.27
  SINCE JUN 1      0.69                      0.98  -0.29     0.81
  SINCE JAN 1      2.50                      3.20  -0.70     1.87

SNOWFALL (IN)
  TODAY            0.0           0.0  2002   0.0    0.0      0.0
                                      2001
  MONTH TO DATE    0.0                       0.0    0.0      0.0
  SINCE JUN 1      0.0                       0.0    0.0      0.0
  SINCE JUL 1      0.0                       0.0    0.0      0.0
  SNOW DEPTH       0

DEGREE DAYS
 HEATING
  TODAY            1                         1      0        3
  MONTH TO DATE   13                        26    -13       18
  SINCE JUN 1    139                       194    -55      120
  SINCE JUL 1     13                        26    -13       18

 COOLING
  TODAY            0                         1     -1        0
  MONTH TO DATE   25                        17      8       25
  SINCE JUN 1     26                        23      3       41
  SINCE JAN 1     26                        23      3       41
..................................................................


WIND (MPH)
  HIGHEST WIND SPEED    24   HIGHEST WIND DIRECTION    SW (230)
  HIGHEST GUST SPEED    29   HIGHEST GUST DIRECTION    SW (230)
  AVERAGE WIND SPEED     5.9


SKY COVER
  POSSIBLE SUNSHINE  MM
  AVERAGE SKY COVER 0.1


WEATHER CONDITIONS
 THE FOLLOWING WEATHER WAS RECORDED TODAY.
  LIGHT RAIN


RELATIVE HUMIDITY (PERCENT)
 HIGHEST    93           300 AM
 LOWEST     30           200 PM
 AVERAGE    62

..........................................................


THE ALAMOSA CO CLIMATE NORMALS FOR TOMORROW
                         NORMAL    RECORD    YEAR
 MAXIMUM TEMPERATURE (F)   83        92      1989
 MINIMUM TEMPERATURE (F)   48        38      1987


SUNRISE AND SUNSET
JULY 17 2014..........SUNRISE   556 AM MDT   SUNSET   823 PM MDT
JULY 18 2014..........SUNRISE   557 AM MDT   SUNSET   822 PM MDT


-  INDICATES NEGATIVE NUMBERS.
R  INDICATES RECORD WAS SET OR TIED.
MM INDICATES DATA IS MISSING.
T  INDICATES TRACE AMOUNT.




$$
