885
CDUS45 KPUB 032114 CCA
CLIALS

CLIMATE REPORT...COR FOR SNOWFALL
NATIONAL WEATHER SERVICE PUEBLO

430 AM MST WED FEB 3 2016


...................................

...THE ALAMOSA CO CLIMATE SUMMARY FOR FEBRUARY 2 2016...

CLIMATE NORMAL PERIOD 1981 TO 2010
CLIMATE RECORD PERIOD 1932 TO 2016


WEATHER ITEM   OBSERVED TIME   RECORD YEAR NORMAL DEPARTURE LAST
                VALUE   (LST)  VALUE       VALUE  FROM      YEAR
                                                  NORMAL
..................................................................
TEMPERATURE (F)
 YESTERDAY
  MAXIMUM         25    140 PM  58    1935  36    -11       47
  MINIMUM          8    240 AM -26    2007   1      7        9
                                      1994
  AVERAGE         17                        18     -1       28

PRECIPITATION (IN)
  YESTERDAY        0.06          0.22 1943   0.01   0.05     0.00
  MONTH TO DATE    0.15                      0.02   0.13     0.00
  SINCE DEC 1      0.98                      0.63   0.35     0.54
  SINCE JAN 1      0.73                      0.28   0.45     0.33

SNOWFALL (IN)
  YESTERDAY        0.8           3.2  1960   0.2    0.6      0.0
  MONTH TO DATE    1.7                       0.3    1.4      0.0
  SINCE DEC 1     12.1                       8.8    3.3      5.6
  SINCE JUL 1     16.4                      14.6    1.8      7.2
  SNOW DEPTH       T

DEGREE DAYS
 HEATING
  YESTERDAY       48                        46      2       37
  MONTH TO DATE   94                        93      1       76
  SINCE DEC 1   3030                      3065    -35     2693
  SINCE JUL 1   4808                      5240   -432     4536

 COOLING
  YESTERDAY        0                         0      0        0
  MONTH TO DATE    0                         0      0        0
  SINCE DEC 1      0                         0      0        0
  SINCE JAN 1      0                         0      0        0
..................................................................


WIND (MPH)
  HIGHEST WIND SPEED    21   HIGHEST WIND DIRECTION     N (360)
  HIGHEST GUST SPEED    27   HIGHEST GUST DIRECTION     N (360)
  AVERAGE WIND SPEED     6.9


SKY COVER
  POSSIBLE SUNSHINE  MM
  AVERAGE SKY COVER 1.0


WEATHER CONDITIONS
 THE FOLLOWING WEATHER WAS RECORDED YESTERDAY.
  LIGHT SNOW
  FOG


RELATIVE HUMIDITY (PERCENT)
 HIGHEST    84           400 AM
 LOWEST     47          1100 AM
 AVERAGE    66

..........................................................


THE ALAMOSA CO CLIMATE NORMALS FOR TODAY
                         NORMAL    RECORD    YEAR
 MAXIMUM TEMPERATURE (F)   37        54      1935
 MINIMUM TEMPERATURE (F)    1       -31      2011


SUNRISE AND SUNSET
FEBRUARY  3 2016......SUNRISE   705 AM MST   SUNSET   529 PM MST
FEBRUARY  4 2016......SUNRISE   705 AM MST   SUNSET   531 PM MST


-  INDICATES NEGATIVE NUMBERS.
R  INDICATES RECORD WAS SET OR TIED.
MM INDICATES DATA IS MISSING.
T  INDICATES TRACE AMOUNT.




$$
