000
CDUS45 KPUB 261048
CLIALS


CLIMATE REPORT
NATIONAL WEATHER SERVICE PUEBLO
448 AM MDT FRI JUN 26 2015


...................................

...THE ALAMOSA CO CLIMATE SUMMARY FOR JUNE 25 2015...

CLIMATE NORMAL PERIOD 1981 TO 2010
CLIMATE RECORD PERIOD 1932 TO 2015


WEATHER ITEM   OBSERVED TIME   RECORD YEAR NORMAL DEPARTURE LAST
                VALUE   (LST)  VALUE       VALUE  FROM      YEAR
                                                  NORMAL
..................................................................
TEMPERATURE (F)
 YESTERDAY
  MAXIMUM         85    130 PM  93    2012  81      4       86
  MINIMUM         45    519 AM  32    1976  43      2       40
  AVERAGE         65                        62      3       63

PRECIPITATION (IN)
  YESTERDAY        0.00          0.33 1983   0.02  -0.02     0.00
  MONTH TO DATE    1.14                      0.39   0.75     0.01
  SINCE JUN 1      1.14                      0.39   0.75     0.01
  SINCE JAN 1      5.08                      2.61   2.47     1.82

SNOWFALL (IN)
  YESTERDAY        0.0           0.0  2002   0.0    0.0      0.0
  MONTH TO DATE    0.0                       0.0    0.0      0.0
  SINCE JUN 1      0.0                       0.0    0.0      0.0
  SINCE JUL 1     23.8                      27.6   -3.8     39.8
  SNOW DEPTH       0

DEGREE DAYS
 HEATING
  YESTERDAY        0                         3     -3        2
  MONTH TO DATE   76                       154    -78      119
  SINCE JUN 1     76                       154    -78      119
  SINCE JUL 1   7457                      8580  -1123     8665

 COOLING
  YESTERDAY        0                         0      0        0
  MONTH TO DATE   14                         0     14        0
  SINCE JUN 1     14                         0     14        0
  SINCE JAN 1     14                         0     14        0
..................................................................


WIND (MPH)
  HIGHEST WIND SPEED    29   HIGHEST WIND DIRECTION     N (350)
  HIGHEST GUST SPEED    37   HIGHEST GUST DIRECTION    NW (320)
  AVERAGE WIND SPEED     6.9


SKY COVER
  POSSIBLE SUNSHINE  MM
  AVERAGE SKY COVER 0.0


WEATHER CONDITIONS
 THE FOLLOWING WEATHER WAS RECORDED YESTERDAY.
  NO SIGNIFICANT WEATHER WAS OBSERVED.


RELATIVE HUMIDITY (PERCENT)
 HIGHEST    86           500 AM
 LOWEST     15           300 PM
 AVERAGE    51

..........................................................


THE ALAMOSA CO CLIMATE NORMALS FOR TODAY
                         NORMAL    RECORD    YEAR
 MAXIMUM TEMPERATURE (F)   81        95      1994
 MINIMUM TEMPERATURE (F)   43        33      1965


SUNRISE AND SUNSET
JUNE 26 2015..........SUNRISE   544 AM MDT   SUNSET   828 PM MDT
JUNE 27 2015..........SUNRISE   544 AM MDT   SUNSET   828 PM MDT


-  INDICATES NEGATIVE NUMBERS.
R  INDICATES RECORD WAS SET OR TIED.
MM INDICATES DATA IS MISSING.
T  INDICATES TRACE AMOUNT.




$$
