000
CDUS45 KPUB 141039
CLIALS


CLIMATE REPORT
NATIONAL WEATHER SERVICE PUEBLO
438 AM MDT THU APR 14 2016


...................................

...THE ALAMOSA CO CLIMATE SUMMARY FOR APRIL 13 2016...

CLIMATE NORMAL PERIOD 1981 TO 2010
CLIMATE RECORD PERIOD 1932 TO 2016


WEATHER ITEM   OBSERVED TIME   RECORD YEAR NORMAL DEPARTURE LAST
                VALUE   (LST)  VALUE       VALUE  FROM      YEAR
                                                  NORMAL
..................................................................
TEMPERATURE (F)
 YESTERDAY
  MAXIMUM         65    315 PM  75    2006  59      6       65
  MINIMUM         25    503 AM   6    2007  24      1       24
  AVERAGE         45                        41      4       45

PRECIPITATION (IN)
  YESTERDAY        0.00          0.56 1967   0.02  -0.02     0.00
  MONTH TO DATE    T                         0.24  -0.24     0.00
  SINCE MAR 1      0.52                      0.77  -0.25     0.40
  SINCE JAN 1      1.50                      1.29   0.21     1.74

SNOWFALL (IN)
  YESTERDAY        0.0           6.4  1967   0.1   -0.1      0.0
  MONTH TO DATE    0.0                       1.8   -1.8      0.0
  SINCE MAR 1      8.2                       6.8    1.4       T
  SINCE JUL 1     27.0                      24.9    2.1     23.1
  SNOW DEPTH       0

DEGREE DAYS
 HEATING
  YESTERDAY       20                        24     -4       20
  MONTH TO DATE  287                       333    -46      262
  SINCE MAR 1   1204                      1310   -106     1047
  SINCE JUL 1   6970                      7639   -669     6539

 COOLING
  YESTERDAY        0                         0      0        0
  MONTH TO DATE    0                         0      0        0
  SINCE MAR 1      0                         0      0        0
  SINCE JAN 1      0                         0      0        0
..................................................................


WIND (MPH)
  HIGHEST WIND SPEED    25   HIGHEST WIND DIRECTION     W (250)
  HIGHEST GUST SPEED    34   HIGHEST GUST DIRECTION     W (250)
  AVERAGE WIND SPEED     5.8


SKY COVER
  POSSIBLE SUNSHINE  MM
  AVERAGE SKY COVER 0.1


WEATHER CONDITIONS
 THE FOLLOWING WEATHER WAS RECORDED YESTERDAY.
  FOG


RELATIVE HUMIDITY (PERCENT)
 HIGHEST   100           600 AM
 LOWEST     16           300 PM
 AVERAGE    58

..........................................................


THE ALAMOSA CO CLIMATE NORMALS FOR TODAY
                         NORMAL    RECORD    YEAR
 MAXIMUM TEMPERATURE (F)   59        76      2002
 MINIMUM TEMPERATURE (F)   24        -4      1933


SUNRISE AND SUNSET
APRIL 14 2016.........SUNRISE   629 AM MDT   SUNSET   738 PM MDT
APRIL 15 2016.........SUNRISE   628 AM MDT   SUNSET   739 PM MDT


-  INDICATES NEGATIVE NUMBERS.
R  INDICATES RECORD WAS SET OR TIED.
MM INDICATES DATA IS MISSING.
T  INDICATES TRACE AMOUNT.




$$
