000
CDUS45 KPUB 141049
CLIALS


CLIMATE REPORT
NATIONAL WEATHER SERVICE PUEBLO
449 AM MDT FRI JUL 14 2017


...................................

...THE ALAMOSA CO CLIMATE SUMMARY FOR JULY 13 2017...

CLIMATE NORMAL PERIOD 1981 TO 2010
CLIMATE RECORD PERIOD 1932 TO 2017


WEATHER ITEM   OBSERVED TIME   RECORD YEAR NORMAL DEPARTURE LAST
                VALUE   (LST)  VALUE       VALUE  FROM      YEAR
                                                  NORMAL
..................................................................
TEMPERATURE (F)
 YESTERDAY
  MAXIMUM         79    135 PM  93    2003  83     -4       88
                                      1971
  MINIMUM         52    525 AM  35    1987  47      5       37
  AVERAGE         66                        65      1       63

PRECIPITATION (IN)
  YESTERDAY        0.24          0.40 1976   0.03   0.21     0.00
  MONTH TO DATE    1.49                      0.36   1.13     0.29
  SINCE JUN 1      1.68                      0.85   0.83     0.80
  SINCE JAN 1      5.93                      3.07   2.86     5.17

SNOWFALL (IN)
  YESTERDAY        0.0           0.0  2002   0.0    0.0      0.0
                                      2001
  MONTH TO DATE    T                         0.0    0.0      0.0
  SINCE JUN 1      T                         0.0    0.0      0.0
  SINCE JUL 1      T                         0.0    0.0      0.0
  SNOW DEPTH       0

DEGREE DAYS
 HEATING
  YESTERDAY        0                         1     -1        2
  MONTH TO DATE    8                        22    -14       12
  SINCE JUN 1     99                       190    -91       68
  SINCE JUL 1      8                        22    -14       12

 COOLING
  YESTERDAY        1                         1      0        0
  MONTH TO DATE   16                        13      3        7
  SINCE JUN 1     34                        19     15       36
  SINCE JAN 1     34                        19     15       36
..................................................................


WIND (MPH)
  HIGHEST WIND SPEED    20   HIGHEST WIND DIRECTION    NW (330)
  HIGHEST GUST SPEED    25   HIGHEST GUST DIRECTION     E (90)
  AVERAGE WIND SPEED     7.4


SKY COVER
  POSSIBLE SUNSHINE  MM
  AVERAGE SKY COVER 0.4


WEATHER CONDITIONS
 THE FOLLOWING WEATHER WAS RECORDED YESTERDAY.
  RAIN
  LIGHT RAIN
  FOG


RELATIVE HUMIDITY (PERCENT)
 HIGHEST   100           300 AM
 LOWEST     35           200 PM
 AVERAGE    68

..........................................................


THE ALAMOSA CO CLIMATE NORMALS FOR TODAY
                         NORMAL    RECORD    YEAR
 MAXIMUM TEMPERATURE (F)   83        93      2003
 MINIMUM TEMPERATURE (F)   47        36      1992


SUNRISE AND SUNSET
JULY 14 2017..........SUNRISE   554 AM MDT   SUNSET   824 PM MDT
JULY 15 2017..........SUNRISE   555 AM MDT   SUNSET   824 PM MDT


-  INDICATES NEGATIVE NUMBERS.
R  INDICATES RECORD WAS SET OR TIED.
MM INDICATES DATA IS MISSING.
T  INDICATES TRACE AMOUNT.




$$
