000
CDUS45 KPUB 151034
CLIALS


CLIMATE REPORT
NATIONAL WEATHER SERVICE PUEBLO
433 AM MDT THU SEP 15 2016


...................................

...THE ALAMOSA CO CLIMATE SUMMARY FOR SEPTEMBER 14 2016...

CLIMATE NORMAL PERIOD 1981 TO 2010
CLIMATE RECORD PERIOD 1932 TO 2016


WEATHER ITEM   OBSERVED TIME   RECORD YEAR NORMAL DEPARTURE LAST
                VALUE   (LST)  VALUE       VALUE  FROM      YEAR
                                                  NORMAL
..................................................................
TEMPERATURE (F)
 YESTERDAY
  MAXIMUM         71    238 PM  85    1956  74     -3       78
  MINIMUM         41   1159 PM  24    1945  38      3       38
  AVERAGE         56                        56      0       58

PRECIPITATION (IN)
  YESTERDAY        T             0.68 2013   0.03  -0.03     0.00
  MONTH TO DATE    0.15                      0.49  -0.34     0.03
  SINCE SEP 1      0.15                      0.49  -0.34     0.03
  SINCE JAN 1      7.50                      5.44   2.06     7.00

SNOWFALL (IN)
  YESTERDAY        0.0           0.0  2002   0.0    0.0      0.0
  MONTH TO DATE    0.0                       0.0    0.0      0.0
  SINCE SEP 1      0.0                       0.0    0.0      0.0
  SINCE JUL 1      0.0                       0.0    0.0      0.0
  SNOW DEPTH       0

DEGREE DAYS
 HEATING
  YESTERDAY        9                         9      0        7
  MONTH TO DATE   72                       100    -28       73
  SINCE SEP 1     72                       100    -28       73
  SINCE JUL 1    216                       229    -13      165

 COOLING
  YESTERDAY        0                         0      0        0
  MONTH TO DATE    0                         0      0        0
  SINCE SEP 1      0                         0      0        0
  SINCE JAN 1    115                        51     64       74
..................................................................


WIND (MPH)
  HIGHEST WIND SPEED    30   HIGHEST WIND DIRECTION    SW (240)
  HIGHEST GUST SPEED    38   HIGHEST GUST DIRECTION     W (250)
  AVERAGE WIND SPEED    11.5


SKY COVER
  POSSIBLE SUNSHINE  MM
  AVERAGE SKY COVER 0.4


WEATHER CONDITIONS
 THE FOLLOWING WEATHER WAS RECORDED YESTERDAY.
  LIGHT RAIN


RELATIVE HUMIDITY (PERCENT)
 HIGHEST    93           500 AM
 LOWEST     28          1200 PM
 AVERAGE    61

..........................................................


THE ALAMOSA CO CLIMATE NORMALS FOR TODAY
                         NORMAL    RECORD    YEAR
 MAXIMUM TEMPERATURE (F)   73        83      2000
                                             1990
                                             1956
 MINIMUM TEMPERATURE (F)   37        24      1987


SUNRISE AND SUNSET
SEPTEMBER 15 2016.....SUNRISE   646 AM MDT   SUNSET   710 PM MDT
SEPTEMBER 16 2016.....SUNRISE   647 AM MDT   SUNSET   709 PM MDT


-  INDICATES NEGATIVE NUMBERS.
R  INDICATES RECORD WAS SET OR TIED.
MM INDICATES DATA IS MISSING.
T  INDICATES TRACE AMOUNT.




$$
