008
CDUS45 KPUB 220021
CLIALS


CLIMATE REPORT
NATIONAL WEATHER SERVICE PUEBLO
621 PM MDT SUN MAY 21 2017


...................................

...THE ALAMOSA CO CLIMATE SUMMARY FOR MAY 21 2017...
VALID TODAY AS OF 0500 PM LOCAL TIME.

CLIMATE NORMAL PERIOD 1981 TO 2010
CLIMATE RECORD PERIOD 1932 TO 2017


WEATHER ITEM   OBSERVED TIME   RECORD YEAR NORMAL DEPARTURE LAST
                VALUE   (LST)  VALUE       VALUE  FROM      YEAR
                                                  NORMAL
..................................................................
TEMPERATURE (F)
 TODAY
  MAXIMUM         68    428 PM  89    2005  71     -3       76
  MINIMUM         29    502 AM  20    1974  35     -6       34
  AVERAGE         49                        53     -4       55

PRECIPITATION (IN)
  TODAY            0.00          0.54 2009   0.02  -0.02     0.00
  MONTH TO DATE    1.23                      0.41   0.82     0.59
  SINCE MAR 1      2.59                      1.53   1.06     2.86
  SINCE JAN 1      4.24                      2.05   2.19     3.84

SNOWFALL (IN)
  TODAY            0.0           T    1959   0.0    0.0      0.0
  MONTH TO DATE    1.1                       0.9    0.2      0.8
  SINCE MAR 1      6.7                       9.5   -2.8     24.2
  SINCE JUL 1     42.2                      27.6   14.6     43.0
  SNOW DEPTH       0

DEGREE DAYS
 HEATING
  TODAY           16                        12      4       10
  MONTH TO DATE  336                       319     17      323
  SINCE MAR 1   1711                      1990   -279     1925
  SINCE JUL 1   7500                      8319   -819     7691

 COOLING
  TODAY            0                         0      0        0
  MONTH TO DATE    0                         0      0        0
  SINCE MAR 1      0                         0      0        0
  SINCE JAN 1      0                         0      0        0
..................................................................


WIND (MPH)
  HIGHEST WIND SPEED    14   HIGHEST WIND DIRECTION    SE (150)
  HIGHEST GUST SPEED    19   HIGHEST GUST DIRECTION    NE (50)
  AVERAGE WIND SPEED     6.4


SKY COVER
  POSSIBLE SUNSHINE  MM
  AVERAGE SKY COVER 0.0


WEATHER CONDITIONS
 THE FOLLOWING WEATHER WAS RECORDED TODAY.
  NO SIGNIFICANT WEATHER WAS OBSERVED.


RELATIVE HUMIDITY (PERCENT)
 HIGHEST    85           400 AM
 LOWEST     15           400 PM
 AVERAGE    50

..........................................................


THE ALAMOSA CO CLIMATE NORMALS FOR TOMORROW
                         NORMAL    RECORD    YEAR
 MAXIMUM TEMPERATURE (F)   71        87      2005
 MINIMUM TEMPERATURE (F)   35        22      1974


SUNRISE AND SUNSET
MAY 21 2017...........SUNRISE   550 AM MDT   SUNSET   811 PM MDT
MAY 22 2017...........SUNRISE   549 AM MDT   SUNSET   812 PM MDT


-  INDICATES NEGATIVE NUMBERS.
R  INDICATES RECORD WAS SET OR TIED.
MM INDICATES DATA IS MISSING.
T  INDICATES TRACE AMOUNT.




$$
