000
CDUS45 KPUB 211037
CLIALS


CLIMATE REPORT
NATIONAL WEATHER SERVICE PUEBLO
437 AM MDT SAT MAR 21 2015


...................................

...THE ALAMOSA CO CLIMATE SUMMARY FOR MARCH 20 2015...

CLIMATE NORMAL PERIOD 1981 TO 2010
CLIMATE RECORD PERIOD 1932 TO 2015


WEATHER ITEM   OBSERVED TIME   RECORD YEAR NORMAL DEPARTURE LAST
                VALUE   (LST)  VALUE       VALUE  FROM      YEAR
                                                  NORMAL
..................................................................
TEMPERATURE (F)
 YESTERDAY
  MAXIMUM         55    428 PM  72    2004  52      3       62
  MINIMUM         30    409 AM  -5    1964  18     12        9
  AVERAGE         43                        35      8       36

PRECIPITATION (IN)
  YESTERDAY        0.00          0.29 1970   0.02  -0.02     0.00
  MONTH TO DATE    0.40                      0.32   0.08     0.40
  SINCE MAR 1      0.40                      0.32   0.08     0.40
  SINCE JAN 1      1.74                      0.84   0.90     0.52

SNOWFALL (IN)
  YESTERDAY        0.0           4.8  1970   0.1   -0.1      0.0
  MONTH TO DATE    T                         3.1   -3.1      3.4
  SINCE MAR 1      T                         3.1   -3.1      3.4
  SINCE JUL 1     23.1                      21.2    1.9     31.5
  SNOW DEPTH       0

DEGREE DAYS
 HEATING
  YESTERDAY       22                        30     -8       29
  MONTH TO DATE  563                       661    -98      585
  SINCE MAR 1    563                       661    -98      585
  SINCE JUL 1   6055                      6990   -935     7153

 COOLING
  YESTERDAY        0                         0      0        0
  MONTH TO DATE    0                         0      0        0
  SINCE MAR 1      0                         0      0        0
  SINCE JAN 1      0                         0      0        0
..................................................................


WIND (MPH)
  HIGHEST WIND SPEED    10   HIGHEST WIND DIRECTION    SW (210)
  HIGHEST GUST SPEED    13   HIGHEST GUST DIRECTION    SW (210)
  AVERAGE WIND SPEED     3.0


SKY COVER
  POSSIBLE SUNSHINE  MM
  AVERAGE SKY COVER 0.5


WEATHER CONDITIONS
 THE FOLLOWING WEATHER WAS RECORDED YESTERDAY.
  FOG
  FOG W/VISIBILITY <= 1/4 MILE


RELATIVE HUMIDITY (PERCENT)
 HIGHEST    96           800 AM
 LOWEST     30           600 PM
 AVERAGE    63

..........................................................


THE ALAMOSA CO CLIMATE NORMALS FOR TODAY
                         NORMAL    RECORD    YEAR
 MAXIMUM TEMPERATURE (F)   52        72      1997
 MINIMUM TEMPERATURE (F)   19       -12      1970


SUNRISE AND SUNSET
MARCH 21 2015.........SUNRISE   706 AM MDT   SUNSET   716 PM MDT
MARCH 22 2015.........SUNRISE   704 AM MDT   SUNSET   717 PM MDT


-  INDICATES NEGATIVE NUMBERS.
R  INDICATES RECORD WAS SET OR TIED.
MM INDICATES DATA IS MISSING.
T  INDICATES TRACE AMOUNT.




$$
