000
CDUS45 KPUB 030026
CLIALS


CLIMATE REPORT
NATIONAL WEATHER SERVICE PUEBLO
626 PM MDT WED APR 2 2014


...................................

...THE ALAMOSA CO CLIMATE SUMMARY FOR APRIL 2 2014...
VALID TODAY AS OF 0500 PM LOCAL TIME.

CLIMATE NORMAL PERIOD 1981 TO 2010
CLIMATE RECORD PERIOD 1932 TO 2014


WEATHER ITEM   OBSERVED TIME   RECORD YEAR NORMAL DEPARTURE LAST
                VALUE   (LST)  VALUE       VALUE  FROM      YEAR
                                                  NORMAL
..................................................................
TEMPERATURE (F)
 TODAY
  MAXIMUM         54    319 PM  75    2011  55     -1       59
  MINIMUM         33    615 AM   1    1936  21     12       21
  AVERAGE         44                        38      6       40

PRECIPITATION (IN)
  TODAY            0.00          0.45 1957   0.02  -0.02      T
  MONTH TO DATE    0.00                      0.04  -0.04      T
  SINCE MAR 1      0.40                      0.57  -0.17     0.34
  SINCE JAN 1      0.52                      1.09  -0.57     0.56

SNOWFALL (IN)
  TODAY            0.0           6.6  1957   0.1   -0.1       T
  MONTH TO DATE    0.0                       0.3   -0.3       T
  SINCE MAR 1      3.4                       5.3   -1.9      3.4
  SINCE JUL 1     31.5                      23.4    8.1     18.9
  SNOW DEPTH       0

DEGREE DAYS
 HEATING
  TODAY           21                        27     -6       25
  MONTH TO DATE   43                        54    -11       45
  SINCE MAR 1    918                      1031   -113     1004
  SINCE JUL 1   7486                      7360    126     7791

 COOLING
  TODAY            0                         0      0        0
  MONTH TO DATE    0                         0      0        0
  SINCE MAR 1      0                         0      0        0
  SINCE JAN 1      0                         0      0        0
..................................................................


WIND (MPH)
  HIGHEST WIND SPEED    36   HIGHEST WIND DIRECTION    SW (210)
  HIGHEST GUST SPEED    44   HIGHEST GUST DIRECTION    SW (220)
  AVERAGE WIND SPEED    19.8


SKY COVER
  POSSIBLE SUNSHINE  MM
  AVERAGE SKY COVER 0.2


WEATHER CONDITIONS
 THE FOLLOWING WEATHER WAS RECORDED TODAY.
  NO SIGNIFICANT WEATHER WAS OBSERVED.


RELATIVE HUMIDITY (PERCENT)
 HIGHEST    47           600 AM
 LOWEST     22           300 PM
 AVERAGE    35

..........................................................


THE ALAMOSA CO CLIMATE NORMALS FOR TOMORROW
                         NORMAL    RECORD    YEAR
 MAXIMUM TEMPERATURE (F)   56        70      1967
                                             1954
 MINIMUM TEMPERATURE (F)   21         3      1957


SUNRISE AND SUNSET
APRIL  2 2014.........SUNRISE   647 AM MDT   SUNSET   727 PM MDT
APRIL  3 2014.........SUNRISE   646 AM MDT   SUNSET   728 PM MDT


-  INDICATES NEGATIVE NUMBERS.
R  INDICATES RECORD WAS SET OR TIED.
MM INDICATES DATA IS MISSING.
T  INDICATES TRACE AMOUNT.




$$
