000
CDUS45 KPUB 151047
CLIALS


CLIMATE REPORT
NATIONAL WEATHER SERVICE PUEBLO
447 AM MDT WED OCT 15 2014


...................................

...THE ALAMOSA CO CLIMATE SUMMARY FOR OCTOBER 14 2014...

CLIMATE NORMAL PERIOD 1981 TO 2010
CLIMATE RECORD PERIOD 1932 TO 2014


WEATHER ITEM   OBSERVED TIME   RECORD YEAR NORMAL DEPARTURE LAST
                VALUE   (LST)  VALUE       VALUE  FROM      YEAR
                                                  NORMAL
..................................................................
TEMPERATURE (F)
 YESTERDAY
  MAXIMUM         64    406 PM  76    1989  63      1       55
  MINIMUM         23    624 AM  13    1951  25     -2       35
  AVERAGE         44                        44      0       45

PRECIPITATION (IN)
  YESTERDAY        0.00          0.50 1947   0.02  -0.02     0.00
  MONTH TO DATE    0.69                      0.30   0.39     0.24
  SINCE SEP 1      1.10                      1.21  -0.11     3.22
  SINCE JAN 1      4.98                      6.16  -1.18     8.09

SNOWFALL (IN)
  YESTERDAY        0.0           3.7  1984   0.0    0.0      0.0
  MONTH TO DATE    T                         0.4   -0.4      0.0
  SINCE SEP 1      T                         0.4   -0.4      0.0
  SINCE JUL 1      T                         0.4   -0.4      0.0
  SNOW DEPTH       0

DEGREE DAYS
 HEATING
  YESTERDAY       21                        21      0       20
  MONTH TO DATE  247                       260    -13      268
  SINCE SEP 1    426                       562   -136      490
  SINCE JUL 1    547                       691   -144      565

 COOLING
  YESTERDAY        0                         0      0        0
  MONTH TO DATE    0                         0      0        0
  SINCE SEP 1      0                         0      0       14
  SINCE JAN 1     60                        51      9      113
..................................................................


WIND (MPH)
  HIGHEST WIND SPEED     9   HIGHEST WIND DIRECTION     S (160)
  HIGHEST GUST SPEED    10   HIGHEST GUST DIRECTION     S (160)
  AVERAGE WIND SPEED     2.8


SKY COVER
  POSSIBLE SUNSHINE  MM
  AVERAGE SKY COVER 0.0


WEATHER CONDITIONS
 THE FOLLOWING WEATHER WAS RECORDED YESTERDAY.
  NO SIGNIFICANT WEATHER WAS OBSERVED.


RELATIVE HUMIDITY (PERCENT)
 HIGHEST    88           400 AM
 LOWEST     20           300 PM
 AVERAGE    54

..........................................................


THE ALAMOSA CO CLIMATE NORMALS FOR TODAY
                         NORMAL    RECORD    YEAR
 MAXIMUM TEMPERATURE (F)   62        75      1991
 MINIMUM TEMPERATURE (F)   25        11      1966
                                             1952


SUNRISE AND SUNSET
OCTOBER 15 2014.......SUNRISE   712 AM MDT   SUNSET   626 PM MDT
OCTOBER 16 2014.......SUNRISE   713 AM MDT   SUNSET   625 PM MDT


-  INDICATES NEGATIVE NUMBERS.
R  INDICATES RECORD WAS SET OR TIED.
MM INDICATES DATA IS MISSING.
T  INDICATES TRACE AMOUNT.




$$
