000
CDUS45 KPUB 081122
CLIALS


CLIMATE REPORT
NATIONAL WEATHER SERVICE PUEBLO
422 AM MST MON DEC 8 2014


...................................

...THE ALAMOSA CO CLIMATE SUMMARY FOR DECEMBER 7 2014...

CLIMATE NORMAL PERIOD 1981 TO 2010
CLIMATE RECORD PERIOD 1932 TO 2014


WEATHER ITEM   OBSERVED TIME   RECORD YEAR NORMAL DEPARTURE LAST
                VALUE   (LST)  VALUE       VALUE  FROM      YEAR
                                                  NORMAL
..................................................................
TEMPERATURE (F)
 YESTERDAY
  MAXIMUM         50    319 PM  59    1977  37     13       25
                                      1946
  MINIMUM         11    712 AM -35    1964   3      8      -11
  AVERAGE         31                        20     11        7

PRECIPITATION (IN)
  YESTERDAY        0.00          0.21 1966   0.01  -0.01     0.02
  MONTH TO DATE    0.01                      0.08  -0.07     0.02
  SINCE DEC 1      0.01                      0.08  -0.07     0.02
  SINCE JAN 1      5.34                      7.04  -1.70    10.03

SNOWFALL (IN)
  YESTERDAY        0.0           3.5  1971   0.1   -0.1      0.3
  MONTH TO DATE    0.0                       1.0   -1.0      0.3
  SINCE DEC 1      0.0                       1.0   -1.0      0.3
  SINCE JUL 1      1.6                       6.8   -5.2     21.9
  SNOW DEPTH       0

DEGREE DAYS
 HEATING
  YESTERDAY       34                        45    -11       58
  MONTH TO DATE  231                       309    -78      383
  SINCE DEC 1    231                       309    -78      383
  SINCE JUL 1   2074                      2484   -410     2483

 COOLING
  YESTERDAY        0                         0      0        0
  MONTH TO DATE    0                         0      0        0
  SINCE DEC 1      0                         0      0        0
  SINCE JAN 1     60                        51      9      113
..................................................................


WIND (MPH)
  HIGHEST WIND SPEED    10   HIGHEST WIND DIRECTION    NW (330)
  HIGHEST GUST SPEED    13   HIGHEST GUST DIRECTION    NW (320)
  AVERAGE WIND SPEED     3.8


SKY COVER
  POSSIBLE SUNSHINE  MM
  AVERAGE SKY COVER 0.1


WEATHER CONDITIONS
 THE FOLLOWING WEATHER WAS RECORDED YESTERDAY.
  NO SIGNIFICANT WEATHER WAS OBSERVED.


RELATIVE HUMIDITY (PERCENT)
 HIGHEST    96           500 AM
 LOWEST     31           400 PM
 AVERAGE    64

..........................................................


THE ALAMOSA CO CLIMATE NORMALS FOR TODAY
                         NORMAL    RECORD    YEAR
 MAXIMUM TEMPERATURE (F)   36        61      1958
 MINIMUM TEMPERATURE (F)    2       -42      1978


SUNRISE AND SUNSET
DECEMBER  8 2014......SUNRISE   705 AM MST   SUNSET   445 PM MST
DECEMBER  9 2014......SUNRISE   706 AM MST   SUNSET   445 PM MST


-  INDICATES NEGATIVE NUMBERS.
R  INDICATES RECORD WAS SET OR TIED.
MM INDICATES DATA IS MISSING.
T  INDICATES TRACE AMOUNT.




$$
