000
CDUS45 KPUB 011145
CLIALS


CLIMATE REPORT
NATIONAL WEATHER SERVICE PUEBLO
444 AM MST MON FEB 1 2016


...................................

...THE ALAMOSA CO CLIMATE SUMMARY FOR JANUARY 31 2016...

CLIMATE NORMAL PERIOD 1981 TO 2010
CLIMATE RECORD PERIOD 1932 TO 2016


WEATHER ITEM   OBSERVED TIME   RECORD YEAR NORMAL DEPARTURE LAST
                VALUE   (LST)  VALUE       VALUE  FROM      YEAR
                                                  NORMAL
..................................................................
TEMPERATURE (F)
 YESTERDAY
  MAXIMUM         42    400 PM  57    1971  36      6       35
  MINIMUM         26    652 AM -39    1979   0     26       27
  AVERAGE         34                        18     16       31

PRECIPITATION (IN)
  YESTERDAY        T             0.17 1978   0.01  -0.01     0.04
  MONTH TO DATE    0.58                      0.26   0.32     0.33
  SINCE DEC 1      0.83                      0.61   0.22     0.54
  SINCE JAN 1      0.58                      0.26   0.32     0.33

SNOWFALL (IN)
  YESTERDAY        T             3.2  2007   0.1   -0.1      0.2
  MONTH TO DATE    7.0                       4.0    3.0      3.3
  SINCE DEC 1     10.4                       8.5    1.9      5.6
  SINCE JUL 1     14.7                      14.3    0.4      7.2
  SNOW DEPTH       0

DEGREE DAYS
 HEATING
  YESTERDAY       31                        47    -16       34
  MONTH TO DATE 1603                      1506     97     1308
  SINCE DEC 1   2936                      2972    -36     2617
  SINCE JUL 1   4714                      5147   -433     4460

 COOLING
  YESTERDAY        0                         0      0        0
  MONTH TO DATE    0                         0      0        0
  SINCE DEC 1      0                         0      0        0
  SINCE JAN 1      0                         0      0        0
..................................................................


WIND (MPH)
  HIGHEST WIND SPEED    32   HIGHEST WIND DIRECTION    SW (240)
  HIGHEST GUST SPEED    41   HIGHEST GUST DIRECTION    SW (230)
  AVERAGE WIND SPEED    11.5


SKY COVER
  POSSIBLE SUNSHINE  MM
  AVERAGE SKY COVER 0.3


WEATHER CONDITIONS
 THE FOLLOWING WEATHER WAS RECORDED YESTERDAY.
  LIGHT SNOW
  FOG


RELATIVE HUMIDITY (PERCENT)
 HIGHEST    92          1000 PM
 LOWEST     46           400 PM
 AVERAGE    69

..........................................................


THE ALAMOSA CO CLIMATE NORMALS FOR TODAY
                         NORMAL    RECORD    YEAR
 MAXIMUM TEMPERATURE (F)   36        60      2003
 MINIMUM TEMPERATURE (F)    1       -30      1951


SUNRISE AND SUNSET
FEBRUARY  1 2016......SUNRISE   707 AM MST   SUNSET   527 PM MST
FEBRUARY  2 2016......SUNRISE   706 AM MST   SUNSET   528 PM MST


-  INDICATES NEGATIVE NUMBERS.
R  INDICATES RECORD WAS SET OR TIED.
MM INDICATES DATA IS MISSING.
T  INDICATES TRACE AMOUNT.




$$
