000
CDUS45 KPUB 122336
CLIALS


CLIMATE REPORT
NATIONAL WEATHER SERVICE PUEBLO
536 PM MDT SUN MAR 12 2017


...................................

...THE ALAMOSA CO CLIMATE SUMMARY FOR MARCH 12 2017...
VALID TODAY AS OF 0500 PM LOCAL TIME.

CLIMATE NORMAL PERIOD 1981 TO 2010
CLIMATE RECORD PERIOD 1932 TO 2017


WEATHER ITEM   OBSERVED TIME   RECORD YEAR NORMAL DEPARTURE LAST
                VALUE   (LST)  VALUE       VALUE  FROM      YEAR
                                                  NORMAL
..................................................................
TEMPERATURE (F)
 TODAY
  MAXIMUM         61    305 PM  66    2007  49     12       59
  MINIMUM         24    700 AM  -8    1948  16      8       30
  AVERAGE         43                        32     11       45

PRECIPITATION (IN)
  TODAY            0.00          0.25 1947   0.01  -0.01      T
  MONTH TO DATE    0.02                      0.17  -0.15      T
  SINCE MAR 1      0.02                      0.17  -0.15      T
  SINCE JAN 1      1.67                      0.69   0.98     0.98

SNOWFALL (IN)
  TODAY            0.0           3.0  1947   0.2   -0.2      0.0
  MONTH TO DATE    T                         1.8   -1.8      0.0
  SINCE MAR 1      T                         1.8   -1.8      0.0
  SINCE JUL 1     35.5                      19.9   15.6     18.8
  SNOW DEPTH       0

DEGREE DAYS
 HEATING
  TODAY           22                        32    -10       20
  MONTH TO DATE  357                       412    -55      321
  SINCE MAR 1    357                       412    -55      321
  SINCE JUL 1   6146                      6741   -595     6087

 COOLING
  TODAY            0                         0      0        0
  MONTH TO DATE    0                         0      0        0
  SINCE MAR 1      0                         0      0        0
  SINCE JAN 1      0                         0      0        0
..................................................................


WIND (MPH)
  HIGHEST WIND SPEED    24   HIGHEST WIND DIRECTION    NW (330)
  HIGHEST GUST SPEED    31   HIGHEST GUST DIRECTION    NW (320)
  AVERAGE WIND SPEED     6.7


SKY COVER
  POSSIBLE SUNSHINE  MM
  AVERAGE SKY COVER 0.2


WEATHER CONDITIONS
 THE FOLLOWING WEATHER WAS RECORDED TODAY.
  NO SIGNIFICANT WEATHER WAS OBSERVED.


RELATIVE HUMIDITY (PERCENT)
 HIGHEST    88           700 AM
 LOWEST     14           400 PM
 AVERAGE    51

..........................................................


THE ALAMOSA CO CLIMATE NORMALS FOR TOMORROW
                         NORMAL    RECORD    YEAR
 MAXIMUM TEMPERATURE (F)   49        70      2007
 MINIMUM TEMPERATURE (F)   16        -2      1962
                                             1950


SUNRISE AND SUNSET
MARCH 12 2017.........SUNRISE   718 AM MDT   SUNSET   708 PM MDT
MARCH 13 2017.........SUNRISE   717 AM MDT   SUNSET   709 PM MDT


-  INDICATES NEGATIVE NUMBERS.
R  INDICATES RECORD WAS SET OR TIED.
MM INDICATES DATA IS MISSING.
T  INDICATES TRACE AMOUNT.




$$
