000
CDUS45 KPUB 151134
CLIALS


CLIMATE REPORT
NATIONAL WEATHER SERVICE PUEBLO
434 AM MST THU JAN 15 2015


...................................

...THE ALAMOSA CO CLIMATE SUMMARY FOR JANUARY 14 2015...

CLIMATE NORMAL PERIOD 1981 TO 2010
CLIMATE RECORD PERIOD 1932 TO 2015


WEATHER ITEM   OBSERVED TIME   RECORD YEAR NORMAL DEPARTURE LAST
                VALUE   (LST)  VALUE       VALUE  FROM      YEAR
                                                  NORMAL
..................................................................
TEMPERATURE (F)
 YESTERDAY
  MAXIMUM         40    211 PM  54    1969  34      6       36
  MINIMUM         15   1159 PM -33    1964  -2     17       -7
  AVERAGE         28                        16     12       15

PRECIPITATION (IN)
  YESTERDAY        T             0.20 1960   0.01  -0.01     0.00
  MONTH TO DATE    0.08                      0.11  -0.03      T
  SINCE DEC 1      0.29                      0.46  -0.17     0.17
  SINCE JAN 1      0.08                      0.11  -0.03      T

SNOWFALL (IN)
  YESTERDAY        T             6.6  1960   0.1   -0.1      0.0
  MONTH TO DATE    0.7                       1.6   -0.9       T
  SINCE DEC 1      3.0                       6.1   -3.1      4.0
  SINCE JUL 1      4.6                      11.9   -7.3     25.6
  SNOW DEPTH       T

DEGREE DAYS
 HEATING
  YESTERDAY       37                        49    -12       50
  MONTH TO DATE  569                       686   -117      784
  SINCE DEC 1   1878                      2148   -270     2567
  SINCE JUL 1   3721                      4323   -602     4667

 COOLING
  YESTERDAY        0                         0      0        0
  MONTH TO DATE    0                         0      0        0
  SINCE DEC 1      0                         0      0        0
  SINCE JAN 1      0                         0      0        0
..................................................................


WIND (MPH)
  HIGHEST WIND SPEED     9   HIGHEST WIND DIRECTION    NE (40)
  HIGHEST GUST SPEED    12   HIGHEST GUST DIRECTION     E (110)
  AVERAGE WIND SPEED     3.4


SKY COVER
  POSSIBLE SUNSHINE  MM
  AVERAGE SKY COVER 0.6


WEATHER CONDITIONS
 THE FOLLOWING WEATHER WAS RECORDED YESTERDAY.
  LIGHT SNOW
  FOG
  FOG W/VISIBILITY <= 1/4 MILE


RELATIVE HUMIDITY (PERCENT)
 HIGHEST   100           800 AM
 LOWEST     59           200 PM
 AVERAGE    80

..........................................................


THE ALAMOSA CO CLIMATE NORMALS FOR TODAY
                         NORMAL    RECORD    YEAR
 MAXIMUM TEMPERATURE (F)   34        54      1996
 MINIMUM TEMPERATURE (F)   -2       -32      2013


SUNRISE AND SUNSET
JANUARY 15 2015.......SUNRISE   717 AM MST   SUNSET   509 PM MST
JANUARY 16 2015.......SUNRISE   717 AM MST   SUNSET   510 PM MST


-  INDICATES NEGATIVE NUMBERS.
R  INDICATES RECORD WAS SET OR TIED.
MM INDICATES DATA IS MISSING.
T  INDICATES TRACE AMOUNT.




$$
