000
CDUS45 KPUB 160020
CLIALS


CLIMATE REPORT
NATIONAL WEATHER SERVICE PUEBLO
620 PM MDT TUE JUL 15 2014


...................................

...THE ALAMOSA CO CLIMATE SUMMARY FOR JULY 15 2014...
VALID TODAY AS OF 0500 PM LOCAL TIME.

CLIMATE NORMAL PERIOD 1981 TO 2010
CLIMATE RECORD PERIOD 1932 TO 2014


WEATHER ITEM   OBSERVED TIME   RECORD YEAR NORMAL DEPARTURE LAST
                VALUE   (LST)  VALUE       VALUE  FROM      YEAR
                                                  NORMAL
..................................................................
TEMPERATURE (F)
 TODAY
  MAXIMUM         80    259 PM  91    2003  83     -3       71
  MINIMUM         55    535 AM  39    1962  47      8       53
  AVERAGE         68                        65      3       62

PRECIPITATION (IN)
  TODAY            0.43          0.80 1974   0.03   0.40     0.08
  MONTH TO DATE    0.43                      0.43   0.00     0.27
  SINCE JUN 1      0.45                      0.92  -0.47     0.81
  SINCE JAN 1      2.26                      3.14  -0.88     1.87

SNOWFALL (IN)
  TODAY            0.0           0.0  2002   0.0    0.0      0.0
                                      2001
  MONTH TO DATE    0.0                       0.0    0.0      0.0
  SINCE JUN 1      0.0                       0.0    0.0      0.0
  SINCE JUL 1      0.0                       0.0    0.0      0.0
  SNOW DEPTH       0

DEGREE DAYS
 HEATING
  TODAY            0                         1     -1        3
  MONTH TO DATE    7                        24    -17       11
  SINCE JUN 1    133                       192    -59      113
  SINCE JUL 1      7                        24    -17       11

 COOLING
  TODAY            3                         1      2        0
  MONTH TO DATE   26                        15     11       25
  SINCE JUN 1     27                        21      6       41
  SINCE JAN 1     27                        21      6       41
..................................................................


WIND (MPH)
  HIGHEST WIND SPEED    29   HIGHEST WIND DIRECTION     N (360)
  HIGHEST GUST SPEED    38   HIGHEST GUST DIRECTION     N (20)
  AVERAGE WIND SPEED     8.4


SKY COVER
  POSSIBLE SUNSHINE  MM
  AVERAGE SKY COVER 0.5


WEATHER CONDITIONS
 THE FOLLOWING WEATHER WAS RECORDED TODAY.
  THUNDERSTORM
  HEAVY RAIN
  RAIN


RELATIVE HUMIDITY (PERCENT)
 HIGHEST    86           600 AM
 LOWEST     35           300 PM
 AVERAGE    61

..........................................................


THE ALAMOSA CO CLIMATE NORMALS FOR TOMORROW
                         NORMAL    RECORD    YEAR
 MAXIMUM TEMPERATURE (F)   83        92      2011
                                             2010
 MINIMUM TEMPERATURE (F)   47        35      1994


SUNRISE AND SUNSET
JULY 15 2014..........SUNRISE   555 AM MDT   SUNSET   824 PM MDT
JULY 16 2014..........SUNRISE   555 AM MDT   SUNSET   824 PM MDT


-  INDICATES NEGATIVE NUMBERS.
R  INDICATES RECORD WAS SET OR TIED.
MM INDICATES DATA IS MISSING.
T  INDICATES TRACE AMOUNT.




$$
