240
CDUS45 KPUB 101046
CLIALS


CLIMATE REPORT
NATIONAL WEATHER SERVICE PUEBLO
446 AM MDT THU AUG 10 2017


...................................

...THE ALAMOSA CO CLIMATE SUMMARY FOR AUGUST 9 2017...

CLIMATE NORMAL PERIOD 1981 TO 2010
CLIMATE RECORD PERIOD 1932 TO 2017


WEATHER ITEM   OBSERVED TIME   RECORD YEAR NORMAL DEPARTURE LAST
                VALUE   (LST)  VALUE       VALUE  FROM      YEAR
                                                  NORMAL
..................................................................
TEMPERATURE (F)
 YESTERDAY
  MAXIMUM         78    118 PM  89    2011  80     -2       83
                                      2000
  MINIMUM         46    527 AM  31    2009  47     -1       43
  AVERAGE         62                        64     -2       63

PRECIPITATION (IN)
  YESTERDAY        T             0.56 1993   0.04  -0.04     0.00
  MONTH TO DATE    0.54                      0.36   0.18     1.82
  SINCE JUN 1      4.25                      1.82   2.43     2.64
  SINCE JAN 1      8.50                      4.04   4.46     7.01

SNOWFALL (IN)
  YESTERDAY        0.0           0.0  2002   0.0    0.0      0.0
  MONTH TO DATE    0.0                       0.0    0.0      0.0
  SINCE JUN 1      T                         0.0    0.0      0.0
  SINCE JUL 1      T                         0.0    0.0      0.0
  SNOW DEPTH       0

DEGREE DAYS
 HEATING
  YESTERDAY        3                         2      1        2
  MONTH TO DATE   30                        15     15        7
  SINCE JUN 1    130                       228    -98       76
  SINCE JUL 1     39                        60    -21       20

 COOLING
  YESTERDAY        0                         1     -1        0
  MONTH TO DATE    0                         9     -9        5
  SINCE JUN 1     76                        47     29      111
  SINCE JAN 1     76                        47     29      111
..................................................................


WIND (MPH)
  HIGHEST WIND SPEED    33   HIGHEST WIND DIRECTION     W (270)
  HIGHEST GUST SPEED    41   HIGHEST GUST DIRECTION     W (260)
  AVERAGE WIND SPEED     4.7


SKY COVER
  POSSIBLE SUNSHINE  MM
  AVERAGE SKY COVER 0.3


WEATHER CONDITIONS
 THE FOLLOWING WEATHER WAS RECORDED YESTERDAY.
  THUNDERSTORM
  LIGHT RAIN


RELATIVE HUMIDITY (PERCENT)
 HIGHEST    93           100 AM
 LOWEST     31           100 PM
 AVERAGE    62

..........................................................


THE ALAMOSA CO CLIMATE NORMALS FOR TODAY
                         NORMAL    RECORD    YEAR
 MAXIMUM TEMPERATURE (F)   80        89      2011
                                             2003
                                             1937
 MINIMUM TEMPERATURE (F)   47        32      2009


SUNRISE AND SUNSET
AUGUST 10 2017........SUNRISE   616 AM MDT   SUNSET   801 PM MDT
AUGUST 11 2017........SUNRISE   616 AM MDT   SUNSET   800 PM MDT


-  INDICATES NEGATIVE NUMBERS.
R  INDICATES RECORD WAS SET OR TIED.
MM INDICATES DATA IS MISSING.
T  INDICATES TRACE AMOUNT.




$$
