163
CDUS45 KPUB 291129
CLIALS


CLIMATE REPORT
NATIONAL WEATHER SERVICE PUEBLO
429 AM MST TUE NOV 29 2016


...................................

...THE ALAMOSA CO CLIMATE SUMMARY FOR NOVEMBER 28 2016...

CLIMATE NORMAL PERIOD 1981 TO 2010
CLIMATE RECORD PERIOD 1932 TO 2016


WEATHER ITEM   OBSERVED TIME   RECORD YEAR NORMAL DEPARTURE LAST
                VALUE   (LST)  VALUE       VALUE  FROM      YEAR
                                                  NORMAL
..................................................................
TEMPERATURE (F)
 YESTERDAY
  MAXIMUM         36    210 PM  65    1949  40     -4       41
  MINIMUM         -2    704 AM -23    1976   6     -8       24
  AVERAGE         17                        23     -6       33

PRECIPITATION (IN)
  YESTERDAY        0.00          0.40 1997   0.01  -0.01     0.00
  MONTH TO DATE    0.44                      0.40   0.04     0.44
  SINCE SEP 1      0.74                      1.99  -1.25     2.20
  SINCE JAN 1      8.09                      6.94   1.15     9.17

SNOWFALL (IN)
  YESTERDAY        0.0           4.5  1997   0.1   -0.1      0.0
  MONTH TO DATE    1.0                       3.4   -2.4      4.3
  SINCE SEP 1      1.0                       5.5   -4.5      4.3
  SINCE JUL 1      1.0                       5.5   -4.5      4.3
  SNOW DEPTH       0

DEGREE DAYS
 HEATING
  YESTERDAY       48                        42      6       32
  MONTH TO DATE  841                       980   -139      932
  SINCE SEP 1   1620                      1961   -341     1607
  SINCE JUL 1   1764                      2090   -326     1699

 COOLING
  YESTERDAY        0                         0      0        0
  MONTH TO DATE    0                         0      0        0
  SINCE SEP 1      0                         0      0        0
  SINCE JAN 1    115                        51     64       74
..................................................................


WIND (MPH)
  HIGHEST WIND SPEED    17   HIGHEST WIND DIRECTION     W (250)
  HIGHEST GUST SPEED    23   HIGHEST GUST DIRECTION     W (290)
  AVERAGE WIND SPEED     5.3


SKY COVER
  POSSIBLE SUNSHINE  MM
  AVERAGE SKY COVER 0.2


WEATHER CONDITIONS
 THE FOLLOWING WEATHER WAS RECORDED YESTERDAY.
  NO SIGNIFICANT WEATHER WAS OBSERVED.


RELATIVE HUMIDITY (PERCENT)
 HIGHEST    92           900 PM
 LOWEST     38           100 PM
 AVERAGE    65

..........................................................


THE ALAMOSA CO CLIMATE NORMALS FOR TODAY
                         NORMAL    RECORD    YEAR
 MAXIMUM TEMPERATURE (F)   40        62      1942
 MINIMUM TEMPERATURE (F)    6       -27      1952


SUNRISE AND SUNSET
NOVEMBER 29 2016......SUNRISE   658 AM MST   SUNSET   446 PM MST
NOVEMBER 30 2016......SUNRISE   659 AM MST   SUNSET   446 PM MST


-  INDICATES NEGATIVE NUMBERS.
R  INDICATES RECORD WAS SET OR TIED.
MM INDICATES DATA IS MISSING.
T  INDICATES TRACE AMOUNT.




$$
