000
CDUS45 KPUB 141155
CLIALS


CLIMATE REPORT
NATIONAL WEATHER SERVICE PUEBLO
447 AM MST FRI NOV 14 2014


...................................

...THE ALAMOSA CO CLIMATE SUMMARY FOR NOVEMBER 13 2014...

CLIMATE NORMAL PERIOD 1981 TO 2010
CLIMATE RECORD PERIOD 1932 TO 2014


WEATHER ITEM   OBSERVED TIME   RECORD YEAR NORMAL DEPARTURE LAST
                VALUE   (LST)  VALUE       VALUE  FROM      YEAR
                                                  NORMAL
..................................................................
TEMPERATURE (F)
 YESTERDAY
  MAXIMUM         47    402 PM  63    2007  48     -1       54
                                      1999
                                      1973
  MINIMUM         15    658 AM -12    1940  13      2        9
  AVERAGE         31                        31      0       32

PRECIPITATION (IN)
  YESTERDAY        0.00          0.35 2003   0.01  -0.01     0.00
  MONTH TO DATE    0.17                      0.21  -0.04      T
  SINCE SEP 1      1.28                      1.80  -0.52     3.51
  SINCE JAN 1      5.16                      6.75  -1.59     8.38

SNOWFALL (IN)
  YESTERDAY        0.0           3.4  2003   0.1   -0.1      0.0
  MONTH TO DATE    0.0                       1.5   -1.5      0.0
  SINCE SEP 1      T                         3.6   -3.6      3.5
  SINCE JUL 1      T                         3.6   -3.6      3.5
  SNOW DEPTH       0

DEGREE DAYS
 HEATING
  YESTERDAY       34                        34      0       33
  MONTH TO DATE  345                       406    -61      393
  SINCE SEP 1   1080                      1387   -307     1317
  SINCE JUL 1   1201                      1516   -315     1392

 COOLING
  YESTERDAY        0                         0      0        0
  MONTH TO DATE    0                         0      0        0
  SINCE SEP 1      0                         0      0       14
  SINCE JAN 1     60                        51      9      113
..................................................................


WIND (MPH)
  HIGHEST WIND SPEED    20   HIGHEST WIND DIRECTION     W (250)
  HIGHEST GUST SPEED    23   HIGHEST GUST DIRECTION     W (250)
  AVERAGE WIND SPEED     6.2


SKY COVER
  POSSIBLE SUNSHINE  MM
  AVERAGE SKY COVER 0.3


WEATHER CONDITIONS
 THE FOLLOWING WEATHER WAS RECORDED YESTERDAY.
  NO SIGNIFICANT WEATHER WAS OBSERVED.


RELATIVE HUMIDITY (PERCENT)
 HIGHEST    88           500 AM
 LOWEST     34           300 PM
 AVERAGE    61

..........................................................


THE ALAMOSA CO CLIMATE NORMALS FOR TODAY
                         NORMAL    RECORD    YEAR
 MAXIMUM TEMPERATURE (F)   48        65      1999
 MINIMUM TEMPERATURE (F)   13        -5      1940


SUNRISE AND SUNSET
NOVEMBER 14 2014......SUNRISE   642 AM MST   SUNSET   453 PM MST
NOVEMBER 15 2014......SUNRISE   643 AM MST   SUNSET   453 PM MST


-  INDICATES NEGATIVE NUMBERS.
R  INDICATES RECORD WAS SET OR TIED.
MM INDICATES DATA IS MISSING.
T  INDICATES TRACE AMOUNT.




$$
