000
CDUS45 KPUB 092320
CLIALS


CLIMATE REPORT
NATIONAL WEATHER SERVICE PUEBLO
520 PM MDT WED APR 9 2014


...................................

...THE ALAMOSA CO CLIMATE SUMMARY FOR APRIL 9 2014...
VALID TODAY AS OF 0500 PM LOCAL TIME.

CLIMATE NORMAL PERIOD 1981 TO 2010
CLIMATE RECORD PERIOD 1932 TO 2014


WEATHER ITEM   OBSERVED TIME   RECORD YEAR NORMAL DEPARTURE LAST
                VALUE   (LST)  VALUE       VALUE  FROM      YEAR
                                                  NORMAL
..................................................................
TEMPERATURE (F)
 TODAY
  MAXIMUM         71    300 PM  72    1977  57     14       45
  MINIMUM         24    554 AM   7    1938  22      2       19
  AVERAGE         48                        40      8       32

PRECIPITATION (IN)
  TODAY            0.00          0.33 1995   0.02  -0.02     0.15
  MONTH TO DATE    0.43                      0.17   0.26     0.16
  SINCE MAR 1      0.83                      0.70   0.13     0.50
  SINCE JAN 1      0.95                      1.22  -0.27     0.72

SNOWFALL (IN)
  TODAY            0.0           1.6  1959   0.2   -0.2      1.5
  MONTH TO DATE    3.2                       1.4    1.8      1.5
  SINCE MAR 1      6.6                       6.4    0.2      4.9
  SINCE JUL 1     34.7                      24.5   10.2     20.4
  SNOW DEPTH       0

DEGREE DAYS
 HEATING
  TODAY           17                        25     -8       33
  MONTH TO DATE  237                       235      2      203
  SINCE MAR 1   1112                      1212   -100     1162
  SINCE JUL 1   7680                      7541    139     7949

 COOLING
  TODAY            0                         0      0        0
  MONTH TO DATE    0                         0      0        0
  SINCE MAR 1      0                         0      0        0
  SINCE JAN 1      0                         0      0        0
..................................................................


WIND (MPH)
  HIGHEST WIND SPEED    23   HIGHEST WIND DIRECTION     W (250)
  HIGHEST GUST SPEED    29   HIGHEST GUST DIRECTION     W (280)
  AVERAGE WIND SPEED     5.4


SKY COVER
  POSSIBLE SUNSHINE  MM
  AVERAGE SKY COVER 0.0


WEATHER CONDITIONS
 THE FOLLOWING WEATHER WAS RECORDED TODAY.
  NO SIGNIFICANT WEATHER WAS OBSERVED.


RELATIVE HUMIDITY (PERCENT)
 HIGHEST    81           500 AM
 LOWEST     10           300 PM
 AVERAGE    46

..........................................................


THE ALAMOSA CO CLIMATE NORMALS FOR TOMORROW
                         NORMAL    RECORD    YEAR
 MAXIMUM TEMPERATURE (F)   58        75      2012
 MINIMUM TEMPERATURE (F)   23         9      1959
                                             1951


SUNRISE AND SUNSET
APRIL  9 2014.........SUNRISE   637 AM MDT   SUNSET   733 PM MDT
APRIL 10 2014.........SUNRISE   636 AM MDT   SUNSET   734 PM MDT


-  INDICATES NEGATIVE NUMBERS.
R  INDICATES RECORD WAS SET OR TIED.
MM INDICATES DATA IS MISSING.
T  INDICATES TRACE AMOUNT.




$$
