000
CDUS45 KPUB 181237 CCA
CLIALS

CLIMATE REPORT...COR HIGH AND AVERAGE TEMPERATURE...HDD DATA
NATIONAL WEATHER SERVICE PUEBLO
457 AM MDT THU MAY 18 2017


...................................

...THE ALAMOSA CO CLIMATE SUMMARY FOR MAY 17 2017...

CLIMATE NORMAL PERIOD 1981 TO 2010
CLIMATE RECORD PERIOD 1932 TO 2017


WEATHER ITEM   OBSERVED TIME   RECORD YEAR NORMAL DEPARTURE LAST
                VALUE   (LST)  VALUE       VALUE  FROM      YEAR
                                                  NORMAL
..................................................................
TEMPERATURE (F)
 YESTERDAY
  MAXIMUM         59        MM  82    2003  69    -10       60
  MINIMUM         31    526 AM  20    1943  34     -3       37
  AVERAGE         45                        52     -7       49

PRECIPITATION (IN)
  YESTERDAY        0.00          0.51 1952   0.02  -0.02     0.23
  MONTH TO DATE    1.23                      0.34   0.89     0.45
  SINCE MAR 1      2.59                      1.46   1.13     2.72
  SINCE JAN 1      4.24                      1.98   2.26     3.70

SNOWFALL (IN)
  YESTERDAY        0.0           4.7  1952   0.0    0.0      0.0
  MONTH TO DATE    1.1                       0.8    0.3      0.8
  SINCE MAR 1      6.7                       9.4   -2.7     24.2
  SINCE JUL 1     42.2                      27.5   14.7     43.0
  SNOW DEPTH       0

DEGREE DAYS
 HEATING
  YESTERDAY       20                        13      7       16
  MONTH TO DATE  245                       268    -36      273
  SINCE MAR 1   1620                      1939   -332     1875
  SINCE JUL 1   7409                      8268   -872     7641

 COOLING
  YESTERDAY        0                         0      0        0
  MONTH TO DATE    0                         0      0        0
  SINCE MAR 1      0                         0      0        0
  SINCE JAN 1      0                         0      0        0
..................................................................


WIND (MPH)
  HIGHEST WIND SPEED    30   HIGHEST WIND DIRECTION     S (190)
  HIGHEST GUST SPEED    41   HIGHEST GUST DIRECTION     S (190)
  AVERAGE WIND SPEED    12.8


SKY COVER
  POSSIBLE SUNSHINE  MM
  AVERAGE SKY COVER 0.4


WEATHER CONDITIONS
 THE FOLLOWING WEATHER WAS RECORDED YESTERDAY.
  NO SIGNIFICANT WEATHER WAS OBSERVED.


RELATIVE HUMIDITY (PERCENT)
 HIGHEST    89           200 AM
 LOWEST     24          1000 AM
 AVERAGE    57

..........................................................


THE ALAMOSA CO CLIMATE NORMALS FOR TODAY
                         NORMAL    RECORD    YEAR
 MAXIMUM TEMPERATURE (F)   70        85      1970
 MINIMUM TEMPERATURE (F)   34        21      2000
                                             1978


SUNRISE AND SUNSET
MAY 18 2017...........SUNRISE   552 AM MDT   SUNSET   809 PM MDT
MAY 19 2017...........SUNRISE   551 AM MDT   SUNSET   809 PM MDT


-  INDICATES NEGATIVE NUMBERS.                       MM
R  INDICATES RECORD WAS SET OR TIED.
MM INDICATES DATA IS MISSING.
T  INDICATES TRACE AMOUNT.




$$
