000
CDUS45 KPUB 131054
CLIALS


CLIMATE REPORT
NATIONAL WEATHER SERVICE PUEBLO
453 AM MDT WED AUG 13 2014


...................................

...THE ALAMOSA CO CLIMATE SUMMARY FOR AUGUST 12 2014...

CLIMATE NORMAL PERIOD 1981 TO 2010
CLIMATE RECORD PERIOD 1932 TO 2014


WEATHER ITEM   OBSERVED TIME   RECORD YEAR NORMAL DEPARTURE LAST
                VALUE   (LST)  VALUE       VALUE  FROM      YEAR
                                                  NORMAL
..................................................................
TEMPERATURE (F)
 YESTERDAY
  MAXIMUM         80    153 PM  89    1996  80      0       76
  MINIMUM         44    533 AM  37    2002  47     -3       46
                                      1976
                                      1974
  AVERAGE         62                        63     -1       61

PRECIPITATION (IN)
  YESTERDAY        0.00          0.38 2005   0.04  -0.04      T
  MONTH TO DATE    T                         0.48  -0.48     2.16
  SINCE JUN 1      1.54                      1.94  -0.40     3.50
  SINCE JAN 1      3.35                      4.16  -0.81     4.56

SNOWFALL (IN)
  YESTERDAY        0.0           0.0  2002   0.0    0.0      0.0
  MONTH TO DATE    0.0                       0.0    0.0      0.0
  SINCE JUN 1      0.0                       0.0    0.0      0.0
  SINCE JUL 1      0.0                       0.0    0.0      0.0
  SNOW DEPTH       0

DEGREE DAYS
 HEATING
  YESTERDAY        3                         2      1        4
  MONTH TO DATE   32                        21     11       34
  SINCE JUN 1    180                       234    -54      164
  SINCE JUL 1     54                        66    -12       62

 COOLING
  YESTERDAY        0                         1     -1        0
  MONTH TO DATE    0                        12    -12        8
  SINCE JUN 1     57                        50      7       73
  SINCE JAN 1     57                        50      7       73
..................................................................


WIND (MPH)
  HIGHEST WIND SPEED    21   HIGHEST WIND DIRECTION     E (110)
  HIGHEST GUST SPEED    26   HIGHEST GUST DIRECTION     E (110)
  AVERAGE WIND SPEED     5.6


SKY COVER
  POSSIBLE SUNSHINE  MM
  AVERAGE SKY COVER 0.1


WEATHER CONDITIONS
 THE FOLLOWING WEATHER WAS RECORDED YESTERDAY.
  NO SIGNIFICANT WEATHER WAS OBSERVED.


RELATIVE HUMIDITY (PERCENT)
 HIGHEST    86           100 AM
 LOWEST     28           200 PM
 AVERAGE    57

..........................................................


THE ALAMOSA CO CLIMATE NORMALS FOR TODAY
                         NORMAL    RECORD    YEAR
 MAXIMUM TEMPERATURE (F)   80        89      1970
 MINIMUM TEMPERATURE (F)   47        36      1988


SUNRISE AND SUNSET
AUGUST 13 2014........SUNRISE   618 AM MDT   SUNSET   758 PM MDT
AUGUST 14 2014........SUNRISE   619 AM MDT   SUNSET   757 PM MDT


-  INDICATES NEGATIVE NUMBERS.
R  INDICATES RECORD WAS SET OR TIED.
MM INDICATES DATA IS MISSING.
T  INDICATES TRACE AMOUNT.




$$
