000
CDUS45 KPUB 111145
CLIALS


CLIMATE REPORT
NATIONAL WEATHER SERVICE PUEBLO
445 AM MST TUE NOV 11 2014


...................................

...THE ALAMOSA CO CLIMATE SUMMARY FOR NOVEMBER 10 2014...

CLIMATE NORMAL PERIOD 1981 TO 2010
CLIMATE RECORD PERIOD 1932 TO 2014


WEATHER ITEM   OBSERVED TIME   RECORD YEAR NORMAL DEPARTURE LAST
                VALUE   (LST)  VALUE       VALUE  FROM      YEAR
                                                  NORMAL
..................................................................
TEMPERATURE (F)
 YESTERDAY
  MAXIMUM         62   1156 AM  71    1980  50     12       59
  MINIMUM         18    651 AM  -8    1950  15      3       15
  AVERAGE         40                        32      8       37

PRECIPITATION (IN)
  YESTERDAY        0.00          0.43 2008   0.02  -0.02     0.00
  MONTH TO DATE    0.17                      0.17   0.00      T
  SINCE SEP 1      1.28                      1.76  -0.48     3.51
  SINCE JAN 1      5.16                      6.71  -1.55     8.38

SNOWFALL (IN)
  YESTERDAY        0.0           2.8  2008   0.2   -0.2      0.0
  MONTH TO DATE    0.0                       1.2   -1.2      0.0
  SINCE SEP 1      T                         3.3   -3.3      3.5
  SINCE JUL 1      T                         3.3   -3.3      3.5
  SNOW DEPTH       0

DEGREE DAYS
 HEATING
  YESTERDAY       25                        33     -8       28
  MONTH TO DATE  253                       305    -52      303
  SINCE SEP 1    988                      1286   -298     1227
  SINCE JUL 1   1109                      1415   -306     1302

 COOLING
  YESTERDAY        0                         0      0        0
  MONTH TO DATE    0                         0      0        0
  SINCE SEP 1      0                         0      0       14
  SINCE JAN 1     60                        51      9      113
..................................................................


WIND (MPH)
  HIGHEST WIND SPEED    35   HIGHEST WIND DIRECTION     W (260)
  HIGHEST GUST SPEED    42   HIGHEST GUST DIRECTION     W (260)
  AVERAGE WIND SPEED    13.3


SKY COVER
  POSSIBLE SUNSHINE  MM
  AVERAGE SKY COVER 0.1


WEATHER CONDITIONS
 THE FOLLOWING WEATHER WAS RECORDED YESTERDAY.
  HAZE


RELATIVE HUMIDITY (PERCENT)
 HIGHEST    77           600 AM
 LOWEST     15          1200 PM
 AVERAGE    46

..........................................................


THE ALAMOSA CO CLIMATE NORMALS FOR TODAY
                         NORMAL    RECORD    YEAR
 MAXIMUM TEMPERATURE (F)   49        66      1989
                                             1980
 MINIMUM TEMPERATURE (F)   14        -1      2012
                                             1950
                                             1940


SUNRISE AND SUNSET
NOVEMBER 11 2014......SUNRISE   639 AM MST   SUNSET   456 PM MST
NOVEMBER 12 2014......SUNRISE   640 AM MST   SUNSET   455 PM MST


-  INDICATES NEGATIVE NUMBERS.
R  INDICATES RECORD WAS SET OR TIED.
MM INDICATES DATA IS MISSING.
T  INDICATES TRACE AMOUNT.




$$
