447
CDUS45 KPUB 090019
CLIALS


CLIMATE REPORT
NATIONAL WEATHER SERVICE PUEBLO
519 PM MST WED NOV 8 2017


...................................

...THE ALAMOSA CO CLIMATE SUMMARY FOR NOVEMBER 8 2017...
VALID TODAY AS OF 0500 PM LOCAL TIME.

CLIMATE NORMAL PERIOD 1981 TO 2010
CLIMATE RECORD PERIOD 1932 TO 2017


WEATHER ITEM   OBSERVED TIME   RECORD YEAR NORMAL DEPARTURE LAST
                VALUE   (LST)  VALUE       VALUE  FROM      YEAR
                                                  NORMAL
..................................................................
TEMPERATURE (F)
 TODAY
  MAXIMUM         49    304 PM  70    2005  51     -2       60
                                      1980
  MINIMUM         30    616 AM  -5    1943  16     14       21
  AVERAGE         40                        33      7       41

PRECIPITATION (IN)
  TODAY            0.01          0.26 1972   0.02  -0.01     0.00
  MONTH TO DATE    0.01                      0.14  -0.13     0.17
  SINCE SEP 1      1.82                      1.73   0.09     0.47
  SINCE JAN 1     10.51                      6.68   3.83     7.82

SNOWFALL (IN)
  TODAY            0.2           4.9  1972   0.1    0.1      0.0
  MONTH TO DATE    0.2                       0.9   -0.7      0.0
  SINCE SEP 1      0.2                       3.0   -2.8      0.0
  SINCE JUL 1      0.2                       3.0   -2.8      0.0
  SNOW DEPTH       0

DEGREE DAYS
 HEATING
  TODAY           25                        32     -7       24
  MONTH TO DATE  165                       240    -75      184
  SINCE SEP 1   1041                      1221   -180      963
  SINCE JUL 1   1140                      1350   -210     1107

 COOLING
  TODAY            0                         0      0        0
  MONTH TO DATE    0                         0      0        0
  SINCE SEP 1      0                         0      0        0
  SINCE JAN 1     76                        51     25      115
..................................................................


WIND (MPH)
  HIGHEST WIND SPEED    17   HIGHEST WIND DIRECTION    NW (330)
  HIGHEST GUST SPEED    22   HIGHEST GUST DIRECTION    NW (330)
  AVERAGE WIND SPEED     3.8


SKY COVER
  POSSIBLE SUNSHINE  MM
  AVERAGE SKY COVER 0.5


WEATHER CONDITIONS
 THE FOLLOWING WEATHER WAS RECORDED TODAY.
  LIGHT RAIN
  LIGHT SNOW
  FOG


RELATIVE HUMIDITY (PERCENT)
 HIGHEST   100           500 AM
 LOWEST     29           300 PM
 AVERAGE    65

..........................................................


THE ALAMOSA CO CLIMATE NORMALS FOR TOMORROW
                         NORMAL    RECORD    YEAR
 MAXIMUM TEMPERATURE (F)   51        71      1980
 MINIMUM TEMPERATURE (F)   15        -2      1948


SUNRISE AND SUNSET
NOVEMBER  8 2017......SUNRISE   636 AM MST   SUNSET   458 PM MST
NOVEMBER  9 2017......SUNRISE   637 AM MST   SUNSET   457 PM MST


-  INDICATES NEGATIVE NUMBERS.
R  INDICATES RECORD WAS SET OR TIED.
MM INDICATES DATA IS MISSING.
T  INDICATES TRACE AMOUNT.




$$
