000
CDUS45 KPUB 081139
CLIALS


CLIMATE REPORT
NATIONAL WEATHER SERVICE PUEBLO
439 AM MST MON JAN 8 2018


...................................

...THE ALAMOSA CO CLIMATE SUMMARY FOR JANUARY 7 2018...

CLIMATE NORMAL PERIOD 1981 TO 2010
CLIMATE RECORD PERIOD 1932 TO 2018


WEATHER ITEM   OBSERVED TIME   RECORD YEAR NORMAL DEPARTURE LAST
                VALUE   (LST)  VALUE       VALUE  FROM      YEAR
                                                  NORMAL
..................................................................
TEMPERATURE (F)
 YESTERDAY
  MAXIMUM         48    316 PM  58    2006  34     14        5
  MINIMUM         13   1101 PM -38    1971  -2     15      -36
  AVERAGE         31                        16     15      -15

PRECIPITATION (IN)
  YESTERDAY        0.00          0.26 1952   0.01  -0.01     0.00
  MONTH TO DATE    0.00                      0.06  -0.06     0.61
  SINCE DEC 1      0.14                      0.41  -0.27     1.69
  SINCE JAN 1      0.00                      0.06  -0.06     0.61

SNOWFALL (IN)
  YESTERDAY        0.0           4.1  1952   0.1   -0.1      0.0
  MONTH TO DATE    0.0                       0.8   -0.8     10.7
  SINCE DEC 1      1.3                       5.3   -4.0     20.9
  SINCE JUL 1      1.7                      11.1   -9.4     21.9
  SNOW DEPTH       0

DEGREE DAYS
 HEATING
  YESTERDAY       34                        49    -15       80
  MONTH TO DATE  286                       343    -57      369
  SINCE DEC 1   1505                      1805   -300     1813
  SINCE JUL 1   3271                      3980   -709     3677

 COOLING
  YESTERDAY        0                         0      0        0
  MONTH TO DATE    0                         0      0        0
  SINCE DEC 1      0                         0      0        0
  SINCE JAN 1      0                         0      0        0
..................................................................


WIND (MPH)
  HIGHEST WIND SPEED    23   HIGHEST WIND DIRECTION     N (340)
  HIGHEST GUST SPEED    30   HIGHEST GUST DIRECTION     N (350)
  AVERAGE WIND SPEED     8.7


SKY COVER
  POSSIBLE SUNSHINE  MM
  AVERAGE SKY COVER 0.2


WEATHER CONDITIONS
 THE FOLLOWING WEATHER WAS RECORDED YESTERDAY.
  NO SIGNIFICANT WEATHER WAS OBSERVED.


RELATIVE HUMIDITY (PERCENT)
 HIGHEST   100           700 AM
 LOWEST     23           200 PM
 AVERAGE    62

..........................................................


THE ALAMOSA CO CLIMATE NORMALS FOR TODAY
                         NORMAL    RECORD    YEAR
 MAXIMUM TEMPERATURE (F)   34        57      1956
 MINIMUM TEMPERATURE (F)   -2       -36      1944


SUNRISE AND SUNSET
JANUARY  8 2018.......SUNRISE   718 AM MST   SUNSET   503 PM MST
JANUARY  9 2018.......SUNRISE   718 AM MST   SUNSET   503 PM MST


-  INDICATES NEGATIVE NUMBERS.
R  INDICATES RECORD WAS SET OR TIED.
MM INDICATES DATA IS MISSING.
T  INDICATES TRACE AMOUNT.




$$
