000
CDUS45 KPUB 160152
CLIALS


CLIMATE REPORT
NATIONAL WEATHER SERVICE PUEBLO
752 PM MDT FRI APR 15 2016


...................................

...THE ALAMOSA CO CLIMATE SUMMARY FOR APRIL 15 2016...
VALID TODAY AS OF 0500 PM LOCAL TIME.

CLIMATE NORMAL PERIOD 1981 TO 2010
CLIMATE RECORD PERIOD 1932 TO 2016


WEATHER ITEM   OBSERVED TIME   RECORD YEAR NORMAL DEPARTURE LAST
                VALUE   (LST)  VALUE       VALUE  FROM      YEAR
                                                  NORMAL
..................................................................
TEMPERATURE (F)
 TODAY
  MAXIMUM         62   1203 PM  76    1937  59      3       56
  MINIMUM         36    223 AM  10    1974  24     12       32
                                      1944
  AVERAGE         49                        42      7       44

PRECIPITATION (IN)
  TODAY            T             1.45 1938   0.01  -0.01     0.00
  MONTH TO DATE    T                         0.27  -0.27     0.00
  SINCE MAR 1      0.52                      0.80  -0.28     0.40
  SINCE JAN 1      1.50                      1.32   0.18     1.74

SNOWFALL (IN)
  TODAY            0.0          15.0  1938   0.1   -0.1      0.0
  MONTH TO DATE    0.0                       2.0   -2.0      0.0
  SINCE MAR 1      8.2                       7.0    1.2       T
  SINCE JUL 1     27.0                      25.1    1.9     23.1
  SNOW DEPTH       0

DEGREE DAYS
 HEATING
  TODAY           16                        23     -7       21
  MONTH TO DATE  320                       380    -60      301
  SINCE MAR 1   1237                      1357   -120     1086
  SINCE JUL 1   7003                      7686   -683     6578

 COOLING
  TODAY            0                         0      0        0
  MONTH TO DATE    0                         0      0        0
  SINCE MAR 1      0                         0      0        0
  SINCE JAN 1      0                         0      0        0
..................................................................


WIND (MPH)
  HIGHEST WIND SPEED    41   HIGHEST WIND DIRECTION     S (180)
  HIGHEST GUST SPEED    50   HIGHEST GUST DIRECTION     S (170)
  AVERAGE WIND SPEED    15.8


SKY COVER
  POSSIBLE SUNSHINE  MM
  AVERAGE SKY COVER 0.2


WEATHER CONDITIONS
 THE FOLLOWING WEATHER WAS RECORDED TODAY.
  LIGHT RAIN
  HAZE


RELATIVE HUMIDITY (PERCENT)
 HIGHEST    59          1200 AM
 LOWEST     17          1200 PM
 AVERAGE    38

..........................................................


THE ALAMOSA CO CLIMATE NORMALS FOR TOMORROW
                         NORMAL    RECORD    YEAR
 MAXIMUM TEMPERATURE (F)   59        75      1962
 MINIMUM TEMPERATURE (F)   24         4      1999


SUNRISE AND SUNSET
APRIL 15 2016.........SUNRISE   628 AM MDT   SUNSET   739 PM MDT
APRIL 16 2016.........SUNRISE   627 AM MDT   SUNSET   740 PM MDT


-  INDICATES NEGATIVE NUMBERS.
R  INDICATES RECORD WAS SET OR TIED.
MM INDICATES DATA IS MISSING.
T  INDICATES TRACE AMOUNT.




$$
