000
CDUS45 KPUB 101045
CLIALS


CLIMATE REPORT
NATIONAL WEATHER SERVICE PUEBLO
445 AM MDT SUN SEP 10 2017


...................................

...THE ALAMOSA CO CLIMATE SUMMARY FOR SEPTEMBER 9 2017...

CLIMATE NORMAL PERIOD 1981 TO 2010
CLIMATE RECORD PERIOD 1932 TO 2017


WEATHER ITEM   OBSERVED TIME   RECORD YEAR NORMAL DEPARTURE LAST
                VALUE   (LST)  VALUE       VALUE  FROM      YEAR
                                                  NORMAL
..................................................................
TEMPERATURE (F)
 YESTERDAY
  MAXIMUM         80    107 PM  84    1979  75      5       82
  MINIMUM         43    554 AM  20    1941  40      3       33
  AVERAGE         62                        58      4       58

PRECIPITATION (IN)
  YESTERDAY        T             1.17 2003   0.03  -0.03      T
  MONTH TO DATE    T                         0.33  -0.33     0.06
  SINCE SEP 1      T                         0.33  -0.33     0.06
  SINCE JAN 1      8.69                      5.28   3.41     7.41

SNOWFALL (IN)
  YESTERDAY        0.0           0.0  2002   0.0    0.0      0.0
  MONTH TO DATE    0.0                       0.0    0.0      0.0
  SINCE SEP 1      0.0                       0.0    0.0      0.0
  SINCE JUL 1      T                         0.0    0.0      0.0
  SNOW DEPTH       0

DEGREE DAYS
 HEATING
  YESTERDAY        3                         8     -5        7
  MONTH TO DATE   26                        57    -31       29
  SINCE SEP 1     26                        57    -31       29
  SINCE JUL 1    125                       186    -61      173

 COOLING
  YESTERDAY        0                         0      0        0
  MONTH TO DATE    0                         0      0        0
  SINCE SEP 1      0                         0      0        0
  SINCE JAN 1     76                        51     25      115
..................................................................


WIND (MPH)
  HIGHEST WIND SPEED    17   HIGHEST WIND DIRECTION    SW (230)
  HIGHEST GUST SPEED    22   HIGHEST GUST DIRECTION    SW (230)
  AVERAGE WIND SPEED     4.6


SKY COVER
  POSSIBLE SUNSHINE  MM
  AVERAGE SKY COVER 0.2


WEATHER CONDITIONS
 THE FOLLOWING WEATHER WAS RECORDED YESTERDAY.
  LIGHT RAIN


RELATIVE HUMIDITY (PERCENT)
 HIGHEST    89           600 AM
 LOWEST     23           400 PM
 AVERAGE    56

..........................................................


THE ALAMOSA CO CLIMATE NORMALS FOR TODAY
                         NORMAL    RECORD    YEAR
 MAXIMUM TEMPERATURE (F)   75        85      1944
 MINIMUM TEMPERATURE (F)   39        21      1962


SUNRISE AND SUNSET
SEPTEMBER 10 2017.....SUNRISE   642 AM MDT   SUNSET   718 PM MDT
SEPTEMBER 11 2017.....SUNRISE   642 AM MDT   SUNSET   717 PM MDT


-  INDICATES NEGATIVE NUMBERS.
R  INDICATES RECORD WAS SET OR TIED.
MM INDICATES DATA IS MISSING.
T  INDICATES TRACE AMOUNT.




$$
