000
CDUS45 KPUB 181041
CLIALS


CLIMATE REPORT
NATIONAL WEATHER SERVICE PUEBLO
438 AM MDT WED MAY 18 2016


...................................

...THE ALAMOSA CO CLIMATE SUMMARY FOR MAY 17 2016...

CLIMATE NORMAL PERIOD 1981 TO 2010
CLIMATE RECORD PERIOD 1932 TO 2016


WEATHER ITEM   OBSERVED TIME   RECORD YEAR NORMAL DEPARTURE LAST
                VALUE   (LST)  VALUE       VALUE  FROM      YEAR
                                                  NORMAL
..................................................................
TEMPERATURE (F)
 YESTERDAY
  MAXIMUM         60   1216 PM  82    2003  69     -9       66
  MINIMUM         37    539 AM  20    1943  34      3       26
  AVERAGE         49                        52     -3       46

PRECIPITATION (IN)
  YESTERDAY        0.23          0.51 1952   0.02   0.21      T
  MONTH TO DATE    0.45                      0.34   0.11     0.61
  SINCE MAR 1      2.72                      1.46   1.26     1.44
  SINCE JAN 1      3.70                      1.98   1.72     2.78

SNOWFALL (IN)
  YESTERDAY       MM             4.7  1952   0.0   MM        0.0
  MONTH TO DATE    0.8                       0.8    0.0       T
  SINCE MAR 1     24.2                       9.4   14.8      0.7
  SINCE JUL 1     43.0                      27.5   15.5     23.8
  SNOW DEPTH       0

DEGREE DAYS
 HEATING
  YESTERDAY       16                        13      3       19
  MONTH TO DATE  273                       268      5      269
  SINCE MAR 1   1875                      1939    -64     1694
  SINCE JUL 1   7641                      8268   -627     7186

 COOLING
  YESTERDAY        0                         0      0        0
  MONTH TO DATE    0                         0      0        0
  SINCE MAR 1      0                         0      0        0
  SINCE JAN 1      0                         0      0        0
..................................................................


WIND (MPH)
  HIGHEST WIND SPEED    26   HIGHEST WIND DIRECTION     E (110)
  HIGHEST GUST SPEED    34   HIGHEST GUST DIRECTION     E (90)
  AVERAGE WIND SPEED     9.2


SKY COVER
  POSSIBLE SUNSHINE  MM
  AVERAGE SKY COVER 0.6


WEATHER CONDITIONS
 THE FOLLOWING WEATHER WAS RECORDED YESTERDAY.
  THUNDERSTORM
  RAIN
  LIGHT RAIN
  FOG


RELATIVE HUMIDITY (PERCENT)
 HIGHEST    93           400 PM
 LOWEST     33           100 PM
 AVERAGE    63

..........................................................


THE ALAMOSA CO CLIMATE NORMALS FOR TODAY
                         NORMAL    RECORD    YEAR
 MAXIMUM TEMPERATURE (F)   70        85      1970
 MINIMUM TEMPERATURE (F)   34        21      2000
                                             1978


SUNRISE AND SUNSET
MAY 18 2016...........SUNRISE   552 AM MDT   SUNSET   809 PM MDT
MAY 19 2016...........SUNRISE   551 AM MDT   SUNSET   810 PM MDT


-  INDICATES NEGATIVE NUMBERS.
R  INDICATES RECORD WAS SET OR TIED.
MM INDICATES DATA IS MISSING.
T  INDICATES TRACE AMOUNT.




$$
