000
CDUS45 KPUB 240031
CLIALS


CLIMATE REPORT
NATIONAL WEATHER SERVICE PUEBLO
631 PM MDT TUE JUN 23 2015


...................................

...THE ALAMOSA CO CLIMATE SUMMARY FOR JUNE 23 2015...
VALID TODAY AS OF 0500 PM LOCAL TIME.

CLIMATE NORMAL PERIOD 1981 TO 2010
CLIMATE RECORD PERIOD 1932 TO 2015


WEATHER ITEM   OBSERVED TIME   RECORD YEAR NORMAL DEPARTURE LAST
                VALUE   (LST)  VALUE       VALUE  FROM      YEAR
                                                  NORMAL
..................................................................
TEMPERATURE (F)
 TODAY
  MAXIMUM         88    105 PM  92    2012  81      7       80
  MINIMUM         46    447 AM  32    2010  43      3       36
                                      1964
  AVERAGE         67                        62      5       58

PRECIPITATION (IN)
  TODAY            T             0.41 1932   0.02  -0.02      T
  MONTH TO DATE    1.14                      0.35   0.79     0.01
  SINCE JUN 1      1.14                      0.35   0.79     0.01
  SINCE JAN 1      5.08                      2.57   2.51     1.82

SNOWFALL (IN)
  TODAY            0.0           0.0  2002   0.0    0.0      0.0
  MONTH TO DATE    0.0                       0.0    0.0      0.0
  SINCE JUN 1      0.0                       0.0    0.0      0.0
  SINCE JUL 1     23.8                      27.6   -3.8     39.8
  SNOW DEPTH       0

DEGREE DAYS
 HEATING
  TODAY            0                         4     -4        7
  MONTH TO DATE   76                       148    -72      116
  SINCE JUN 1     76                       148    -72      116
  SINCE JUL 1   7457                      8574  -1117     8662

 COOLING
  TODAY            2                         0      2        0
  MONTH TO DATE   14                         0     14        0
  SINCE JUN 1     14                         0     14        0
  SINCE JAN 1     14                         0     14        0
..................................................................


WIND (MPH)
  HIGHEST WIND SPEED    33   HIGHEST WIND DIRECTION    SW (240)
  HIGHEST GUST SPEED    45   HIGHEST GUST DIRECTION    SW (240)
  AVERAGE WIND SPEED     6.4


SKY COVER
  POSSIBLE SUNSHINE  MM
  AVERAGE SKY COVER 0.0


WEATHER CONDITIONS
 THE FOLLOWING WEATHER WAS RECORDED TODAY.
  LIGHT RAIN
  HAZE


RELATIVE HUMIDITY (PERCENT)
 HIGHEST    93           500 AM
 LOWEST     13          1200 PM
 AVERAGE    53

..........................................................


THE ALAMOSA CO CLIMATE NORMALS FOR TOMORROW
                         NORMAL    RECORD    YEAR
 MAXIMUM TEMPERATURE (F)   81        93      2012
 MINIMUM TEMPERATURE (F)   43        32      1906


SUNRISE AND SUNSET
JUNE 23 2015..........SUNRISE   543 AM MDT   SUNSET   828 PM MDT
JUNE 24 2015..........SUNRISE   544 AM MDT   SUNSET   828 PM MDT


-  INDICATES NEGATIVE NUMBERS.
R  INDICATES RECORD WAS SET OR TIED.
MM INDICATES DATA IS MISSING.
T  INDICATES TRACE AMOUNT.




$$
