000
CDUS45 KPUB 130001
CLIALS


CLIMATE REPORT
NATIONAL WEATHER SERVICE PUEBLO
601 PM MDT FRI AUG 12 2016


...................................

...THE ALAMOSA CO CLIMATE SUMMARY FOR AUGUST 12 2016...
VALID TODAY AS OF 0500 PM LOCAL TIME.

CLIMATE NORMAL PERIOD 1981 TO 2010
CLIMATE RECORD PERIOD 1932 TO 2016


WEATHER ITEM   OBSERVED TIME   RECORD YEAR NORMAL DEPARTURE LAST
                VALUE   (LST)  VALUE       VALUE  FROM      YEAR
                                                  NORMAL
..................................................................
TEMPERATURE (F)
 TODAY
  MAXIMUM         82    319 PM  89    1996  80      2       85
  MINIMUM         49    600 AM  37    2002  47      2       54
                                      1976
                                      1974
  AVERAGE         66                        63      3       70

PRECIPITATION (IN)
  TODAY            0.00          0.38 2005   0.04  -0.04     0.00
  MONTH TO DATE    1.89                      0.48   1.41     0.15
  SINCE JUN 1      2.71                      1.94   0.77     2.68
  SINCE JAN 1      7.08                      4.16   2.92     6.62

SNOWFALL (IN)
  TODAY            0.0           0.0  2002   0.0    0.0      0.0
  MONTH TO DATE    0.0                       0.0    0.0      0.0
  SINCE JUN 1      0.0                       0.0    0.0      0.0
  SINCE JUL 1      0.0                       0.0    0.0      0.0
  SNOW DEPTH       0

DEGREE DAYS
 HEATING
  TODAY            0                         2     -2        0
  MONTH TO DATE    7                        21    -14       12
  SINCE JUN 1     76                       234   -158      132
  SINCE JUL 1     20                        66    -46       56

 COOLING
  TODAY            1                         1      0        5
  MONTH TO DATE    9                        12     -3       11
  SINCE JUN 1    115                        50     65       60
  SINCE JAN 1    115                        50     65       60
..................................................................


WIND (MPH)
  HIGHEST WIND SPEED    16   HIGHEST WIND DIRECTION     N (20)
  HIGHEST GUST SPEED    23   HIGHEST GUST DIRECTION    NW (310)
  AVERAGE WIND SPEED     5.3


SKY COVER
  POSSIBLE SUNSHINE  MM
  AVERAGE SKY COVER 0.0


WEATHER CONDITIONS
 THE FOLLOWING WEATHER WAS RECORDED TODAY.
  NO SIGNIFICANT WEATHER WAS OBSERVED.


RELATIVE HUMIDITY (PERCENT)
 HIGHEST    86           500 AM
 LOWEST     11           300 PM
 AVERAGE    49

..........................................................


THE ALAMOSA CO CLIMATE NORMALS FOR TOMORROW
                         NORMAL    RECORD    YEAR
 MAXIMUM TEMPERATURE (F)   80        89      1970
 MINIMUM TEMPERATURE (F)   47        36      1988


SUNRISE AND SUNSET
AUGUST 12 2016........SUNRISE   617 AM MDT   SUNSET   759 PM MDT
AUGUST 13 2016........SUNRISE   618 AM MDT   SUNSET   757 PM MDT


-  INDICATES NEGATIVE NUMBERS.
R  INDICATES RECORD WAS SET OR TIED.
MM INDICATES DATA IS MISSING.
T  INDICATES TRACE AMOUNT.




$$
