000
CDUS45 KPUB 132321
CLIALS


CLIMATE REPORT
NATIONAL WEATHER SERVICE PUEBLO
521 PM MDT MON OCT 13 2014


...................................

...THE ALAMOSA CO CLIMATE SUMMARY FOR OCTOBER 13 2014...
VALID TODAY AS OF 0500 PM LOCAL TIME.

CLIMATE NORMAL PERIOD 1981 TO 2010
CLIMATE RECORD PERIOD 1932 TO 2014


WEATHER ITEM   OBSERVED TIME   RECORD YEAR NORMAL DEPARTURE LAST
                VALUE   (LST)  VALUE       VALUE  FROM      YEAR
                                                  NORMAL
..................................................................
TEMPERATURE (F)
 TODAY
  MAXIMUM         57    359 PM  75    1999  63     -6       67
                                      1989
                                      1950
  MINIMUM         26    558 AM   0    2013  26      0       28
                                      1969
  AVERAGE         42                        44     -2       48

PRECIPITATION (IN)
  TODAY            0.00          0.26 2009   0.02  -0.02     0.09
  MONTH TO DATE    0.69                      0.28   0.41     0.24
  SINCE SEP 1      1.10                      1.19  -0.09     3.22
  SINCE JAN 1      4.98                      6.14  -1.16     8.09

SNOWFALL (IN)
  TODAY            0.0           0.2  2004   0.1   -0.1      0.0
  MONTH TO DATE    T                         0.4   -0.4      0.0
  SINCE SEP 1      T                         0.4   -0.4      0.0
  SINCE JUL 1      T                         0.4   -0.4      0.0
  SNOW DEPTH       0

DEGREE DAYS
 HEATING
  TODAY           23                        21      2       17
  MONTH TO DATE  226                       239    -13      248
  SINCE SEP 1    405                       541   -136      470
  SINCE JUL 1    526                       670   -144      545

 COOLING
  TODAY            0                         0      0        0
  MONTH TO DATE    0                         0      0        0
  SINCE SEP 1      0                         0      0       14
  SINCE JAN 1     60                        51      9      113
..................................................................


WIND (MPH)
  HIGHEST WIND SPEED    16   HIGHEST WIND DIRECTION     N (350)
  HIGHEST GUST SPEED    22   HIGHEST GUST DIRECTION     N (340)
  AVERAGE WIND SPEED     8.6


SKY COVER
  POSSIBLE SUNSHINE  MM
  AVERAGE SKY COVER 0.0


WEATHER CONDITIONS
 THE FOLLOWING WEATHER WAS RECORDED TODAY.
  NO SIGNIFICANT WEATHER WAS OBSERVED.


RELATIVE HUMIDITY (PERCENT)
 HIGHEST    84           500 AM
 LOWEST     21           400 PM
 AVERAGE    53

..........................................................


THE ALAMOSA CO CLIMATE NORMALS FOR TOMORROW
                         NORMAL    RECORD    YEAR
 MAXIMUM TEMPERATURE (F)   63        76      1989
 MINIMUM TEMPERATURE (F)   25        13      1951


SUNRISE AND SUNSET
OCTOBER 13 2014.......SUNRISE   710 AM MDT   SUNSET   629 PM MDT
OCTOBER 14 2014.......SUNRISE   711 AM MDT   SUNSET   628 PM MDT


-  INDICATES NEGATIVE NUMBERS.
R  INDICATES RECORD WAS SET OR TIED.
MM INDICATES DATA IS MISSING.
T  INDICATES TRACE AMOUNT.




$$
