000
CDUS45 KPUB 101051
CLIALS


CLIMATE REPORT
NATIONAL WEATHER SERVICE PUEBLO
444 AM MDT TUE OCT 10 2017


...................................

...THE ALAMOSA CO CLIMATE SUMMARY FOR OCTOBER 9 2017...

CLIMATE NORMAL PERIOD 1981 TO 2010
CLIMATE RECORD PERIOD 1932 TO 2017


WEATHER ITEM   OBSERVED TIME   RECORD YEAR NORMAL DEPARTURE LAST
                VALUE   (LST)  VALUE       VALUE  FROM      YEAR
                                                  NORMAL
..................................................................
TEMPERATURE (F)
 YESTERDAY
  MAXIMUM         46   1058 AM  77    1950  65    -19       60
  MINIMUM         22   1142 PM  15    1975  27     -5       30
  AVERAGE         34                        46    -12       45

PRECIPITATION (IN)
  YESTERDAY        0.01          0.66 2005   0.02  -0.01      T
  MONTH TO DATE    0.05                      0.19  -0.14     0.02
  SINCE SEP 1      1.80                      1.10   0.70     0.30
  SINCE JAN 1     10.49                      6.05   4.44     7.65

SNOWFALL (IN)
  YESTERDAY        T   R         T    2011   0.0    0.0      0.0
                                      2005
  MONTH TO DATE    T                         0.2   -0.2      0.0
  SINCE SEP 1      T                         0.2   -0.2      0.0
  SINCE JUL 1      T                         0.2   -0.2      0.0
  SNOW DEPTH       0

DEGREE DAYS
 HEATING
  YESTERDAY       31                        19     12       20
  MONTH TO DATE  137                       158    -21      171
  SINCE SEP 1    382                       460    -78      422
  SINCE JUL 1    481                       589   -108      566

 COOLING
  YESTERDAY        0                         0      0        0
  MONTH TO DATE    0                         0      0        0
  SINCE SEP 1      0                         0      0        0
  SINCE JAN 1     76                        51     25      115
..................................................................


WIND (MPH)
  HIGHEST WIND SPEED    32   HIGHEST WIND DIRECTION     E (100)
  HIGHEST GUST SPEED    40   HIGHEST GUST DIRECTION     E (90)
  AVERAGE WIND SPEED    14.4


SKY COVER
  POSSIBLE SUNSHINE  MM
  AVERAGE SKY COVER 0.4


WEATHER CONDITIONS
 THE FOLLOWING WEATHER WAS RECORDED YESTERDAY.
  LIGHT RAIN
  LIGHT SNOW
  FOG


RELATIVE HUMIDITY (PERCENT)
 HIGHEST    88          1000 PM
 LOWEST     45           100 AM
 AVERAGE    67

..........................................................


THE ALAMOSA CO CLIMATE NORMALS FOR TODAY
                         NORMAL    RECORD    YEAR
 MAXIMUM TEMPERATURE (F)   64        77      1991
 MINIMUM TEMPERATURE (F)   27        15      1982


SUNRISE AND SUNSET
OCTOBER 10 2017.......SUNRISE   707 AM MDT   SUNSET   633 PM MDT
OCTOBER 11 2017.......SUNRISE   708 AM MDT   SUNSET   631 PM MDT


-  INDICATES NEGATIVE NUMBERS.
R  INDICATES RECORD WAS SET OR TIED.
MM INDICATES DATA IS MISSING.
T  INDICATES TRACE AMOUNT.




$$
