000
CDUS45 KPUB 122332
CLIALS


CLIMATE REPORT
NATIONAL WEATHER SERVICE PUEBLO
531 PM MDT SAT AUG 12 2017


...................................

...THE ALAMOSA CO CLIMATE SUMMARY FOR AUGUST 12 2017...
VALID TODAY AS OF 0500 PM LOCAL TIME.

CLIMATE NORMAL PERIOD 1981 TO 2010
CLIMATE RECORD PERIOD 1932 TO 2017


WEATHER ITEM   OBSERVED TIME   RECORD YEAR NORMAL DEPARTURE LAST
                VALUE   (LST)  VALUE       VALUE  FROM      YEAR
                                                  NORMAL
..................................................................
TEMPERATURE (F)
 TODAY
  MAXIMUM         78    222 PM  89    1996  80     -2       82
  MINIMUM         46    537 AM  37    2002  47     -1       49
                                      1976
                                      1974
  AVERAGE         62                        63     -1       66

PRECIPITATION (IN)
  TODAY            0.00          0.38 2005   0.04  -0.04     0.00
  MONTH TO DATE    0.54                      0.48   0.06     1.89
  SINCE JUN 1      4.25                      1.94   2.31     2.71
  SINCE JAN 1      8.50                      4.16   4.34     7.08

SNOWFALL (IN)
  TODAY            0.0           0.0  2002   0.0    0.0      0.0
  MONTH TO DATE    0.0                       0.0    0.0      0.0
  SINCE JUN 1      T                         0.0    0.0      0.0
  SINCE JUL 1      T                         0.0    0.0      0.0
  SNOW DEPTH       0

DEGREE DAYS
 HEATING
  TODAY            3                         2      1        0
  MONTH TO DATE   38                        21     17        7
  SINCE JUN 1    138                       234    -96       76
  SINCE JUL 1     47                        66    -19       20

 COOLING
  TODAY            0                         1     -1        1
  MONTH TO DATE    0                        12    -12        9
  SINCE JUN 1     76                        50     26      115
  SINCE JAN 1     76                        50     26      115
..................................................................


WIND (MPH)
  HIGHEST WIND SPEED    24   HIGHEST WIND DIRECTION     W (250)
  HIGHEST GUST SPEED    30   HIGHEST GUST DIRECTION     W (250)
  AVERAGE WIND SPEED     4.9


SKY COVER
  POSSIBLE SUNSHINE  MM
  AVERAGE SKY COVER 0.1


WEATHER CONDITIONS
 THE FOLLOWING WEATHER WAS RECORDED TODAY.
  FOG


RELATIVE HUMIDITY (PERCENT)
 HIGHEST   100          1200 AM
 LOWEST     31           200 PM
 AVERAGE    66

..........................................................


THE ALAMOSA CO CLIMATE NORMALS FOR TOMORROW
                         NORMAL    RECORD    YEAR
 MAXIMUM TEMPERATURE (F)   80        89      1970
 MINIMUM TEMPERATURE (F)   47        36      1988


SUNRISE AND SUNSET
AUGUST 12 2017........SUNRISE   617 AM MDT   SUNSET   759 PM MDT
AUGUST 13 2017........SUNRISE   618 AM MDT   SUNSET   758 PM MDT


-  INDICATES NEGATIVE NUMBERS.
R  INDICATES RECORD WAS SET OR TIED.
MM INDICATES DATA IS MISSING.
T  INDICATES TRACE AMOUNT.




$$
