000
CDUS45 KPUB 132323
CLIALS


CLIMATE REPORT
NATIONAL WEATHER SERVICE PUEBLO
523 PM MDT FRI MAY 13 2016


...................................

...THE ALAMOSA CO CLIMATE SUMMARY FOR MAY 13 2016...
VALID TODAY AS OF 0500 PM LOCAL TIME.

CLIMATE NORMAL PERIOD 1981 TO 2010
CLIMATE RECORD PERIOD 1932 TO 2016


WEATHER ITEM   OBSERVED TIME   RECORD YEAR NORMAL DEPARTURE LAST
                VALUE   (LST)  VALUE       VALUE  FROM      YEAR
                                                  NORMAL
..................................................................
TEMPERATURE (F)
 TODAY
  MAXIMUM         75    350 PM  84    1996  68      7       64
  MINIMUM         28    531 AM  18    1933  33     -5       38
  AVERAGE         52                        50      2       51

PRECIPITATION (IN)
  TODAY            0.00          0.29 1973   0.02  -0.02     0.06
  MONTH TO DATE    0.18                      0.27  -0.09     0.52
  SINCE MAR 1      2.45                      1.39   1.06     1.35
  SINCE JAN 1      3.43                      1.91   1.52     2.69

SNOWFALL (IN)
  TODAY            0.0           1.7  1953   0.0    0.0      0.0
  MONTH TO DATE    0.8                       0.7    0.1       T
  SINCE MAR 1     24.2                       9.3   14.9      0.7
  SINCE JUL 1     43.0                      27.4   15.6     23.8
  SNOW DEPTH       0

DEGREE DAYS
 HEATING
  TODAY           13                        15     -2       14
  MONTH TO DATE  218                       213      5      194
  SINCE MAR 1   1820                      1884    -64     1619
  SINCE JUL 1   7586                      8213   -627     7111

 COOLING
  TODAY            0                         0      0        0
  MONTH TO DATE    0                         0      0        0
  SINCE MAR 1      0                         0      0        0
  SINCE JAN 1      0                         0      0        0
..................................................................


WIND (MPH)
  HIGHEST WIND SPEED    13   HIGHEST WIND DIRECTION    SW (210)
  HIGHEST GUST SPEED    18   HIGHEST GUST DIRECTION     E (90)
  AVERAGE WIND SPEED     3.4


SKY COVER
  POSSIBLE SUNSHINE  MM
  AVERAGE SKY COVER 0.0


WEATHER CONDITIONS
 THE FOLLOWING WEATHER WAS RECORDED TODAY.
  NO SIGNIFICANT WEATHER WAS OBSERVED.


RELATIVE HUMIDITY (PERCENT)
 HIGHEST    85           500 AM
 LOWEST      9           400 PM
 AVERAGE    47

..........................................................


THE ALAMOSA CO CLIMATE NORMALS FOR TOMORROW
                         NORMAL    RECORD    YEAR
 MAXIMUM TEMPERATURE (F)   69        82      1978
 MINIMUM TEMPERATURE (F)   33        17      2014
                                             1933


SUNRISE AND SUNSET
MAY 13 2016...........SUNRISE   556 AM MDT   SUNSET   804 PM MDT
MAY 14 2016...........SUNRISE   555 AM MDT   SUNSET   805 PM MDT


-  INDICATES NEGATIVE NUMBERS.
R  INDICATES RECORD WAS SET OR TIED.
MM INDICATES DATA IS MISSING.
T  INDICATES TRACE AMOUNT.




$$
