072
CDUS45 KPUB 182325
CLIALS


CLIMATE REPORT
NATIONAL WEATHER SERVICE PUEBLO
525 PM MDT MON JUL 18 2016


...................................

...THE ALAMOSA CO CLIMATE SUMMARY FOR JULY 18 2016...
VALID TODAY AS OF 0500 PM LOCAL TIME.

CLIMATE NORMAL PERIOD 1981 TO 2010
CLIMATE RECORD PERIOD 1932 TO 2016


WEATHER ITEM   OBSERVED TIME   RECORD YEAR NORMAL DEPARTURE LAST
                VALUE   (LST)  VALUE       VALUE  FROM      YEAR
                                                  NORMAL
..................................................................
TEMPERATURE (F)
 TODAY
  MAXIMUM         87    129 PM  92    1989  83      4       80
  MINIMUM         53    432 AM  38    1987  48      5       47
  AVERAGE         70                        65      5       64

PRECIPITATION (IN)
  TODAY            T             1.56 1971   0.04  -0.04     0.07
  MONTH TO DATE    0.29                      0.53  -0.24     0.86
  SINCE JUN 1      0.80                      1.02  -0.22     2.05
  SINCE JAN 1      5.17                      3.24   1.93     5.99

SNOWFALL (IN)
  TODAY            0.0           0.0  2002   0.0    0.0      0.0
                                      2001
  MONTH TO DATE    0.0                       0.0    0.0      0.0
  SINCE JUN 1      0.0                       0.0    0.0      0.0
  SINCE JUL 1      0.0                       0.0    0.0      0.0
  SNOW DEPTH       0

DEGREE DAYS
 HEATING
  TODAY            0                         1     -1        1
  MONTH TO DATE   13                        27    -14       39
  SINCE JUN 1     69                       195   -126      115
  SINCE JUL 1     13                        27    -14       39

 COOLING
  TODAY            5                         1      4        0
  MONTH TO DATE   19                        18      1       12
  SINCE JUN 1     48                        24     24       36
  SINCE JAN 1     48                        24     24       36
..................................................................


WIND (MPH)
  HIGHEST WIND SPEED    24   HIGHEST WIND DIRECTION    SE (130)
  HIGHEST GUST SPEED    29   HIGHEST GUST DIRECTION    SE (130)
  AVERAGE WIND SPEED     6.4


SKY COVER
  POSSIBLE SUNSHINE  MM
  AVERAGE SKY COVER 0.2


WEATHER CONDITIONS
 THE FOLLOWING WEATHER WAS RECORDED TODAY.
  THUNDERSTORM
  LIGHT RAIN


RELATIVE HUMIDITY (PERCENT)
 HIGHEST    66           500 AM
 LOWEST     18           100 PM
 AVERAGE    42

..........................................................


THE ALAMOSA CO CLIMATE NORMALS FOR TOMORROW
                         NORMAL    RECORD    YEAR
 MAXIMUM TEMPERATURE (F)   82        92      2005
 MINIMUM TEMPERATURE (F)   48        37      1992


SUNRISE AND SUNSET
JULY 18 2016..........SUNRISE   557 AM MDT   SUNSET   822 PM MDT
JULY 19 2016..........SUNRISE   558 AM MDT   SUNSET   821 PM MDT


-  INDICATES NEGATIVE NUMBERS.
R  INDICATES RECORD WAS SET OR TIED.
MM INDICATES DATA IS MISSING.
T  INDICATES TRACE AMOUNT.




$$
