000
CDUS45 KPUB 081129
CLIALS


CLIMATE REPORT
NATIONAL WEATHER SERVICE PUEBLO
429 AM MST SAT NOV 8 2014


...................................

...THE ALAMOSA CO CLIMATE SUMMARY FOR NOVEMBER 7 2014...

CLIMATE NORMAL PERIOD 1981 TO 2010
CLIMATE RECORD PERIOD 1932 TO 2014


WEATHER ITEM   OBSERVED TIME   RECORD YEAR NORMAL DEPARTURE LAST
                VALUE   (LST)  VALUE       VALUE  FROM      YEAR
                                                  NORMAL
..................................................................
TEMPERATURE (F)
 YESTERDAY
  MAXIMUM         62    405 PM  69    2009  52     10       52
  MINIMUM         16    526 AM  -8    1938  16      0       10
  AVERAGE         39                        34      5       31

PRECIPITATION (IN)
  YESTERDAY        0.00          0.71 1981   0.01  -0.01     0.00
  MONTH TO DATE    0.17                      0.12   0.05      T
  SINCE SEP 1      1.28                      1.71  -0.43     3.51
  SINCE JAN 1      5.16                      6.66  -1.50     8.38

SNOWFALL (IN)
  YESTERDAY        0.0           4.7  1981   0.1   -0.1      0.0
  MONTH TO DATE    0.0                       0.8   -0.8      0.0
  SINCE SEP 1      T                         2.9   -2.9      3.5
  SINCE JUL 1      T                         2.9   -2.9      3.5
  SNOW DEPTH       0

DEGREE DAYS
 HEATING
  YESTERDAY       26                        31     -5       34
  MONTH TO DATE  174                       208    -34      222
  SINCE SEP 1    909                      1189   -280     1146
  SINCE JUL 1   1030                      1318   -288     1221

 COOLING
  YESTERDAY        0                         0      0        0
  MONTH TO DATE    0                         0      0        0
  SINCE SEP 1      0                         0      0       14
  SINCE JAN 1     60                        51      9      113
..................................................................


WIND (MPH)
  HIGHEST WIND SPEED    14   HIGHEST WIND DIRECTION     N (340)
  HIGHEST GUST SPEED    18   HIGHEST GUST DIRECTION     N (350)
  AVERAGE WIND SPEED     4.6


SKY COVER
  POSSIBLE SUNSHINE  MM
  AVERAGE SKY COVER 0.0


WEATHER CONDITIONS
 THE FOLLOWING WEATHER WAS RECORDED YESTERDAY.
  NO SIGNIFICANT WEATHER WAS OBSERVED.


RELATIVE HUMIDITY (PERCENT)
 HIGHEST    84           200 AM
 LOWEST     14           400 PM
 AVERAGE    49

..........................................................


THE ALAMOSA CO CLIMATE NORMALS FOR TODAY
                         NORMAL    RECORD    YEAR
 MAXIMUM TEMPERATURE (F)   51        70      2005
                                             1980
 MINIMUM TEMPERATURE (F)   16        -5      1943


SUNRISE AND SUNSET
NOVEMBER  8 2014......SUNRISE   636 AM MST   SUNSET   458 PM MST
NOVEMBER  9 2014......SUNRISE   637 AM MST   SUNSET   457 PM MST


-  INDICATES NEGATIVE NUMBERS.
R  INDICATES RECORD WAS SET OR TIED.
MM INDICATES DATA IS MISSING.
T  INDICATES TRACE AMOUNT.




$$
