000
CDUS45 KPUB 140031
CLIALS


CLIMATE REPORT
NATIONAL WEATHER SERVICE PUEBLO
631 PM MDT WED AUG 13 2014


...................................

...THE ALAMOSA CO CLIMATE SUMMARY FOR AUGUST 13 2014...
VALID TODAY AS OF 0500 PM LOCAL TIME.

CLIMATE NORMAL PERIOD 1981 TO 2010
CLIMATE RECORD PERIOD 1932 TO 2014


WEATHER ITEM   OBSERVED TIME   RECORD YEAR NORMAL DEPARTURE LAST
                VALUE   (LST)  VALUE       VALUE  FROM      YEAR
                                                  NORMAL
..................................................................
TEMPERATURE (F)
 TODAY
  MAXIMUM         83    304 PM  89    1970  80      3       73
  MINIMUM         47    541 AM  36    1988  47      0       43
  AVERAGE         65                        63      2       58

PRECIPITATION (IN)
  TODAY            0.00          0.61 1969   0.04  -0.04      T
  MONTH TO DATE    T                         0.52  -0.52     2.16
  SINCE JUN 1      1.54                      1.98  -0.44     3.50
  SINCE JAN 1      3.35                      4.20  -0.85     4.56

SNOWFALL (IN)
  TODAY            0.0           0.0  2002   0.0    0.0      0.0
  MONTH TO DATE    0.0                       0.0    0.0      0.0
  SINCE JUN 1      0.0                       0.0    0.0      0.0
  SINCE JUL 1      0.0                       0.0    0.0      0.0
  SNOW DEPTH       0

DEGREE DAYS
 HEATING
  TODAY            0                         2     -2        7
  MONTH TO DATE   32                        23      9       41
  SINCE JUN 1    180                       236    -56      171
  SINCE JUL 1     54                        68    -14       69

 COOLING
  TODAY            0                         0      0        0
  MONTH TO DATE    0                        12    -12        8
  SINCE JUN 1     57                        50      7       73
  SINCE JAN 1     57                        50      7       73
..................................................................


WIND (MPH)
  HIGHEST WIND SPEED    18   HIGHEST WIND DIRECTION    SW (240)
  HIGHEST GUST SPEED    23   HIGHEST GUST DIRECTION     W (250)
  AVERAGE WIND SPEED     5.8


SKY COVER
  POSSIBLE SUNSHINE  MM
  AVERAGE SKY COVER 0.1


WEATHER CONDITIONS
 THE FOLLOWING WEATHER WAS RECORDED TODAY.
  NO SIGNIFICANT WEATHER WAS OBSERVED.


RELATIVE HUMIDITY (PERCENT)
 HIGHEST    80           400 AM
 LOWEST     21           300 PM
 AVERAGE    51

..........................................................


THE ALAMOSA CO CLIMATE NORMALS FOR TOMORROW
                         NORMAL    RECORD    YEAR
 MAXIMUM TEMPERATURE (F)   80        88      1958
                                             1951
 MINIMUM TEMPERATURE (F)   47        36      2002
                                             1974


SUNRISE AND SUNSET
AUGUST 13 2014........SUNRISE   618 AM MDT   SUNSET   758 PM MDT
AUGUST 14 2014........SUNRISE   619 AM MDT   SUNSET   757 PM MDT


-  INDICATES NEGATIVE NUMBERS.
R  INDICATES RECORD WAS SET OR TIED.
MM INDICATES DATA IS MISSING.
T  INDICATES TRACE AMOUNT.




$$
