000
CDUS45 KPUB 151038
CLIALS


CLIMATE REPORT
NATIONAL WEATHER SERVICE PUEBLO
438 AM MDT TUE JUL 15 2014


...................................

...THE ALAMOSA CO CLIMATE SUMMARY FOR JULY 14 2014...

CLIMATE NORMAL PERIOD 1981 TO 2010
CLIMATE RECORD PERIOD 1932 TO 2014


WEATHER ITEM   OBSERVED TIME   RECORD YEAR NORMAL DEPARTURE LAST
                VALUE   (LST)  VALUE       VALUE  FROM      YEAR
                                                  NORMAL
..................................................................
TEMPERATURE (F)
 YESTERDAY
  MAXIMUM         82    408 PM  93    2003  83     -1       85
  MINIMUM         56    519 AM  36    1992  47      9       51
  AVERAGE         69                        65      4       68

PRECIPITATION (IN)
  YESTERDAY        T             0.55 1938   0.04  -0.04     0.02
  MONTH TO DATE    T                         0.40  -0.40     0.19
  SINCE JUN 1      0.02                      0.89  -0.87     0.73
  SINCE JAN 1      1.83                      3.11  -1.28     1.79

SNOWFALL (IN)
  YESTERDAY        0.0           0.0  2002   0.0    0.0      0.0
                                      2001
  MONTH TO DATE    0.0                       0.0    0.0      0.0
  SINCE JUN 1      0.0                       0.0    0.0      0.0
  SINCE JUL 1      0.0                       0.0    0.0      0.0
  SNOW DEPTH       0

DEGREE DAYS
 HEATING
  YESTERDAY        0                         1     -1        0
  MONTH TO DATE    7                        23    -16        8
  SINCE JUN 1    133                       191    -58      110
  SINCE JUL 1      7                        23    -16        8

 COOLING
  YESTERDAY        4                         1      3        3
  MONTH TO DATE   23                        14      9       25
  SINCE JUN 1     24                        20      4       41
  SINCE JAN 1     24                        20      4       41
..................................................................


WIND (MPH)
  HIGHEST WIND SPEED    26   HIGHEST WIND DIRECTION     E (90)
  HIGHEST GUST SPEED    37   HIGHEST GUST DIRECTION     E (90)
  AVERAGE WIND SPEED     8.6


SKY COVER
  POSSIBLE SUNSHINE  MM
  AVERAGE SKY COVER 0.5


WEATHER CONDITIONS
 THE FOLLOWING WEATHER WAS RECORDED YESTERDAY.
  THUNDERSTORM
  LIGHT RAIN


RELATIVE HUMIDITY (PERCENT)
 HIGHEST    86           300 AM
 LOWEST     28           400 PM
 AVERAGE    57

..........................................................


THE ALAMOSA CO CLIMATE NORMALS FOR TODAY
                         NORMAL    RECORD    YEAR
 MAXIMUM TEMPERATURE (F)   83        91      2003
 MINIMUM TEMPERATURE (F)   47        39      1962


SUNRISE AND SUNSET
JULY 15 2014..........SUNRISE   555 AM MDT   SUNSET   824 PM MDT
JULY 16 2014..........SUNRISE   555 AM MDT   SUNSET   824 PM MDT


-  INDICATES NEGATIVE NUMBERS.
R  INDICATES RECORD WAS SET OR TIED.
MM INDICATES DATA IS MISSING.
T  INDICATES TRACE AMOUNT.




$$
