000
CDUS45 KPUB 081044
CLIALS


CLIMATE REPORT
NATIONAL WEATHER SERVICE PUEBLO
443 AM MDT MON SEP 8 2014


...................................

...THE ALAMOSA CO CLIMATE SUMMARY FOR SEPTEMBER 7 2014...

CLIMATE NORMAL PERIOD 1981 TO 2010
CLIMATE RECORD PERIOD 1932 TO 2014


WEATHER ITEM   OBSERVED TIME   RECORD YEAR NORMAL DEPARTURE LAST
                VALUE   (LST)  VALUE       VALUE  FROM      YEAR
                                                  NORMAL
..................................................................
TEMPERATURE (F)
 YESTERDAY
  MAXIMUM         77    227 PM  86    1959  76      1       84
                                      1945
                                      1933
  MINIMUM         38    559 AM  28    1970  41     -3       44
  AVERAGE         58                        58      0       64

PRECIPITATION (IN)
  YESTERDAY        T             0.63 1995   0.04  -0.04     0.02
  MONTH TO DATE    0.02                      0.26  -0.24     0.04
  SINCE SEP 1      0.02                      0.26  -0.24     0.04
  SINCE JAN 1      3.90                      5.21  -1.31     4.91

SNOWFALL (IN)
  YESTERDAY        0.0           0.0  2002   0.0    0.0      0.0
  MONTH TO DATE    0.0                       0.0    0.0      0.0
  SINCE SEP 1      0.0                       0.0    0.0      0.0
  SINCE JUL 1      0.0                       0.0    0.0      0.0
  SNOW DEPTH       0

DEGREE DAYS
 HEATING
  YESTERDAY        7                         7      0        1
  MONTH TO DATE   25                        42    -17        1
  SINCE SEP 1     25                        42    -17        1
  SINCE JUL 1    146                       171    -25       76

 COOLING
  YESTERDAY        0                         0      0        0
  MONTH TO DATE    0                         0      0       11
  SINCE SEP 1      0                         0      0       11
  SINCE JAN 1     60                        51      9      110
..................................................................


WIND (MPH)
  HIGHEST WIND SPEED    24   HIGHEST WIND DIRECTION    NW (310)
  HIGHEST GUST SPEED    34   HIGHEST GUST DIRECTION    NW (320)
  AVERAGE WIND SPEED     6.8


SKY COVER
  POSSIBLE SUNSHINE  MM
  AVERAGE SKY COVER 0.5


WEATHER CONDITIONS
 THE FOLLOWING WEATHER WAS RECORDED YESTERDAY.
  LIGHT RAIN
  FOG
  FOG W/VISIBILITY <= 1/4 MILE


RELATIVE HUMIDITY (PERCENT)
 HIGHEST   100           700 AM
 LOWEST     25           200 PM
 AVERAGE    63

..........................................................


THE ALAMOSA CO CLIMATE NORMALS FOR TODAY
                         NORMAL    RECORD    YEAR
 MAXIMUM TEMPERATURE (F)   76        87      1977
 MINIMUM TEMPERATURE (F)   40        29      2001


SUNRISE AND SUNSET
SEPTEMBER  8 2014.....SUNRISE   640 AM MDT   SUNSET   722 PM MDT
SEPTEMBER  9 2014.....SUNRISE   640 AM MDT   SUNSET   720 PM MDT


-  INDICATES NEGATIVE NUMBERS.
R  INDICATES RECORD WAS SET OR TIED.
MM INDICATES DATA IS MISSING.
T  INDICATES TRACE AMOUNT.




$$
