000
CDUS45 KPUB 131208
CLIALS


CLIMATE REPORT
NATIONAL WEATHER SERVICE PUEBLO
508 AM MST THU NOV 13 2014


...................................

...THE ALAMOSA CO CLIMATE SUMMARY FOR NOVEMBER 12 2014...

CLIMATE NORMAL PERIOD 1981 TO 2010
CLIMATE RECORD PERIOD 1932 TO 2014


WEATHER ITEM   OBSERVED TIME   RECORD YEAR NORMAL DEPARTURE LAST
                VALUE   (LST)  VALUE       VALUE  FROM      YEAR
                                                  NORMAL
..................................................................
TEMPERATURE (F)
 YESTERDAY
  MAXIMUM         55    102 PM  65    1989  49      6       59
  MINIMUM         22    826 PM  -5    2012  14      8       15
  AVERAGE         39                        31      8       37

PRECIPITATION (IN)
  YESTERDAY        0.00          0.40 1994   0.02  -0.02     0.00
  MONTH TO DATE    0.17                      0.20  -0.03      T
  SINCE SEP 1      1.28                      1.79  -0.51     3.51
  SINCE JAN 1      5.16                      6.74  -1.58     8.38

SNOWFALL (IN)
  YESTERDAY        0.0           7.7  1972   0.1   -0.1      0.0
  MONTH TO DATE    0.0                       1.4   -1.4      0.0
  SINCE SEP 1      T                         3.5   -3.5      3.5
  SINCE JUL 1      T                         3.5   -3.5      3.5
  SNOW DEPTH       0

DEGREE DAYS
 HEATING
  YESTERDAY       26                        34     -8       28
  MONTH TO DATE  311                       372    -61      360
  SINCE SEP 1   1046                      1353   -307     1284
  SINCE JUL 1   1167                      1482   -315     1359

 COOLING
  YESTERDAY        0                         0      0        0
  MONTH TO DATE    0                         0      0        0
  SINCE SEP 1      0                         0      0       14
  SINCE JAN 1     60                        51      9      113
..................................................................


WIND (MPH)
  HIGHEST WIND SPEED    29   HIGHEST WIND DIRECTION     W (260)
  HIGHEST GUST SPEED    35   HIGHEST GUST DIRECTION     W (260)
  AVERAGE WIND SPEED    16.1


SKY COVER
  POSSIBLE SUNSHINE  MM
  AVERAGE SKY COVER 0.3


WEATHER CONDITIONS
 THE FOLLOWING WEATHER WAS RECORDED YESTERDAY.
  NO SIGNIFICANT WEATHER WAS OBSERVED.


RELATIVE HUMIDITY (PERCENT)
 HIGHEST    68          1100 PM
 LOWEST     24           200 PM
 AVERAGE    46

..........................................................


THE ALAMOSA CO CLIMATE NORMALS FOR TODAY
                         NORMAL    RECORD    YEAR
 MAXIMUM TEMPERATURE (F)   48        63      2007
                                             1999
                                             1973
 MINIMUM TEMPERATURE (F)   13       -12      1940


SUNRISE AND SUNSET
NOVEMBER 13 2014......SUNRISE   641 AM MST   SUNSET   454 PM MST
NOVEMBER 14 2014......SUNRISE   642 AM MST   SUNSET   453 PM MST


-  INDICATES NEGATIVE NUMBERS.
R  INDICATES RECORD WAS SET OR TIED.
MM INDICATES DATA IS MISSING.
T  INDICATES TRACE AMOUNT.




$$
