000
CDUS45 KPUB 100025
CLIALS


CLIMATE REPORT
NATIONAL WEATHER SERVICE PUEBLO
525 PM MST TUE DEC 9 2014


...................................

...THE ALAMOSA CO CLIMATE SUMMARY FOR DECEMBER 9 2014...
VALID TODAY AS OF 0500 PM LOCAL TIME.

CLIMATE NORMAL PERIOD 1981 TO 2010
CLIMATE RECORD PERIOD 1932 TO 2014


WEATHER ITEM   OBSERVED TIME   RECORD YEAR NORMAL DEPARTURE LAST
                VALUE   (LST)  VALUE       VALUE  FROM      YEAR
                                                  NORMAL
..................................................................
TEMPERATURE (F)
 TODAY
  MAXIMUM         48    232 PM  54    1970  36     12       11
  MINIMUM          4    721 AM -39    1978   2      2      -20
  AVERAGE         26                        19      7       -4

PRECIPITATION (IN)
  TODAY            0.00          1.03 1943   0.02  -0.02     0.00
  MONTH TO DATE    0.01                      0.11  -0.10     0.03
  SINCE DEC 1      0.01                      0.11  -0.10     0.03
  SINCE JAN 1      5.34                      7.07  -1.73    10.04

SNOWFALL (IN)
  TODAY            0.0          10.5  1943   0.1   -0.1      0.0
  MONTH TO DATE    0.0                       1.3   -1.3      0.7
  SINCE DEC 1      0.0                       1.3   -1.3      0.7
  SINCE JUL 1      1.6                       7.1   -5.5     22.3
  SNOW DEPTH       0

DEGREE DAYS
 HEATING
  TODAY           39                        46     -7       69
  MONTH TO DATE  308                       401    -93      511
  SINCE DEC 1    308                       401    -93      511
  SINCE JUL 1   2151                      2576   -425     2611

 COOLING
  TODAY            0                         0      0        0
  MONTH TO DATE    0                         0      0        0
  SINCE DEC 1      0                         0      0        0
  SINCE JAN 1     60                        51      9      113
..................................................................


WIND (MPH)
  HIGHEST WIND SPEED     7   HIGHEST WIND DIRECTION     N (340)
  HIGHEST GUST SPEED     9   HIGHEST GUST DIRECTION     N (10)
  AVERAGE WIND SPEED     2.6


SKY COVER
  POSSIBLE SUNSHINE  MM
  AVERAGE SKY COVER 0.0


WEATHER CONDITIONS
 THE FOLLOWING WEATHER WAS RECORDED TODAY.
  NO SIGNIFICANT WEATHER WAS OBSERVED.


RELATIVE HUMIDITY (PERCENT)
 HIGHEST    84           600 AM
 LOWEST     23           200 PM
 AVERAGE    54

..........................................................


THE ALAMOSA CO CLIMATE NORMALS FOR TOMORROW
                         NORMAL    RECORD    YEAR
 MAXIMUM TEMPERATURE (F)   36        55      2010
 MINIMUM TEMPERATURE (F)    2       -24      2012
                                             1978


SUNRISE AND SUNSET
DECEMBER  9 2014......SUNRISE   706 AM MST   SUNSET   445 PM MST
DECEMBER 10 2014......SUNRISE   707 AM MST   SUNSET   445 PM MST


-  INDICATES NEGATIVE NUMBERS.
R  INDICATES RECORD WAS SET OR TIED.
MM INDICATES DATA IS MISSING.
T  INDICATES TRACE AMOUNT.




$$
