000
CDUS45 KPUB 230023
CLIALS


CLIMATE REPORT
NATIONAL WEATHER SERVICE PUEBLO
623 PM MDT TUE JUL 22 2014


...................................

...THE ALAMOSA CO CLIMATE SUMMARY FOR JULY 22 2014...
VALID TODAY AS OF 0500 PM LOCAL TIME.

CLIMATE NORMAL PERIOD 1981 TO 2010
CLIMATE RECORD PERIOD 1932 TO 2014


WEATHER ITEM   OBSERVED TIME   RECORD YEAR NORMAL DEPARTURE LAST
                VALUE   (LST)  VALUE       VALUE  FROM      YEAR
                                                  NORMAL
..................................................................
TEMPERATURE (F)
 TODAY
  MAXIMUM         90R   349 PM  90    2005  82      8       89
                                      2003
                                      1996
  MINIMUM         48    537 AM  35    1961  48      0       49
  AVERAGE         69                        65      4       69

PRECIPITATION (IN)
  TODAY            0.00          0.33 1968   0.03  -0.03     0.00
                                      1943
  MONTH TO DATE    0.76                      0.66   0.10     0.52
  SINCE JUN 1      0.78                      1.15  -0.37     1.06
  SINCE JAN 1      2.59                      3.37  -0.78     2.12

SNOWFALL (IN)
  TODAY            0.0           0.0  2002   0.0    0.0      0.0
                                      2001
  MONTH TO DATE    0.0                       0.0    0.0      0.0
  SINCE JUN 1      0.0                       0.0    0.0      0.0
  SINCE JUL 1      0.0                       0.0    0.0      0.0
  SNOW DEPTH       0

DEGREE DAYS
 HEATING
  TODAY            0                         1     -1        0
  MONTH TO DATE   14                        31    -17       18
  SINCE JUN 1    140                       199    -59      120
  SINCE JUL 1     14                        31    -17       18

 COOLING
  TODAY            4                         1      3        4
  MONTH TO DATE   33                        22     11       39
  SINCE JUN 1     34                        28      6       55
  SINCE JAN 1     34                        28      6       55
..................................................................


WIND (MPH)
  HIGHEST WIND SPEED    20   HIGHEST WIND DIRECTION     E (110)
  HIGHEST GUST SPEED    24   HIGHEST GUST DIRECTION     E (110)
  AVERAGE WIND SPEED     3.7


SKY COVER
  POSSIBLE SUNSHINE  MM
  AVERAGE SKY COVER 0.1


WEATHER CONDITIONS
 THE FOLLOWING WEATHER WAS RECORDED TODAY.
  NO SIGNIFICANT WEATHER WAS OBSERVED.


RELATIVE HUMIDITY (PERCENT)
 HIGHEST    93           200 AM
 LOWEST     15           300 PM
 AVERAGE    54

..........................................................


THE ALAMOSA CO CLIMATE NORMALS FOR TOMORROW
                         NORMAL    RECORD    YEAR
 MAXIMUM TEMPERATURE (F)   82        91      2011
                                             1987
 MINIMUM TEMPERATURE (F)   48        37      1973
                                             1939


SUNRISE AND SUNSET
JULY 22 2014..........SUNRISE   600 AM MDT   SUNSET   820 PM MDT
JULY 23 2014..........SUNRISE   600 AM MDT   SUNSET   819 PM MDT


-  INDICATES NEGATIVE NUMBERS.
R  INDICATES RECORD WAS SET OR TIED.
MM INDICATES DATA IS MISSING.
T  INDICATES TRACE AMOUNT.




$$
