000
CDUS45 KPUB 221042
CLIALS


CLIMATE REPORT
NATIONAL WEATHER SERVICE PUEBLO
442 AM MDT FRI APR 22 2016


...................................

...THE ALAMOSA CO CLIMATE SUMMARY FOR APRIL 21 2016...

CLIMATE NORMAL PERIOD 1981 TO 2010
CLIMATE RECORD PERIOD 1932 TO 2016


WEATHER ITEM   OBSERVED TIME   RECORD YEAR NORMAL DEPARTURE LAST
                VALUE   (LST)  VALUE       VALUE  FROM      YEAR
                                                  NORMAL
..................................................................
TEMPERATURE (F)
 YESTERDAY
  MAXIMUM         63    425 PM  79    1989  61      2       66
  MINIMUM         24    447 AM  10    1907  26     -2       19
  AVERAGE         44                        43      1       43

PRECIPITATION (IN)
  YESTERDAY        0.00          0.20 1938   0.02  -0.02     0.00
  MONTH TO DATE    1.29                      0.40   0.89     0.21
  SINCE MAR 1      1.81                      0.93   0.88     0.61
  SINCE JAN 1      2.79                      1.45   1.34     1.95

SNOWFALL (IN)
  YESTERDAY        0.0           2.0  1941   0.1   -0.1      0.0
  MONTH TO DATE   12.6                       2.7    9.9      0.7
  SINCE MAR 1     20.8                       7.7   13.1      0.7
  SINCE JUL 1     39.6                      25.8   13.8     23.8
  SNOW DEPTH       0

DEGREE DAYS
 HEATING
  YESTERDAY       21                        22     -1       22
  MONTH TO DATE  505                       515    -10      456
  SINCE MAR 1   1422                      1492    -70     1241
  SINCE JUL 1   7188                      7821   -633     6733

 COOLING
  YESTERDAY        0                         0      0        0
  MONTH TO DATE    0                         0      0        0
  SINCE MAR 1      0                         0      0        0
  SINCE JAN 1      0                         0      0        0
..................................................................


WIND (MPH)
  HIGHEST WIND SPEED    14   HIGHEST WIND DIRECTION    SE (120)
  HIGHEST GUST SPEED    16   HIGHEST GUST DIRECTION    SE (120)
  AVERAGE WIND SPEED     3.6


SKY COVER
  POSSIBLE SUNSHINE  MM
  AVERAGE SKY COVER 0.0


WEATHER CONDITIONS
 THE FOLLOWING WEATHER WAS RECORDED YESTERDAY.
  NO SIGNIFICANT WEATHER WAS OBSERVED.


RELATIVE HUMIDITY (PERCENT)
 HIGHEST    92          1200 AM
 LOWEST     17           500 PM
 AVERAGE    55

..........................................................


THE ALAMOSA CO CLIMATE NORMALS FOR TODAY
                         NORMAL    RECORD    YEAR
 MAXIMUM TEMPERATURE (F)   61        77      2006
 MINIMUM TEMPERATURE (F)   26        14      2002


SUNRISE AND SUNSET
APRIL 22 2016.........SUNRISE   619 AM MDT   SUNSET   746 PM MDT
APRIL 23 2016.........SUNRISE   617 AM MDT   SUNSET   747 PM MDT


-  INDICATES NEGATIVE NUMBERS.
R  INDICATES RECORD WAS SET OR TIED.
MM INDICATES DATA IS MISSING.
T  INDICATES TRACE AMOUNT.




$$
