000
CDUS45 KPUB 100016
CLIALS


CLIMATE REPORT
NATIONAL WEATHER SERVICE PUEBLO
516 PM MST THU MAR 9 2017


...................................

...THE ALAMOSA CO CLIMATE SUMMARY FOR MARCH 9 2017...
VALID TODAY AS OF 0500 PM LOCAL TIME.

CLIMATE NORMAL PERIOD 1981 TO 2010
CLIMATE RECORD PERIOD 1932 TO 2017


WEATHER ITEM   OBSERVED TIME   RECORD YEAR NORMAL DEPARTURE LAST
                VALUE   (LST)  VALUE       VALUE  FROM      YEAR
                                                  NORMAL
..................................................................
TEMPERATURE (F)
 TODAY
  MAXIMUM         63        MM  71    1989  48     15       53
  MINIMUM         15        MM  -7    1964  15      0       10
  AVERAGE         39                        32      7       32

PRECIPITATION (IN)
  TODAY            0.00          0.28 2013   0.02  -0.02     0.00
  MONTH TO DATE    0.02                      0.13  -0.11     0.00
  SINCE MAR 1      0.02                      0.13  -0.11     0.00
  SINCE JAN 1      1.67                      0.65   1.02     0.98

SNOWFALL (IN)
  TODAY            0.0           3.1  2013   0.1   -0.1      0.0
  MONTH TO DATE    T                         1.3   -1.3      0.0
  SINCE MAR 1      T                         1.3   -1.3      0.0
  SINCE JUL 1     35.5                      19.4   16.1     18.8
  SNOW DEPTH       0

DEGREE DAYS
 HEATING
  TODAY           26                        33     -7       33
  MONTH TO DATE  291                       314    -23      249
  SINCE MAR 1    291                       314    -23      249
  SINCE JUL 1   6080                      6643   -563     6015

 COOLING
  TODAY            0                         0      0        0
  MONTH TO DATE    0                         0      0        0
  SINCE MAR 1      0                         0      0        0
  SINCE JAN 1      0                         0      0        0
..................................................................


WIND (MPH)
  HIGHEST WIND SPEED     9   HIGHEST WIND DIRECTION    SW (210)
  HIGHEST GUST SPEED    MM   HIGHEST GUST DIRECTION    MM
  AVERAGE WIND SPEED     3.7


SKY COVER
  POSSIBLE SUNSHINE  MM
  AVERAGE SKY COVER 0.0


WEATHER CONDITIONS
 THE FOLLOWING WEATHER WAS RECORDED TODAY.
  NO SIGNIFICANT WEATHER WAS OBSERVED.


RELATIVE HUMIDITY (PERCENT)
 HIGHEST    88           600 AM
 LOWEST      9           400 PM
 AVERAGE    49

..........................................................


THE ALAMOSA CO CLIMATE NORMALS FOR TOMORROW
                         NORMAL    RECORD    YEAR
 MAXIMUM TEMPERATURE (F)   48        73      1989
 MINIMUM TEMPERATURE (F)   16         2      1992


SUNRISE AND SUNSET
MARCH  9 2017.........SUNRISE   623 AM MST   SUNSET   605 PM MST
MARCH 10 2017.........SUNRISE   621 AM MST   SUNSET   606 PM MST


-  INDICATES NEGATIVE NUMBERS.
R  INDICATES RECORD WAS SET OR TIED.
MM INDICATES DATA IS MISSING.
T  INDICATES TRACE AMOUNT.




$$
