000
CDUS45 KPUB 010033
CLIALS


CLIMATE REPORT
NATIONAL WEATHER SERVICE PUEBLO
533 PM MST TUE JAN 31 2017


...................................

...THE ALAMOSA CO CLIMATE SUMMARY FOR JANUARY 31 2017...
VALID TODAY AS OF 0500 PM LOCAL TIME.

CLIMATE NORMAL PERIOD 1981 TO 2010
CLIMATE RECORD PERIOD 1932 TO 2017


WEATHER ITEM   OBSERVED TIME   RECORD YEAR NORMAL DEPARTURE LAST
                VALUE   (LST)  VALUE       VALUE  FROM      YEAR
                                                  NORMAL
..................................................................
TEMPERATURE (F)
 TODAY
  MAXIMUM         32    114 PM  57    1971  36     -4       42
  MINIMUM         -8    618 AM -39    1979   0     -8       26
  AVERAGE         12                        18     -6       34

PRECIPITATION (IN)
  TODAY            0.00          0.17 1978   0.01  -0.01      T
  MONTH TO DATE    1.36                      0.26   1.10     0.58
  SINCE DEC 1      2.44                      0.61   1.83     0.83
  SINCE JAN 1      1.36                      0.26   1.10     0.58

SNOWFALL (IN)
  TODAY            0.0           3.2  2007   0.1   -0.1       T
  MONTH TO DATE   21.9                       4.0   17.9      7.0
  SINCE DEC 1     32.1                       8.5   23.6     10.4
  SINCE JUL 1     33.1                      14.3   18.8     14.7
  SNOW DEPTH       3

DEGREE DAYS
 HEATING
  TODAY           53                        47      6       31
  MONTH TO DATE 1493                      1506    -13     1603
  SINCE DEC 1   2937                      2972    -35     2936
  SINCE JUL 1   4801                      5147   -346     4714

 COOLING
  TODAY            0                         0      0        0
  MONTH TO DATE    0                         0      0        0
  SINCE DEC 1      0                         0      0        0
  SINCE JAN 1      0                         0      0        0
..................................................................


WIND (MPH)
  HIGHEST WIND SPEED     7   HIGHEST WIND DIRECTION     E (100)
  HIGHEST GUST SPEED     9   HIGHEST GUST DIRECTION    NE (40)
  AVERAGE WIND SPEED     2.9


SKY COVER
  POSSIBLE SUNSHINE  MM
  AVERAGE SKY COVER 0.1


WEATHER CONDITIONS
 THE FOLLOWING WEATHER WAS RECORDED TODAY.
  FOG


RELATIVE HUMIDITY (PERCENT)
 HIGHEST   100           900 AM
 LOWEST     49           100 PM
 AVERAGE    75

..........................................................


THE ALAMOSA CO CLIMATE NORMALS FOR TOMORROW
                         NORMAL    RECORD    YEAR
 MAXIMUM TEMPERATURE (F)   36        60      2003
 MINIMUM TEMPERATURE (F)    1       -30      1951


SUNRISE AND SUNSET
JANUARY 31 2017.......SUNRISE   707 AM MST   SUNSET   527 PM MST
FEBRUARY  1 2017......SUNRISE   706 AM MST   SUNSET   528 PM MST


-  INDICATES NEGATIVE NUMBERS.
R  INDICATES RECORD WAS SET OR TIED.
MM INDICATES DATA IS MISSING.
T  INDICATES TRACE AMOUNT.




$$
