000
CDUS45 KPUB 211138
CLIALS


CLIMATE REPORT
NATIONAL WEATHER SERVICE PUEBLO
438 AM MST SAT FEB 21 2015


...................................

...THE ALAMOSA CO CLIMATE SUMMARY FOR FEBRUARY 20 2015...

CLIMATE NORMAL PERIOD 1981 TO 2010
CLIMATE RECORD PERIOD 1932 TO 2015


WEATHER ITEM   OBSERVED TIME   RECORD YEAR NORMAL DEPARTURE LAST
                VALUE   (LST)  VALUE       VALUE  FROM      YEAR
                                                  NORMAL
..................................................................
TEMPERATURE (F)
 YESTERDAY
  MAXIMUM         58    201 PM  64    1935  42     16       33
  MINIMUM         11    653 AM -19    1955   8      3       16
  AVERAGE         35                        25     10       25

PRECIPITATION (IN)
  YESTERDAY        0.00          0.16 1938   0.01  -0.01     0.00
  MONTH TO DATE    0.13                      0.18  -0.05     0.04
  SINCE DEC 1      0.67                      0.79  -0.12     0.28
  SINCE JAN 1      0.46                      0.44   0.02     0.11

SNOWFALL (IN)
  YESTERDAY        0.0           2.7  1938   0.2   -0.2      0.0
  MONTH TO DATE    2.0                       2.8   -0.8      1.6
  SINCE DEC 1      7.6                      11.3   -3.7      6.5
  SINCE JUL 1      9.2                      17.1   -7.9     28.1
  SNOW DEPTH       0

DEGREE DAYS
 HEATING
  YESTERDAY       30                        40    -10       40
  MONTH TO DATE  667                       874   -207      780
  SINCE DEC 1   3284                      3846   -562     4225
  SINCE JUL 1   5127                      6021   -894     6325

 COOLING
  YESTERDAY        0                         0      0        0
  MONTH TO DATE    0                         0      0        0
  SINCE DEC 1      0                         0      0        0
  SINCE JAN 1      0                         0      0        0
..................................................................


WIND (MPH)
  HIGHEST WIND SPEED    33   HIGHEST WIND DIRECTION     W (260)
  HIGHEST GUST SPEED    40   HIGHEST GUST DIRECTION     W (250)
  AVERAGE WIND SPEED     8.7


SKY COVER
  POSSIBLE SUNSHINE  MM
  AVERAGE SKY COVER 0.2


WEATHER CONDITIONS
 THE FOLLOWING WEATHER WAS RECORDED YESTERDAY.
  HAZE


RELATIVE HUMIDITY (PERCENT)
 HIGHEST    92           400 AM
 LOWEST     15           200 PM
 AVERAGE    54

..........................................................


THE ALAMOSA CO CLIMATE NORMALS FOR TODAY
                         NORMAL    RECORD    YEAR
 MAXIMUM TEMPERATURE (F)   42        59      1935
 MINIMUM TEMPERATURE (F)    8       -20      1939


SUNRISE AND SUNSET
FEBRUARY 21 2015......SUNRISE   646 AM MST   SUNSET   549 PM MST
FEBRUARY 22 2015......SUNRISE   644 AM MST   SUNSET   550 PM MST


-  INDICATES NEGATIVE NUMBERS.
R  INDICATES RECORD WAS SET OR TIED.
MM INDICATES DATA IS MISSING.
T  INDICATES TRACE AMOUNT.




$$
