000
CDUS45 KPUB 061146
CLIALS


CLIMATE REPORT
NATIONAL WEATHER SERVICE PUEBLO
545 AM MDT SUN APR 6 2014


...................................

...THE ALAMOSA CO CLIMATE SUMMARY FOR APRIL 5 2014...

CLIMATE NORMAL PERIOD 1981 TO 2010
CLIMATE RECORD PERIOD 1932 TO 2014


WEATHER ITEM   OBSERVED TIME   RECORD YEAR NORMAL DEPARTURE LAST
                VALUE   (LST)  VALUE       VALUE  FROM      YEAR
                                                  NORMAL
..................................................................
TEMPERATURE (F)
 YESTERDAY
  MAXIMUM         48   1120 AM  73    1943  56     -8       67
  MINIMUM         22    605 AM  -4    1983  22      0       32
  AVERAGE         35                        39     -4       50

PRECIPITATION (IN)
  YESTERDAY        0.27R         0.27 1951   0.02   0.25     0.00
                                      1951
                                      2014
  MONTH TO DATE    0.43                      0.10   0.33     0.01
  SINCE MAR 1      0.83                      0.63   0.20     0.35
  SINCE JAN 1      0.95                      1.15  -0.20     0.57

SNOWFALL (IN)
  YESTERDAY        2.3           2.5  1961   0.2    2.1      0.0
  MONTH TO DATE    3.2                       0.8    2.4       T
  SINCE MAR 1      6.6                       5.8    0.8      3.4
  SINCE JUL 1     34.7                      23.9   10.8     18.9
  SNOW DEPTH       2

DEGREE DAYS
 HEATING
  YESTERDAY       30                        26      4       15
  MONTH TO DATE  142                       133      9      108
  SINCE MAR 1   1017                      1110    -93     1067
  SINCE JUL 1   7585                      7439    146     7854

 COOLING
  YESTERDAY        0                         0      0        0
  MONTH TO DATE    0                         0      0        0
  SINCE MAR 1      0                         0      0        0
  SINCE JAN 1      0                         0      0        0
..................................................................


WIND (MPH)
  HIGHEST WIND SPEED    15   HIGHEST WIND DIRECTION     E (110)
  HIGHEST GUST SPEED    20   HIGHEST GUST DIRECTION     E (110)
  AVERAGE WIND SPEED     5.3


SKY COVER
  POSSIBLE SUNSHINE  MM
  AVERAGE SKY COVER 0.7


WEATHER CONDITIONS
 THE FOLLOWING WEATHER WAS RECORDED YESTERDAY.
  SNOW
  LIGHT SNOW
  FOG
  FOG W/VISIBILITY <= 1/4 MILE


RELATIVE HUMIDITY (PERCENT)
 HIGHEST    96           600 PM
 LOWEST     34          1200 PM
 AVERAGE    65

..........................................................


THE ALAMOSA CO CLIMATE NORMALS FOR TODAY
                         NORMAL    RECORD    YEAR
 MAXIMUM TEMPERATURE (F)   56        76      1991
 MINIMUM TEMPERATURE (F)   22         2      1936


SUNRISE AND SUNSET
APRIL  6 2014.........SUNRISE   641 AM MDT   SUNSET   731 PM MDT
APRIL  7 2014.........SUNRISE   640 AM MDT   SUNSET   732 PM MDT


-  INDICATES NEGATIVE NUMBERS.
R  INDICATES RECORD WAS SET OR TIED.
MM INDICATES DATA IS MISSING.
T  INDICATES TRACE AMOUNT.




$$
