000
CDUS45 KPUB 091152
CLIALS


CLIMATE REPORT
NATIONAL WEATHER SERVICE PUEBLO
452 AM MST THU MAR 9 2017


...................................

...THE ALAMOSA CO CLIMATE SUMMARY FOR MARCH 8 2017...

CLIMATE NORMAL PERIOD 1981 TO 2010
CLIMATE RECORD PERIOD 1932 TO 2017


WEATHER ITEM   OBSERVED TIME   RECORD YEAR NORMAL DEPARTURE LAST
                VALUE   (LST)  VALUE       VALUE  FROM      YEAR
                                                  NORMAL
..................................................................
TEMPERATURE (F)
 YESTERDAY
  MAXIMUM         58    421 PM  67    1989  48     10       50
  MINIMUM         14    637 AM  -6    1998  15     -1        9
  AVERAGE         36                        31      5       30

PRECIPITATION (IN)
  YESTERDAY        0.00          0.26 1994   0.01  -0.01     0.00
  MONTH TO DATE    0.02                      0.11  -0.09     0.00
  SINCE MAR 1      0.02                      0.11  -0.09     0.00
  SINCE JAN 1      1.67                      0.63   1.04     0.98

SNOWFALL (IN)
  YESTERDAY        0.0           2.5  1976   0.2   -0.2      0.0
  MONTH TO DATE    T                         1.2   -1.2      0.0
  SINCE MAR 1      T                         1.2   -1.2      0.0
  SINCE JUL 1     35.5                      19.3   16.2     18.8
  SNOW DEPTH       0

DEGREE DAYS
 HEATING
  YESTERDAY       29                        34     -5       35
  MONTH TO DATE  265                       281    -16      216
  SINCE MAR 1    265                       281    -16      216
  SINCE JUL 1   6054                      6610   -556     5982

 COOLING
  YESTERDAY        0                         0      0        0
  MONTH TO DATE    0                         0      0        0
  SINCE MAR 1      0                         0      0        0
  SINCE JAN 1      0                         0      0        0
..................................................................


WIND (MPH)
  HIGHEST WIND SPEED    15   HIGHEST WIND DIRECTION     N (20)
  HIGHEST GUST SPEED    18   HIGHEST GUST DIRECTION     N (20)
  AVERAGE WIND SPEED     5.1


SKY COVER
  POSSIBLE SUNSHINE  MM
  AVERAGE SKY COVER 0.0


WEATHER CONDITIONS
 THE FOLLOWING WEATHER WAS RECORDED YESTERDAY.
  NO SIGNIFICANT WEATHER WAS OBSERVED.


RELATIVE HUMIDITY (PERCENT)
 HIGHEST    88           600 AM
 LOWEST     15           400 PM
 AVERAGE    52

..........................................................


THE ALAMOSA CO CLIMATE NORMALS FOR TODAY
                         NORMAL    RECORD    YEAR
 MAXIMUM TEMPERATURE (F)   48        71      1989
 MINIMUM TEMPERATURE (F)   15        -7      1964


SUNRISE AND SUNSET
MARCH  9 2017.........SUNRISE   623 AM MST   SUNSET   605 PM MST
MARCH 10 2017.........SUNRISE   621 AM MST   SUNSET   606 PM MST


-  INDICATES NEGATIVE NUMBERS.
R  INDICATES RECORD WAS SET OR TIED.
MM INDICATES DATA IS MISSING.
T  INDICATES TRACE AMOUNT.




$$
