000
CDUS45 KPUB 210018
CLIALS


CLIMATE REPORT
NATIONAL WEATHER SERVICE PUEBLO
618 PM MDT MON JUL 20 2015


...................................

...THE ALAMOSA CO CLIMATE SUMMARY FOR JULY 20 2015...
VALID TODAY AS OF 0500 PM LOCAL TIME.

CLIMATE NORMAL PERIOD 1981 TO 2010
CLIMATE RECORD PERIOD 1932 TO 2015


WEATHER ITEM   OBSERVED TIME   RECORD YEAR NORMAL DEPARTURE LAST
                VALUE   (LST)  VALUE       VALUE  FROM      YEAR
                                                  NORMAL
..................................................................
TEMPERATURE (F)
 TODAY
  MAXIMUM         76   1250 PM  92    2005  82     -6       86
  MINIMUM         50    524 AM  39    1987  48      2       44
  AVERAGE         63                        65     -2       65

PRECIPITATION (IN)
  TODAY            T             0.43 1938   0.03  -0.03     0.08
  MONTH TO DATE    0.97                      0.59   0.38     0.76
  SINCE JUN 1      2.16                      1.08   1.08     0.78
  SINCE JAN 1      6.10                      3.30   2.80     2.59

SNOWFALL (IN)
  TODAY            0.0           0.0  2002   0.0    0.0      0.0
                                      2001
  MONTH TO DATE    0.0                       0.0    0.0      0.0
  SINCE JUN 1      0.0                       0.0    0.0      0.0
  SINCE JUL 1      0.0                       0.0    0.0      0.0
  SNOW DEPTH       0

DEGREE DAYS
 HEATING
  TODAY            2                         1      1        0
  MONTH TO DATE   41                        29     12       14
  SINCE JUN 1    117                       197    -80      140
  SINCE JUL 1     41                        29     12       14

 COOLING
  TODAY            0                         1     -1        0
  MONTH TO DATE   13                        20     -7       25
  SINCE JUN 1     37                        26     11       26
  SINCE JAN 1     37                        26     11       26
..................................................................


WIND (MPH)
  HIGHEST WIND SPEED    24   HIGHEST WIND DIRECTION    SE (140)
  HIGHEST GUST SPEED    29   HIGHEST GUST DIRECTION    SE (150)
  AVERAGE WIND SPEED     3.3


SKY COVER
  POSSIBLE SUNSHINE  MM
  AVERAGE SKY COVER 0.8


WEATHER CONDITIONS
 THE FOLLOWING WEATHER WAS RECORDED TODAY.
  THUNDERSTORM
  LIGHT RAIN


RELATIVE HUMIDITY (PERCENT)
 HIGHEST   100           600 AM
 LOWEST     38          1200 PM
 AVERAGE    69

..........................................................


THE ALAMOSA CO CLIMATE NORMALS FOR TOMORROW
                         NORMAL    RECORD    YEAR
 MAXIMUM TEMPERATURE (F)   82        92      2005
 MINIMUM TEMPERATURE (F)   48        41      1961


SUNRISE AND SUNSET
JULY 20 2015..........SUNRISE   558 AM MDT   SUNSET   821 PM MDT
JULY 21 2015..........SUNRISE   559 AM MDT   SUNSET   821 PM MDT


-  INDICATES NEGATIVE NUMBERS.
R  INDICATES RECORD WAS SET OR TIED.
MM INDICATES DATA IS MISSING.
T  INDICATES TRACE AMOUNT.




$$
