670
CDUS45 KPUB 030035
CLIALS


CLIMATE REPORT
NATIONAL WEATHER SERVICE PUEBLO
535 PM MST SAT DEC 2 2017


...................................

...THE ALAMOSA CO CLIMATE SUMMARY FOR DECEMBER 2 2017...
VALID TODAY AS OF 0500 PM LOCAL TIME.

CLIMATE NORMAL PERIOD 1981 TO 2010
CLIMATE RECORD PERIOD 1932 TO 2017


WEATHER ITEM   OBSERVED TIME   RECORD YEAR NORMAL DEPARTURE LAST
                VALUE   (LST)  VALUE       VALUE  FROM      YEAR
                                                  NORMAL
..................................................................
TEMPERATURE (F)
 TODAY
  MAXIMUM         56    331 PM  58    1966  39     17       25
  MINIMUM         13    719 AM -14    1991   5      8        2
                                      1957
  AVERAGE         35                        22     13       14

PRECIPITATION (IN)
  TODAY            0.00          0.25 1983   0.01  -0.01     0.07
  MONTH TO DATE    0.00                      0.02  -0.02     0.07
  SINCE DEC 1      0.00                      0.02  -0.02     0.07
  SINCE JAN 1     10.55                      6.98   3.57     8.16

SNOWFALL (IN)
  TODAY            0.0           5.6  1964   0.2   -0.2      1.4
  MONTH TO DATE    0.0                       0.3   -0.3      1.4
  SINCE DEC 1      0.0                       0.3   -0.3      1.4
  SINCE JUL 1      0.4                       6.1   -5.7      2.4
  SNOW DEPTH       0

DEGREE DAYS
 HEATING
  TODAY           30                        43    -13       51
  MONTH TO DATE   62                        86    -24      101
  SINCE DEC 1     62                        86    -24      101
  SINCE JUL 1   1828                      2261   -433     1965

 COOLING
  TODAY            0                         0      0        0
  MONTH TO DATE    0                         0      0        0
  SINCE DEC 1      0                         0      0        0
  SINCE JAN 1     76                        51     25      115
..................................................................


WIND (MPH)
  HIGHEST WIND SPEED    18   HIGHEST WIND DIRECTION    SE (150)
  HIGHEST GUST SPEED    22   HIGHEST GUST DIRECTION    SE (140)
  AVERAGE WIND SPEED     3.8


SKY COVER
  POSSIBLE SUNSHINE  MM
  AVERAGE SKY COVER 0.0


WEATHER CONDITIONS
 THE FOLLOWING WEATHER WAS RECORDED TODAY.
  NO SIGNIFICANT WEATHER WAS OBSERVED.


RELATIVE HUMIDITY (PERCENT)
 HIGHEST    96           700 AM
 LOWEST     30           200 PM
 AVERAGE    63

..........................................................


THE ALAMOSA CO CLIMATE NORMALS FOR TOMORROW
                         NORMAL    RECORD    YEAR
 MAXIMUM TEMPERATURE (F)   38        62      2010
 MINIMUM TEMPERATURE (F)    4       -20      1943


SUNRISE AND SUNSET
DECEMBER  2 2017......SUNRISE   700 AM MST   SUNSET   445 PM MST
DECEMBER  3 2017......SUNRISE   701 AM MST   SUNSET   445 PM MST


-  INDICATES NEGATIVE NUMBERS.
R  INDICATES RECORD WAS SET OR TIED.
MM INDICATES DATA IS MISSING.
T  INDICATES TRACE AMOUNT.




$$
