000
CDUS45 KPUB 170020
CLIALS


CLIMATE REPORT
NATIONAL WEATHER SERVICE PUEBLO
619 PM MDT SAT MAY 16 2015


...................................

...THE ALAMOSA CO CLIMATE SUMMARY FOR MAY 16 2015...
VALID TODAY AS OF 0500 PM LOCAL TIME.

CLIMATE NORMAL PERIOD 1981 TO 2010
CLIMATE RECORD PERIOD 1932 TO 2015


WEATHER ITEM   OBSERVED TIME   RECORD YEAR NORMAL DEPARTURE LAST
                VALUE   (LST)  VALUE       VALUE  FROM      YEAR
                                                  NORMAL
..................................................................
TEMPERATURE (F)
 TODAY
  MAXIMUM         55   1059 AM  83    1996  69    -14       74
  MINIMUM         30    448 AM  23    1951  34     -4       29
                                      1943
  AVERAGE         43                        51     -8       52

PRECIPITATION (IN)
  TODAY            T             0.58 1953   0.01  -0.01     0.00
  MONTH TO DATE    0.59                      0.32   0.27     0.10
  SINCE MAR 1      1.42                      1.44  -0.02     1.56
  SINCE JAN 1      2.76                      1.96   0.80     1.68

SNOWFALL (IN)
  TODAY           MM             1.2  1953   0.0   MM        0.0
  MONTH TO DATE    T                         0.8   -0.8      1.3
  SINCE MAR 1      0.7                       9.4   -8.7     11.7
  SINCE JUL 1     23.8                      27.5   -3.7     39.8
  SNOW DEPTH       0

DEGREE DAYS
 HEATING
  TODAY           22                        14      8       13
  MONTH TO DATE  250                       255     -5      307
  SINCE MAR 1   1675                      1926   -251     1848
  SINCE JUL 1   7167                      8255  -1088     8416

 COOLING
  TODAY            0                         0      0        0
  MONTH TO DATE    0                         0      0        0
  SINCE MAR 1      0                         0      0        0
  SINCE JAN 1      0                         0      0        0
..................................................................


WIND (MPH)
  HIGHEST WIND SPEED    28   HIGHEST WIND DIRECTION    SE (150)
  HIGHEST GUST SPEED    35   HIGHEST GUST DIRECTION    SE (130)
  AVERAGE WIND SPEED    10.5


SKY COVER
  POSSIBLE SUNSHINE  MM
  AVERAGE SKY COVER 0.4


WEATHER CONDITIONS
 THE FOLLOWING WEATHER WAS RECORDED TODAY.
  THUNDERSTORM
  LIGHT RAIN


RELATIVE HUMIDITY (PERCENT)
 HIGHEST    92           100 AM
 LOWEST     28          1100 AM
 AVERAGE    60

..........................................................


THE ALAMOSA CO CLIMATE NORMALS FOR TOMORROW
                         NORMAL    RECORD    YEAR
 MAXIMUM TEMPERATURE (F)   69        82      2003
 MINIMUM TEMPERATURE (F)   34        20      1943


SUNRISE AND SUNSET
MAY 16 2015...........SUNRISE   554 AM MDT   SUNSET   806 PM MDT
MAY 17 2015...........SUNRISE   553 AM MDT   SUNSET   807 PM MDT


-  INDICATES NEGATIVE NUMBERS.
R  INDICATES RECORD WAS SET OR TIED.
MM INDICATES DATA IS MISSING.
T  INDICATES TRACE AMOUNT.




$$
