763
CDUS45 KPUB 222325
CLIALS


CLIMATE REPORT
NATIONAL WEATHER SERVICE PUEBLO
525 PM MDT FRI APR 22 2016


...................................

...THE ALAMOSA CO CLIMATE SUMMARY FOR APRIL 22 2016...
VALID TODAY AS OF 0500 PM LOCAL TIME.

CLIMATE NORMAL PERIOD 1981 TO 2010
CLIMATE RECORD PERIOD 1932 TO 2016


WEATHER ITEM   OBSERVED TIME   RECORD YEAR NORMAL DEPARTURE LAST
                VALUE   (LST)  VALUE       VALUE  FROM      YEAR
                                                  NORMAL
..................................................................
TEMPERATURE (F)
 TODAY
  MAXIMUM         70    106 PM  77    2006  61      9       63
  MINIMUM         30    500 AM  14    2002  26      4       27
  AVERAGE         50                        44      6       45

PRECIPITATION (IN)
  TODAY            0.00          0.19 1995   0.03  -0.03      T
  MONTH TO DATE    1.29                      0.43   0.86     0.21
  SINCE MAR 1      1.81                      0.96   0.85     0.61
  SINCE JAN 1      2.79                      1.48   1.31     1.95

SNOWFALL (IN)
  TODAY            0.0           2.0  1941   0.1   -0.1      0.0
  MONTH TO DATE   12.6                       2.8    9.8      0.7
  SINCE MAR 1     20.8                       7.8   13.0      0.7
  SINCE JUL 1     39.6                      25.9   13.7     23.8
  SNOW DEPTH       0

DEGREE DAYS
 HEATING
  TODAY           15                        21     -6       20
  MONTH TO DATE  520                       536    -16      476
  SINCE MAR 1   1437                      1513    -76     1261
  SINCE JUL 1   7203                      7842   -639     6753

 COOLING
  TODAY            0                         0      0        0
  MONTH TO DATE    0                         0      0        0
  SINCE MAR 1      0                         0      0        0
  SINCE JAN 1      0                         0      0        0
..................................................................


WIND (MPH)
  HIGHEST WIND SPEED    22   HIGHEST WIND DIRECTION    SW (230)
  HIGHEST GUST SPEED    32   HIGHEST GUST DIRECTION    SW (210)
  AVERAGE WIND SPEED     5.8


SKY COVER
  POSSIBLE SUNSHINE  MM
  AVERAGE SKY COVER 0.1


WEATHER CONDITIONS
 THE FOLLOWING WEATHER WAS RECORDED TODAY.
  NO SIGNIFICANT WEATHER WAS OBSERVED.


RELATIVE HUMIDITY (PERCENT)
 HIGHEST    92           500 AM
 LOWEST     19           400 PM
 AVERAGE    56

..........................................................


THE ALAMOSA CO CLIMATE NORMALS FOR TOMORROW
                         NORMAL    RECORD    YEAR
 MAXIMUM TEMPERATURE (F)   62        78      2012
 MINIMUM TEMPERATURE (F)   27        10      1970


SUNRISE AND SUNSET
APRIL 22 2016.........SUNRISE   619 AM MDT   SUNSET   746 PM MDT
APRIL 23 2016.........SUNRISE   617 AM MDT   SUNSET   747 PM MDT


-  INDICATES NEGATIVE NUMBERS.
R  INDICATES RECORD WAS SET OR TIED.
MM INDICATES DATA IS MISSING.
T  INDICATES TRACE AMOUNT.




$$
