000
CDUS45 KPUB 281146
CLIALS


CLIMATE REPORT
NATIONAL WEATHER SERVICE PUEBLO
446 AM MST THU JAN 28 2016


...................................

...THE ALAMOSA CO CLIMATE SUMMARY FOR JANUARY 27 2016...

CLIMATE NORMAL PERIOD 1981 TO 2010
CLIMATE RECORD PERIOD 1932 TO 2016


WEATHER ITEM   OBSERVED TIME   RECORD YEAR NORMAL DEPARTURE LAST
                VALUE   (LST)  VALUE       VALUE  FROM      YEAR
                                                  NORMAL
..................................................................
TEMPERATURE (F)
 YESTERDAY
  MAXIMUM         33    437 PM  55    1970  35     -2       52
                                      1947
  MINIMUM         -9    636 AM -35    1948   1    -10        8
  AVERAGE         12                        17     -5       30

PRECIPITATION (IN)
  YESTERDAY        0.00          0.38 2005   0.01  -0.01     0.00
  MONTH TO DATE    0.58                      0.22   0.36     0.10
  SINCE DEC 1      0.83                      0.57   0.26     0.31
  SINCE JAN 1      0.58                      0.22   0.36     0.10

SNOWFALL (IN)
  YESTERDAY        0.0           4.5  2005   0.1   -0.1      0.0
  MONTH TO DATE    7.0                       3.4    3.6      1.0
  SINCE DEC 1     10.4                       7.9    2.5      3.3
  SINCE JUL 1     14.7                      13.7    1.0      4.9
  SNOW DEPTH       T

DEGREE DAYS
 HEATING
  YESTERDAY       53                        48      5       35
  MONTH TO DATE 1444                      1317    127     1175
  SINCE DEC 1   2777                      2779     -2     2484
  SINCE JUL 1   4555                      4954   -399     4327

 COOLING
  YESTERDAY        0                         0      0        0
  MONTH TO DATE    0                         0      0        0
  SINCE DEC 1      0                         0      0        0
  SINCE JAN 1      0                         0      0        0
..................................................................


WIND (MPH)
  HIGHEST WIND SPEED     8   HIGHEST WIND DIRECTION    SW (220)
  HIGHEST GUST SPEED    10   HIGHEST GUST DIRECTION    NW (300)
  AVERAGE WIND SPEED     2.5


SKY COVER
  POSSIBLE SUNSHINE  MM
  AVERAGE SKY COVER 0.0


WEATHER CONDITIONS
 THE FOLLOWING WEATHER WAS RECORDED YESTERDAY.
  NO SIGNIFICANT WEATHER WAS OBSERVED.


RELATIVE HUMIDITY (PERCENT)
 HIGHEST    87           300 AM
 LOWEST     33           400 PM
 AVERAGE    60

..........................................................


THE ALAMOSA CO CLIMATE NORMALS FOR TODAY
                         NORMAL    RECORD    YEAR
 MAXIMUM TEMPERATURE (F)   35        57      2003
 MINIMUM TEMPERATURE (F)    1       -50      1948


SUNRISE AND SUNSET
JANUARY 28 2016.......SUNRISE   710 AM MST   SUNSET   523 PM MST
JANUARY 29 2016.......SUNRISE   709 AM MST   SUNSET   524 PM MST


-  INDICATES NEGATIVE NUMBERS.
R  INDICATES RECORD WAS SET OR TIED.
MM INDICATES DATA IS MISSING.
T  INDICATES TRACE AMOUNT.




$$
