000
CDUS45 KPUB 141023
CLIALS


CLIMATE REPORT
NATIONAL WEATHER SERVICE PUEBLO
423 AM MDT SUN SEP 14 2014


...................................

...THE ALAMOSA CO CLIMATE SUMMARY FOR SEPTEMBER 13 2014...

CLIMATE NORMAL PERIOD 1981 TO 2010
CLIMATE RECORD PERIOD 1932 TO 2014


WEATHER ITEM   OBSERVED TIME   RECORD YEAR NORMAL DEPARTURE LAST
                VALUE   (LST)  VALUE       VALUE  FROM      YEAR
                                                  NORMAL
..................................................................
TEMPERATURE (F)
 YESTERDAY
  MAXIMUM         76    422 PM  87    1990  74      2       61
  MINIMUM         33    609 AM  22    1945  38     -5       49
  AVERAGE         55                        56     -1       55

PRECIPITATION (IN)
  YESTERDAY        T             0.48 2013   0.03  -0.03     0.48
  MONTH TO DATE    0.09                      0.46  -0.37     1.06
  SINCE SEP 1      0.09                      0.46  -0.37     1.06
  SINCE JAN 1      3.97                      5.41  -1.44     5.93

SNOWFALL (IN)
  YESTERDAY        0.0           0.0  2002   0.0    0.0      0.0
  MONTH TO DATE    0.0                       0.0    0.0      0.0
  SINCE SEP 1      0.0                       0.0    0.0      0.0
  SINCE JUL 1      0.0                       0.0    0.0      0.0
  SNOW DEPTH       0

DEGREE DAYS
 HEATING
  YESTERDAY       10                         9      1       10
  MONTH TO DATE   69                        91    -22       25
  SINCE SEP 1     69                        91    -22       25
  SINCE JUL 1    190                       220    -30      100

 COOLING
  YESTERDAY        0                         0      0        0
  MONTH TO DATE    0                         0      0       14
  SINCE SEP 1      0                         0      0       14
  SINCE JAN 1     60                        51      9      113
..................................................................


WIND (MPH)
  HIGHEST WIND SPEED    20   HIGHEST WIND DIRECTION     N (340)
  HIGHEST GUST SPEED    25   HIGHEST GUST DIRECTION     N (340)
  AVERAGE WIND SPEED     4.9


SKY COVER
  POSSIBLE SUNSHINE  MM
  AVERAGE SKY COVER 0.3


WEATHER CONDITIONS
 THE FOLLOWING WEATHER WAS RECORDED YESTERDAY.
  LIGHT RAIN
  FOG
  FOG W/VISIBILITY <= 1/4 MILE


RELATIVE HUMIDITY (PERCENT)
 HIGHEST   100           700 AM
 LOWEST     15           300 PM
 AVERAGE    58

..........................................................


THE ALAMOSA CO CLIMATE NORMALS FOR TODAY
                         NORMAL    RECORD    YEAR
 MAXIMUM TEMPERATURE (F)   74        85      1956
 MINIMUM TEMPERATURE (F)   38        24      1945


SUNRISE AND SUNSET
SEPTEMBER 14 2014.....SUNRISE   645 AM MDT   SUNSET   713 PM MDT
SEPTEMBER 15 2014.....SUNRISE   645 AM MDT   SUNSET   711 PM MDT


-  INDICATES NEGATIVE NUMBERS.
R  INDICATES RECORD WAS SET OR TIED.
MM INDICATES DATA IS MISSING.
T  INDICATES TRACE AMOUNT.




$$
