000
CDUS45 KPUB 041043
CLIALS


CLIMATE REPORT
NATIONAL WEATHER SERVICE PUEBLO
442 AM MDT WED OCT 4 2017


...................................

...THE ALAMOSA CO CLIMATE SUMMARY FOR OCTOBER 3 2017...

CLIMATE NORMAL PERIOD 1981 TO 2010
CLIMATE RECORD PERIOD 1932 TO 2017


WEATHER ITEM   OBSERVED TIME   RECORD YEAR NORMAL DEPARTURE LAST
                VALUE   (LST)  VALUE       VALUE  FROM      YEAR
                                                  NORMAL
..................................................................
TEMPERATURE (F)
 YESTERDAY
  MAXIMUM         73    237 PM  78    2000  67      6       68
                                      1979
  MINIMUM         33    515 AM  16    1961  29      4       39
  AVERAGE         53                        48      5       54

PRECIPITATION (IN)
  YESTERDAY        0.00          0.81 1959   0.02  -0.02     0.02
  MONTH TO DATE    0.00                      0.07  -0.07     0.02
  SINCE SEP 1      1.75                      0.98   0.77     0.30
  SINCE JAN 1     10.44                      5.93   4.51     7.65

SNOWFALL (IN)
  YESTERDAY        0.0           6.4  1959   0.1   -0.1      0.0
  MONTH TO DATE    0.0                       0.1   -0.1      0.0
  SINCE SEP 1      0.0                       0.1   -0.1      0.0
  SINCE JUL 1      T                         0.1   -0.1      0.0
  SNOW DEPTH       0

DEGREE DAYS
 HEATING
  YESTERDAY       12                        17     -5       11
  MONTH TO DATE   39                        49    -10       33
  SINCE SEP 1    284                       351    -67      284
  SINCE JUL 1    383                       480    -97      428

 COOLING
  YESTERDAY        0                         0      0        0
  MONTH TO DATE    0                         0      0        0
  SINCE SEP 1      0                         0      0        0
  SINCE JAN 1     76                        51     25      115
..................................................................


WIND (MPH)
  HIGHEST WIND SPEED    28   HIGHEST WIND DIRECTION     S (190)
  HIGHEST GUST SPEED    35   HIGHEST GUST DIRECTION     S (180)
  AVERAGE WIND SPEED    12.0


SKY COVER
  POSSIBLE SUNSHINE  MM
  AVERAGE SKY COVER 0.0


WEATHER CONDITIONS
 THE FOLLOWING WEATHER WAS RECORDED YESTERDAY.
  HAZE


RELATIVE HUMIDITY (PERCENT)
 HIGHEST    83          1000 PM
 LOWEST     16           300 PM
 AVERAGE    50

..........................................................


THE ALAMOSA CO CLIMATE NORMALS FOR TODAY
                         NORMAL    RECORD    YEAR
 MAXIMUM TEMPERATURE (F)   67        77      1987
                                             1954
 MINIMUM TEMPERATURE (F)   29        17      1986


SUNRISE AND SUNSET
OCTOBER  4 2017.......SUNRISE   702 AM MDT   SUNSET   642 PM MDT
OCTOBER  5 2017.......SUNRISE   703 AM MDT   SUNSET   640 PM MDT


-  INDICATES NEGATIVE NUMBERS.
R  INDICATES RECORD WAS SET OR TIED.
MM INDICATES DATA IS MISSING.
T  INDICATES TRACE AMOUNT.




$$
