000
CDUS45 KPUB 120027
CLIALS


CLIMATE REPORT
NATIONAL WEATHER SERVICE PUEBLO
527 PM MST FRI NOV 11 2016


...................................

...THE ALAMOSA CO CLIMATE SUMMARY FOR NOVEMBER 11 2016...
VALID TODAY AS OF 0500 PM LOCAL TIME.

CLIMATE NORMAL PERIOD 1981 TO 2010
CLIMATE RECORD PERIOD 1932 TO 2016


WEATHER ITEM   OBSERVED TIME   RECORD YEAR NORMAL DEPARTURE LAST
                VALUE   (LST)  VALUE       VALUE  FROM      YEAR
                                                  NORMAL
..................................................................
TEMPERATURE (F)
 TODAY
  MAXIMUM         57    342 PM  66    1989  49      8       45
                                      1980
  MINIMUM         22    715 AM  -1    2012  14      8       13
                                      1950
                                      1940
  AVERAGE         40                        32      8       29

PRECIPITATION (IN)
  TODAY            0.00          0.27 1992   0.01  -0.01      T
  MONTH TO DATE    0.17                      0.18  -0.01     0.03
  SINCE SEP 1      0.47                      1.77  -1.30     1.79
  SINCE JAN 1      7.82                      6.72   1.10     8.76

SNOWFALL (IN)
  TODAY            0.0           5.0  1992   0.1   -0.1       T
  MONTH TO DATE    0.0                       1.3   -1.3       T
  SINCE SEP 1      0.0                       3.4   -3.4       T
  SINCE JUL 1      0.0                       3.4   -3.4       T
  SNOW DEPTH       0

DEGREE DAYS
 HEATING
  TODAY           25                        33     -8       36
  MONTH TO DATE  264                       338    -74      332
  SINCE SEP 1   1043                      1319   -276     1007
  SINCE JUL 1   1187                      1448   -261     1099

 COOLING
  TODAY            0                         0      0        0
  MONTH TO DATE    0                         0      0        0
  SINCE SEP 1      0                         0      0        0
  SINCE JAN 1    115                        51     64       74
..................................................................


WIND (MPH)
  HIGHEST WIND SPEED    13   HIGHEST WIND DIRECTION     W (270)
  HIGHEST GUST SPEED    14   HIGHEST GUST DIRECTION     W (290)
  AVERAGE WIND SPEED     4.9


SKY COVER
  POSSIBLE SUNSHINE  MM
  AVERAGE SKY COVER 0.0


WEATHER CONDITIONS
 THE FOLLOWING WEATHER WAS RECORDED TODAY.
  NO SIGNIFICANT WEATHER WAS OBSERVED.


RELATIVE HUMIDITY (PERCENT)
 HIGHEST    92           700 AM
 LOWEST     24           400 PM
 AVERAGE    58

..........................................................


THE ALAMOSA CO CLIMATE NORMALS FOR TOMORROW
                         NORMAL    RECORD    YEAR
 MAXIMUM TEMPERATURE (F)   49        65      1989
 MINIMUM TEMPERATURE (F)   14        -5      2012


SUNRISE AND SUNSET
NOVEMBER 11 2016......SUNRISE   639 AM MST   SUNSET   455 PM MST
NOVEMBER 12 2016......SUNRISE   640 AM MST   SUNSET   455 PM MST


-  INDICATES NEGATIVE NUMBERS.
R  INDICATES RECORD WAS SET OR TIED.
MM INDICATES DATA IS MISSING.
T  INDICATES TRACE AMOUNT.




$$
