766
CDUS45 KPUB 160026
CLIALS


CLIMATE REPORT
NATIONAL WEATHER SERVICE PUEBLO
526 PM MST WED FEB 15 2017


...................................

...THE ALAMOSA CO CLIMATE SUMMARY FOR FEBRUARY 15 2017...
VALID TODAY AS OF 0500 PM LOCAL TIME.

CLIMATE NORMAL PERIOD 1981 TO 2010
CLIMATE RECORD PERIOD 1932 TO 2017


WEATHER ITEM   OBSERVED TIME   RECORD YEAR NORMAL DEPARTURE LAST
                VALUE   (LST)  VALUE       VALUE  FROM      YEAR
                                                  NORMAL
..................................................................
TEMPERATURE (F)
 TODAY
  MAXIMUM         37    440 PM  62    2014  40     -3       49
  MINIMUM          8    404 AM -19    1948   6      2       18
  AVERAGE         23                        23      0       34

PRECIPITATION (IN)
  TODAY            0.00          0.23 1993   0.01  -0.01     0.00
  MONTH TO DATE    0.27                      0.13   0.14     0.15
  SINCE DEC 1      2.71                      0.74   1.97     0.98
  SINCE JAN 1      1.63                      0.39   1.24     0.73

SNOWFALL (IN)
  TODAY            0.0           0.8  1965   0.1   -0.1      0.0
  MONTH TO DATE    2.1                       2.1    0.0      1.7
  SINCE DEC 1     34.2                      10.6   23.6     12.1
  SINCE JUL 1     35.2                      16.4   18.8     16.4
  SNOW DEPTH       1

DEGREE DAYS
 HEATING
  TODAY           42                        42      0       31
  MONTH TO DATE  553                       669   -116      631
  SINCE DEC 1   3490                      3641   -151     3567
  SINCE JUL 1   5354                      5816   -462     5345

 COOLING
  TODAY            0                         0      0        0
  MONTH TO DATE    0                         0      0        0
  SINCE DEC 1      0                         0      0        0
  SINCE JAN 1      0                         0      0        0
..................................................................


WIND (MPH)
  HIGHEST WIND SPEED     9   HIGHEST WIND DIRECTION    SW (230)
  HIGHEST GUST SPEED    12   HIGHEST GUST DIRECTION    SW (210)
  AVERAGE WIND SPEED     3.8


SKY COVER
  POSSIBLE SUNSHINE  MM
  AVERAGE SKY COVER 0.0


WEATHER CONDITIONS
 THE FOLLOWING WEATHER WAS RECORDED TODAY.
  HAZE


RELATIVE HUMIDITY (PERCENT)
 HIGHEST    96          1200 AM
 LOWEST     52           300 PM
 AVERAGE    74

..........................................................


THE ALAMOSA CO CLIMATE NORMALS FOR TOMORROW
                         NORMAL    RECORD    YEAR
 MAXIMUM TEMPERATURE (F)   40        57      2000
                                             1958
                                             1947
 MINIMUM TEMPERATURE (F)    6       -17      2004


SUNRISE AND SUNSET
FEBRUARY 15 2017......SUNRISE   652 AM MST   SUNSET   543 PM MST
FEBRUARY 16 2017......SUNRISE   651 AM MST   SUNSET   544 PM MST


-  INDICATES NEGATIVE NUMBERS.
R  INDICATES RECORD WAS SET OR TIED.
MM INDICATES DATA IS MISSING.
T  INDICATES TRACE AMOUNT.




$$
