000
CDUS45 KPUB 181137
CLIALS


CLIMATE REPORT
NATIONAL WEATHER SERVICE PUEBLO
437 AM MST WED FEB 18 2015


...................................

...THE ALAMOSA CO CLIMATE SUMMARY FOR FEBRUARY 17 2015...

CLIMATE NORMAL PERIOD 1981 TO 2010
CLIMATE RECORD PERIOD 1932 TO 2015


WEATHER ITEM   OBSERVED TIME   RECORD YEAR NORMAL DEPARTURE LAST
                VALUE   (LST)  VALUE       VALUE  FROM      YEAR
                                                  NORMAL
..................................................................
TEMPERATURE (F)
 YESTERDAY
  MAXIMUM         36    357 PM  58    1981  41     -5       51
                                      1970
  MINIMUM         -3    700 AM -18    1939   7    -10       23
  AVERAGE         17                        24     -7       37

PRECIPITATION (IN)
  YESTERDAY        0.00          0.14 1987   0.01  -0.01     0.00
  MONTH TO DATE    0.13                      0.15  -0.02     0.03
  SINCE DEC 1      0.67                      0.76  -0.09     0.27
  SINCE JAN 1      0.46                      0.41   0.05     0.10

SNOWFALL (IN)
  YESTERDAY        0.0           2.4  1987   0.1   -0.1      0.0
  MONTH TO DATE    2.0                       2.3   -0.3      1.6
  SINCE DEC 1      7.6                      10.8   -3.2      6.5
  SINCE JUL 1      9.2                      16.6   -7.4     28.1
  SNOW DEPTH       1

DEGREE DAYS
 HEATING
  YESTERDAY       48                        41      7       28
  MONTH TO DATE  563                       752   -189      691
  SINCE DEC 1   3180                      3724   -544     4136
  SINCE JUL 1   5023                      5899   -876     6236

 COOLING
  YESTERDAY        0                         0      0        0
  MONTH TO DATE    0                         0      0        0
  SINCE DEC 1      0                         0      0        0
  SINCE JAN 1      0                         0      0        0
..................................................................


WIND (MPH)
  HIGHEST WIND SPEED    15   HIGHEST WIND DIRECTION    SW (210)
  HIGHEST GUST SPEED    18   HIGHEST GUST DIRECTION    SW (230)
  AVERAGE WIND SPEED     5.6


SKY COVER
  POSSIBLE SUNSHINE  MM
  AVERAGE SKY COVER 0.1


WEATHER CONDITIONS
 THE FOLLOWING WEATHER WAS RECORDED YESTERDAY.
  NO SIGNIFICANT WEATHER WAS OBSERVED.


RELATIVE HUMIDITY (PERCENT)
 HIGHEST    91          1200 AM
 LOWEST     29           400 PM
 AVERAGE    60

..........................................................


THE ALAMOSA CO CLIMATE NORMALS FOR TODAY
                         NORMAL    RECORD    YEAR
 MAXIMUM TEMPERATURE (F)   41        60      1986
 MINIMUM TEMPERATURE (F)    7       -22      1960


SUNRISE AND SUNSET
FEBRUARY 18 2015......SUNRISE   649 AM MST   SUNSET   546 PM MST
FEBRUARY 19 2015......SUNRISE   648 AM MST   SUNSET   547 PM MST


-  INDICATES NEGATIVE NUMBERS.
R  INDICATES RECORD WAS SET OR TIED.
MM INDICATES DATA IS MISSING.
T  INDICATES TRACE AMOUNT.




$$
