000
CDUS45 KPUB 161032
CLIALS


CLIMATE REPORT
NATIONAL WEATHER SERVICE PUEBLO
431 AM MDT MON MAY 16 2016


...................................

...THE ALAMOSA CO CLIMATE SUMMARY FOR MAY 15 2016...

CLIMATE NORMAL PERIOD 1981 TO 2010
CLIMATE RECORD PERIOD 1932 TO 2016


WEATHER ITEM   OBSERVED TIME   RECORD YEAR NORMAL DEPARTURE LAST
                VALUE   (LST)  VALUE       VALUE  FROM      YEAR
                                                  NORMAL
..................................................................
TEMPERATURE (F)
 YESTERDAY
  MAXIMUM         68   1151 AM  82    1996  69     -1       56
                                      1988
  MINIMUM         39   1159 PM  19    1998  33      6       35
                                      1943
  AVERAGE         54                        51      3       46

PRECIPITATION (IN)
  YESTERDAY        0.03          0.52 1980   0.02   0.01     0.07
  MONTH TO DATE    0.21                      0.31  -0.10     0.59
  SINCE MAR 1      2.48                      1.43   1.05     1.42
  SINCE JAN 1      3.46                      1.95   1.51     2.76

SNOWFALL (IN)
  YESTERDAY        0.0           0.3  1980   0.0    0.0      0.0
  MONTH TO DATE    0.8                       0.8    0.0       T
  SINCE MAR 1     24.2                       9.4   14.8      0.7
  SINCE JUL 1     43.0                      27.5   15.5     23.8
  SNOW DEPTH       0

DEGREE DAYS
 HEATING
  YESTERDAY       11                        14     -3       19
  MONTH TO DATE  239                       241     -2      228
  SINCE MAR 1   1841                      1912    -71     1653
  SINCE JUL 1   7607                      8241   -634     7145

 COOLING
  YESTERDAY        0                         0      0        0
  MONTH TO DATE    0                         0      0        0
  SINCE MAR 1      0                         0      0        0
  SINCE JAN 1      0                         0      0        0
..................................................................


WIND (MPH)
  HIGHEST WIND SPEED    35   HIGHEST WIND DIRECTION     W (260)
  HIGHEST GUST SPEED    44   HIGHEST GUST DIRECTION     W (270)
  AVERAGE WIND SPEED    11.7


SKY COVER
  POSSIBLE SUNSHINE  MM
  AVERAGE SKY COVER 0.5


WEATHER CONDITIONS
 THE FOLLOWING WEATHER WAS RECORDED YESTERDAY.
  THUNDERSTORM
  RAIN
  LIGHT RAIN
  FOG


RELATIVE HUMIDITY (PERCENT)
 HIGHEST   100          1100 PM
 LOWEST     34          1200 PM
 AVERAGE    67

..........................................................


THE ALAMOSA CO CLIMATE NORMALS FOR TODAY
                         NORMAL    RECORD    YEAR
 MAXIMUM TEMPERATURE (F)   69        83      1996
 MINIMUM TEMPERATURE (F)   34        23      1951
                                             1943


SUNRISE AND SUNSET
MAY 16 2016...........SUNRISE   553 AM MDT   SUNSET   807 PM MDT
MAY 17 2016...........SUNRISE   552 AM MDT   SUNSET   808 PM MDT


-  INDICATES NEGATIVE NUMBERS.
R  INDICATES RECORD WAS SET OR TIED.
MM INDICATES DATA IS MISSING.
T  INDICATES TRACE AMOUNT.




$$
