000
CDUS45 KPUB 100025
CLIALS


CLIMATE REPORT
NATIONAL WEATHER SERVICE PUEBLO
625 PM MDT TUE MAY 9 2017


...................................

...THE ALAMOSA CO CLIMATE SUMMARY FOR MAY 9 2017...
VALID TODAY AS OF 0500 PM LOCAL TIME.

CLIMATE NORMAL PERIOD 1981 TO 2010
CLIMATE RECORD PERIOD 1932 TO 2017


WEATHER ITEM   OBSERVED TIME   RECORD YEAR NORMAL DEPARTURE LAST
                VALUE   (LST)  VALUE       VALUE  FROM      YEAR
                                                  NORMAL
..................................................................
TEMPERATURE (F)
 TODAY
  MAXIMUM         54   1116 AM  79    1934  67    -13       68
  MINIMUM         42    156 PM  13    1950  32     10       39
  AVERAGE         48                        49     -1       54

PRECIPITATION (IN)
  TODAY            0.32          0.71 1994   0.02   0.30     0.00
  MONTH TO DATE    0.39                      0.18   0.21     0.08
  SINCE MAR 1      1.75                      1.30   0.45     2.35
  SINCE JAN 1      3.40                      1.82   1.58     3.33

SNOWFALL (IN)
  TODAY            0.0           0.7  1952   0.0    0.0      0.0
  MONTH TO DATE    0.0                       0.5   -0.5      0.8
  SINCE MAR 1      5.6                       9.1   -3.5     24.2
  SINCE JUL 1     41.1                      27.2   13.9     43.0
  SNOW DEPTH       0

DEGREE DAYS
 HEATING
  TODAY           17                        16      1       11
  MONTH TO DATE  130                       153    -23      157
  SINCE MAR 1   1505                      1824   -319     1759
  SINCE JUL 1   7294                      8153   -859     7525

 COOLING
  TODAY            0                         0      0        0
  MONTH TO DATE    0                         0      0        0
  SINCE MAR 1      0                         0      0        0
  SINCE JAN 1      0                         0      0        0
..................................................................


WIND (MPH)
  HIGHEST WIND SPEED    21   HIGHEST WIND DIRECTION    SW (210)
  HIGHEST GUST SPEED    27   HIGHEST GUST DIRECTION     S (190)
  AVERAGE WIND SPEED     6.7


SKY COVER
  POSSIBLE SUNSHINE  MM
  AVERAGE SKY COVER 0.6


WEATHER CONDITIONS
 THE FOLLOWING WEATHER WAS RECORDED TODAY.
  THUNDERSTORM
  RAIN
  LIGHT RAIN
  FOG


RELATIVE HUMIDITY (PERCENT)
 HIGHEST    96           500 AM
 LOWEST     77           900 AM
 AVERAGE    87

..........................................................


THE ALAMOSA CO CLIMATE NORMALS FOR TOMORROW
                         NORMAL    RECORD    YEAR
 MAXIMUM TEMPERATURE (F)   67        78      2009
                                             2004
                                             2000
 MINIMUM TEMPERATURE (F)   32        17      1948


SUNRISE AND SUNSET
MAY  9 2017...........SUNRISE   600 AM MDT   SUNSET   801 PM MDT
MAY 10 2017...........SUNRISE   559 AM MDT   SUNSET   802 PM MDT


-  INDICATES NEGATIVE NUMBERS.
R  INDICATES RECORD WAS SET OR TIED.
MM INDICATES DATA IS MISSING.
T  INDICATES TRACE AMOUNT.




$$
