000
CDUS45 KPUB 141128
CLIALS


CLIMATE REPORT
NATIONAL WEATHER SERVICE PUEBLO
428 AM MST SUN DEC 14 2014


...................................

...THE ALAMOSA CO CLIMATE SUMMARY FOR DECEMBER 13 2014...

CLIMATE NORMAL PERIOD 1981 TO 2010
CLIMATE RECORD PERIOD 1932 TO 2014


WEATHER ITEM   OBSERVED TIME   RECORD YEAR NORMAL DEPARTURE LAST
                VALUE   (LST)  VALUE       VALUE  FROM      YEAR
                                                  NORMAL
..................................................................
TEMPERATURE (F)
 YESTERDAY
  MAXIMUM         55    126 PM  56    1948  35     20       19
  MINIMUM         14    413 AM -38    1961   1     13      -14
  AVERAGE         35                        18     17        3

PRECIPITATION (IN)
  YESTERDAY        0.09          0.66 1967   0.02   0.07     0.00
  MONTH TO DATE    0.10                      0.16  -0.06     0.03
  SINCE DEC 1      0.10                      0.16  -0.06     0.03
  SINCE JAN 1      5.43                      7.12  -1.69    10.04

SNOWFALL (IN)
  YESTERDAY        0.3          15.8  1967   0.1    0.2      0.0
  MONTH TO DATE    0.3                       1.9   -1.6      0.7
  SINCE DEC 1      0.3                       1.9   -1.6      0.7
  SINCE JUL 1      1.9                       7.7   -5.8     22.3
  SNOW DEPTH       0

DEGREE DAYS
 HEATING
  YESTERDAY       30                        47    -17       62
  MONTH TO DATE  454                       588   -134      774
  SINCE DEC 1    454                       588   -134      774
  SINCE JUL 1   2297                      2763   -466     2874

 COOLING
  YESTERDAY        0                         0      0        0
  MONTH TO DATE    0                         0      0        0
  SINCE DEC 1      0                         0      0        0
  SINCE JAN 1     60                        51      9      113
..................................................................


WIND (MPH)
  HIGHEST WIND SPEED    25   HIGHEST WIND DIRECTION    SW (240)
  HIGHEST GUST SPEED    32   HIGHEST GUST DIRECTION    SW (240)
  AVERAGE WIND SPEED     6.9


SKY COVER
  POSSIBLE SUNSHINE  MM
  AVERAGE SKY COVER 0.2


WEATHER CONDITIONS
 THE FOLLOWING WEATHER WAS RECORDED YESTERDAY.
  LIGHT SNOW
  FOG


RELATIVE HUMIDITY (PERCENT)
 HIGHEST    89          1100 PM
 LOWEST     28           200 PM
 AVERAGE    59

..........................................................


THE ALAMOSA CO CLIMATE NORMALS FOR TODAY
                         NORMAL    RECORD    YEAR
 MAXIMUM TEMPERATURE (F)   35        54      2010
 MINIMUM TEMPERATURE (F)    1       -42      1964


SUNRISE AND SUNSET
DECEMBER 14 2014......SUNRISE   710 AM MST   SUNSET   446 PM MST
DECEMBER 15 2014......SUNRISE   711 AM MST   SUNSET   447 PM MST


-  INDICATES NEGATIVE NUMBERS.
R  INDICATES RECORD WAS SET OR TIED.
MM INDICATES DATA IS MISSING.
T  INDICATES TRACE AMOUNT.




$$
