000
CDUS45 KPUB 220022
CLIALS


CLIMATE REPORT
NATIONAL WEATHER SERVICE PUEBLO
622 PM MDT TUE MAR 21 2017


...................................

...THE ALAMOSA CO CLIMATE SUMMARY FOR MARCH 21 2017...
VALID TODAY AS OF 0500 PM LOCAL TIME.

CLIMATE NORMAL PERIOD 1981 TO 2010
CLIMATE RECORD PERIOD 1932 TO 2017


WEATHER ITEM   OBSERVED TIME   RECORD YEAR NORMAL DEPARTURE LAST
                VALUE   (LST)  VALUE       VALUE  FROM      YEAR
                                                  NORMAL
..................................................................
TEMPERATURE (F)
 TODAY
  MAXIMUM         70   1156 AM  72    1997  52     18       68
  MINIMUM         26    609 AM   0    1950  19      7       16
  AVERAGE         48                        35     13       42

PRECIPITATION (IN)
  TODAY            0.00          0.14 1941   0.02  -0.02     0.00
  MONTH TO DATE    0.02                      0.34  -0.32      T
  SINCE MAR 1      0.02                      0.34  -0.32      T
  SINCE JAN 1      1.67                      0.86   0.81     0.98

SNOWFALL (IN)
  TODAY            0.0           1.0  1979   0.2   -0.2      0.0
  MONTH TO DATE    T                         3.3   -3.3      0.0
  SINCE MAR 1      T                         3.3   -3.3      0.0
  SINCE JUL 1     35.5                      21.4   14.1     18.8
  SNOW DEPTH       0

DEGREE DAYS
 HEATING
  TODAY           17                        30    -13       23
  MONTH TO DATE  522                       691   -169      571
  SINCE MAR 1    522                       691   -169      571
  SINCE JUL 1   6311                      7020   -709     6337

 COOLING
  TODAY            0                         0      0        0
  MONTH TO DATE    0                         0      0        0
  SINCE MAR 1      0                         0      0        0
  SINCE JAN 1      0                         0      0        0
..................................................................


WIND (MPH)
  HIGHEST WIND SPEED    25   HIGHEST WIND DIRECTION    SW (220)
  HIGHEST GUST SPEED    36   HIGHEST GUST DIRECTION    SW (220)
  AVERAGE WIND SPEED     8.9


SKY COVER
  POSSIBLE SUNSHINE  MM
  AVERAGE SKY COVER 0.1


WEATHER CONDITIONS
 THE FOLLOWING WEATHER WAS RECORDED TODAY.
  NO SIGNIFICANT WEATHER WAS OBSERVED.


RELATIVE HUMIDITY (PERCENT)
 HIGHEST    75           500 AM
 LOWEST     11           100 PM
 AVERAGE    43

..........................................................


THE ALAMOSA CO CLIMATE NORMALS FOR TOMORROW
                         NORMAL    RECORD    YEAR
 MAXIMUM TEMPERATURE (F)   52        70      2004
 MINIMUM TEMPERATURE (F)   19        -4      1952


SUNRISE AND SUNSET
MARCH 21 2017.........SUNRISE   705 AM MDT   SUNSET   717 PM MDT
MARCH 22 2017.........SUNRISE   703 AM MDT   SUNSET   717 PM MDT


-  INDICATES NEGATIVE NUMBERS.
R  INDICATES RECORD WAS SET OR TIED.
MM INDICATES DATA IS MISSING.
T  INDICATES TRACE AMOUNT.




$$
