000
CDUS45 KPUB 140028
CLIALS


CLIMATE REPORT
NATIONAL WEATHER SERVICE PUEBLO
528 PM MST TUE JAN 13 2015


...................................

...THE ALAMOSA CO CLIMATE SUMMARY FOR JANUARY 13 2015...
VALID TODAY AS OF 0500 PM LOCAL TIME.

CLIMATE NORMAL PERIOD 1981 TO 2010
CLIMATE RECORD PERIOD 1932 TO 2015


WEATHER ITEM   OBSERVED TIME   RECORD YEAR NORMAL DEPARTURE LAST
                VALUE   (LST)  VALUE       VALUE  FROM      YEAR
                                                  NORMAL
..................................................................
TEMPERATURE (F)
 TODAY
  MAXIMUM         34    209 PM  52    2000  34      0       31
                                      1980
  MINIMUM         22    628 AM -41    1963  -2     24       -5
  AVERAGE         28                        16     12       13

PRECIPITATION (IN)
  TODAY            0.01          0.28 1940   0.01   0.00     0.00
  MONTH TO DATE    0.07                      0.10  -0.03      T
  SINCE DEC 1      0.28                      0.45  -0.17     0.17
  SINCE JAN 1      0.07                      0.10  -0.03      T

SNOWFALL (IN)
  TODAY            T             6.0  1940   0.1   -0.1      0.0
  MONTH TO DATE    0.7                       1.5   -0.8       T
  SINCE DEC 1      3.0                       6.0   -3.0      4.0
  SINCE JUL 1      4.6                      11.8   -7.2     25.6
  SNOW DEPTH       0

DEGREE DAYS
 HEATING
  TODAY           37                        49    -12       52
  MONTH TO DATE  532                       637   -105      734
  SINCE DEC 1   1841                      2099   -258     2517
  SINCE JUL 1   3684                      4274   -590     4617

 COOLING
  TODAY            0                         0      0        0
  MONTH TO DATE    0                         0      0        0
  SINCE DEC 1      0                         0      0        0
  SINCE JAN 1      0                         0      0        0
..................................................................


WIND (MPH)
  HIGHEST WIND SPEED    10   HIGHEST WIND DIRECTION     S (200)
  HIGHEST GUST SPEED    13   HIGHEST GUST DIRECTION     S (200)
  AVERAGE WIND SPEED     2.0


SKY COVER
  POSSIBLE SUNSHINE  MM
  AVERAGE SKY COVER 0.9


WEATHER CONDITIONS
 THE FOLLOWING WEATHER WAS RECORDED TODAY.
  MIXED PRECIP
  LIGHT RAIN
  LIGHT SNOW
  FOG
  HAZE


RELATIVE HUMIDITY (PERCENT)
 HIGHEST    96           800 AM
 LOWEST     72          1200 PM
 AVERAGE    84

..........................................................


THE ALAMOSA CO CLIMATE NORMALS FOR TOMORROW
                         NORMAL    RECORD    YEAR
 MAXIMUM TEMPERATURE (F)   34        54      1969
 MINIMUM TEMPERATURE (F)   -2       -33      1964


SUNRISE AND SUNSET
JANUARY 13 2015.......SUNRISE   717 AM MST   SUNSET   507 PM MST
JANUARY 14 2015.......SUNRISE   717 AM MST   SUNSET   508 PM MST


-  INDICATES NEGATIVE NUMBERS.
R  INDICATES RECORD WAS SET OR TIED.
MM INDICATES DATA IS MISSING.
T  INDICATES TRACE AMOUNT.




$$
