000
CDUS45 KPUB 192321
CLIALS


CLIMATE REPORT
NATIONAL WEATHER SERVICE PUEBLO
521 PM MDT TUE MAY 19 2015


...................................

...THE ALAMOSA CO CLIMATE SUMMARY FOR MAY 19 2015...
VALID TODAY AS OF 0500 PM LOCAL TIME.

CLIMATE NORMAL PERIOD 1981 TO 2010
CLIMATE RECORD PERIOD 1932 TO 2015


WEATHER ITEM   OBSERVED TIME   RECORD YEAR NORMAL DEPARTURE LAST
                VALUE   (LST)  VALUE       VALUE  FROM      YEAR
                                                  NORMAL
..................................................................
TEMPERATURE (F)
 TODAY
  MAXIMUM         60    333 PM  82    2008  70    -10       78
  MINIMUM         39    509 AM  17    1971  34      5       34
  AVERAGE         50                        52     -2       56

PRECIPITATION (IN)
  TODAY            0.89R         0.28 1994   0.01   0.88     0.00
  MONTH TO DATE    1.57                      0.37   1.20     0.10
  SINCE MAR 1      2.40                      1.49   0.91     1.56
  SINCE JAN 1      3.74                      2.01   1.73     1.68

SNOWFALL (IN)
  TODAY            0.0           T    1972   0.0    0.0      0.0
  MONTH TO DATE    T                         0.8   -0.8      1.3
  SINCE MAR 1      0.7                       9.4   -8.7     11.7
  SINCE JUL 1     23.8                      27.5   -3.7     39.8
  SNOW DEPTH       0

DEGREE DAYS
 HEATING
  TODAY           15                        13      2        9
  MONTH TO DATE  299                       294      5      334
  SINCE MAR 1   1724                      1965   -241     1875
  SINCE JUL 1   7216                      8294  -1078     8443

 COOLING
  TODAY            0                         0      0        0
  MONTH TO DATE    0                         0      0        0
  SINCE MAR 1      0                         0      0        0
  SINCE JAN 1      0                         0      0        0
..................................................................


WIND (MPH)
  HIGHEST WIND SPEED    26   HIGHEST WIND DIRECTION    SW (240)
  HIGHEST GUST SPEED    34   HIGHEST GUST DIRECTION    SW (230)
  AVERAGE WIND SPEED     9.9


SKY COVER
  POSSIBLE SUNSHINE  MM
  AVERAGE SKY COVER 0.7


WEATHER CONDITIONS
 THE FOLLOWING WEATHER WAS RECORDED TODAY.
  RAIN
  LIGHT RAIN
  FOG


RELATIVE HUMIDITY (PERCENT)
 HIGHEST   100           100 AM
 LOWEST     28           300 PM
 AVERAGE    64

..........................................................


THE ALAMOSA CO CLIMATE NORMALS FOR TOMORROW
                         NORMAL    RECORD    YEAR
 MAXIMUM TEMPERATURE (F)   70        87      2005
 MINIMUM TEMPERATURE (F)   35        20      1960


SUNRISE AND SUNSET
MAY 19 2015...........SUNRISE   551 AM MDT   SUNSET   809 PM MDT
MAY 20 2015...........SUNRISE   551 AM MDT   SUNSET   810 PM MDT


-  INDICATES NEGATIVE NUMBERS.
R  INDICATES RECORD WAS SET OR TIED.
MM INDICATES DATA IS MISSING.
T  INDICATES TRACE AMOUNT.




$$
