000
CDUS45 KPUB 251027
CLIALS


CLIMATE REPORT
NATIONAL WEATHER SERVICE PUEBLO
427 AM MDT THU JUN 25 2015


...................................

...THE ALAMOSA CO CLIMATE SUMMARY FOR JUNE 24 2015...

CLIMATE NORMAL PERIOD 1981 TO 2010
CLIMATE RECORD PERIOD 1932 TO 2015


WEATHER ITEM   OBSERVED TIME   RECORD YEAR NORMAL DEPARTURE LAST
                VALUE   (LST)  VALUE       VALUE  FROM      YEAR
                                                  NORMAL
..................................................................
TEMPERATURE (F)
 YESTERDAY
  MAXIMUM         84   1254 PM  93    2012  81      3       84
  MINIMUM         46    423 AM  32    1906  43      3       43
  AVERAGE         65                        62      3       64

PRECIPITATION (IN)
  YESTERDAY        0.00          0.22 1988   0.02  -0.02     0.00
  MONTH TO DATE    1.14                      0.37   0.77     0.01
  SINCE JUN 1      1.14                      0.37   0.77     0.01
  SINCE JAN 1      5.08                      2.59   2.49     1.82

SNOWFALL (IN)
  YESTERDAY        0.0           0.0  2002   0.0    0.0      0.0
  MONTH TO DATE    0.0                       0.0    0.0      0.0
  SINCE JUN 1      0.0                       0.0    0.0      0.0
  SINCE JUL 1     23.8                      27.6   -3.8     39.8
  SNOW DEPTH       0

DEGREE DAYS
 HEATING
  YESTERDAY        0                         3     -3        1
  MONTH TO DATE   76                       151    -75      117
  SINCE JUN 1     76                       151    -75      117
  SINCE JUL 1   7457                      8577  -1120     8663

 COOLING
  YESTERDAY        0                         0      0        0
  MONTH TO DATE   14                         0     14        0
  SINCE JUN 1     14                         0     14        0
  SINCE JAN 1     14                         0     14        0
..................................................................


WIND (MPH)
  HIGHEST WIND SPEED    18   HIGHEST WIND DIRECTION     S (200)
  HIGHEST GUST SPEED    24   HIGHEST GUST DIRECTION     S (180)
  AVERAGE WIND SPEED     6.6


SKY COVER
  POSSIBLE SUNSHINE  MM
  AVERAGE SKY COVER 0.1


WEATHER CONDITIONS
 THE FOLLOWING WEATHER WAS RECORDED YESTERDAY.
  NO SIGNIFICANT WEATHER WAS OBSERVED.


RELATIVE HUMIDITY (PERCENT)
 HIGHEST    86           500 AM
 LOWEST     21           400 PM
 AVERAGE    54

..........................................................


THE ALAMOSA CO CLIMATE NORMALS FOR TODAY
                         NORMAL    RECORD    YEAR
 MAXIMUM TEMPERATURE (F)   81        93      2012
 MINIMUM TEMPERATURE (F)   43        32      1976


SUNRISE AND SUNSET
JUNE 25 2015..........SUNRISE   544 AM MDT   SUNSET   828 PM MDT
JUNE 26 2015..........SUNRISE   544 AM MDT   SUNSET   828 PM MDT


-  INDICATES NEGATIVE NUMBERS.
R  INDICATES RECORD WAS SET OR TIED.
MM INDICATES DATA IS MISSING.
T  INDICATES TRACE AMOUNT.




$$
