000
CDUS45 KPUB 042322
CLIALS


CLIMATE REPORT
NATIONAL WEATHER SERVICE PUEBLO
521 PM MDT TUE JUL 4 2017


...................................

...THE ALAMOSA CO CLIMATE SUMMARY FOR JULY 4 2017...
VALID TODAY AS OF 0500 PM LOCAL TIME.

CLIMATE NORMAL PERIOD 1981 TO 2010
CLIMATE RECORD PERIOD 1932 TO 2017


WEATHER ITEM   OBSERVED TIME   RECORD YEAR NORMAL DEPARTURE LAST
                VALUE   (LST)  VALUE       VALUE  FROM      YEAR
                                                  NORMAL
..................................................................
TEMPERATURE (F)
 TODAY
  MAXIMUM         88    207 PM  93    1989  83      5       81
  MINIMUM         40    424 AM  35    1995  45     -5       43
                                      1943
  AVERAGE         64                        64      0       62

PRECIPITATION (IN)
  TODAY            0.00          0.72 1954   0.03  -0.03     0.00
  MONTH TO DATE    T                         0.10  -0.10     0.29
  SINCE JUN 1      0.19                      0.59  -0.40     0.80
  SINCE JAN 1      4.44                      2.81   1.63     5.17

SNOWFALL (IN)
  TODAY            0.0           0.0  2002   0.0    0.0      0.0
  MONTH TO DATE    0.0                       0.0    0.0      0.0
  SINCE JUN 1      0.0                       0.0    0.0      0.0
  SINCE JUL 1      0.0                       0.0    0.0      0.0
  SNOW DEPTH       0

DEGREE DAYS
 HEATING
  TODAY            1                         2     -1        3
  MONTH TO DATE    8                         8      0        8
  SINCE JUN 1     99                       176    -77       64
  SINCE JUL 1      8                         8      0        8

 COOLING
  TODAY            0                         1     -1        0
  MONTH TO DATE    0                         4     -4        0
  SINCE JUN 1     18                        10      8       29
  SINCE JAN 1     18                        10      8       29
..................................................................


WIND (MPH)
  HIGHEST WIND SPEED    26   HIGHEST WIND DIRECTION    NE (30)
  HIGHEST GUST SPEED    35   HIGHEST GUST DIRECTION    NE (30)
  AVERAGE WIND SPEED     5.9


SKY COVER
  POSSIBLE SUNSHINE  MM
  AVERAGE SKY COVER 0.0


WEATHER CONDITIONS
 THE FOLLOWING WEATHER WAS RECORDED TODAY.
  NO SIGNIFICANT WEATHER WAS OBSERVED.


RELATIVE HUMIDITY (PERCENT)
 HIGHEST    76           400 AM
 LOWEST     11           200 PM
 AVERAGE    44

..........................................................


THE ALAMOSA CO CLIMATE NORMALS FOR TOMORROW
                         NORMAL    RECORD    YEAR
 MAXIMUM TEMPERATURE (F)   83        96      1989
 MINIMUM TEMPERATURE (F)   46        34      2000


SUNRISE AND SUNSET
JULY  4 2017..........SUNRISE   548 AM MDT   SUNSET   828 PM MDT
JULY  5 2017..........SUNRISE   548 AM MDT   SUNSET   828 PM MDT


-  INDICATES NEGATIVE NUMBERS.
R  INDICATES RECORD WAS SET OR TIED.
MM INDICATES DATA IS MISSING.
T  INDICATES TRACE AMOUNT.




$$
