000
CDUS45 KPUB 111105
CLIALS


CLIMATE REPORT
NATIONAL WEATHER SERVICE PUEBLO
503 AM MDT MON JUL 11 2016


...................................

...THE ALAMOSA CO CLIMATE SUMMARY FOR JULY 10 2016...

CLIMATE NORMAL PERIOD 1981 TO 2010
CLIMATE RECORD PERIOD 1932 TO 2016


WEATHER ITEM   OBSERVED TIME   RECORD YEAR NORMAL DEPARTURE LAST
                VALUE   (LST)  VALUE       VALUE  FROM      YEAR
                                                  NORMAL
..................................................................
TEMPERATURE (F)
 YESTERDAY
  MAXIMUM         88    127 PM  91    2003  83      5       79
  MINIMUM         44    404 AM  37    1982  47     -3       43
  AVERAGE         66                        65      1       61

PRECIPITATION (IN)
  YESTERDAY        0.00          0.40 1933   0.03  -0.03     0.00
  MONTH TO DATE    0.29                      0.27   0.02     0.53
  SINCE JUN 1      0.80                      0.76   0.04     1.72
  SINCE JAN 1      5.17                      2.98   2.19     5.66

SNOWFALL (IN)
  YESTERDAY        0.0           0.0  2002   0.0    0.0      0.0
                                      2001
  MONTH TO DATE    0.0                       0.0    0.0      0.0
  SINCE JUN 1      0.0                       0.0    0.0      0.0
  SINCE JUL 1      0.0                       0.0    0.0      0.0
  SNOW DEPTH       0

DEGREE DAYS
 HEATING
  YESTERDAY        0                         1     -1        4
  MONTH TO DATE    9                        19    -10       25
  SINCE JUN 1     65                       187   -122      101
  SINCE JUL 1      9                        19    -10       25

 COOLING
  YESTERDAY        1                         1      0        0
  MONTH TO DATE    6                        10     -4       10
  SINCE JUN 1     35                        16     19       34
  SINCE JAN 1     35                        16     19       34
..................................................................


WIND (MPH)
  HIGHEST WIND SPEED    29   HIGHEST WIND DIRECTION    SW (220)
  HIGHEST GUST SPEED    37   HIGHEST GUST DIRECTION    SW (230)
  AVERAGE WIND SPEED    10.8


SKY COVER
  POSSIBLE SUNSHINE  MM
  AVERAGE SKY COVER 0.0


WEATHER CONDITIONS
 THE FOLLOWING WEATHER WAS RECORDED YESTERDAY.
  NO SIGNIFICANT WEATHER WAS OBSERVED.


RELATIVE HUMIDITY (PERCENT)
 HIGHEST    83           500 AM
 LOWEST     14           300 PM
 AVERAGE    49

..........................................................


THE ALAMOSA CO CLIMATE NORMALS FOR TODAY
                         NORMAL    RECORD    YEAR
 MAXIMUM TEMPERATURE (F)   83        92      2003
 MINIMUM TEMPERATURE (F)   47        37      1986


SUNRISE AND SUNSET
JULY 11 2016..........SUNRISE   552 AM MDT   SUNSET   826 PM MDT
JULY 12 2016..........SUNRISE   553 AM MDT   SUNSET   825 PM MDT


-  INDICATES NEGATIVE NUMBERS.
R  INDICATES RECORD WAS SET OR TIED.
MM INDICATES DATA IS MISSING.
T  INDICATES TRACE AMOUNT.




$$
