000
CDUS45 KPUB 110033
CLIALS


CLIMATE REPORT
NATIONAL WEATHER SERVICE PUEBLO
533 PM MST TUE JAN 10 2017


...................................

...THE ALAMOSA CO CLIMATE SUMMARY FOR JANUARY 10 2017...
VALID TODAY AS OF 0500 PM LOCAL TIME.

CLIMATE NORMAL PERIOD 1981 TO 2010
CLIMATE RECORD PERIOD 1932 TO 2017


WEATHER ITEM   OBSERVED TIME   RECORD YEAR NORMAL DEPARTURE LAST
                VALUE   (LST)  VALUE       VALUE  FROM      YEAR
                                                  NORMAL
..................................................................
TEMPERATURE (F)
 TODAY
  MAXIMUM         39   1257 PM  52    2005  34      5       13
  MINIMUM         14    612 AM -26    1964  -2     16      -23
  AVERAGE         27                        16     11       -5

PRECIPITATION (IN)
  TODAY            0.00          0.14 2002   0.01  -0.01     0.00
  MONTH TO DATE    0.66                      0.08   0.58     0.55
  SINCE DEC 1      1.74                      0.43   1.31     0.80
  SINCE JAN 1      0.66                      0.08   0.58     0.55

SNOWFALL (IN)
  TODAY            0.0           2.1  2002   0.2   -0.2      0.0
  MONTH TO DATE   11.3                       1.2   10.1      6.4
  SINCE DEC 1     21.5                       5.7   15.8      9.8
  SINCE JUL 1     22.5                      11.5   11.0     14.1
  SNOW DEPTH       5

DEGREE DAYS
 HEATING
  TODAY           38                        49    -11       70
  MONTH TO DATE  515                       490     25      507
  SINCE DEC 1   1959                      1952      7     1840
  SINCE JUL 1   3823                      4127   -304     3618

 COOLING
  TODAY            0                         0      0        0
  MONTH TO DATE    0                         0      0        0
  SINCE DEC 1      0                         0      0        0
  SINCE JAN 1      0                         0      0        0
..................................................................


WIND (MPH)
  HIGHEST WIND SPEED    23   HIGHEST WIND DIRECTION     S (190)
  HIGHEST GUST SPEED    28   HIGHEST GUST DIRECTION     S (190)
  AVERAGE WIND SPEED     9.5


SKY COVER
  POSSIBLE SUNSHINE  MM
  AVERAGE SKY COVER 0.1


WEATHER CONDITIONS
 THE FOLLOWING WEATHER WAS RECORDED TODAY.
  NO SIGNIFICANT WEATHER WAS OBSERVED.


RELATIVE HUMIDITY (PERCENT)
 HIGHEST    92          1200 AM
 LOWEST     48           100 PM
 AVERAGE    70

..........................................................


THE ALAMOSA CO CLIMATE NORMALS FOR TOMORROW
                         NORMAL    RECORD    YEAR
 MAXIMUM TEMPERATURE (F)   34        58      2000
 MINIMUM TEMPERATURE (F)   -2       -28      1975


SUNRISE AND SUNSET
JANUARY 10 2017.......SUNRISE   718 AM MST   SUNSET   505 PM MST
JANUARY 11 2017.......SUNRISE   718 AM MST   SUNSET   506 PM MST


-  INDICATES NEGATIVE NUMBERS.
R  INDICATES RECORD WAS SET OR TIED.
MM INDICATES DATA IS MISSING.
T  INDICATES TRACE AMOUNT.




$$
