000
CDUS45 KPUB 220032
CLIALS


CLIMATE REPORT
NATIONAL WEATHER SERVICE PUEBLO
632 PM MDT WED SEP 21 2016


...................................

...THE ALAMOSA CO CLIMATE SUMMARY FOR SEPTEMBER 21 2016...
VALID TODAY AS OF 0500 PM LOCAL TIME.

CLIMATE NORMAL PERIOD 1981 TO 2010
CLIMATE RECORD PERIOD 1932 TO 2016


WEATHER ITEM   OBSERVED TIME   RECORD YEAR NORMAL DEPARTURE LAST
                VALUE   (LST)  VALUE       VALUE  FROM      YEAR
                                                  NORMAL
..................................................................
TEMPERATURE (F)
 TODAY
  MAXIMUM         78    229 PM  82    2010  71      7       81
  MINIMUM         50    505 AM  17    1978  35     15       31
  AVERAGE         64                        53     11       56

PRECIPITATION (IN)
  TODAY            0.07          0.50 1952   0.03   0.04     0.00
  MONTH TO DATE    0.22                      0.69  -0.47     0.03
  SINCE SEP 1      0.22                      0.69  -0.47     0.03
  SINCE JAN 1      7.57                      5.64   1.93     7.00

SNOWFALL (IN)
  TODAY            0.0           0.0  2002   0.0    0.0      0.0
  MONTH TO DATE    0.0                       0.0    0.0      0.0
  SINCE SEP 1      0.0                       0.0    0.0      0.0
  SINCE JUL 1      0.0                       0.0    0.0      0.0
  SNOW DEPTH       0

DEGREE DAYS
 HEATING
  TODAY            1                        12    -11        9
  MONTH TO DATE  141                       176    -35      128
  SINCE SEP 1    141                       176    -35      128
  SINCE JUL 1    285                       305    -20      220

 COOLING
  TODAY            0                         0      0        0
  MONTH TO DATE    0                         0      0        0
  SINCE SEP 1      0                         0      0        0
  SINCE JAN 1    115                        51     64       74
..................................................................


WIND (MPH)
  HIGHEST WIND SPEED    33   HIGHEST WIND DIRECTION    SW (210)
  HIGHEST GUST SPEED    41   HIGHEST GUST DIRECTION    SW (210)
  AVERAGE WIND SPEED     9.1


SKY COVER
  POSSIBLE SUNSHINE  MM
  AVERAGE SKY COVER 0.6


WEATHER CONDITIONS
 THE FOLLOWING WEATHER WAS RECORDED TODAY.
  THUNDERSTORM
  RAIN
  LIGHT RAIN
  FOG


RELATIVE HUMIDITY (PERCENT)
 HIGHEST    63           500 AM
 LOWEST     29           200 PM
 AVERAGE    46

..........................................................


THE ALAMOSA CO CLIMATE NORMALS FOR TOMORROW
                         NORMAL    RECORD    YEAR
 MAXIMUM TEMPERATURE (F)   71        85      1944
 MINIMUM TEMPERATURE (F)   34        20      1983


SUNRISE AND SUNSET
SEPTEMBER 21 2016.....SUNRISE   651 AM MDT   SUNSET   701 PM MDT
SEPTEMBER 22 2016.....SUNRISE   652 AM MDT   SUNSET   659 PM MDT


-  INDICATES NEGATIVE NUMBERS.
R  INDICATES RECORD WAS SET OR TIED.
MM INDICATES DATA IS MISSING.
T  INDICATES TRACE AMOUNT.




$$
