000
CDUS45 KPUB 170120
CLIALS


CLIMATE REPORT
NATIONAL WEATHER SERVICE PUEBLO
720 PM MDT SAT APR 16 2016


...................................

...THE ALAMOSA CO CLIMATE SUMMARY FOR APRIL 16 2016...
VALID TODAY AS OF 0500 PM LOCAL TIME.

CLIMATE NORMAL PERIOD 1981 TO 2010
CLIMATE RECORD PERIOD 1932 TO 2016


WEATHER ITEM   OBSERVED TIME   RECORD YEAR NORMAL DEPARTURE LAST
                VALUE   (LST)  VALUE       VALUE  FROM      YEAR
                                                  NORMAL
..................................................................
TEMPERATURE (F)
 TODAY
  MAXIMUM         37   1212 AM  75    1962  59    -22       54
  MINIMUM         30    833 AM   4    1999  24      6       30
  AVERAGE         34                        42     -8       42

PRECIPITATION (IN)
  TODAY            0.65R         0.34 2014   0.02   0.63     0.21
  MONTH TO DATE    0.67                      0.29   0.38     0.21
  SINCE MAR 1      1.19                      0.82   0.37     0.61
  SINCE JAN 1      2.17                      1.34   0.83     1.95

SNOWFALL (IN)
  TODAY            7.0 R         1.1  1999   0.2    6.8      0.7
  MONTH TO DATE    7.0                       2.2    4.8      0.7
  SINCE MAR 1     15.2                       7.2    8.0      0.7
  SINCE JUL 1     34.0                      25.3    8.7     23.8
  SNOW DEPTH       3

DEGREE DAYS
 HEATING
  TODAY           31                        23      8       23
  MONTH TO DATE  351                       403    -52      324
  SINCE MAR 1   1268                      1380   -112     1109
  SINCE JUL 1   7034                      7709   -675     6601

 COOLING
  TODAY            0                         0      0        0
  MONTH TO DATE    0                         0      0        0
  SINCE MAR 1      0                         0      0        0
  SINCE JAN 1      0                         0      0        0
..................................................................


WIND (MPH)
  HIGHEST WIND SPEED    24   HIGHEST WIND DIRECTION    SE (120)
  HIGHEST GUST SPEED    34   HIGHEST GUST DIRECTION    SE (130)
  AVERAGE WIND SPEED    14.2


SKY COVER
  POSSIBLE SUNSHINE  MM
  AVERAGE SKY COVER 1.0


WEATHER CONDITIONS
 THE FOLLOWING WEATHER WAS RECORDED TODAY.
  LIGHT RAIN
  HEAVY SNOW
  SNOW
  LIGHT SNOW
  FOG
  FOG W/VISIBILITY <= 1/4 MILE


RELATIVE HUMIDITY (PERCENT)
 HIGHEST   100           400 AM
 LOWEST     75           100 PM
 AVERAGE    88

..........................................................


THE ALAMOSA CO CLIMATE NORMALS FOR TOMORROW
                         NORMAL    RECORD    YEAR
 MAXIMUM TEMPERATURE (F)   60        74      1954
                                             1948
 MINIMUM TEMPERATURE (F)   25         3      1999


SUNRISE AND SUNSET
APRIL 16 2016.........SUNRISE   627 AM MDT   SUNSET   740 PM MDT
APRIL 17 2016.........SUNRISE   625 AM MDT   SUNSET   741 PM MDT


-  INDICATES NEGATIVE NUMBERS.
R  INDICATES RECORD WAS SET OR TIED.
MM INDICATES DATA IS MISSING.
T  INDICATES TRACE AMOUNT.




$$
