000
CDUS45 KPUB 241037
CLIALS


CLIMATE REPORT
NATIONAL WEATHER SERVICE PUEBLO
436 AM MDT MON APR 24 2017


...................................

...THE ALAMOSA CO CLIMATE SUMMARY FOR APRIL 23 2017...

CLIMATE NORMAL PERIOD 1981 TO 2010
CLIMATE RECORD PERIOD 1932 TO 2017


WEATHER ITEM   OBSERVED TIME   RECORD YEAR NORMAL DEPARTURE LAST
                VALUE   (LST)  VALUE       VALUE  FROM      YEAR
                                                  NORMAL
..................................................................
TEMPERATURE (F)
 YESTERDAY
  MAXIMUM         72    146 PM  78    2012  62     10       70
  MINIMUM         22    534 AM  10    1970  27     -5       37
  AVERAGE         47                        44      3       54

PRECIPITATION (IN)
  YESTERDAY        0.00          0.64 1942   0.02  -0.02      T
  MONTH TO DATE    0.36                      0.45  -0.09     1.29
  SINCE MAR 1      1.09                      0.98   0.11     1.81
  SINCE JAN 1      2.74                      1.50   1.24     2.79

SNOWFALL (IN)
  YESTERDAY        0.0           4.5  1932   0.2   -0.2      0.0
  MONTH TO DATE    3.2                       3.0    0.2     12.6
  SINCE MAR 1      3.9                       8.0   -4.1     20.8
  SINCE JUL 1     39.4                      26.1   13.3     39.6
  SNOW DEPTH       0

DEGREE DAYS
 HEATING
  YESTERDAY       18                        21     -3       11
  MONTH TO DATE  461                       557    -96      531
  SINCE MAR 1   1200                      1534   -334     1448
  SINCE JUL 1   6989                      7863   -874     7214

 COOLING
  YESTERDAY        0                         0      0        0
  MONTH TO DATE    0                         0      0        0
  SINCE MAR 1      0                         0      0        0
  SINCE JAN 1      0                         0      0        0
..................................................................


WIND (MPH)
  HIGHEST WIND SPEED    29   HIGHEST WIND DIRECTION    SW (220)
  HIGHEST GUST SPEED    35   HIGHEST GUST DIRECTION    SW (240)
  AVERAGE WIND SPEED     8.7


SKY COVER
  POSSIBLE SUNSHINE  MM
  AVERAGE SKY COVER 0.0


WEATHER CONDITIONS
 THE FOLLOWING WEATHER WAS RECORDED YESTERDAY.
  NO SIGNIFICANT WEATHER WAS OBSERVED.


RELATIVE HUMIDITY (PERCENT)
 HIGHEST    88           500 AM
 LOWEST     13           400 PM
 AVERAGE    51

..........................................................


THE ALAMOSA CO CLIMATE NORMALS FOR TODAY
                         NORMAL    RECORD    YEAR
 MAXIMUM TEMPERATURE (F)   62        79      2012
 MINIMUM TEMPERATURE (F)   27        12      1970


SUNRISE AND SUNSET
APRIL 24 2017.........SUNRISE   616 AM MDT   SUNSET   747 PM MDT
APRIL 25 2017.........SUNRISE   615 AM MDT   SUNSET   748 PM MDT


-  INDICATES NEGATIVE NUMBERS.
R  INDICATES RECORD WAS SET OR TIED.
MM INDICATES DATA IS MISSING.
T  INDICATES TRACE AMOUNT.




$$
