000
CDUS45 KPUB 272331
CLIALS


CLIMATE REPORT
NATIONAL WEATHER SERVICE PUEBLO
531 PM MDT SAT MAY 27 2017


...................................

...THE ALAMOSA CO CLIMATE SUMMARY FOR MAY 27 2017...
VALID TODAY AS OF 0500 PM LOCAL TIME.

CLIMATE NORMAL PERIOD 1981 TO 2010
CLIMATE RECORD PERIOD 1932 TO 2017


WEATHER ITEM   OBSERVED TIME   RECORD YEAR NORMAL DEPARTURE LAST
                VALUE   (LST)  VALUE       VALUE  FROM      YEAR
                                                  NORMAL
..................................................................
TEMPERATURE (F)
 TODAY
  MAXIMUM         73   1244 PM  84    2010  73      0       61
                                      1984
                                      1951
  MINIMUM         36    501 AM  25    1996  36      0       36
                                      1950
  AVERAGE         55                        54      1       49

PRECIPITATION (IN)
  TODAY            0.00          0.68 1970   0.02  -0.02     0.53
  MONTH TO DATE    1.24                      0.51   0.73     1.12
  SINCE MAR 1      2.60                      1.63   0.97     3.39
  SINCE JAN 1      4.25                      2.15   2.10     4.37

SNOWFALL (IN)
  TODAY            0.0           T    1992   0.0    0.0      0.0
  MONTH TO DATE    1.1                       0.9    0.2      0.8
  SINCE MAR 1      6.7                       9.5   -2.8     24.2
  SINCE JUL 1     42.2                      27.6   14.6     43.0
  SNOW DEPTH       0

DEGREE DAYS
 HEATING
  TODAY           10                        11     -1       16
  MONTH TO DATE  400                       387     13      398
  SINCE MAR 1   1775                      2058   -283     2000
  SINCE JUL 1   7564                      8387   -823     7766

 COOLING
  TODAY            0                         0      0        0
  MONTH TO DATE    0                         0      0        0
  SINCE MAR 1      0                         0      0        0
  SINCE JAN 1      0                         0      0        0
..................................................................


WIND (MPH)
  HIGHEST WIND SPEED    31   HIGHEST WIND DIRECTION     W (280)
  HIGHEST GUST SPEED    38   HIGHEST GUST DIRECTION    NW (310)
  AVERAGE WIND SPEED    12.9


SKY COVER
  POSSIBLE SUNSHINE  MM
  AVERAGE SKY COVER 0.1


WEATHER CONDITIONS
 THE FOLLOWING WEATHER WAS RECORDED TODAY.
  NO SIGNIFICANT WEATHER WAS OBSERVED.


RELATIVE HUMIDITY (PERCENT)
 HIGHEST    52           500 AM
 LOWEST     11          1200 PM
 AVERAGE    32

..........................................................


THE ALAMOSA CO CLIMATE NORMALS FOR TOMORROW
                         NORMAL    RECORD    YEAR
 MAXIMUM TEMPERATURE (F)   73        86      2000
 MINIMUM TEMPERATURE (F)   36        21      2012


SUNRISE AND SUNSET
MAY 27 2017...........SUNRISE   546 AM MDT   SUNSET   816 PM MDT
MAY 28 2017...........SUNRISE   546 AM MDT   SUNSET   816 PM MDT


-  INDICATES NEGATIVE NUMBERS.
R  INDICATES RECORD WAS SET OR TIED.
MM INDICATES DATA IS MISSING.
T  INDICATES TRACE AMOUNT.




$$
