000
CDUS45 KPUB 031141
CLIALS


CLIMATE REPORT
NATIONAL WEATHER SERVICE PUEBLO
440 AM MST TUE MAR 3 2015


...................................

...THE ALAMOSA CO CLIMATE SUMMARY FOR MARCH 2 2015...

CLIMATE NORMAL PERIOD 1981 TO 2010
CLIMATE RECORD PERIOD 1932 TO 2015


WEATHER ITEM   OBSERVED TIME   RECORD YEAR NORMAL DEPARTURE LAST
                VALUE   (LST)  VALUE       VALUE  FROM      YEAR
                                                  NORMAL
..................................................................
TEMPERATURE (F)
 YESTERDAY
  MAXIMUM         44    150 PM  66    2009  45     -1       49
  MINIMUM         25   1200 AM -18    1939  13     12       25
  AVERAGE         35                        29      6       37

PRECIPITATION (IN)
  YESTERDAY        0.03          0.21 2014   0.02   0.01     0.21
  MONTH TO DATE    0.06                      0.03   0.03     0.21
  SINCE MAR 1      0.06                      0.03   0.03     0.21
  SINCE JAN 1      1.40                      0.55   0.85     0.33

SNOWFALL (IN)
  YESTERDAY        0.0           2.0  2014   0.2   -0.2      2.0
  MONTH TO DATE    0.4                       0.3    0.1      2.0
  SINCE MAR 1      0.4                       0.3    0.1      2.0
  SINCE JUL 1     23.5                      18.4    5.1     30.1
  SNOW DEPTH       3

DEGREE DAYS
 HEATING
  YESTERDAY       30                        36     -6       28
  MONTH TO DATE   73                        72      1       52
  SINCE MAR 1     73                        72      1       52
  SINCE JUL 1   5565                      6401   -836     6620

 COOLING
  YESTERDAY        0                         0      0        0
  MONTH TO DATE    0                         0      0        0
  SINCE MAR 1      0                         0      0        0
  SINCE JAN 1      0                         0      0        0
..................................................................


WIND (MPH)
  HIGHEST WIND SPEED    36   HIGHEST WIND DIRECTION     S (190)
  HIGHEST GUST SPEED    46   HIGHEST GUST DIRECTION    SW (230)
  AVERAGE WIND SPEED    16.2


SKY COVER
  POSSIBLE SUNSHINE  MM
  AVERAGE SKY COVER 0.5


WEATHER CONDITIONS
 THE FOLLOWING WEATHER WAS RECORDED YESTERDAY.
  LIGHT RAIN
  FOG


RELATIVE HUMIDITY (PERCENT)
 HIGHEST    92          1200 AM
 LOWEST     53          1100 AM
 AVERAGE    73

..........................................................


THE ALAMOSA CO CLIMATE NORMALS FOR TODAY
                         NORMAL    RECORD    YEAR
 MAXIMUM TEMPERATURE (F)   46        62      2009
                                             1946
 MINIMUM TEMPERATURE (F)   13       -17      1939


SUNRISE AND SUNSET
MARCH  3 2015.........SUNRISE   632 AM MST   SUNSET   559 PM MST
MARCH  4 2015.........SUNRISE   631 AM MST   SUNSET   600 PM MST


-  INDICATES NEGATIVE NUMBERS.
R  INDICATES RECORD WAS SET OR TIED.
MM INDICATES DATA IS MISSING.
T  INDICATES TRACE AMOUNT.




$$
