122
CDUS45 KPUB 031627 CCA
CLIALS

CLIMATE REPORT...COR WEATHER CONDITIONS
NATIONAL WEATHER SERVICE PUEBLO
453 AM MDT TUE MAY 3 2016


...................................

...THE ALAMOSA CO CLIMATE SUMMARY FOR MAY 2 2016...

CLIMATE NORMAL PERIOD 1981 TO 2010
CLIMATE RECORD PERIOD 1932 TO 2016


WEATHER ITEM   OBSERVED TIME   RECORD YEAR NORMAL DEPARTURE LAST
                VALUE   (LST)  VALUE       VALUE  FROM      YEAR
                                                  NORMAL
..................................................................
TEMPERATURE (F)
 YESTERDAY
  MAXIMUM         56    312 PM  81    1943  65     -9       71
  MINIMUM         32    336 AM  13    2008  30      2       32
  AVERAGE         44                        47     -3       52

PRECIPITATION (IN)
  YESTERDAY        T             0.44 1978   0.02  -0.02     0.02
  MONTH TO DATE    0.08                      0.04   0.04     0.02
  SINCE MAR 1      2.35                      1.16   1.19     0.85
  SINCE JAN 1      3.33                      1.68   1.65     2.19

SNOWFALL (IN)
  YESTERDAY        0.0           4.4  1978   0.0    0.0      0.0
  MONTH TO DATE    0.8                       0.1    0.7      0.0
  SINCE MAR 1     24.2                       8.7   15.5      0.7
  SINCE JUL 1     43.0                      26.8   16.2     23.8
  SNOW DEPTH       0

DEGREE DAYS
 HEATING
  YESTERDAY       21                        18      3       13
  MONTH TO DATE   49                        36     13       21
  SINCE MAR 1   1651                      1707    -56     1446
  SINCE JUL 1   7417                      8036   -619     6938

 COOLING
  YESTERDAY        0                         0      0        0
  MONTH TO DATE    0                         0      0        0
  SINCE MAR 1      0                         0      0        0
  SINCE JAN 1      0                         0      0        0
..................................................................


WIND (MPH)
  HIGHEST WIND SPEED    20   HIGHEST WIND DIRECTION    SW (230)
  HIGHEST GUST SPEED    23   HIGHEST GUST DIRECTION    SW (230)
  AVERAGE WIND SPEED     6.0


SKY COVER
  POSSIBLE SUNSHINE  MM
  AVERAGE SKY COVER 0.7


WEATHER CONDITIONS
 THE FOLLOWING WEATHER WAS RECORDED YESTERDAY.
  LIGHT RAIN


RELATIVE HUMIDITY (PERCENT)
 HIGHEST    92          1100 PM
 LOWEST     35           200 PM
 AVERAGE    64

..........................................................


THE ALAMOSA CO CLIMATE NORMALS FOR TODAY
                         NORMAL    RECORD    YEAR
 MAXIMUM TEMPERATURE (F)   65        79      1943
 MINIMUM TEMPERATURE (F)   30        11      2011


SUNRISE AND SUNSET
MAY  3 2016...........SUNRISE   605 AM MDT   SUNSET   756 PM MDT
MAY  4 2016...........SUNRISE   604 AM MDT   SUNSET   757 PM MDT


-  INDICATES NEGATIVE NUMBERS.
R  INDICATES RECORD WAS SET OR TIED.
MM INDICATES DATA IS MISSING.
T  INDICATES TRACE AMOUNT.




$$
