000
CDUS45 KPUB 191028
CLIALS


CLIMATE REPORT
NATIONAL WEATHER SERVICE PUEBLO
428 AM MDT TUE SEP 19 2017


...................................

...THE ALAMOSA CO CLIMATE SUMMARY FOR SEPTEMBER 18 2017...

CLIMATE NORMAL PERIOD 1981 TO 2010
CLIMATE RECORD PERIOD 1932 TO 2017


WEATHER ITEM   OBSERVED TIME   RECORD YEAR NORMAL DEPARTURE LAST
                VALUE   (LST)  VALUE       VALUE  FROM      YEAR
                                                  NORMAL
..................................................................
TEMPERATURE (F)
 YESTERDAY
  MAXIMUM         74    329 PM  84    2010  72      2       77
  MINIMUM         32    620 AM  19    2006  36     -4       27
  AVERAGE         53                        54     -1       52

PRECIPITATION (IN)
  YESTERDAY        0.00          0.72 2002   0.03  -0.03     0.00
  MONTH TO DATE    0.20                      0.61  -0.41     0.15
  SINCE SEP 1      0.20                      0.61  -0.41     0.15
  SINCE JAN 1      8.89                      5.56   3.33     7.50

SNOWFALL (IN)
  YESTERDAY        0.0           1.2  1971   0.0    0.0      0.0
  MONTH TO DATE    0.0                       0.0    0.0      0.0
  SINCE SEP 1      0.0                       0.0    0.0      0.0
  SINCE JUL 1      T                         0.0    0.0      0.0
  SNOW DEPTH       0

DEGREE DAYS
 HEATING
  YESTERDAY       12                        11      1       13
  MONTH TO DATE   92                       141    -49      125
  SINCE SEP 1     92                       141    -49      125
  SINCE JUL 1    191                       270    -79      269

 COOLING
  YESTERDAY        0                         0      0        0
  MONTH TO DATE    0                         0      0        0
  SINCE SEP 1      0                         0      0        0
  SINCE JAN 1     76                        51     25      115
..................................................................


WIND (MPH)
  HIGHEST WIND SPEED    24   HIGHEST WIND DIRECTION     S (190)
  HIGHEST GUST SPEED    32   HIGHEST GUST DIRECTION     S (180)
  AVERAGE WIND SPEED     6.7


SKY COVER
  POSSIBLE SUNSHINE  MM
  AVERAGE SKY COVER 0.1


WEATHER CONDITIONS
 THE FOLLOWING WEATHER WAS RECORDED YESTERDAY.
  FOG


RELATIVE HUMIDITY (PERCENT)
 HIGHEST   100           100 AM
 LOWEST     17           400 PM
 AVERAGE    59

..........................................................


THE ALAMOSA CO CLIMATE NORMALS FOR TODAY
                         NORMAL    RECORD    YEAR
 MAXIMUM TEMPERATURE (F)   72        84      2010
 MINIMUM TEMPERATURE (F)   36        20      1988


SUNRISE AND SUNSET
SEPTEMBER 19 2017.....SUNRISE   649 AM MDT   SUNSET   704 PM MDT
SEPTEMBER 20 2017.....SUNRISE   650 AM MDT   SUNSET   703 PM MDT


-  INDICATES NEGATIVE NUMBERS.
R  INDICATES RECORD WAS SET OR TIED.
MM INDICATES DATA IS MISSING.
T  INDICATES TRACE AMOUNT.




$$
