000
CDUS45 KPUB 221128
CLIALS


CLIMATE REPORT
NATIONAL WEATHER SERVICE PUEBLO
428 AM MST SAT NOV 22 2014


...................................

...THE ALAMOSA CO CLIMATE SUMMARY FOR NOVEMBER 21 2014...

CLIMATE NORMAL PERIOD 1981 TO 2010
CLIMATE RECORD PERIOD 1932 TO 2014


WEATHER ITEM   OBSERVED TIME   RECORD YEAR NORMAL DEPARTURE LAST
                VALUE   (LST)  VALUE       VALUE  FROM      YEAR
                                                  NORMAL
..................................................................
TEMPERATURE (F)
 YESTERDAY
  MAXIMUM         45    257 PM  61    1989  44      1       52
  MINIMUM          5    426 AM -12    1964  10     -5       24
  AVERAGE         25                        27     -2       38

PRECIPITATION (IN)
  YESTERDAY        0.00          0.18 1961   0.02  -0.02      T
  MONTH TO DATE    0.32                      0.32   0.00     0.01
  SINCE SEP 1      1.43                      1.91  -0.48     3.52
  SINCE JAN 1      5.31                      6.86  -1.55     8.39

SNOWFALL (IN)
  YESTERDAY        0.0           2.3  1961   0.1   -0.1      0.0
  MONTH TO DATE    1.1                       2.5   -1.4      0.0
  SINCE SEP 1      1.1                       4.6   -3.5      3.5
  SINCE JUL 1      1.1                       4.6   -3.5      3.5
  SNOW DEPTH       0

DEGREE DAYS
 HEATING
  YESTERDAY       40                        38      2       27
  MONTH TO DATE  659                       698    -39      635
  SINCE SEP 1   1394                      1679   -285     1559
  SINCE JUL 1   1515                      1808   -293     1634

 COOLING
  YESTERDAY        0                         0      0        0
  MONTH TO DATE    0                         0      0        0
  SINCE SEP 1      0                         0      0       14
  SINCE JAN 1     60                        51      9      113
..................................................................


WIND (MPH)
  HIGHEST WIND SPEED    10   HIGHEST WIND DIRECTION     E (80)
  HIGHEST GUST SPEED    11   HIGHEST GUST DIRECTION     S (180)
  AVERAGE WIND SPEED     2.7


SKY COVER
  POSSIBLE SUNSHINE  MM
  AVERAGE SKY COVER 0.0


WEATHER CONDITIONS
 THE FOLLOWING WEATHER WAS RECORDED YESTERDAY.
  NO SIGNIFICANT WEATHER WAS OBSERVED.


RELATIVE HUMIDITY (PERCENT)
 HIGHEST    88           500 AM
 LOWEST     28           300 PM
 AVERAGE    58

..........................................................


THE ALAMOSA CO CLIMATE NORMALS FOR TODAY
                         NORMAL    RECORD    YEAR
 MAXIMUM TEMPERATURE (F)   43        64      1998
 MINIMUM TEMPERATURE (F)    9       -24      1957


SUNRISE AND SUNSET
NOVEMBER 22 2014......SUNRISE   650 AM MST   SUNSET   449 PM MST
NOVEMBER 23 2014......SUNRISE   651 AM MST   SUNSET   448 PM MST


-  INDICATES NEGATIVE NUMBERS.
R  INDICATES RECORD WAS SET OR TIED.
MM INDICATES DATA IS MISSING.
T  INDICATES TRACE AMOUNT.




$$
