000
CDUS45 KPUB 310020
CLIALS


CLIMATE REPORT
NATIONAL WEATHER SERVICE PUEBLO
520 PM MST MON JAN 30 2017


...................................

...THE ALAMOSA CO CLIMATE SUMMARY FOR JANUARY 30 2017...
VALID TODAY AS OF 0500 PM LOCAL TIME.

CLIMATE NORMAL PERIOD 1981 TO 2010
CLIMATE RECORD PERIOD 1932 TO 2017


WEATHER ITEM   OBSERVED TIME   RECORD YEAR NORMAL DEPARTURE LAST
                VALUE   (LST)  VALUE       VALUE  FROM      YEAR
                                                  NORMAL
..................................................................
TEMPERATURE (F)
 TODAY
  MAXIMUM         30    325 PM  59    1986  36     -6       50
  MINIMUM        -11    656 AM -32    1979   0    -11        7
  AVERAGE         10                        18     -8       29

PRECIPITATION (IN)
  TODAY            0.00          0.24 2002   0.01  -0.01     0.00
  MONTH TO DATE    1.36                      0.25   1.11     0.58
  SINCE DEC 1      2.44                      0.60   1.84     0.83
  SINCE JAN 1      1.36                      0.25   1.11     0.58

SNOWFALL (IN)
  TODAY            0.0           3.5  1941   0.2   -0.2      0.0
  MONTH TO DATE   21.9                       3.9   18.0      7.0
  SINCE DEC 1     32.1                       8.4   23.7     10.4
  SINCE JUL 1     33.1                      14.2   18.9     14.7
  SNOW DEPTH       4

DEGREE DAYS
 HEATING
  TODAY           55                        47      8       36
  MONTH TO DATE 1440                      1459    -19     1572
  SINCE DEC 1   2884                      2921    -37     2905
  SINCE JUL 1   4748                      5096   -348     4683

 COOLING
  TODAY            0                         0      0        0
  MONTH TO DATE    0                         0      0        0
  SINCE DEC 1      0                         0      0        0
  SINCE JAN 1      0                         0      0        0
..................................................................


WIND (MPH)
  HIGHEST WIND SPEED     7   HIGHEST WIND DIRECTION    SW (210)
  HIGHEST GUST SPEED     8   HIGHEST GUST DIRECTION    SW (210)
  AVERAGE WIND SPEED     2.3


SKY COVER
  POSSIBLE SUNSHINE  MM
  AVERAGE SKY COVER 0.0


WEATHER CONDITIONS
 THE FOLLOWING WEATHER WAS RECORDED TODAY.
  NO SIGNIFICANT WEATHER WAS OBSERVED.


RELATIVE HUMIDITY (PERCENT)
 HIGHEST    87           300 AM
 LOWEST     53           400 PM
 AVERAGE    70

..........................................................


THE ALAMOSA CO CLIMATE NORMALS FOR TOMORROW
                         NORMAL    RECORD    YEAR
 MAXIMUM TEMPERATURE (F)   36        57      1971
 MINIMUM TEMPERATURE (F)    0       -39      1979


SUNRISE AND SUNSET
JANUARY 30 2017.......SUNRISE   708 AM MST   SUNSET   526 PM MST
JANUARY 31 2017.......SUNRISE   707 AM MST   SUNSET   527 PM MST


-  INDICATES NEGATIVE NUMBERS.
R  INDICATES RECORD WAS SET OR TIED.
MM INDICATES DATA IS MISSING.
T  INDICATES TRACE AMOUNT.




$$
