383
CDUS45 KPUB 191047
CLIALS


CLIMATE REPORT
NATIONAL WEATHER SERVICE PUEBLO
447 AM MDT MON JUN 19 2017


...................................

...THE ALAMOSA CO CLIMATE SUMMARY FOR JUNE 18 2017...

CLIMATE NORMAL PERIOD 1981 TO 2010
CLIMATE RECORD PERIOD 1932 TO 2017


WEATHER ITEM   OBSERVED TIME   RECORD YEAR NORMAL DEPARTURE LAST
                VALUE   (LST)  VALUE       VALUE  FROM      YEAR
                                                  NORMAL
..................................................................
TEMPERATURE (F)
 YESTERDAY
  MAXIMUM         88    232 PM  90    1989  80      8       88
  MINIMUM         46    514 AM  28    1998  41      5       38
                                      1944
  AVERAGE         67                        60      7       63

PRECIPITATION (IN)
  YESTERDAY        0.00          0.45 1965   0.01  -0.01     0.00
  MONTH TO DATE    0.15                      0.26  -0.11      T
  SINCE JUN 1      0.15                      0.26  -0.11      T
  SINCE JAN 1      4.40                      2.48   1.92     4.37

SNOWFALL (IN)
  YESTERDAY        0.0           T    1953   0.0    0.0      0.0
  MONTH TO DATE    0.0                       0.0    0.0      0.0
  SINCE JUN 1      0.0                       0.0    0.0      0.0
  SINCE JUL 1     42.2                      27.6   14.6     43.0
  SNOW DEPTH       0

DEGREE DAYS
 HEATING
  YESTERDAY        0                         5     -5        2
  MONTH TO DATE   77                       127    -50       52
  SINCE JUN 1     77                       127    -50       52
  SINCE JUL 1   7686                      8553   -867     7864

 COOLING
  YESTERDAY        2                         0      2        0
  MONTH TO DATE    4                         0      4        2
  SINCE JUN 1      4                         0      4        2
  SINCE JAN 1      4                         0      4        2
..................................................................


WIND (MPH)
  HIGHEST WIND SPEED    14   HIGHEST WIND DIRECTION    SW (230)
  HIGHEST GUST SPEED    21   HIGHEST GUST DIRECTION     W (250)
  AVERAGE WIND SPEED     5.2


SKY COVER
  POSSIBLE SUNSHINE  MM
  AVERAGE SKY COVER 0.1


WEATHER CONDITIONS
 THE FOLLOWING WEATHER WAS RECORDED YESTERDAY.
  NO SIGNIFICANT WEATHER WAS OBSERVED.


RELATIVE HUMIDITY (PERCENT)
 HIGHEST    93           300 AM
 LOWEST     16           300 PM
 AVERAGE    55

..........................................................


THE ALAMOSA CO CLIMATE NORMALS FOR TODAY
                         NORMAL    RECORD    YEAR
 MAXIMUM TEMPERATURE (F)   80        93      2016
 MINIMUM TEMPERATURE (F)   41        26      1939


SUNRISE AND SUNSET
JUNE 19 2017..........SUNRISE   542 AM MDT   SUNSET   827 PM MDT
JUNE 20 2017..........SUNRISE   543 AM MDT   SUNSET   828 PM MDT


-  INDICATES NEGATIVE NUMBERS.
R  INDICATES RECORD WAS SET OR TIED.
MM INDICATES DATA IS MISSING.
T  INDICATES TRACE AMOUNT.




$$
