000
CDUS45 KPUB 221041
CLIALS


CLIMATE REPORT
NATIONAL WEATHER SERVICE PUEBLO
441 AM MDT TUE JUL 22 2014


...................................

...THE ALAMOSA CO CLIMATE SUMMARY FOR JULY 21 2014...

CLIMATE NORMAL PERIOD 1981 TO 2010
CLIMATE RECORD PERIOD 1932 TO 2014


WEATHER ITEM   OBSERVED TIME   RECORD YEAR NORMAL DEPARTURE LAST
                VALUE   (LST)  VALUE       VALUE  FROM      YEAR
                                                  NORMAL
..................................................................
TEMPERATURE (F)
 YESTERDAY
  MAXIMUM         84    423 PM  92    2005  82      2       88
  MINIMUM         54   1102 PM  41    1961  48      6       52
  AVERAGE         69                        65      4       70

PRECIPITATION (IN)
  YESTERDAY        T             0.91 1977   0.04  -0.04     0.00
  MONTH TO DATE    0.76                      0.63   0.13     0.52
  SINCE JUN 1      0.78                      1.12  -0.34     1.06
  SINCE JAN 1      2.59                      3.34  -0.75     2.12

SNOWFALL (IN)
  YESTERDAY        0.0           0.0  2002   0.0    0.0      0.0
                                      2001
  MONTH TO DATE    0.0                       0.0    0.0      0.0
  SINCE JUN 1      0.0                       0.0    0.0      0.0
  SINCE JUL 1      0.0                       0.0    0.0      0.0
  SNOW DEPTH       0

DEGREE DAYS
 HEATING
  YESTERDAY        0                         1     -1        0
  MONTH TO DATE   14                        30    -16       18
  SINCE JUN 1    140                       198    -58      120
  SINCE JUL 1     14                        30    -16       18

 COOLING
  YESTERDAY        4                         1      3        5
  MONTH TO DATE   29                        21      8       35
  SINCE JUN 1     30                        27      3       51
  SINCE JAN 1     30                        27      3       51
..................................................................


WIND (MPH)
  HIGHEST WIND SPEED    16   HIGHEST WIND DIRECTION    NW (310)
  HIGHEST GUST SPEED    23   HIGHEST GUST DIRECTION     N (350)
  AVERAGE WIND SPEED     3.4


SKY COVER
  POSSIBLE SUNSHINE  MM
  AVERAGE SKY COVER 0.2


WEATHER CONDITIONS
 THE FOLLOWING WEATHER WAS RECORDED YESTERDAY.
  LIGHT RAIN


RELATIVE HUMIDITY (PERCENT)
 HIGHEST    86          1200 AM
 LOWEST     20           400 PM
 AVERAGE    53

..........................................................


THE ALAMOSA CO CLIMATE NORMALS FOR TODAY
                         NORMAL    RECORD    YEAR
 MAXIMUM TEMPERATURE (F)   82        90      2005
                                             2003
                                             1996
 MINIMUM TEMPERATURE (F)   48        35      1961


SUNRISE AND SUNSET
JULY 22 2014..........SUNRISE   600 AM MDT   SUNSET   820 PM MDT
JULY 23 2014..........SUNRISE   600 AM MDT   SUNSET   819 PM MDT


-  INDICATES NEGATIVE NUMBERS.
R  INDICATES RECORD WAS SET OR TIED.
MM INDICATES DATA IS MISSING.
T  INDICATES TRACE AMOUNT.




$$
