000
CDUS45 KPUB 061134
CLIALS


CLIMATE REPORT
NATIONAL WEATHER SERVICE PUEBLO
434 AM MST SAT DEC 6 2014


...................................

...THE ALAMOSA CO CLIMATE SUMMARY FOR DECEMBER 5 2014...

CLIMATE NORMAL PERIOD 1981 TO 2010
CLIMATE RECORD PERIOD 1932 TO 2014


WEATHER ITEM   OBSERVED TIME   RECORD YEAR NORMAL DEPARTURE LAST
                VALUE   (LST)  VALUE       VALUE  FROM      YEAR
                                                  NORMAL
..................................................................
TEMPERATURE (F)
 YESTERDAY
  MAXIMUM         48    246 PM  59    1958  37     11       22
                                      1939
  MINIMUM         13    541 AM -26    1964   3     10       -4
  AVERAGE         31                        20     11        9

PRECIPITATION (IN)
  YESTERDAY        0.00          0.23 1992   0.01  -0.01     0.00
  MONTH TO DATE    0.01                      0.06  -0.05     0.00
  SINCE DEC 1      0.01                      0.06  -0.05     0.00
  SINCE JAN 1      5.34                      7.02  -1.68    10.01

SNOWFALL (IN)
  YESTERDAY        0.0           2.5  1969   0.1   -0.1      0.0
  MONTH TO DATE    0.0                       0.7   -0.7      0.0
  SINCE DEC 1      0.0                       0.7   -0.7      0.0
  SINCE JUL 1      1.6                       6.5   -4.9     21.6
  SNOW DEPTH       0

DEGREE DAYS
 HEATING
  YESTERDAY       34                        45    -11       56
  MONTH TO DATE  163                       219    -56      264
  SINCE DEC 1    163                       219    -56      264
  SINCE JUL 1   2006                      2394   -388     2364

 COOLING
  YESTERDAY        0                         0      0        0
  MONTH TO DATE    0                         0      0        0
  SINCE DEC 1      0                         0      0        0
  SINCE JAN 1     60                        51      9      113
..................................................................


WIND (MPH)
  HIGHEST WIND SPEED    10   HIGHEST WIND DIRECTION    SE (140)
  HIGHEST GUST SPEED    12   HIGHEST GUST DIRECTION     S (160)
  AVERAGE WIND SPEED     5.1


SKY COVER
  POSSIBLE SUNSHINE  MM
  AVERAGE SKY COVER 0.3


WEATHER CONDITIONS
 THE FOLLOWING WEATHER WAS RECORDED YESTERDAY.
  FOG
  FOG W/VISIBILITY <= 1/4 MILE
  HAZE


RELATIVE HUMIDITY (PERCENT)
 HIGHEST    96           500 AM
 LOWEST     45           200 PM
 AVERAGE    71

..........................................................


THE ALAMOSA CO CLIMATE NORMALS FOR TODAY
                         NORMAL    RECORD    YEAR
 MAXIMUM TEMPERATURE (F)   37        59      1943
 MINIMUM TEMPERATURE (F)    3       -31      1964


SUNRISE AND SUNSET
DECEMBER  6 2014......SUNRISE   704 AM MST   SUNSET   445 PM MST
DECEMBER  7 2014......SUNRISE   705 AM MST   SUNSET   445 PM MST


-  INDICATES NEGATIVE NUMBERS.
R  INDICATES RECORD WAS SET OR TIED.
MM INDICATES DATA IS MISSING.
T  INDICATES TRACE AMOUNT.




$$
