000
CDUS45 KPUB 282320
CLIALS


CLIMATE REPORT
NATIONAL WEATHER SERVICE PUEBLO
519 PM MDT SAT OCT 28 2017


...................................

...THE ALAMOSA CO CLIMATE SUMMARY FOR OCTOBER 28 2017...
VALID TODAY AS OF 0500 PM LOCAL TIME.

CLIMATE NORMAL PERIOD 1981 TO 2010
CLIMATE RECORD PERIOD 1932 TO 2017


WEATHER ITEM   OBSERVED TIME   RECORD YEAR NORMAL DEPARTURE LAST
                VALUE   (LST)  VALUE       VALUE  FROM      YEAR
                                                  NORMAL
..................................................................
TEMPERATURE (F)
 TODAY
  MAXIMUM         60    306 PM  75    1950  57      3       69
  MINIMUM         19    556 AM   5    2010  20     -1       25
                                      1970
  AVERAGE         40                        38      2       47

PRECIPITATION (IN)
  TODAY            0.00          0.33 2000   0.02  -0.02     0.00
  MONTH TO DATE    0.05                      0.62  -0.57     0.02
  SINCE SEP 1      1.80                      1.53   0.27     0.30
  SINCE JAN 1     10.49                      6.48   4.01     7.65

SNOWFALL (IN)
  TODAY            0.0           3.1  1969   0.1   -0.1      0.0
  MONTH TO DATE    T                         1.7   -1.7      0.0
  SINCE SEP 1      T                         1.7   -1.7      0.0
  SINCE JUL 1      T                         1.7   -1.7      0.0
  SNOW DEPTH      MM

DEGREE DAYS
 HEATING
  TODAY           25                        27     -2       18
  MONTH TO DATE  560                       596    -36      482
  SINCE SEP 1    805                       898    -93      733
  SINCE JUL 1    904                      1027   -123      877

 COOLING
  TODAY            0                         0      0        0
  MONTH TO DATE    0                         0      0        0
  SINCE SEP 1      0                         0      0        0
  SINCE JAN 1     76                        51     25      115
..................................................................


WIND (MPH)
  HIGHEST WIND SPEED    15   HIGHEST WIND DIRECTION     N (360)
  HIGHEST GUST SPEED    23   HIGHEST GUST DIRECTION     N (350)
  AVERAGE WIND SPEED     4.7


SKY COVER
  POSSIBLE SUNSHINE  MM
  AVERAGE SKY COVER 0.0


WEATHER CONDITIONS
 THE FOLLOWING WEATHER WAS RECORDED TODAY.
  NO SIGNIFICANT WEATHER WAS OBSERVED.


RELATIVE HUMIDITY (PERCENT)
 HIGHEST    84           600 AM
 LOWEST     23           300 PM
 AVERAGE    54

..........................................................


THE ALAMOSA CO CLIMATE NORMALS FOR TOMORROW
                         NORMAL    RECORD    YEAR
 MAXIMUM TEMPERATURE (F)   56        76      1950
 MINIMUM TEMPERATURE (F)   20         4      1993


SUNRISE AND SUNSET
OCTOBER 28 2017.......SUNRISE   725 AM MDT   SUNSET   609 PM MDT
OCTOBER 29 2017.......SUNRISE   726 AM MDT   SUNSET   608 PM MDT


-  INDICATES NEGATIVE NUMBERS.
R  INDICATES RECORD WAS SET OR TIED.
MM INDICATES DATA IS MISSING.
T  INDICATES TRACE AMOUNT.




$$
