000
CDUS45 KPUB 280024
CLIALS


CLIMATE REPORT
NATIONAL WEATHER SERVICE PUEBLO
524 PM MST WED DEC 27 2017


...................................

...THE ALAMOSA CO CLIMATE SUMMARY FOR DECEMBER 27 2017...
VALID TODAY AS OF 0500 PM LOCAL TIME.

CLIMATE NORMAL PERIOD 1981 TO 2010
CLIMATE RECORD PERIOD 1932 TO 2017


WEATHER ITEM   OBSERVED TIME   RECORD YEAR NORMAL DEPARTURE LAST
                VALUE   (LST)  VALUE       VALUE  FROM      YEAR
                                                  NORMAL
..................................................................
TEMPERATURE (F)
 TODAY
  MAXIMUM         48    309 PM  58    1980  34     14       18
  MINIMUM          3    728 AM -23    2007  -2      5      -18
                                      1990
                                      1932
  AVERAGE         26                        16     10        0

PRECIPITATION (IN)
  TODAY            0.00          0.32 1979   0.01  -0.01     0.00
  MONTH TO DATE    0.14                      0.31  -0.17     0.97
  SINCE DEC 1      0.14                      0.31  -0.17     0.97
  SINCE JAN 1     10.69                      7.27   3.42     9.06

SNOWFALL (IN)
  TODAY            0.0           4.5  1979   0.1   -0.1      0.0
  MONTH TO DATE    1.3                       4.0   -2.7      8.1
  SINCE DEC 1      1.3                       4.0   -2.7      8.1
  SINCE JUL 1      1.7                       9.8   -8.1      9.1
  SNOW DEPTH       0

DEGREE DAYS
 HEATING
  TODAY           39                        49    -10       65
  MONTH TO DATE 1078                      1266   -188     1220
  SINCE DEC 1   1078                      1266   -188     1220
  SINCE JUL 1   2844                      3441   -597     3084

 COOLING
  TODAY            0                         0      0        0
  MONTH TO DATE    0                         0      0        0
  SINCE DEC 1      0                         0      0        0
  SINCE JAN 1     76                        51     25      115
..................................................................


WIND (MPH)
  HIGHEST WIND SPEED     7   HIGHEST WIND DIRECTION     N (360)
  HIGHEST GUST SPEED    11   HIGHEST GUST DIRECTION    NE (60)
  AVERAGE WIND SPEED     3.1


SKY COVER
  POSSIBLE SUNSHINE  MM
  AVERAGE SKY COVER 0.0


WEATHER CONDITIONS
 THE FOLLOWING WEATHER WAS RECORDED TODAY.
  NO SIGNIFICANT WEATHER WAS OBSERVED.


RELATIVE HUMIDITY (PERCENT)
 HIGHEST    87           500 AM
 LOWEST     23           300 PM
 AVERAGE    55

..........................................................


THE ALAMOSA CO CLIMATE NORMALS FOR TOMORROW
                         NORMAL    RECORD    YEAR
 MAXIMUM TEMPERATURE (F)   34        51      1980
 MINIMUM TEMPERATURE (F)   -2       -29      2007


SUNRISE AND SUNSET
DECEMBER 27 2017......SUNRISE   717 AM MST   SUNSET   453 PM MST
DECEMBER 28 2017......SUNRISE   717 AM MST   SUNSET   453 PM MST


-  INDICATES NEGATIVE NUMBERS.
R  INDICATES RECORD WAS SET OR TIED.
MM INDICATES DATA IS MISSING.
T  INDICATES TRACE AMOUNT.




$$
