000
CDUS45 KPUB 250024
CLIALS


CLIMATE REPORT
NATIONAL WEATHER SERVICE PUEBLO
624 PM MDT FRI JUL 24 2015


...................................

...THE ALAMOSA CO CLIMATE SUMMARY FOR JULY 23 2015...

CLIMATE NORMAL PERIOD 1981 TO 2010
CLIMATE RECORD PERIOD 1932 TO 2015


WEATHER ITEM   OBSERVED TIME   RECORD YEAR NORMAL DEPARTURE LAST
                VALUE   (LST)  VALUE       VALUE  FROM      YEAR
                                                  NORMAL
..................................................................
TEMPERATURE (F)
 YESTERDAY
  MAXIMUM         84    306 PM  91    2011  82      2       88
                                      1987
  MINIMUM         44    500 AM  37    1973  48     -4       51
                                      1939
  AVERAGE         64                        65     -1       70

PRECIPITATION (IN)
  YESTERDAY        0.00          0.58 1947   0.03  -0.03      T
  MONTH TO DATE    1.14                      0.69   0.45     0.76
  SINCE JUN 1      2.33                      1.18   1.15     0.78
  SINCE JAN 1      6.27                      3.40   2.87     2.59

SNOWFALL (IN)
  YESTERDAY        0.0           0.0  2002   0.0    0.0      0.0
                                      2001
  MONTH TO DATE    0.0                       0.0    0.0      0.0
  SINCE JUN 1      0.0                       0.0    0.0      0.0
  SINCE JUL 1      0.0                       0.0    0.0      0.0
  SNOW DEPTH       0

DEGREE DAYS
 HEATING
  YESTERDAY        1                         1      0        0
  MONTH TO DATE   44                        32     12       14
  SINCE JUN 1    120                       200    -80      140
  SINCE JUL 1     44                        32     12       14

 COOLING
  YESTERDAY        0                         1     -1        5
  MONTH TO DATE   14                        23     -9       38
  SINCE JUN 1     38                        29      9       39
  SINCE JAN 1     38                        29      9       39
..................................................................


WIND (MPH)
  HIGHEST WIND SPEED    20   HIGHEST WIND DIRECTION     S (190)
  HIGHEST GUST SPEED    24   HIGHEST GUST DIRECTION     S (190)
  AVERAGE WIND SPEED     6.0


SKY COVER
  POSSIBLE SUNSHINE  MM
  AVERAGE SKY COVER 0.0


WEATHER CONDITIONS
 THE FOLLOWING WEATHER WAS RECORDED YESTERDAY.
  NO SIGNIFICANT WEATHER WAS OBSERVED.


RELATIVE HUMIDITY (PERCENT)
 HIGHEST    89           500 AM
 LOWEST     18           100 PM
 AVERAGE    54

..........................................................


THE ALAMOSA CO CLIMATE NORMALS FOR TODAY
                         NORMAL    RECORD    YEAR
 MAXIMUM TEMPERATURE (F)   82        90      2011
                                             2003
 MINIMUM TEMPERATURE (F)   48        39      1995
                                             1973


SUNRISE AND SUNSET
JULY 24 2015..........SUNRISE   601 AM MDT   SUNSET   818 PM MDT
JULY 25 2015..........SUNRISE   602 AM MDT   SUNSET   818 PM MDT


-  INDICATES NEGATIVE NUMBERS.
R  INDICATES RECORD WAS SET OR TIED.
MM INDICATES DATA IS MISSING.
T  INDICATES TRACE AMOUNT.




$$
