254
CDUS45 KPUB 260019
CLIALS


CLIMATE REPORT
NATIONAL WEATHER SERVICE PUEBLO
619 PM MDT MON APR 25 2016


...................................

...THE ALAMOSA CO CLIMATE SUMMARY FOR APRIL 25 2016...
VALID TODAY AS OF 0500 PM LOCAL TIME.

CLIMATE NORMAL PERIOD 1981 TO 2010
CLIMATE RECORD PERIOD 1932 TO 2016


WEATHER ITEM   OBSERVED TIME   RECORD YEAR NORMAL DEPARTURE LAST
                VALUE   (LST)  VALUE       VALUE  FROM      YEAR
                                                  NORMAL
..................................................................
TEMPERATURE (F)
 TODAY
  MAXIMUM         65    249 PM  77    2012  62      3       61
                                      1949
  MINIMUM         31    428 AM  11    1950  27      4       23
  AVERAGE         48                        45      3       42

PRECIPITATION (IN)
  TODAY            0.00          0.30 1986   0.02  -0.02     0.00
  MONTH TO DATE    1.29                      0.49   0.80     0.21
  SINCE MAR 1      1.81                      1.02   0.79     0.61
  SINCE JAN 1      2.79                      1.54   1.25     1.95

SNOWFALL (IN)
  TODAY            0.0           1.4  1948   0.1   -0.1      0.0
  MONTH TO DATE   12.6                       3.2    9.4      0.7
  SINCE MAR 1     20.8                       8.2   12.6      0.7
  SINCE JUL 1     39.6                      26.3   13.3     23.8
  SNOW DEPTH       0

DEGREE DAYS
 HEATING
  TODAY           17                        20     -3       23
  MONTH TO DATE  567                       598    -31      544
  SINCE MAR 1   1484                      1575    -91     1329
  SINCE JUL 1   7250                      7904   -654     6821

 COOLING
  TODAY            0                         0      0        0
  MONTH TO DATE    0                         0      0        0
  SINCE MAR 1      0                         0      0        0
  SINCE JAN 1      0                         0      0        0
..................................................................


WIND (MPH)
  HIGHEST WIND SPEED    39   HIGHEST WIND DIRECTION     S (190)
  HIGHEST GUST SPEED    51   HIGHEST GUST DIRECTION     S (190)
  AVERAGE WIND SPEED    15.3


SKY COVER
  POSSIBLE SUNSHINE  MM
  AVERAGE SKY COVER 0.1


WEATHER CONDITIONS
 THE FOLLOWING WEATHER WAS RECORDED TODAY.
  HAZE


RELATIVE HUMIDITY (PERCENT)
 HIGHEST    66           300 AM
 LOWEST     13           100 PM
 AVERAGE    40

..........................................................


THE ALAMOSA CO CLIMATE NORMALS FOR TOMORROW
                         NORMAL    RECORD    YEAR
 MAXIMUM TEMPERATURE (F)   63        76      2012
                                             2000
 MINIMUM TEMPERATURE (F)   28        13      1967


SUNRISE AND SUNSET
APRIL 25 2016.........SUNRISE   615 AM MDT   SUNSET   748 PM MDT
APRIL 26 2016.........SUNRISE   614 AM MDT   SUNSET   749 PM MDT


-  INDICATES NEGATIVE NUMBERS.
R  INDICATES RECORD WAS SET OR TIED.
MM INDICATES DATA IS MISSING.
T  INDICATES TRACE AMOUNT.




$$
