000
CDUS45 KPUB 260028
CLIALS


CLIMATE REPORT
NATIONAL WEATHER SERVICE PUEBLO
528 PM MST SUN DEC 25 2016


...................................

...THE ALAMOSA CO CLIMATE SUMMARY FOR DECEMBER 25 2016...
VALID TODAY AS OF 0500 PM LOCAL TIME.

CLIMATE NORMAL PERIOD 1981 TO 2010
CLIMATE RECORD PERIOD 1932 TO 2016


WEATHER ITEM   OBSERVED TIME   RECORD YEAR NORMAL DEPARTURE LAST
                VALUE   (LST)  VALUE       VALUE  FROM      YEAR
                                                  NORMAL
..................................................................
TEMPERATURE (F)
 TODAY
  MAXIMUM         32    215 AM  60    1942  34     -2       37
  MINIMUM         11    722 AM -27    1974  -2     13       -2
  AVERAGE         22                        16      6       18

PRECIPITATION (IN)
  TODAY            0.20          0.23 1942   0.01   0.19      T
  MONTH TO DATE    0.98                      0.29   0.69     0.25
  SINCE DEC 1      0.98                      0.29   0.69     0.25
  SINCE JAN 1      9.07                      7.25   1.82     9.42

SNOWFALL (IN)
  TODAY            1.5           3.5  1942   0.1    1.4      0.2
  MONTH TO DATE    8.1                       3.7    4.4      3.4
  SINCE DEC 1      8.1                       3.7    4.4      3.4
  SINCE JUL 1      9.1                       9.5   -0.4      7.7
  SNOW DEPTH       4

DEGREE DAYS
 HEATING
  TODAY           43                        49     -6       47
  MONTH TO DATE 1091                      1168    -77     1025
  SINCE DEC 1   1091                      1168    -77     1025
  SINCE JUL 1   2955                      3343   -388     2803

 COOLING
  TODAY            0                         0      0        0
  MONTH TO DATE    0                         0      0        0
  SINCE DEC 1      0                         0      0        0
  SINCE JAN 1    115                        51     64       74
..................................................................


WIND (MPH)
  HIGHEST WIND SPEED    37   HIGHEST WIND DIRECTION     W (270)
  HIGHEST GUST SPEED    49   HIGHEST GUST DIRECTION     W (260)
  AVERAGE WIND SPEED    19.6


SKY COVER
  POSSIBLE SUNSHINE  MM
  AVERAGE SKY COVER 0.4


WEATHER CONDITIONS
 THE FOLLOWING WEATHER WAS RECORDED TODAY.
  LIGHT SNOW
  FOG


RELATIVE HUMIDITY (PERCENT)
 HIGHEST   100           100 AM
 LOWEST     42           300 PM
 AVERAGE    71

..........................................................


THE ALAMOSA CO CLIMATE NORMALS FOR TOMORROW
                         NORMAL    RECORD    YEAR
 MAXIMUM TEMPERATURE (F)   34        58      2005
 MINIMUM TEMPERATURE (F)   -2       -28      1932


SUNRISE AND SUNSET
DECEMBER 25 2016......SUNRISE   716 AM MST   SUNSET   452 PM MST
DECEMBER 26 2016......SUNRISE   717 AM MST   SUNSET   452 PM MST


-  INDICATES NEGATIVE NUMBERS.
R  INDICATES RECORD WAS SET OR TIED.
MM INDICATES DATA IS MISSING.
T  INDICATES TRACE AMOUNT.




$$
