000
CDUS45 KPUB 172323
CLIALS


CLIMATE REPORT
NATIONAL WEATHER SERVICE PUEBLO
523 PM MDT SUN MAY 17 2015


...................................

...THE ALAMOSA CO CLIMATE SUMMARY FOR MAY 17 2015...
VALID TODAY AS OF 0500 PM LOCAL TIME.

CLIMATE NORMAL PERIOD 1981 TO 2010
CLIMATE RECORD PERIOD 1932 TO 2015


WEATHER ITEM   OBSERVED TIME   RECORD YEAR NORMAL DEPARTURE LAST
                VALUE   (LST)  VALUE       VALUE  FROM      YEAR
                                                  NORMAL
..................................................................
TEMPERATURE (F)
 TODAY
  MAXIMUM         66    337 PM  82    2003  69     -3       74
  MINIMUM         26    303 AM  20    1943  34     -8       35
  AVERAGE         46                        52     -6       55

PRECIPITATION (IN)
  TODAY            0.00          0.51 1952   0.02  -0.02      T
  MONTH TO DATE    0.61                      0.34   0.27     0.10
  SINCE MAR 1      1.44                      1.46  -0.02     1.56
  SINCE JAN 1      2.78                      1.98   0.80     1.68

SNOWFALL (IN)
  TODAY            0.0           4.7  1952   0.0    0.0      0.0
  MONTH TO DATE    T                         0.8   -0.8      1.3
  SINCE MAR 1      0.7                       9.4   -8.7     11.7
  SINCE JUL 1     23.8                      27.5   -3.7     39.8
  SNOW DEPTH       0

DEGREE DAYS
 HEATING
  TODAY           19                        13      6       10
  MONTH TO DATE  269                       268      1      317
  SINCE MAR 1   1694                      1939   -245     1858
  SINCE JUL 1   7186                      8268  -1082     8426

 COOLING
  TODAY            0                         0      0        0
  MONTH TO DATE    0                         0      0        0
  SINCE MAR 1      0                         0      0        0
  SINCE JAN 1      0                         0      0        0
..................................................................


WIND (MPH)
  HIGHEST WIND SPEED    13   HIGHEST WIND DIRECTION    NW (310)
  HIGHEST GUST SPEED    20   HIGHEST GUST DIRECTION    NW (300)
  AVERAGE WIND SPEED     5.1


SKY COVER
  POSSIBLE SUNSHINE  MM
  AVERAGE SKY COVER 0.1


WEATHER CONDITIONS
 THE FOLLOWING WEATHER WAS RECORDED TODAY.
  NO SIGNIFICANT WEATHER WAS OBSERVED.


RELATIVE HUMIDITY (PERCENT)
 HIGHEST    92          1200 AM
 LOWEST     20           400 PM
 AVERAGE    56

..........................................................


THE ALAMOSA CO CLIMATE NORMALS FOR TOMORROW
                         NORMAL    RECORD    YEAR
 MAXIMUM TEMPERATURE (F)   70        85      1970
 MINIMUM TEMPERATURE (F)   34        21      2000
                                             1978


SUNRISE AND SUNSET
MAY 17 2015...........SUNRISE   553 AM MDT   SUNSET   807 PM MDT
MAY 18 2015...........SUNRISE   552 AM MDT   SUNSET   808 PM MDT


-  INDICATES NEGATIVE NUMBERS.
R  INDICATES RECORD WAS SET OR TIED.
MM INDICATES DATA IS MISSING.
T  INDICATES TRACE AMOUNT.




$$
