000
CDUS45 KPUB 171121
CLIALS


CLIMATE REPORT
NATIONAL WEATHER SERVICE PUEBLO
417 AM MST THU NOV 17 2016


...................................

...THE ALAMOSA CO CLIMATE SUMMARY FOR NOVEMBER 16 2016...

CLIMATE NORMAL PERIOD 1981 TO 2010
CLIMATE RECORD PERIOD 1932 TO 2016


WEATHER ITEM   OBSERVED TIME   RECORD YEAR NORMAL DEPARTURE LAST
                VALUE   (LST)  VALUE       VALUE  FROM      YEAR
                                                  NORMAL
..................................................................
TEMPERATURE (F)
 YESTERDAY
  MAXIMUM         67R   114 PM  64    1941  47     20       43
  MINIMUM         16    620 AM -10    1955  12      4       27
  AVERAGE         42                        29     13       35

PRECIPITATION (IN)
  YESTERDAY        0.00          0.56 1957   0.01  -0.01     0.28
  MONTH TO DATE    0.17                      0.25  -0.08     0.31
  SINCE SEP 1      0.47                      1.84  -1.37     2.07
  SINCE JAN 1      7.82                      6.79   1.03     9.04

SNOWFALL (IN)
  YESTERDAY        0.0           6.1  1957   0.1   -0.1      3.3
  MONTH TO DATE    0.0                       1.9   -1.9      3.3
  SINCE SEP 1      0.0                       4.0   -4.0      3.3
  SINCE JUL 1      0.0                       4.0   -4.0      3.3
  SNOW DEPTH       0

DEGREE DAYS
 HEATING
  YESTERDAY       23                        36    -13       30
  MONTH TO DATE  396                       512   -116      511
  SINCE SEP 1   1175                      1493   -318     1186
  SINCE JUL 1   1319                      1622   -303     1278

 COOLING
  YESTERDAY        0                         0      0        0
  MONTH TO DATE    0                         0      0        0
  SINCE SEP 1      0                         0      0        0
  SINCE JAN 1    115                        51     64       74
..................................................................


WIND (MPH)
  HIGHEST WIND SPEED    32   HIGHEST WIND DIRECTION    SW (230)
  HIGHEST GUST SPEED    41   HIGHEST GUST DIRECTION    SW (240)
  AVERAGE WIND SPEED     9.9


SKY COVER
  POSSIBLE SUNSHINE  MM
  AVERAGE SKY COVER 0.0


WEATHER CONDITIONS
 THE FOLLOWING WEATHER WAS RECORDED YESTERDAY.
  HAZE


RELATIVE HUMIDITY (PERCENT)
 HIGHEST    80           500 AM
 LOWEST     14           100 PM
 AVERAGE    47

..........................................................


THE ALAMOSA CO CLIMATE NORMALS FOR TODAY
                         NORMAL    RECORD    YEAR
 MAXIMUM TEMPERATURE (F)   46        65      1999
                                             1975
 MINIMUM TEMPERATURE (F)   12       -10      1958


SUNRISE AND SUNSET
NOVEMBER 17 2016......SUNRISE   646 AM MST   SUNSET   451 PM MST
NOVEMBER 18 2016......SUNRISE   647 AM MST   SUNSET   450 PM MST


-  INDICATES NEGATIVE NUMBERS.
R  INDICATES RECORD WAS SET OR TIED.
MM INDICATES DATA IS MISSING.
T  INDICATES TRACE AMOUNT.




$$
